66.249.75.67 - - [31/Oct/2025:01:42:56 +0000] "GET /?fileloc=/var/dev/math/ui/node_modules/nopt/README.md&path=/var/dev/math/ui/node_modules/nopt HTTP/1.1" 200 6725 "-" "Mozilla/5.0 (Linux; Android 6.0.1; Nexus 5X Build/MMB29P) AppleWebKit/537.36 (KHTML, like Gecko) Chrome/141.0.7390.122 Mobile Safari/537.36 (compatible; Googlebot/2.1; +http://www.google.com/bot.html)"
216.73.216.107 - - [31/Oct/2025:01:43:09 +0000] "GET /?fileloc=%2Fvar%2Fwww%2Fqayyoomi.com%2Froot%2Fwp-content%2Fuploads%2F2021%2F.htaccess&path=%2Fvar%2Fwww%2Fqayyoomi.com%2Froot%2Fwp-content%2Fuploads%2F2021 HTTP/2.0" 200 3255 "-" "Mozilla/5.0 AppleWebKit/537.36 (KHTML, like Gecko; compatible; ClaudeBot/1.0; +claudebot@anthropic.com)"
216.73.216.107 - - [31/Oct/2025:01:43:09 +0000] "GET /?path=%2Fvar%2Fwww%2Fqayyoomi.com%2Froot%2Fwp-content%2Fuploads%2F2022%2F12 HTTP/2.0" 200 3421 "-" "Mozilla/5.0 AppleWebKit/537.36 (KHTML, like Gecko; compatible; ClaudeBot/1.0; +claudebot@anthropic.com)"
216.73.216.107 - - [31/Oct/2025:01:43:09 +0000] "GET /?fileloc=%2Fvar%2Fwww%2Fqayyoomi.com%2Froot%2Fwp-content%2Fuploads%2F2022%2F.htaccess&path=%2Fvar%2Fwww%2Fqayyoomi.com%2Froot%2Fwp-content%2Fuploads%2F2022 HTTP/2.0" 200 3255 "-" "Mozilla/5.0 AppleWebKit/537.36 (KHTML, like Gecko; compatible; ClaudeBot/1.0; +claudebot@anthropic.com)"
216.73.216.107 - - [31/Oct/2025:01:43:10 +0000] "GET /?fileloc=%2Fvar%2Fwww%2Fqayyoomi.com%2Froot%2Fwp-content%2Fuploads%2F2023%2F.htaccess&path=%2Fvar%2Fwww%2Fqayyoomi.com%2Froot%2Fwp-content%2Fuploads%2F2023 HTTP/2.0" 200 3255 "-" "Mozilla/5.0 AppleWebKit/537.36 (KHTML, like Gecko; compatible; ClaudeBot/1.0; +claudebot@anthropic.com)"
216.73.216.107 - - [31/Oct/2025:01:43:10 +0000] "GET /?path=%2Fvar%2Fwww%2Fqayyoomi.com%2Froot%2Fwp-content%2Fuploads%2F2025%2F10 HTTP/2.0" 200 3717 "-" "Mozilla/5.0 AppleWebKit/537.36 (KHTML, like Gecko; compatible; ClaudeBot/1.0; +claudebot@anthropic.com)"
216.73.216.107 - - [31/Oct/2025:01:43:10 +0000] "GET /?path=%2Fvar%2Fwww%2Fqayyoomi.com%2Froot%2Fwp-content%2Fuploads%2F2021%2F11 HTTP/2.0" 200 3421 "-" "Mozilla/5.0 AppleWebKit/537.36 (KHTML, like Gecko; compatible; ClaudeBot/1.0; +claudebot@anthropic.com)"
52.167.144.136 - - [31/Oct/2025:01:43:10 +0000] "GET /travelogue/text/s3-t112-t131-n325 HTTP/2.0" 200 4755 "-" "Mozilla/5.0 AppleWebKit/537.36 (KHTML, like Gecko; compatible; bingbot/2.0; +http://www.bing.com/bingbot.htm) Chrome/116.0.1938.76 Safari/537.36"
216.73.216.107 - - [31/Oct/2025:01:43:10 +0000] "GET /?path=%2Fvar%2Fwww%2Fqayyoomi.com%2Froot%2Fwp-content%2Fuploads%2F2023%2F01 HTTP/2.0" 200 3422 "-" "Mozilla/5.0 AppleWebKit/537.36 (KHTML, like Gecko; compatible; ClaudeBot/1.0; +claudebot@anthropic.com)"
66.249.75.69 - - [31/Oct/2025:01:43:10 +0000] "GET /?fileloc=/var/dev/math/ui/node_modules/css-what/readme.md&path=/var/dev/math/ui/node_modules/css-what HTTP/1.1" 200 4522 "-" "Mozilla/5.0 (Linux; Android 6.0.1; Nexus 5X Build/MMB29P) AppleWebKit/537.36 (KHTML, like Gecko) Chrome/141.0.7390.122 Mobile Safari/537.36 (compatible; GoogleOther)"
216.73.216.107 - - [31/Oct/2025:01:43:11 +0000] "GET /?path=%2Fvar%2Fwww%2Fqayyoomi.com%2Froot%2Fwp-content%2Fuploads%2F2023%2F06 HTTP/2.0" 200 3424 "-" "Mozilla/5.0 AppleWebKit/537.36 (KHTML, like Gecko; compatible; ClaudeBot/1.0; +claudebot@anthropic.com)"
216.73.216.107 - - [31/Oct/2025:01:43:11 +0000] "GET /?path=%2Fvar%2Fwww%2Fqayyoomi.com%2Froot%2Fwp-content%2Fuploads%2F2022%2F01 HTTP/2.0" 200 3422 "-" "Mozilla/5.0 AppleWebKit/537.36 (KHTML, like Gecko; compatible; ClaudeBot/1.0; +claudebot@anthropic.com)"
216.73.216.107 - - [31/Oct/2025:01:43:11 +0000] "GET /?path=%2Fvar%2Fwww%2Fqayyoomi.com%2Froot%2Fwp-content%2Fuploads%2F2023%2F05 HTTP/2.0" 200 3422 "-" "Mozilla/5.0 AppleWebKit/537.36 (KHTML, like Gecko; compatible; ClaudeBot/1.0; +claudebot@anthropic.com)"
83.219.243.78 - - [31/Oct/2025:01:43:13 +0000] "\x04\x01\x00\x194e" 400 166 "-" "-"
83.219.243.78 - - [31/Oct/2025:01:43:13 +0000] "CONNECT 52.101.10.5:25 HTTP/1.0" 400 166 "-" "-"
83.219.243.78 - - [31/Oct/2025:01:43:14 +0000] "\x05\x01\x00" 400 166 "-" "-"
109.122.240.16 - - [31/Oct/2025:01:43:15 +0000] "POST /wp-cron.php?doing_wp_cron=1761874995.6914579868316650390625 HTTP/1.1" 200 31 "-" "WordPress/6.8.3; https://chaharrah.tv"
51.195.183.165 - - [31/Oct/2025:01:43:15 +0000] "GET /tag/%D8%A7%D8%AF%D8%A8%DB%8C%D8%A7%D8%AA-%D8%AF%D8%A7%D8%B3%D8%AA%D8%A7%D9%86%DB%8C/feed/ HTTP/2.0" 200 9203 "-" "Mozilla/5.0 (compatible; AhrefsBot/7.0; +http://ahrefs.com/robot/)"
109.122.240.16 - - [31/Oct/2025:01:43:23 +0000] "POST /wp-cron.php?doing_wp_cron=1761875003.2755579948425292968750 HTTP/1.1" 200 31 "-" "WordPress/6.4.7; https://meysamkiani.com"
103.221.222.131 - - [31/Oct/2025:01:43:23 +0000] "POST /xmlrpc.php HTTP/2.0" 200 426 "https://meysamkiani.com" "Mozilla/5.0 (Windows NT 10.0; Win64; x64; rv:129.0) Gecko/20100101 Firefox/129.0"
85.208.96.202 - - [31/Oct/2025:01:43:27 +0000] "GET /prediscouragement/matriculator858588.html HTTP/1.1" 404 8048 "-" "Mozilla/5.0 (compatible; SemrushBot/7~bl; +http://www.semrush.com/bot.html)"
66.249.75.233 - - [31/Oct/2025:01:43:34 +0000] "GET /api/v1.0/ketabkhaneh/doc/1912?collection=0&sort=id HTTP/1.1" 200 1846 "-" "Mozilla/5.0 (Linux; Android 6.0.1; Nexus 5X Build/MMB29P) AppleWebKit/537.36 (KHTML, like Gecko) Chrome/141.0.7390.122 Mobile Safari/537.36 (compatible; Googlebot/2.1; +http://www.google.com/bot.html)"
109.122.240.16 - - [31/Oct/2025:01:43:35 +0000] "GET /api/v1.0/lexicon/word/13914/rel|ref HTTP/1.1" 200 381 "-" "node"
109.122.240.16 - - [31/Oct/2025:01:43:35 +0000] "GET /api/v1.0/lexicon/word-ref?limit=0&word=13914&sort=title%20asc HTTP/1.1" 200 274 "-" "node"
207.46.13.17 - - [31/Oct/2025:01:43:35 +0000] "GET /lexicon/word/13914 HTTP/2.0" 200 34923 "-" "Mozilla/5.0 AppleWebKit/537.36 (KHTML, like Gecko; compatible; bingbot/2.0; +http://www.bing.com/bingbot.htm) Chrome/116.0.1938.76 Safari/537.36"
192.178.6.71 - - [31/Oct/2025:01:43:52 +0000] "GET /api/v1.0/lexicon/word-ref?limit=0&word=26162&sort=title%20asc HTTP/1.1" 200 387 "-" "Mozilla/5.0 (Linux; Android 6.0.1; Nexus 5X Build/MMB29P) AppleWebKit/537.36 (KHTML, like Gecko) Chrome/141.0.7390.122 Mobile Safari/537.36 (compatible; Googlebot/2.1; +http://www.google.com/bot.html)"
109.122.240.16 - - [31/Oct/2025:01:43:55 +0000] "GET /api/v1.0/lexicon/word/3273/rel|ref HTTP/1.1" 200 527 "-" "node"
109.122.240.16 - - [31/Oct/2025:01:43:55 +0000] "GET /api/v1.0/lexicon/word-ref?limit=0&word=3273&sort=title%20asc HTTP/1.1" 200 387 "-" "node"
87.250.224.116 - - [31/Oct/2025:01:43:56 +0000] "GET /lexicon/word/3273 HTTP/1.1" 200 35987 "-" "Mozilla/5.0 (compatible; YandexBot/3.0; +http://yandex.com/bots)"
109.122.240.16 - - [31/Oct/2025:01:43:56 +0000] "GET /api/v1.0/lexicon/word/24991/rel|ref HTTP/1.1" 200 431 "-" "node"
109.122.240.16 - - [31/Oct/2025:01:43:56 +0000] "GET /api/v1.0/lexicon/word-ref?limit=0&word=24991&sort=title%20asc HTTP/1.1" 200 821 "-" "node"
87.250.224.33 - - [31/Oct/2025:01:43:57 +0000] "GET /lexicon/word/24991 HTTP/1.1" 200 35620 "-" "Mozilla/5.0 (compatible; YandexBot/3.0; +http://yandex.com/bots)"
217.154.5.38 - - [31/Oct/2025:01:44:00 +0000] "POST /xmlrpc.php HTTP/1.1" 200 4426 "-" "Mozilla/5.0 (Windows NT 10.0; Win64; x64; rv:64.0) Gecko/20100101 Firefox/64.0"
192.178.6.70 - - [31/Oct/2025:01:44:11 +0000] "GET /api/v1.0/lexicon/word/15971/rel%7Cref HTTP/1.1" 200 418 "-" "Mozilla/5.0 (Linux; Android 6.0.1; Nexus 5X Build/MMB29P) AppleWebKit/537.36 (KHTML, like Gecko) Chrome/141.0.7390.122 Mobile Safari/537.36 (compatible; Googlebot/2.1; +http://www.google.com/bot.html)"
109.122.240.16 - - [31/Oct/2025:01:44:21 +0000] "GET /api/v1.0/lexicon/word/23245/rel|ref HTTP/1.1" 200 894 "-" "node"
109.122.240.16 - - [31/Oct/2025:01:44:21 +0000] "GET /api/v1.0/lexicon/word-ref?limit=0&word=23245&sort=title%20asc HTTP/1.1" 200 559 "-" "node"
51.89.129.197 - - [31/Oct/2025:01:44:22 +0000] "GET /lexicon/word/23245 HTTP/2.0" 200 35325 "-" "Mozilla/5.0 (compatible; AhrefsBot/7.0; +http://ahrefs.com/robot/)"
66.249.75.68 - - [31/Oct/2025:01:44:23 +0000] "GET /?fileloc=/var/dev/math/ui/node_modules/string-width/index.js&path=/var/dev/math/ui/node_modules/string-width HTTP/1.1" 200 3917 "-" "Mozilla/5.0 (Linux; Android 6.0.1; Nexus 5X Build/MMB29P) AppleWebKit/537.36 (KHTML, like Gecko) Chrome/141.0.7390.122 Mobile Safari/537.36 (compatible; GoogleOther)"
216.73.216.107 - - [31/Oct/2025:01:44:32 +0000] "GET /?fileloc=%2Fvar%2Fwww%2Fqayyoomi.com%2Froot%2Fwp-content%2Fuploads%2F2025%2F.htaccess&path=%2Fvar%2Fwww%2Fqayyoomi.com%2Froot%2Fwp-content%2Fuploads%2F2025 HTTP/2.0" 200 3254 "-" "Mozilla/5.0 AppleWebKit/537.36 (KHTML, like Gecko; compatible; ClaudeBot/1.0; +claudebot@anthropic.com)"
216.73.216.107 - - [31/Oct/2025:01:44:32 +0000] "GET /?path=%2Fvar%2Fwww%2Fqayyoomi.com%2Froot%2Fwp-content%2Fuploads%2F2025%2F04 HTTP/2.0" 200 3423 "-" "Mozilla/5.0 AppleWebKit/537.36 (KHTML, like Gecko; compatible; ClaudeBot/1.0; +claudebot@anthropic.com)"
216.73.216.107 - - [31/Oct/2025:01:44:32 +0000] "GET /?path=%2Fvar%2Fwww%2Fqayyoomi.com%2Froot%2Fwp-content%2Fuploads%2F2025%2F06 HTTP/2.0" 200 3423 "-" "Mozilla/5.0 AppleWebKit/537.36 (KHTML, like Gecko; compatible; ClaudeBot/1.0; +claudebot@anthropic.com)"
216.73.216.107 - - [31/Oct/2025:01:44:32 +0000] "GET /?path=%2Fvar%2Fwww%2Fqayyoomi.com%2Froot%2Fwp-content%2Fuploads%2F2025%2F05 HTTP/2.0" 200 3420 "-" "Mozilla/5.0 AppleWebKit/537.36 (KHTML, like Gecko; compatible; ClaudeBot/1.0; +claudebot@anthropic.com)"
216.73.216.107 - - [31/Oct/2025:01:44:32 +0000] "GET /?fileloc=%2Fvar%2Fwww%2Fqayyoomi.com%2Froot%2Fwp-content%2Fuploads%2F2024%2F.htaccess&path=%2Fvar%2Fwww%2Fqayyoomi.com%2Froot%2Fwp-content%2Fuploads%2F2024 HTTP/2.0" 200 3254 "-" "Mozilla/5.0 AppleWebKit/537.36 (KHTML, like Gecko; compatible; ClaudeBot/1.0; +claudebot@anthropic.com)"
216.73.216.107 - - [31/Oct/2025:01:44:32 +0000] "GET /?path=%2Fvar%2Fwww%2Fqayyoomi.com%2Froot%2Fwp-content%2Fuploads%2F2025%2F07 HTTP/2.0" 200 3422 "-" "Mozilla/5.0 AppleWebKit/537.36 (KHTML, like Gecko; compatible; ClaudeBot/1.0; +claudebot@anthropic.com)"
216.73.216.107 - - [31/Oct/2025:01:44:32 +0000] "GET /?path=%2Fvar%2Fwww%2Fqayyoomi.com%2Froot%2Fwp-content%2Fuploads%2F2023%2F11 HTTP/2.0" 200 3422 "-" "Mozilla/5.0 AppleWebKit/537.36 (KHTML, like Gecko; compatible; ClaudeBot/1.0; +claudebot@anthropic.com)"
216.73.216.107 - - [31/Oct/2025:01:44:32 +0000] "GET /?path=%2Fvar%2Fwww%2Fqayyoomi.com%2Froot%2Fwp-content%2Fuploads%2F2025%2F09 HTTP/2.0" 200 4182 "-" "Mozilla/5.0 AppleWebKit/537.36 (KHTML, like Gecko; compatible; ClaudeBot/1.0; +claudebot@anthropic.com)"
216.73.216.107 - - [31/Oct/2025:01:44:33 +0000] "GET /?path=%2Fvar%2Fwww%2Fqayyoomi.com%2Froot%2Fwp-content%2Fuploads%2F2022%2F11 HTTP/2.0" 200 3422 "-" "Mozilla/5.0 AppleWebKit/537.36 (KHTML, like Gecko; compatible; ClaudeBot/1.0; +claudebot@anthropic.com)"
216.73.216.107 - - [31/Oct/2025:01:44:33 +0000] "GET /?path=%2Fvar%2Fwww%2Fqayyoomi.com%2Froot%2Fwp-content%2Fuploads%2F2023%2F12 HTTP/2.0" 200 3423 "-" "Mozilla/5.0 AppleWebKit/537.36 (KHTML, like Gecko; compatible; ClaudeBot/1.0; +claudebot@anthropic.com)"
185.191.171.17 - - [31/Oct/2025:01:44:39 +0000] "GET /prediscouragement/matriculator853638.html HTTP/1.1" 404 8048 "-" "Mozilla/5.0 (compatible; SemrushBot/7~bl; +http://www.semrush.com/bot.html)"
109.122.240.16 - - [31/Oct/2025:01:44:47 +0000] "GET /api/v1.0/lexicon/word/29159/rel|ref HTTP/1.1" 200 354 "-" "node"
109.122.240.16 - - [31/Oct/2025:01:44:47 +0000] "GET /api/v1.0/lexicon/word-ref?limit=0&word=29159&sort=title%20asc HTTP/1.1" 200 510 "-" "node"
66.249.77.200 - - [31/Oct/2025:01:44:47 +0000] "GET /travelogue/text/s14-t208-t4387-n14260 HTTP/1.1" 200 4768 "-" "Mozilla/5.0 (Linux; Android 6.0.1; Nexus 5X Build/MMB29P) AppleWebKit/537.36 (KHTML, like Gecko) Chrome/141.0.7390.122 Mobile Safari/537.36 (compatible; Googlebot/2.1; +http://www.google.com/bot.html)"
192.178.6.71 - - [31/Oct/2025:01:44:48 +0000] "GET /lexicon/word/29159 HTTP/1.1" 200 35415 "-" "Mozilla/5.0 (Linux; Android 6.0.1; Nexus 5X Build/MMB29P) AppleWebKit/537.36 (KHTML, like Gecko) Chrome/141.0.7390.122 Mobile Safari/537.36 (compatible; Googlebot/2.1; +http://www.google.com/bot.html)"
109.122.240.16 - - [31/Oct/2025:01:44:48 +0000] "GET /api/v1.0/lexicon/word/12185/rel|ref HTTP/1.1" 200 850 "-" "node"
109.122.240.16 - - [31/Oct/2025:01:44:48 +0000] "GET /api/v1.0/lexicon/word-ref?limit=0&word=12185&sort=title%20asc HTTP/1.1" 200 373 "-" "node"
192.178.6.71 - - [31/Oct/2025:01:44:49 +0000] "GET /lexicon/word/12185 HTTP/1.1" 200 35221 "-" "Mozilla/5.0 (Linux; Android 6.0.1; Nexus 5X Build/MMB29P) AppleWebKit/537.36 (KHTML, like Gecko) Chrome/141.0.7390.122 Mobile Safari/537.36 (compatible; Googlebot/2.1; +http://www.google.com/bot.html)"
83.219.243.78 - - [31/Oct/2025:01:44:51 +0000] "\x04\x01\x00\x19\x119\x9B\x19\x00" 400 166 "-" "-"
83.219.243.78 - - [31/Oct/2025:01:44:51 +0000] "CONNECT 17.57.155.25:25 HTTP/1.0" 400 166 "-" "-"
83.219.243.78 - - [31/Oct/2025:01:44:51 +0000] "\x05\x01\x00" 400 166 "-" "-"
66.249.77.199 - - [31/Oct/2025:01:44:54 +0000] "GET /api/v1.0/travelogue/public/summary HTTP/1.1" 200 1970629 "https://nowruzgan.com/travelogue/text/s14-t208-t4387-n14260" "Mozilla/5.0 (Linux; Android 6.0.1; Nexus 5X Build/MMB29P) AppleWebKit/537.36 (KHTML, like Gecko) Chrome/141.0.7390.122 Mobile Safari/537.36 (compatible; Googlebot/2.1; +http://www.google.com/bot.html)"
109.122.240.16 - - [31/Oct/2025:01:44:59 +0000] "GET /api/v1.0/lexicon/word/31522/rel|ref HTTP/1.1" 200 695 "-" "node"
109.122.240.16 - - [31/Oct/2025:01:44:59 +0000] "GET /api/v1.0/lexicon/word-ref?limit=0&word=31522&sort=title%20asc HTTP/1.1" 200 456 "-" "node"
192.178.6.70 - - [31/Oct/2025:01:45:00 +0000] "GET /lexicon/word/31522 HTTP/1.1" 200 35100 "-" "Mozilla/5.0 (Linux; Android 6.0.1; Nexus 5X Build/MMB29P) AppleWebKit/537.36 (KHTML, like Gecko) Chrome/141.0.7390.122 Mobile Safari/537.36 (compatible; Googlebot/2.1; +http://www.google.com/bot.html)"
66.249.75.68 - - [31/Oct/2025:01:45:09 +0000] "GET /?fileloc=/var/dev/math/ui/node_modules/resolve/.editorconfig&path=/var/dev/math/ui/node_modules/resolve HTTP/1.1" 200 3316 "-" "Mozilla/5.0 (Linux; Android 6.0.1; Nexus 5X Build/MMB29P) AppleWebKit/537.36 (KHTML, like Gecko) Chrome/141.0.7390.122 Mobile Safari/537.36 (compatible; GoogleOther)"
216.73.216.107 - - [31/Oct/2025:01:45:11 +0000] "GET /?fileloc=%2Fvar%2Fwww%2Fqayyoomi.com%2Froot%2Fwp-content%2Fuploads%2Fuseanyfont%2Fuaf.css&path=%2Fvar%2Fwww%2Fqayyoomi.com%2Froot%2Fwp-content%2Fuploads%2Fuseanyfont HTTP/2.0" 200 3036 "-" "Mozilla/5.0 AppleWebKit/537.36 (KHTML, like Gecko; compatible; ClaudeBot/1.0; +claudebot@anthropic.com)"
216.73.216.107 - - [31/Oct/2025:01:45:11 +0000] "GET /?path=%2Fvar%2Fwww%2Fqayyoomi.com%2Froot%2Fwp-content%2Fuploads%2F2020%2F01 HTTP/2.0" 200 3719 "-" "Mozilla/5.0 AppleWebKit/537.36 (KHTML, like Gecko; compatible; ClaudeBot/1.0; +claudebot@anthropic.com)"
216.73.216.107 - - [31/Oct/2025:01:45:11 +0000] "GET /?path=%2Fvar%2Fwww%2Fqayyoomi.com%2Froot%2Fwp-content%2Fuploads%2F2020%2F06 HTTP/2.0" 200 3424 "-" "Mozilla/5.0 AppleWebKit/537.36 (KHTML, like Gecko; compatible; ClaudeBot/1.0; +claudebot@anthropic.com)"
216.73.216.107 - - [31/Oct/2025:01:45:11 +0000] "GET /?path=%2Fvar%2Fwww%2Fqayyoomi.com%2Froot%2Fwp-content%2Fuploads%2F2020%2F05 HTTP/2.0" 200 3422 "-" "Mozilla/5.0 AppleWebKit/537.36 (KHTML, like Gecko; compatible; ClaudeBot/1.0; +claudebot@anthropic.com)"
216.73.216.107 - - [31/Oct/2025:01:45:11 +0000] "GET /?path=%2Fvar%2Fwww%2Fqayyoomi.com%2Froot%2Fwp-content%2Fuploads%2F2020%2F04 HTTP/2.0" 200 4846 "-" "Mozilla/5.0 AppleWebKit/537.36 (KHTML, like Gecko; compatible; ClaudeBot/1.0; +claudebot@anthropic.com)"
216.73.216.107 - - [31/Oct/2025:01:45:11 +0000] "GET /?path=%2Fvar%2Fwww%2Fqayyoomi.com%2Froot%2Fwp-content%2Fuploads%2F2020%2F07 HTTP/2.0" 200 3423 "-" "Mozilla/5.0 AppleWebKit/537.36 (KHTML, like Gecko; compatible; ClaudeBot/1.0; +claudebot@anthropic.com)"
216.73.216.107 - - [31/Oct/2025:01:45:12 +0000] "GET /?path=%2Fvar%2Fwww%2Fqayyoomi.com%2Froot%2Fwp-content%2Fuploads%2F2020%2F02 HTTP/2.0" 200 3422 "-" "Mozilla/5.0 AppleWebKit/537.36 (KHTML, like Gecko; compatible; ClaudeBot/1.0; +claudebot@anthropic.com)"
216.73.216.107 - - [31/Oct/2025:01:45:12 +0000] "GET /?fileloc=%2Fvar%2Fwww%2Fqayyoomi.com%2Froot%2Fwp-content%2Fuploads%2Fuseanyfont%2Fadmin-uaf-rtl.css&path=%2Fvar%2Fwww%2Fqayyoomi.com%2Froot%2Fwp-content%2Fuploads%2Fuseanyfont HTTP/2.0" 200 3043 "-" "Mozilla/5.0 AppleWebKit/537.36 (KHTML, like Gecko; compatible; ClaudeBot/1.0; +claudebot@anthropic.com)"
216.73.216.107 - - [31/Oct/2025:01:45:12 +0000] "GET /?path=%2Fvar%2Fwww%2Fqayyoomi.com%2Froot%2Fwp-content%2Fuploads%2F2020%2F09 HTTP/2.0" 200 3423 "-" "Mozilla/5.0 AppleWebKit/537.36 (KHTML, like Gecko; compatible; ClaudeBot/1.0; +claudebot@anthropic.com)"
216.73.216.107 - - [31/Oct/2025:01:45:12 +0000] "GET /?fileloc=%2Fvar%2Fwww%2Fqayyoomi.com%2Froot%2Fwp-content%2Fuploads%2F2020%2F.htaccess&path=%2Fvar%2Fwww%2Fqayyoomi.com%2Froot%2Fwp-content%2Fuploads%2F2020 HTTP/2.0" 200 3255 "-" "Mozilla/5.0 AppleWebKit/537.36 (KHTML, like Gecko; compatible; ClaudeBot/1.0; +claudebot@anthropic.com)"
109.122.240.16 - - [31/Oct/2025:01:45:18 +0000] "GET /api/v1.0/lexicon/word/29282/rel|ref HTTP/1.1" 200 303 "-" "node"
109.122.240.16 - - [31/Oct/2025:01:45:18 +0000] "GET /api/v1.0/lexicon/word-ref?limit=0&word=29282&sort=title%20asc HTTP/1.1" 200 430 "-" "node"
185.191.171.7 - - [31/Oct/2025:01:45:19 +0000] "GET /lexicon/word/29282 HTTP/1.1" 200 35295 "-" "Mozilla/5.0 (compatible; SemrushBot/7~bl; +http://www.semrush.com/bot.html)"
109.122.240.16 - - [31/Oct/2025:01:45:20 +0000] "POST /wp-cron.php?doing_wp_cron=1761875119.9764909744262695312500 HTTP/1.1" 200 31 "-" "WordPress/6.8.3; https://chaharrah.tv"
66.249.77.165 - - [31/Oct/2025:01:45:20 +0000] "GET /category/archaeology/feed/ HTTP/1.1" 200 37658 "-" "Mozilla/5.0 (Linux; Android 6.0.1; Nexus 5X Build/MMB29P) AppleWebKit/537.36 (KHTML, like Gecko) Chrome/141.0.7390.122 Mobile Safari/537.36 (compatible; Googlebot/2.1; +http://www.google.com/bot.html)"
85.208.96.196 - - [31/Oct/2025:01:45:20 +0000] "GET /incontrovertibility/mussitation879083.html HTTP/1.1" 404 8048 "-" "Mozilla/5.0 (compatible; SemrushBot/7~bl; +http://www.semrush.com/bot.html)"
66.249.75.68 - - [31/Oct/2025:01:45:34 +0000] "GET /?fileloc=/var/dev/math/ui/node_modules/date-format/LICENSE&path=/var/dev/math/ui/node_modules/date-format HTTP/1.1" 200 3739 "-" "Mozilla/5.0 (Linux; Android 6.0.1; Nexus 5X Build/MMB29P) AppleWebKit/537.36 (KHTML, like Gecko) Chrome/141.0.7390.122 Mobile Safari/537.36 (compatible; GoogleOther)"
66.249.75.67 - - [31/Oct/2025:01:45:43 +0000] "GET /?path=/var/dev/math/ui/node_modules/nopt/lib HTTP/1.1" 200 3596 "-" "Mozilla/5.0 (Linux; Android 6.0.1; Nexus 5X Build/MMB29P) AppleWebKit/537.36 (KHTML, like Gecko) Chrome/141.0.7390.122 Mobile Safari/537.36 (compatible; Googlebot/2.1; +http://www.google.com/bot.html)"
109.122.240.16 - - [31/Oct/2025:01:45:48 +0000] "POST /wp-cron.php?doing_wp_cron=1761875147.9720699787139892578125 HTTP/1.1" 200 31 "-" "WordPress/6.8.3; https://chaharrah.tv"
51.195.183.234 - - [31/Oct/2025:01:45:48 +0000] "GET /tag/%D8%AA%D8%A7%D8%B1%DB%8C%D8%AE-%D9%87%D9%86%D8%B1-%D8%A7%D8%B3%D9%84%D8%A7%D9%85%DB%8C-%D8%A2%D9%86%D9%84%D8%A7%DB%8C%D9%86/ HTTP/2.0" 200 12439 "-" "Mozilla/5.0 (compatible; AhrefsBot/7.0; +http://ahrefs.com/robot/)"
185.191.171.19 - - [31/Oct/2025:01:46:00 +0000] "GET /goshtasb-1397-10-01/ HTTP/1.1" 200 10363 "-" "Mozilla/5.0 (compatible; SemrushBot/7~bl; +http://www.semrush.com/bot.html)"
66.249.75.232 - - [31/Oct/2025:01:46:07 +0000] "GET /api/v1.0/ketabkhaneh/doc/4460?collection=0&sort=id HTTP/1.1" 200 1692 "-" "Mozilla/5.0 (Linux; Android 6.0.1; Nexus 5X Build/MMB29P) AppleWebKit/537.36 (KHTML, like Gecko) Chrome/141.0.7390.122 Mobile Safari/537.36 (compatible; Googlebot/2.1; +http://www.google.com/bot.html)"
185.191.171.13 - - [31/Oct/2025:01:46:24 +0000] "GET /irreferable/academician868499.html HTTP/1.1" 404 8048 "-" "Mozilla/5.0 (compatible; SemrushBot/7~bl; +http://www.semrush.com/bot.html)"
107.189.11.185 - - [31/Oct/2025:01:46:35 +0000] "GET /wp-login.php HTTP/1.1" 200 4426 "https://www.bing.com/" "Mozilla/5.0 (iPhone; CPU iPhone OS 17_0 like Mac OS X) AppleWebKit/605.1.15 (KHTML, like Gecko) Version/17.0 Mobile/15E148 Safari/604.1"
66.249.75.69 - - [31/Oct/2025:01:46:47 +0000] "GET /?fileloc=/var/dev/math/ui/node_modules/tuf-js/LICENSE&path=/var/dev/math/ui/node_modules/tuf-js HTTP/1.1" 200 3737 "-" "Mozilla/5.0 (Linux; Android 6.0.1; Nexus 5X Build/MMB29P) AppleWebKit/537.36 (KHTML, like Gecko) Chrome/141.0.7390.122 Mobile Safari/537.36 (compatible; GoogleOther)"
192.178.6.72 - - [31/Oct/2025:01:46:50 +0000] "GET /api/v1.0/lexicon/word-ref?limit=0&word=9345&sort=title%20asc HTTP/1.1" 200 489 "-" "Mozilla/5.0 (Linux; Android 6.0.1; Nexus 5X Build/MMB29P) AppleWebKit/537.36 (KHTML, like Gecko) Chrome/141.0.7390.122 Mobile Safari/537.36 (compatible; Googlebot/2.1; +http://www.google.com/bot.html)"
51.81.207.12 - - [31/Oct/2025:01:46:53 +0000] "POST /xmlrpc.php HTTP/2.0" 200 426 "https://meysamkiani.com" "Mozilla/5.0 (Windows NT 10.0; Win64; x64) AppleWebKit/537.36 (KHTML, like Gecko) Chrome/126.0.0.0 Safari/537.36"
185.191.171.3 - - [31/Oct/2025:01:47:00 +0000] "GET /werke/ HTTP/1.1" 200 11106 "-" "Mozilla/5.0 (compatible; SemrushBot/7~bl; +http://www.semrush.com/bot.html)"
192.178.6.72 - - [31/Oct/2025:01:47:09 +0000] "GET /api/v1.0/lexicon/word/6651/rel%7Cref HTTP/1.1" 200 860 "-" "Mozilla/5.0 (Linux; Android 6.0.1; Nexus 5X Build/MMB29P) AppleWebKit/537.36 (KHTML, like Gecko) Chrome/141.0.7390.122 Mobile Safari/537.36 (compatible; Googlebot/2.1; +http://www.google.com/bot.html)"
66.249.77.200 - - [31/Oct/2025:01:47:10 +0000] "GET /travelogue/text/s14-t1059-t940-n14110 HTTP/1.1" 200 4768 "-" "Mozilla/5.0 (Linux; Android 6.0.1; Nexus 5X Build/MMB29P) AppleWebKit/537.36 (KHTML, like Gecko) Chrome/141.0.7390.122 Mobile Safari/537.36 (compatible; Googlebot/2.1; +http://www.google.com/bot.html)"
109.122.240.16 - - [31/Oct/2025:01:47:11 +0000] "GET /api/v1.0/ketabkhaneh/doc/1588?collection=0&sort=id HTTP/1.1" 200 1927 "-" "node"
66.249.75.231 - - [31/Oct/2025:01:47:12 +0000] "GET /en/farhangi/1588 HTTP/1.1" 200 19491 "-" "Mozilla/5.0 (Linux; Android 6.0.1; Nexus 5X Build/MMB29P) AppleWebKit/537.36 (KHTML, like Gecko) Chrome/141.0.7390.122 Mobile Safari/537.36 (compatible; Googlebot/2.1; +http://www.google.com/bot.html)"
66.249.77.198 - - [31/Oct/2025:01:47:13 +0000] "GET /travelogue/text/s1-t108-t451-n2453 HTTP/1.1" 200 4768 "-" "Mozilla/5.0 (Linux; Android 6.0.1; Nexus 5X Build/MMB29P) AppleWebKit/537.36 (KHTML, like Gecko) Chrome/141.0.7390.122 Mobile Safari/537.36 (compatible; Googlebot/2.1; +http://www.google.com/bot.html)"
51.68.111.202 - - [31/Oct/2025:01:47:15 +0000] "GET /robots.txt HTTP/1.1" 301 178 "-" "Mozilla/5.0 (compatible; MJ12bot/v2.0.4; http://mj12bot.com/)"
109.122.240.16 - - [31/Oct/2025:01:47:15 +0000] "POST /wp-cron.php?doing_wp_cron=1761875235.4072480201721191406250 HTTP/1.1" 200 31 "-" "WordPress/6.8.3; https://chaharrah.tv"
51.68.111.202 - - [31/Oct/2025:01:47:15 +0000] "GET / HTTP/1.1" 301 178 "-" "Mozilla/5.0 (compatible; MJ12bot/v2.0.4; http://mj12bot.com/)"
213.180.203.249 - - [31/Oct/2025:01:47:15 +0000] "GET /qayyoomi-res3-40-1402-07/ HTTP/1.1" 200 10059 "-" "Mozilla/5.0 (compatible; YandexBot/3.0; +http://yandex.com/bots)"
66.249.72.232 - - [31/Oct/2025:01:47:15 +0000] "GET /iiif/3/nw__farhangi__1588.tif/info.json HTTP/1.1" 200 756 "https://ketabkhaneh.org/" "Mozilla/5.0 (Linux; Android 6.0.1; Nexus 5X Build/MMB29P) AppleWebKit/537.36 (KHTML, like Gecko) Chrome/141.0.7390.122 Mobile Safari/537.36 (compatible; Googlebot/2.1; +http://www.google.com/bot.html)"
51.68.111.202 - - [31/Oct/2025:01:47:16 +0000] "GET / HTTP/1.1" 200 11832 "-" "Mozilla/5.0 (compatible; MJ12bot/v2.0.4; http://mj12bot.com/)"
66.249.77.198 - - [31/Oct/2025:01:47:18 +0000] "GET /api/v1.0/travelogue/public/summary HTTP/1.1" 200 1970629 "https://nowruzgan.com/travelogue/text/s1-t108-t451-n2453" "Mozilla/5.0 (Linux; Android 6.0.1; Nexus 5X Build/MMB29P) AppleWebKit/537.36 (KHTML, like Gecko) Chrome/141.0.7390.122 Mobile Safari/537.36 (compatible; Googlebot/2.1; +http://www.google.com/bot.html)"
66.249.77.200 - - [31/Oct/2025:01:47:21 +0000] "GET /api/v1.0/travelogue/public/summary HTTP/1.1" 200 1969124 "https://nowruzgan.com/travelogue/text/s14-t1059-t940-n14110" "Mozilla/5.0 (Linux; Android 6.0.1; Nexus 5X Build/MMB29P) AppleWebKit/537.36 (KHTML, like Gecko) Chrome/141.0.7390.122 Mobile Safari/537.36 (compatible; Googlebot/2.1; +http://www.google.com/bot.html)"
83.219.243.78 - - [31/Oct/2025:01:47:24 +0000] "\x04\x01\x00\x19\xD9JA@\x00" 400 166 "-" "-"
83.219.243.78 - - [31/Oct/2025:01:47:24 +0000] "CONNECT 217.74.65.64:25 HTTP/1.0" 400 166 "-" "-"
83.219.243.78 - - [31/Oct/2025:01:47:24 +0000] "\x05\x01\x00" 400 166 "-" "-"
185.191.171.19 - - [31/Oct/2025:01:47:28 +0000] "GET /?m=20120514 HTTP/1.1" 200 7626 "-" "Mozilla/5.0 (compatible; SemrushBot/7~bl; +http://www.semrush.com/bot.html)"
66.249.77.201 - - [31/Oct/2025:01:47:31 +0000] "GET /travelogue/text/s14-t106-t4387-n13826 HTTP/1.1" 200 4768 "-" "Mozilla/5.0 (Linux; Android 6.0.1; Nexus 5X Build/MMB29P) AppleWebKit/537.36 (KHTML, like Gecko) Chrome/141.0.7390.122 Mobile Safari/537.36 (compatible; Googlebot/2.1; +http://www.google.com/bot.html)"
109.122.240.16 - - [31/Oct/2025:01:47:31 +0000] "POST /wp-cron.php?doing_wp_cron=1761875251.7479948997497558593750 HTTP/1.1" 200 31 "-" "WordPress/6.8.3; https://chaharrah.tv"
66.249.77.165 - - [31/Oct/2025:01:47:31 +0000] "GET /organizer/mehrgiti/ HTTP/1.1" 200 8194 "-" "Mozilla/5.0 (Linux; Android 6.0.1; Nexus 5X Build/MMB29P) AppleWebKit/537.36 (KHTML, like Gecko) Chrome/141.0.7390.122 Mobile Safari/537.36 (compatible; Googlebot/2.1; +http://www.google.com/bot.html)"
85.208.96.204 - - [31/Oct/2025:01:47:44 +0000] "GET /electropower/impassionedness871197.html HTTP/1.1" 404 8048 "-" "Mozilla/5.0 (compatible; SemrushBot/7~bl; +http://www.semrush.com/bot.html)"
216.73.216.133 - - [31/Oct/2025:01:47:47 +0000] "GET /?m=%DB%B1%DB%B3%DB%B9%DB%B6%DB%B4 HTTP/1.1" 301 178 "-" "Mozilla/5.0 AppleWebKit/537.36 (KHTML, like Gecko; compatible; ClaudeBot/1.0; +claudebot@anthropic.com)"
216.73.216.133 - - [31/Oct/2025:01:47:48 +0000] "GET /?m=%DB%B1%DB%B3%DB%B9%DB%B6%DB%B4 HTTP/2.0" 200 7106 "http://meysamkiani.com/?m=%DB%B1%DB%B3%DB%B9%DB%B6%DB%B4" "Mozilla/5.0 AppleWebKit/537.36 (KHTML, like Gecko; compatible; ClaudeBot/1.0; +claudebot@anthropic.com)"
109.122.240.16 - - [31/Oct/2025:01:47:50 +0000] "GET /api/v1.0/lexicon/word/18744/rel|ref HTTP/1.1" 200 602 "-" "node"
109.122.240.16 - - [31/Oct/2025:01:47:50 +0000] "GET /api/v1.0/lexicon/word-ref?limit=0&word=18744&sort=title%20asc HTTP/1.1" 200 360 "-" "node"
109.122.240.16 - - [31/Oct/2025:01:47:50 +0000] "GET /api/v1.0/lexicon/word/?sortable=serpentine&lang=en HTTP/1.1" 200 346 "-" "node"
109.122.240.16 - - [31/Oct/2025:01:47:50 +0000] "GET /api/v1.0/lexicon/word/18742/rel|ref HTTP/1.1" 200 627 "-" "node"
109.122.240.16 - - [31/Oct/2025:01:47:51 +0000] "GET /api/v1.0/lexicon/word-ref?limit=0&word=18742&sort=title%20asc HTTP/1.1" 200 384 "-" "node"
192.178.6.70 - - [31/Oct/2025:01:47:51 +0000] "GET /lexicon/word/18744 HTTP/1.1" 200 35640 "-" "Mozilla/5.0 (Linux; Android 6.0.1; Nexus 5X Build/MMB29P) AppleWebKit/537.36 (KHTML, like Gecko) Chrome/141.0.7390.122 Mobile Safari/537.36 (compatible; Googlebot/2.1; +http://www.google.com/bot.html)"
43.173.175.175 - - [31/Oct/2025:01:47:54 +0000] "GET /tag/%D8%AE%D8%AF%D8%A7%DB%8C%D8%A7%D9%86-%D9%85%D8%B5%D8%B1%DB%8C/ HTTP/1.1" 200 12761 "-" "Mozilla/5.0 (Windows NT 6.1; Win64; x64) AppleWebKit/537.36 (KHTML, like Gecko) Chrome/126.0.6478.114 Safari/537.36"
43.173.178.74 - - [31/Oct/2025:01:47:56 +0000] "GET /icbar-amini-1398-02-15/ HTTP/1.1" 200 10200 "-" "Mozilla/5.0 (Windows NT 6.1; Win64; x64) AppleWebKit/537.36 (KHTML, like Gecko) Chrome/126.0.6478.114 Safari/537.36"
51.75.236.148 - - [31/Oct/2025:01:47:56 +0000] "GET /category/uncategorized/page/20/?path=//proc/1852321 HTTP/2.0" 200 5697 "-" "Mozilla/5.0 (compatible; AhrefsBot/7.0; +http://ahrefs.com/robot/)"
66.249.75.67 - - [31/Oct/2025:01:47:59 +0000] "GET /?fileloc=/var/dev/math/ui/node_modules/string-width/package.json&path=/var/dev/math/ui/node_modules/string-width HTTP/1.1" 200 3646 "-" "Mozilla/5.0 (Linux; Android 6.0.1; Nexus 5X Build/MMB29P) AppleWebKit/537.36 (KHTML, like Gecko) Chrome/141.0.7390.122 Mobile Safari/537.36 (compatible; GoogleOther)"
43.173.173.166 - - [31/Oct/2025:01:48:00 +0000] "GET /tag/%D8%A2%D8%B1%D8%AA%D9%88%D8%B1-%DA%A9%D8%B1%DB%8C%D8%B3%D8%AA%DB%8C%D9%86-%D8%B3%D9%86/ HTTP/1.1" 200 13151 "-" "Mozilla/5.0 (Windows NT 6.1; Win64; x64) AppleWebKit/537.36 (KHTML, like Gecko) Chrome/126.0.6478.114 Safari/537.36"
45.89.63.138 - - [31/Oct/2025:01:48:02 +0000] "\x04\x01\x00\x19\xA2\xD1\xAFz\x00" 400 166 "-" "-"
45.89.63.138 - - [31/Oct/2025:01:48:02 +0000] "CONNECT 162.209.175.122:25 HTTP/1.0" 400 166 "-" "-"
45.89.63.138 - - [31/Oct/2025:01:48:02 +0000] "\x05\x01\x00" 400 166 "-" "-"
109.122.240.16 - - [31/Oct/2025:01:48:07 +0000] "POST /wp-cron.php?doing_wp_cron=1761875287.1708130836486816406250 HTTP/1.1" 200 31 "-" "WordPress/6.8.3; https://chaharrah.tv"
43.173.179.114 - - [31/Oct/2025:01:48:07 +0000] "GET /sadri-b02-1398-11-08/ HTTP/1.1" 200 10098 "-" "Mozilla/5.0 (Windows NT 6.1; Win64; x64) AppleWebKit/537.36 (KHTML, like Gecko) Chrome/126.0.6478.114 Safari/537.36"
45.89.63.138 - - [31/Oct/2025:01:48:07 +0000] "\x04\x01\x00\x19\x119\x9A!\x00" 400 166 "-" "-"
45.89.63.138 - - [31/Oct/2025:01:48:07 +0000] "CONNECT 17.57.154.33:25 HTTP/1.0" 400 166 "-" "-"
45.89.63.138 - - [31/Oct/2025:01:48:08 +0000] "\x05\x01\x00" 400 166 "-" "-"
43.173.179.92 - - [31/Oct/2025:01:48:10 +0000] "GET /mirasmaktoob-30-1384-02-25/?replytocom=118896 HTTP/1.1" 200 12384 "-" "Mozilla/5.0 (Windows NT 6.1; Win64; x64) AppleWebKit/537.36 (KHTML, like Gecko) Chrome/126.0.6478.114 Safari/537.36"
66.249.77.166 - - [31/Oct/2025:01:48:10 +0000] "GET /tag/%D9%BE%DB%8C%D8%A7%D9%85-%D8%B1%D9%88%D8%B4%D9%86%D9%81%DA%A9%D8%B1/feed/ HTTP/1.1" 200 6061 "-" "Mozilla/5.0 (Linux; Android 6.0.1; Nexus 5X Build/MMB29P) AppleWebKit/537.36 (KHTML, like Gecko) Chrome/141.0.7390.122 Mobile Safari/537.36 (compatible; Googlebot/2.1; +http://www.google.com/bot.html)"
45.89.63.138 - - [31/Oct/2025:01:48:11 +0000] "\x04\x01\x00\x19C\xC3\xE4j\x00" 400 166 "-" "-"
45.89.63.138 - - [31/Oct/2025:01:48:11 +0000] "CONNECT 67.195.228.106:25 HTTP/1.0" 400 166 "-" "-"
45.89.63.138 - - [31/Oct/2025:01:48:12 +0000] "\x05\x01\x00" 400 166 "-" "-"
216.73.216.107 - - [31/Oct/2025:01:48:16 +0000] "GET /?path=%2Fvar%2Fwww%2Fqayyoomi.com%2Froot%2Fwp-content%2Fuploads%2F2021%2F06 HTTP/2.0" 200 3424 "-" "Mozilla/5.0 AppleWebKit/537.36 (KHTML, like Gecko; compatible; ClaudeBot/1.0; +claudebot@anthropic.com)"
216.73.216.107 - - [31/Oct/2025:01:48:16 +0000] "GET /?path=%2Fvar%2Fwww%2Fqayyoomi.com%2Froot%2Fwp-content%2Fuploads%2F2024%2F01 HTTP/2.0" 200 3422 "-" "Mozilla/5.0 AppleWebKit/537.36 (KHTML, like Gecko; compatible; ClaudeBot/1.0; +claudebot@anthropic.com)"
216.73.216.107 - - [31/Oct/2025:01:48:16 +0000] "GET /?path=%2Fvar%2Fwww%2Fqayyoomi.com%2Froot%2Fwp-content%2Fuploads%2F2021%2F01 HTTP/2.0" 200 3421 "-" "Mozilla/5.0 AppleWebKit/537.36 (KHTML, like Gecko; compatible; ClaudeBot/1.0; +claudebot@anthropic.com)"
216.73.216.107 - - [31/Oct/2025:01:48:16 +0000] "GET /?path=%2Fvar%2Fwww%2Fqayyoomi.com%2Froot%2Fwp-content%2Fuploads%2F2024%2F05 HTTP/2.0" 200 3422 "-" "Mozilla/5.0 AppleWebKit/537.36 (KHTML, like Gecko; compatible; ClaudeBot/1.0; +claudebot@anthropic.com)"
216.73.216.107 - - [31/Oct/2025:01:48:16 +0000] "GET /?path=%2Fvar%2Fwww%2Fqayyoomi.com%2Froot%2Fwp-content%2Fuploads%2F2024%2F06 HTTP/2.0" 200 3424 "-" "Mozilla/5.0 AppleWebKit/537.36 (KHTML, like Gecko; compatible; ClaudeBot/1.0; +claudebot@anthropic.com)"
216.73.216.107 - - [31/Oct/2025:01:48:16 +0000] "GET /?path=%2Fvar%2Fwww%2Fqayyoomi.com%2Froot%2Fwp-content%2Fuploads%2F2022%2F09 HTTP/2.0" 200 3423 "-" "Mozilla/5.0 AppleWebKit/537.36 (KHTML, like Gecko; compatible; ClaudeBot/1.0; +claudebot@anthropic.com)"
216.73.216.107 - - [31/Oct/2025:01:48:16 +0000] "GET /?path=%2Fvar%2Fwww%2Fqayyoomi.com%2Froot%2Fwp-content%2Fuploads%2F2024%2F04 HTTP/2.0" 200 3421 "-" "Mozilla/5.0 AppleWebKit/537.36 (KHTML, like Gecko; compatible; ClaudeBot/1.0; +claudebot@anthropic.com)"
216.73.216.107 - - [31/Oct/2025:01:48:16 +0000] "GET /?path=%2Fvar%2Fwww%2Fqayyoomi.com%2Froot%2Fwp-content%2Fuploads%2F2021%2F05 HTTP/2.0" 200 3422 "-" "Mozilla/5.0 AppleWebKit/537.36 (KHTML, like Gecko; compatible; ClaudeBot/1.0; +claudebot@anthropic.com)"
216.73.216.107 - - [31/Oct/2025:01:48:16 +0000] "GET /?path=%2Fvar%2Fwww%2Fqayyoomi.com%2Froot%2Fwp-content%2Fuploads%2F2021%2F04 HTTP/2.0" 200 3424 "-" "Mozilla/5.0 AppleWebKit/537.36 (KHTML, like Gecko; compatible; ClaudeBot/1.0; +claudebot@anthropic.com)"
216.73.216.107 - - [31/Oct/2025:01:48:16 +0000] "GET /?path=%2Fvar%2Fwww%2Fqayyoomi.com%2Froot%2Fwp-content%2Fuploads%2F2024%2F07 HTTP/2.0" 200 3422 "-" "Mozilla/5.0 AppleWebKit/537.36 (KHTML, like Gecko; compatible; ClaudeBot/1.0; +claudebot@anthropic.com)"
85.208.96.198 - - [31/Oct/2025:01:48:16 +0000] "GET /antiaditis/leewardmost885142.html HTTP/1.1" 404 8048 "-" "Mozilla/5.0 (compatible; SemrushBot/7~bl; +http://www.semrush.com/bot.html)"
109.122.240.16 - - [31/Oct/2025:01:48:22 +0000] "POST /wp-cron.php?doing_wp_cron=1761875302.4163429737091064453125 HTTP/1.1" 200 31 "-" "WordPress/6.8.3; https://chaharrah.tv"
43.173.177.10 - - [31/Oct/2025:01:48:22 +0000] "GET /ali-amini-1392-12-11/?replytocom=231 HTTP/1.1" 200 16364 "-" "Mozilla/5.0 (Windows NT 6.1; Win64; x64) AppleWebKit/537.36 (KHTML, like Gecko) Chrome/126.0.6478.114 Safari/537.36"
54.38.147.27 - - [31/Oct/2025:01:48:23 +0000] "GET /events/3/ HTTP/2.0" 200 7844 "-" "Mozilla/5.0 (compatible; AhrefsBot/7.0; +http://ahrefs.com/robot/)"
85.208.96.208 - - [31/Oct/2025:01:48:23 +0000] "GET /deificatory/hicatee879077.html HTTP/1.1" 404 8048 "-" "Mozilla/5.0 (compatible; SemrushBot/7~bl; +http://www.semrush.com/bot.html)"
109.122.240.16 - - [31/Oct/2025:01:48:27 +0000] "POST /wp-cron.php?doing_wp_cron=1761875307.6404299736022949218750 HTTP/1.1" 200 31 "-" "WordPress/6.8.3; https://chaharrah.tv"
43.173.179.20 - - [31/Oct/2025:01:48:28 +0000] "GET /icbar-jalali-naeini-1398-02-15/ HTTP/1.1" 200 10176 "-" "Mozilla/5.0 (Windows NT 6.1; Win64; x64) AppleWebKit/537.36 (KHTML, like Gecko) Chrome/126.0.6478.114 Safari/537.36"
66.249.75.68 - - [31/Oct/2025:01:48:29 +0000] "GET /?path=/var/dev/nowruzgan/vazhgar/node_modules/copy-webpack-plugin/dist HTTP/1.1" 200 3568 "-" "Mozilla/5.0 (Linux; Android 6.0.1; Nexus 5X Build/MMB29P) AppleWebKit/537.36 (KHTML, like Gecko) Chrome/141.0.7390.122 Mobile Safari/537.36 (compatible; Googlebot/2.1; +http://www.google.com/bot.html)"
109.122.240.16 - - [31/Oct/2025:01:48:43 +0000] "POST /wp-cron.php?doing_wp_cron=1761875323.6410870552062988281250 HTTP/1.1" 200 31 "-" "WordPress/6.8.3; https://chaharrah.tv"
43.173.176.74 - - [31/Oct/2025:01:48:43 +0000] "GET /lecturer/morad-farhadpour/ HTTP/1.1" 200 8505 "-" "Mozilla/5.0 (Windows NT 6.1; Win64; x64) AppleWebKit/537.36 (KHTML, like Gecko) Chrome/126.0.6478.114 Safari/537.36"
66.249.75.68 - - [31/Oct/2025:01:48:47 +0000] "GET /?fileloc=/var/dev/math/ui/node_modules/nopt/bin/nopt.js&path=/var/dev/math/ui/node_modules/nopt/bin HTTP/1.1" 200 3368 "-" "Mozilla/5.0 (Linux; Android 6.0.1; Nexus 5X Build/MMB29P) AppleWebKit/537.36 (KHTML, like Gecko) Chrome/141.0.7390.122 Mobile Safari/537.36 (compatible; Googlebot/2.1; +http://www.google.com/bot.html)"
43.173.180.120 - - [31/Oct/2025:01:48:49 +0000] "GET /tag/%D8%A7%D8%A8%D9%88%D8%B9%D9%84%DB%8C-%D9%85%D8%B3%DA%A9%D9%88%DB%8C%D9%87/ HTTP/1.1" 200 12083 "-" "Mozilla/5.0 (Windows NT 6.1; Win64; x64) AppleWebKit/537.36 (KHTML, like Gecko) Chrome/126.0.6478.114 Safari/537.36"
216.73.216.124 - - [31/Oct/2025:01:48:50 +0000] "GET /farhangi/4837 HTTP/2.0" 301 178 "-" "Mozilla/5.0 AppleWebKit/537.36 (KHTML, like Gecko; compatible; ClaudeBot/1.0; +claudebot@anthropic.com)"
109.122.240.16 - - [31/Oct/2025:01:48:50 +0000] "GET /api/v1.0/ketabkhaneh/doc/4837?collection=0&sort=id HTTP/1.1" 200 1562 "-" "node"
216.73.216.124 - - [31/Oct/2025:01:48:51 +0000] "GET /en/farhangi/4837 HTTP/2.0" 200 18954 "https://ketabkhaneh.org/farhangi/4837" "Mozilla/5.0 AppleWebKit/537.36 (KHTML, like Gecko; compatible; ClaudeBot/1.0; +claudebot@anthropic.com)"
216.73.216.107 - - [31/Oct/2025:01:48:53 +0000] "GET /?path=%2Fvar%2Fwww%2Fqayyoomi.com%2Froot%2Fwp-content%2Fuploads%2F2017%2F04 HTTP/2.0" 200 3589 "-" "Mozilla/5.0 AppleWebKit/537.36 (KHTML, like Gecko; compatible; ClaudeBot/1.0; +claudebot@anthropic.com)"
216.73.216.107 - - [31/Oct/2025:01:48:53 +0000] "GET /?path=%2Fvar%2Fwww%2Fqayyoomi.com%2Froot%2Fwp-content%2Fuploads%2F2018%2F05 HTTP/2.0" 200 3423 "-" "Mozilla/5.0 AppleWebKit/537.36 (KHTML, like Gecko; compatible; ClaudeBot/1.0; +claudebot@anthropic.com)"
216.73.216.107 - - [31/Oct/2025:01:48:53 +0000] "GET /?path=%2Fvar%2Fwww%2Fqayyoomi.com%2Froot%2Fwp-content%2Fuploads%2F2018%2F01 HTTP/2.0" 200 3423 "-" "Mozilla/5.0 AppleWebKit/537.36 (KHTML, like Gecko; compatible; ClaudeBot/1.0; +claudebot@anthropic.com)"
216.73.216.107 - - [31/Oct/2025:01:48:53 +0000] "GET /?path=%2Fvar%2Fwww%2Fqayyoomi.com%2Froot%2Fwp-content%2Fuploads%2F2017%2F07 HTTP/2.0" 200 3421 "-" "Mozilla/5.0 AppleWebKit/537.36 (KHTML, like Gecko; compatible; ClaudeBot/1.0; +claudebot@anthropic.com)"
216.73.216.107 - - [31/Oct/2025:01:48:53 +0000] "GET /?path=%2Fvar%2Fwww%2Fqayyoomi.com%2Froot%2Fwp-content%2Fuploads%2F2018%2F06 HTTP/2.0" 200 3424 "-" "Mozilla/5.0 AppleWebKit/537.36 (KHTML, like Gecko; compatible; ClaudeBot/1.0; +claudebot@anthropic.com)"
216.73.216.107 - - [31/Oct/2025:01:48:54 +0000] "GET /?path=%2Fvar%2Fwww%2Fqayyoomi.com%2Froot%2Fwp-content%2Fuploads%2F2017%2F02 HTTP/2.0" 200 3423 "-" "Mozilla/5.0 AppleWebKit/537.36 (KHTML, like Gecko; compatible; ClaudeBot/1.0; +claudebot@anthropic.com)"
216.73.216.107 - - [31/Oct/2025:01:48:54 +0000] "GET /?path=%2Fvar%2Fwww%2Fqayyoomi.com%2Froot%2Fwp-content%2Fuploads%2F2018%2F04 HTTP/2.0" 200 3424 "-" "Mozilla/5.0 AppleWebKit/537.36 (KHTML, like Gecko; compatible; ClaudeBot/1.0; +claudebot@anthropic.com)"
216.73.216.107 - - [31/Oct/2025:01:48:54 +0000] "GET /?path=%2Fvar%2Fwww%2Fqayyoomi.com%2Froot%2Fwp-content%2Fuploads%2F2017%2F09 HTTP/2.0" 200 3663 "-" "Mozilla/5.0 AppleWebKit/537.36 (KHTML, like Gecko; compatible; ClaudeBot/1.0; +claudebot@anthropic.com)"
213.180.203.203 - - [31/Oct/2025:01:48:54 +0000] "GET /robots.txt HTTP/1.1" 200 118891 "-" "Mozilla/5.0 (compatible; YandexBot/3.0; +http://yandex.com/bots)"
216.73.216.107 - - [31/Oct/2025:01:48:54 +0000] "GET /?path=%2Fvar%2Fwww%2Fqayyoomi.com%2Froot%2Fwp-content%2Fuploads%2F2018%2F07 HTTP/2.0" 200 3423 "-" "Mozilla/5.0 AppleWebKit/537.36 (KHTML, like Gecko; compatible; ClaudeBot/1.0; +claudebot@anthropic.com)"
216.73.216.107 - - [31/Oct/2025:01:48:54 +0000] "GET /?path=%2Fvar%2Fwww%2Fqayyoomi.com%2Froot%2Fwp-content%2Fuploads%2F2018%2F02 HTTP/2.0" 200 3423 "-" "Mozilla/5.0 AppleWebKit/537.36 (KHTML, like Gecko; compatible; ClaudeBot/1.0; +claudebot@anthropic.com)"
216.73.216.107 - - [31/Oct/2025:01:48:54 +0000] "GET /?path=%2Fvar%2Fwww%2Fqayyoomi.com%2Froot%2Fwp-content%2Fuploads%2F2020%2F08 HTTP/2.0" 200 3423 "-" "Mozilla/5.0 AppleWebKit/537.36 (KHTML, like Gecko; compatible; ClaudeBot/1.0; +claudebot@anthropic.com)"
43.173.182.249 - - [31/Oct/2025:01:48:56 +0000] "GET /tag/%D8%A7%D9%84%D9%85%D9%82%D8%A7%D8%A8%D8%B3%D8%A7%D8%AA/ HTTP/1.1" 200 12079 "-" "Mozilla/5.0 (Windows NT 6.1; Win64; x64) AppleWebKit/537.36 (KHTML, like Gecko) Chrome/126.0.6478.114 Safari/537.36"
43.173.178.223 - - [31/Oct/2025:01:49:01 +0000] "GET /tag/%D8%AA%D8%A7%D8%B1%DB%8C%D8%AE-%D9%85%D8%B9%D9%85%D8%A7%D8%B1%DB%8C/ HTTP/1.1" 200 11905 "-" "Mozilla/5.0 (Windows NT 6.1; Win64; x64) AppleWebKit/537.36 (KHTML, like Gecko) Chrome/126.0.6478.114 Safari/537.36"
109.122.240.16 - - [31/Oct/2025:01:49:03 +0000] "GET /api/v1.0/lexicon/word/568/rel|ref HTTP/1.1" 200 500 "-" "node"
109.122.240.16 - - [31/Oct/2025:01:49:03 +0000] "GET /api/v1.0/lexicon/word-ref?limit=0&word=568&sort=title%20asc HTTP/1.1" 200 830 "-" "node"
109.122.240.16 - - [31/Oct/2025:01:49:03 +0000] "GET /api/v1.0/lexicon/word/?sortable=drawing&lang=en HTTP/1.1" 200 328 "-" "node"
109.122.240.16 - - [31/Oct/2025:01:49:03 +0000] "GET /api/v1.0/lexicon/word/28818/rel|ref HTTP/1.1" 200 532 "-" "node"
109.122.240.16 - - [31/Oct/2025:01:49:03 +0000] "GET /api/v1.0/lexicon/word-ref?limit=0&word=28818&sort=title%20asc HTTP/1.1" 200 346 "-" "node"
213.180.203.165 - - [31/Oct/2025:01:49:04 +0000] "GET /lexicon/word/568 HTTP/1.1" 200 36685 "-" "Mozilla/5.0 (compatible; YandexBot/3.0; +http://yandex.com/bots)"
66.249.77.165 - - [31/Oct/2025:01:49:06 +0000] "GET /tag/%DA%A9%D8%B1%D8%AF/feed/ HTTP/1.1" 200 6522 "-" "Mozilla/5.0 (Linux; Android 6.0.1; Nexus 5X Build/MMB29P) AppleWebKit/537.36 (KHTML, like Gecko) Chrome/141.0.7390.122 Mobile Safari/537.36 (compatible; Googlebot/2.1; +http://www.google.com/bot.html)"
66.249.75.231 - - [31/Oct/2025:01:49:06 +0000] "GET /api/v1.0/ketabkhaneh/doc/2718?collection=0&sort=id HTTP/1.1" 200 1944 "-" "Mozilla/5.0 (Linux; Android 6.0.1; Nexus 5X Build/MMB29P) AppleWebKit/537.36 (KHTML, like Gecko) Chrome/141.0.7390.122 Mobile Safari/537.36 (compatible; Googlebot/2.1; +http://www.google.com/bot.html)"
104.248.161.34 - - [31/Oct/2025:01:49:07 +0000] "POST /xmlrpc.php HTTP/1.1" 200 430 "-" "Mozilla/5.0 (Windows NT 10.0; Win64; x64; rv:62.0) Gecko/20100101 Firefox/62.0"
109.122.240.16 - - [31/Oct/2025:01:49:09 +0000] "POST /wp-cron.php?doing_wp_cron=1761875348.9452009201049804687500 HTTP/1.1" 200 31 "-" "WordPress/6.8.3; https://chaharrah.tv"
43.173.173.214 - - [31/Oct/2025:01:49:09 +0000] "GET /erfanpajoohi-07-1395-02-07/ HTTP/1.1" 200 9784 "-" "Mozilla/5.0 (Windows NT 6.1; Win64; x64) AppleWebKit/537.36 (KHTML, like Gecko) Chrome/126.0.6478.114 Safari/537.36"
66.249.75.69 - - [31/Oct/2025:01:49:11 +0000] "GET /?fileloc=/var/dev/math/ui/node_modules/string-width/readme.md&path=/var/dev/math/ui/node_modules/string-width HTTP/1.1" 200 3938 "-" "Mozilla/5.0 (Linux; Android 6.0.1; Nexus 5X Build/MMB29P) AppleWebKit/537.36 (KHTML, like Gecko) Chrome/141.0.7390.122 Mobile Safari/537.36 (compatible; GoogleOther)"
43.173.173.145 - - [31/Oct/2025:01:49:16 +0000] "GET /vahabzadeh-1392-doc/?replytocom=9516 HTTP/1.1" 200 16737 "-" "Mozilla/5.0 (Windows NT 6.1; Win64; x64) AppleWebKit/537.36 (KHTML, like Gecko) Chrome/126.0.6478.114 Safari/537.36"
207.46.13.154 - - [31/Oct/2025:01:49:20 +0000] "GET /travelogue/text/s9-t105-t-n4208 HTTP/2.0" 200 4755 "-" "Mozilla/5.0 AppleWebKit/537.36 (KHTML, like Gecko; compatible; bingbot/2.0; +http://www.bing.com/bingbot.htm) Chrome/116.0.1938.76 Safari/537.36"
109.122.240.16 - - [31/Oct/2025:01:49:23 +0000] "POST /wp-cron.php?doing_wp_cron=1761875363.2643029689788818359375 HTTP/1.1" 200 31 "-" "WordPress/6.8.3; https://chaharrah.tv"
43.173.175.142 - - [31/Oct/2025:01:49:23 +0000] "GET /tag/%D8%AF%D9%81%D8%AA%D8%B1%DA%86%D9%87-%D9%85%D9%85%D9%86%D9%88%D8%B9/ HTTP/1.1" 200 11964 "-" "Mozilla/5.0 (Windows NT 6.1; Win64; x64) AppleWebKit/537.36 (KHTML, like Gecko) Chrome/126.0.6478.114 Safari/537.36"
192.178.6.71 - - [31/Oct/2025:01:49:25 +0000] "GET /api/v1.0/lexicon/word-ref?limit=0&word=1420&sort=title%20asc HTTP/1.1" 200 479 "-" "Mozilla/5.0 (Linux; Android 6.0.1; Nexus 5X Build/MMB29P) AppleWebKit/537.36 (KHTML, like Gecko) Chrome/141.0.7390.122 Mobile Safari/537.36 (compatible; Googlebot/2.1; +http://www.google.com/bot.html)"
66.249.77.199 - - [31/Oct/2025:01:49:25 +0000] "GET /travelogue/text/s5-t792-t1571-n1022 HTTP/1.1" 200 4768 "-" "Mozilla/5.0 (Linux; Android 6.0.1; Nexus 5X Build/MMB29P) AppleWebKit/537.36 (KHTML, like Gecko) Chrome/141.0.7390.122 Mobile Safari/537.36 (compatible; Googlebot/2.1; +http://www.google.com/bot.html)"
66.249.77.198 - - [31/Oct/2025:01:49:32 +0000] "GET /api/v1.0/travelogue/public/summary HTTP/1.1" 200 1970629 "https://nowruzgan.com/travelogue/text/s5-t792-t1571-n1022" "Mozilla/5.0 (Linux; Android 6.0.1; Nexus 5X Build/MMB29P) AppleWebKit/537.36 (KHTML, like Gecko) Chrome/141.0.7390.122 Mobile Safari/537.36 (compatible; Googlebot/2.1; +http://www.google.com/bot.html)"
109.122.240.16 - - [31/Oct/2025:01:49:34 +0000] "GET /api/v1.0/lexicon/word/14725/rel|ref HTTP/1.1" 200 1077 "-" "node"
109.122.240.16 - - [31/Oct/2025:01:49:34 +0000] "GET /api/v1.0/lexicon/word-ref?limit=0&word=14725&sort=title%20asc HTTP/1.1" 200 432 "-" "node"
95.108.213.201 - - [31/Oct/2025:01:49:35 +0000] "GET /lexicon/word/14725 HTTP/1.1" 200 36597 "-" "Mozilla/5.0 (compatible; YandexBot/3.0; +http://yandex.com/bots)"
45.89.63.138 - - [31/Oct/2025:01:49:43 +0000] "\x04\x01\x00\x19\x119\x9C\x1E\x00" 400 166 "-" "-"
83.219.243.78 - - [31/Oct/2025:01:49:43 +0000] "\x04\x01\x00\x19C\xC3\xCCK\x00" 400 166 "-" "-"
45.89.63.138 - - [31/Oct/2025:01:49:43 +0000] "CONNECT 17.57.156.30:25 HTTP/1.0" 400 166 "-" "-"
83.219.243.78 - - [31/Oct/2025:01:49:43 +0000] "CONNECT 67.195.204.75:25 HTTP/1.0" 400 166 "-" "-"
45.89.63.138 - - [31/Oct/2025:01:49:43 +0000] "\x05\x01\x00" 400 166 "-" "-"
83.219.243.78 - - [31/Oct/2025:01:49:43 +0000] "\x05\x01\x00" 400 166 "-" "-"
66.249.77.198 - - [31/Oct/2025:01:49:43 +0000] "GET /travelogue/text/s10-t596-t2830-n4655 HTTP/1.1" 200 4768 "-" "Mozilla/5.0 (Linux; Android 6.0.1; Nexus 5X Build/MMB29P) AppleWebKit/537.36 (KHTML, like Gecko) Chrome/141.0.7390.122 Mobile Safari/537.36 (compatible; Googlebot/2.1; +http://www.google.com/bot.html)"
109.122.240.16 - - [31/Oct/2025:01:49:44 +0000] "POST /wp-cron.php?doing_wp_cron=1761875384.5328910350799560546875 HTTP/1.1" 200 31 "-" "WordPress/6.8.3; https://chaharrah.tv"
66.249.77.166 - - [31/Oct/2025:01:49:44 +0000] "GET /?cat=9 HTTP/1.1" 301 5 "-" "Mozilla/5.0 (Linux; Android 6.0.1; Nexus 5X Build/MMB29P) AppleWebKit/537.36 (KHTML, like Gecko) Chrome/141.0.7390.122 Mobile Safari/537.36 (compatible; Googlebot/2.1; +http://www.google.com/bot.html)"
66.249.77.165 - - [31/Oct/2025:01:49:45 +0000] "GET /category/archaeology/ HTTP/1.1" 200 11595 "-" "Mozilla/5.0 (Linux; Android 6.0.1; Nexus 5X Build/MMB29P) AppleWebKit/537.36 (KHTML, like Gecko) Chrome/141.0.7390.122 Mobile Safari/537.36 (compatible; Googlebot/2.1; +http://www.google.com/bot.html)"
45.89.63.138 - - [31/Oct/2025:01:49:45 +0000] "\x04\x01\x00\x19C\xC3\xE4^\x00" 400 166 "-" "-"
45.89.63.138 - - [31/Oct/2025:01:49:46 +0000] "CONNECT 67.195.228.94:25 HTTP/1.0" 400 166 "-" "-"
45.89.63.138 - - [31/Oct/2025:01:49:46 +0000] "\x05\x01\x00" 400 166 "-" "-"
45.89.63.138 - - [31/Oct/2025:01:49:51 +0000] "\x04\x01\x00\x19b\x88`[\x00" 400 166 "-" "-"
45.89.63.138 - - [31/Oct/2025:01:49:51 +0000] "CONNECT 98.136.96.91:25 HTTP/1.0" 400 166 "-" "-"
45.89.63.138 - - [31/Oct/2025:01:49:51 +0000] "\x05\x01\x00" 400 166 "-" "-"
209.141.54.165 - - [31/Oct/2025:01:49:57 +0000] "GET /wp-login.php HTTP/1.1" 200 4426 "https://www.yahoo.com/" "Mozilla/5.0 (Macintosh; Intel Mac OS X 10_15_7) AppleWebKit/605.1.15 (KHTML, like Gecko) Version/16.6 Safari/605.1.15"
43.173.178.172 - - [31/Oct/2025:01:49:58 +0000] "GET /tag/%D8%A7%D8%A8%D8%B1%D8%A7%D9%87%DB%8C%D9%85-%D8%A8%D8%A7%DB%8C-%D8%B3%D9%84%D8%A7%D9%85%DB%8C/ HTTP/1.1" 200 11852 "-" "Mozilla/5.0 (Windows NT 6.1; Win64; x64) AppleWebKit/537.36 (KHTML, like Gecko) Chrome/126.0.6478.114 Safari/537.36"
45.61.184.130 - - [31/Oct/2025:01:50:02 +0000] "GET /wp-login.php HTTP/1.1" 200 43627 "-" "Mozilla/5.0 (Macintosh; Intel Mac OS X 10_9_3) AppleWebKit/537.76.4 (KHTML, like Gecko) Version/7.0.4 Safari/537.76.4"
43.173.176.59 - - [31/Oct/2025:01:50:04 +0000] "GET /lecturer/mohammadreza-aslani/ HTTP/1.1" 200 6950 "-" "Mozilla/5.0 (Windows NT 6.1; Win64; x64) AppleWebKit/537.36 (KHTML, like Gecko) Chrome/126.0.6478.114 Safari/537.36"
66.249.75.67 - - [31/Oct/2025:01:50:06 +0000] "GET /?fileloc=/var/dev/math/ui/node_modules/once/once.js&path=/var/dev/math/ui/node_modules/once HTTP/1.1" 200 3389 "-" "Mozilla/5.0 (Linux; Android 6.0.1; Nexus 5X Build/MMB29P) AppleWebKit/537.36 (KHTML, like Gecko) Chrome/141.0.7390.122 Mobile Safari/537.36 (compatible; Googlebot/2.1; +http://www.google.com/bot.html)"
109.122.240.16 - - [31/Oct/2025:01:50:07 +0000] "POST /wp-cron.php?doing_wp_cron=1761875407.2740230560302734375000 HTTP/1.1" 200 31 "-" "WordPress/6.8.3; https://chaharrah.tv"
43.173.181.111 - - [31/Oct/2025:01:50:07 +0000] "GET /farhadpour-1390-5-30/?replytocom=5926 HTTP/1.1" 200 15339 "-" "Mozilla/5.0 (Windows NT 6.1; Win64; x64) AppleWebKit/537.36 (KHTML, like Gecko) Chrome/126.0.6478.114 Safari/537.36"
43.173.181.215 - - [31/Oct/2025:01:50:15 +0000] "GET /lecturer/reza-fekri/ HTTP/1.1" 200 7536 "-" "Mozilla/5.0 (Windows NT 6.1; Win64; x64) AppleWebKit/537.36 (KHTML, like Gecko) Chrome/126.0.6478.114 Safari/537.36"
109.122.240.16 - - [31/Oct/2025:01:50:18 +0000] "GET /api/v1.0/lexicon/word/207/rel|ref HTTP/1.1" 200 563 "-" "node"
109.122.240.16 - - [31/Oct/2025:01:50:18 +0000] "GET /api/v1.0/lexicon/word-ref?limit=0&word=207&sort=title%20asc HTTP/1.1" 200 399 "-" "node"
109.122.240.16 - - [31/Oct/2025:01:50:18 +0000] "GET /api/v1.0/lexicon/word/?sortable=chinoiserie&lang=en HTTP/1.1" 200 352 "-" "node"
109.122.240.16 - - [31/Oct/2025:01:50:18 +0000] "GET /api/v1.0/lexicon/word/209/rel|ref HTTP/1.1" 200 822 "-" "node"
109.122.240.16 - - [31/Oct/2025:01:50:18 +0000] "GET /api/v1.0/lexicon/word-ref?limit=0&word=209&sort=title%20asc HTTP/1.1" 200 436 "-" "node"
198.244.240.238 - - [31/Oct/2025:01:50:19 +0000] "GET /lexicon/word/207 HTTP/2.0" 200 36556 "-" "Mozilla/5.0 (compatible; AhrefsBot/7.0; +http://ahrefs.com/robot/)"
