66.249.77.77 - - [31/Oct/2025:01:35:06 +0000] "GET /@fs/var/dev/shahnamag/front-end/.angular/cache/19.2.4/shahnameh-admin/vite/deps/chunk-SZS4RJEH.js?v=6d101d37 HTTP/1.1" 200 191 "https://shahnamag.com/@fs/var/dev/shahnamag/front-end/.angular/cache/19.2.4/shahnameh-admin/vite/deps/@angular_material_sort.js?v=6d101d37" "Mozilla/5.0 (Linux; Android 6.0.1; Nexus 5X Build/MMB29P) AppleWebKit/537.36 (KHTML, like Gecko) Chrome/141.0.7390.122 Mobile Safari/537.36 (compatible; Googlebot/2.1; +http://www.google.com/bot.html)"
66.249.77.77 - - [31/Oct/2025:01:35:08 +0000] "GET /@fs/var/dev/shahnamag/front-end/.angular/cache/19.2.4/shahnameh-admin/vite/deps/chunk-OX6D7EU2.js?v=6d101d37 HTTP/1.1" 200 961849 "https://shahnamag.com/@fs/var/dev/shahnamag/front-end/.angular/cache/19.2.4/shahnameh-admin/vite/deps/@angular_material_progress-spinner.js?v=6d101d37" "Mozilla/5.0 (Linux; Android 6.0.1; Nexus 5X Build/MMB29P) AppleWebKit/537.36 (KHTML, like Gecko) Chrome/141.0.7390.122 Mobile Safari/537.36 (compatible; Googlebot/2.1; +http://www.google.com/bot.html)"
192.178.6.6 - - [31/Oct/2025:01:35:11 +0000] "GET / HTTP/1.1" 301 178 "-" "Mozilla/5.0 (compatible; Googlebot/2.1; +http://www.google.com/bot.html)"
192.178.6.4 - - [31/Oct/2025:01:35:11 +0000] "GET / HTTP/1.1" 301 178 "-" "Mozilla/5.0 (Linux; Android 6.0.1; Nexus 5X Build/MMB29P) AppleWebKit/537.36 (KHTML, like Gecko) Chrome/99.0.4844.84 Mobile Safari/537.36 (compatible; Googlebot/2.1; +http://www.google.com/bot.html)"
66.249.77.77 - - [31/Oct/2025:01:35:12 +0000] "GET / HTTP/1.1" 200 490 "-" "Mozilla/5.0 (compatible; Googlebot/2.1; +http://www.google.com/bot.html)"
66.249.77.77 - - [31/Oct/2025:01:35:12 +0000] "GET / HTTP/1.1" 200 490 "-" "Mozilla/5.0 (Linux; Android 6.0.1; Nexus 5X Build/MMB29P) AppleWebKit/537.36 (KHTML, like Gecko) Chrome/99.0.4844.84 Mobile Safari/537.36 (compatible; Googlebot/2.1; +http://www.google.com/bot.html)"
66.249.77.77 - - [31/Oct/2025:01:35:13 +0000] "GET /@vite/client HTTP/1.1" 200 174871 "https://shahnamag.com/" "Mozilla/5.0 (Linux; Android 6.0.1; Nexus 5X Build/MMB29P) AppleWebKit/537.36 (KHTML, like Gecko) Chrome/141.0.7390.122 Mobile Safari/537.36 (compatible; Googlebot/2.1; +http://www.google.com/bot.html)"
66.249.77.77 - - [31/Oct/2025:01:35:13 +0000] "GET /polyfills.js HTTP/1.1" 200 348994 "https://shahnamag.com/" "Mozilla/5.0 (Linux; Android 6.0.1; Nexus 5X Build/MMB29P) AppleWebKit/537.36 (KHTML, like Gecko) Chrome/141.0.7390.122 Mobile Safari/537.36 (compatible; Googlebot/2.1; +http://www.google.com/bot.html)"
66.249.77.77 - - [31/Oct/2025:01:35:14 +0000] "GET /vivagraph.js HTTP/1.1" 200 223552 "https://shahnamag.com/" "Mozilla/5.0 AppleWebKit/537.36 (KHTML, like Gecko; compatible; Googlebot/2.1; +http://www.google.com/bot.html) Chrome/141.0.7390.122 Safari/537.36"
66.249.77.77 - - [31/Oct/2025:01:35:15 +0000] "GET /styles.css HTTP/1.1" 200 15291 "https://shahnamag.com/" "Mozilla/5.0 AppleWebKit/537.36 (KHTML, like Gecko; compatible; Googlebot/2.1; +http://www.google.com/bot.html) Chrome/141.0.7390.122 Safari/537.36"
66.249.77.77 - - [31/Oct/2025:01:35:15 +0000] "GET /vivagraph.js HTTP/1.1" 200 223552 "https://shahnamag.com/" "Mozilla/5.0 (Linux; Android 6.0.1; Nexus 5X Build/MMB29P) AppleWebKit/537.36 (KHTML, like Gecko) Chrome/141.0.7390.122 Mobile Safari/537.36 (compatible; Googlebot/2.1; +http://www.google.com/bot.html)"
66.249.77.77 - - [31/Oct/2025:01:35:16 +0000] "GET /polyfills.js HTTP/1.1" 200 348994 "https://shahnamag.com/" "Mozilla/5.0 AppleWebKit/537.36 (KHTML, like Gecko; compatible; Googlebot/2.1; +http://www.google.com/bot.html) Chrome/141.0.7390.122 Safari/537.36"
66.249.77.77 - - [31/Oct/2025:01:35:18 +0000] "GET /main.js HTTP/1.1" 200 633425 "https://shahnamag.com/" "Mozilla/5.0 AppleWebKit/537.36 (KHTML, like Gecko; compatible; Googlebot/2.1; +http://www.google.com/bot.html) Chrome/141.0.7390.122 Safari/537.36"
66.249.77.77 - - [31/Oct/2025:01:35:19 +0000] "GET /@vite/client HTTP/1.1" 200 174871 "https://shahnamag.com/" "Mozilla/5.0 AppleWebKit/537.36 (KHTML, like Gecko; compatible; Googlebot/2.1; +http://www.google.com/bot.html) Chrome/141.0.7390.122 Safari/537.36"
66.249.77.77 - - [31/Oct/2025:01:35:20 +0000] "GET /styles.css HTTP/1.1" 200 15291 "https://shahnamag.com/" "Mozilla/5.0 (Linux; Android 6.0.1; Nexus 5X Build/MMB29P) AppleWebKit/537.36 (KHTML, like Gecko) Chrome/141.0.7390.122 Mobile Safari/537.36 (compatible; Googlebot/2.1; +http://www.google.com/bot.html)"
66.249.77.77 - - [31/Oct/2025:01:35:20 +0000] "GET /@fs/var/dev/shahnamag/front-end/node_modules/@angular/build/node_modules/vite/dist/client/env.mjs HTTP/1.1" 200 3861 "https://shahnamag.com/@vite/client" "Mozilla/5.0 (Linux; Android 6.0.1; Nexus 5X Build/MMB29P) AppleWebKit/537.36 (KHTML, like Gecko) Chrome/141.0.7390.122 Mobile Safari/537.36 (compatible; Googlebot/2.1; +http://www.google.com/bot.html)"
66.249.77.77 - - [31/Oct/2025:01:35:21 +0000] "GET /@fs/var/dev/shahnamag/front-end/node_modules/@angular/build/node_modules/vite/dist/client/env.mjs HTTP/1.1" 200 3861 "https://shahnamag.com/@vite/client" "Mozilla/5.0 AppleWebKit/537.36 (KHTML, like Gecko; compatible; Googlebot/2.1; +http://www.google.com/bot.html) Chrome/141.0.7390.122 Safari/537.36"
66.249.77.77 - - [31/Oct/2025:01:35:21 +0000] "GET /main.js HTTP/1.1" 200 633425 "https://shahnamag.com/" "Mozilla/5.0 (Linux; Android 6.0.1; Nexus 5X Build/MMB29P) AppleWebKit/537.36 (KHTML, like Gecko) Chrome/141.0.7390.122 Mobile Safari/537.36 (compatible; Googlebot/2.1; +http://www.google.com/bot.html)"
66.249.77.77 - - [31/Oct/2025:01:35:21 +0000] "GET /@fs/var/dev/shahnamag/front-end/.angular/cache/19.2.4/shahnameh-admin/vite/deps/@angular_common.js?v=6d101d37 HTTP/1.1" 200 18104 "https://shahnamag.com/main.js" "Mozilla/5.0 AppleWebKit/537.36 (KHTML, like Gecko; compatible; Googlebot/2.1; +http://www.google.com/bot.html) Chrome/141.0.7390.122 Safari/537.36"
66.249.77.77 - - [31/Oct/2025:01:35:23 +0000] "GET /@fs/var/dev/shahnamag/front-end/.angular/cache/19.2.4/shahnameh-admin/vite/deps/@angular_material_icon.js?v=6d101d37 HTTP/1.1" 200 37002 "https://shahnamag.com/main.js" "Mozilla/5.0 AppleWebKit/537.36 (KHTML, like Gecko; compatible; Googlebot/2.1; +http://www.google.com/bot.html) Chrome/141.0.7390.122 Safari/537.36"
66.249.77.77 - - [31/Oct/2025:01:35:23 +0000] "GET /@fs/var/dev/shahnamag/front-end/.angular/cache/19.2.4/shahnameh-admin/vite/deps/@angular_material_autocomplete.js?v=6d101d37 HTTP/1.1" 200 54705 "https://shahnamag.com/main.js" "Mozilla/5.0 AppleWebKit/537.36 (KHTML, like Gecko; compatible; Googlebot/2.1; +http://www.google.com/bot.html) Chrome/141.0.7390.122 Safari/537.36"
66.249.77.77 - - [31/Oct/2025:01:35:23 +0000] "GET /@fs/var/dev/shahnamag/front-end/.angular/cache/19.2.4/shahnameh-admin/vite/deps/d3.js?v=6d101d37 HTTP/1.1" 200 573858 "https://shahnamag.com/main.js" "Mozilla/5.0 AppleWebKit/537.36 (KHTML, like Gecko; compatible; Googlebot/2.1; +http://www.google.com/bot.html) Chrome/141.0.7390.122 Safari/537.36"
66.249.77.77 - - [31/Oct/2025:01:35:24 +0000] "GET /@fs/var/dev/shahnamag/front-end/.angular/cache/19.2.4/shahnameh-admin/vite/deps/@angular_forms.js?v=6d101d37 HTTP/1.1" 200 13114 "https://shahnamag.com/main.js" "Mozilla/5.0 AppleWebKit/537.36 (KHTML, like Gecko; compatible; Googlebot/2.1; +http://www.google.com/bot.html) Chrome/141.0.7390.122 Safari/537.36"
66.249.77.77 - - [31/Oct/2025:01:35:24 +0000] "GET /@fs/var/dev/shahnamag/front-end/.angular/cache/19.2.4/shahnameh-admin/vite/deps/@angular_common_http.js?v=6d101d37 HTTP/1.1" 200 10109 "https://shahnamag.com/main.js" "Mozilla/5.0 AppleWebKit/537.36 (KHTML, like Gecko; compatible; Googlebot/2.1; +http://www.google.com/bot.html) Chrome/141.0.7390.122 Safari/537.36"
66.249.77.78 - - [31/Oct/2025:01:35:25 +0000] "GET /@fs/var/dev/shahnamag/front-end/.angular/cache/19.2.4/shahnameh-admin/vite/deps/gsap_ScrollTrigger.js?v=6d101d37 HTTP/1.1" 200 105600 "https://shahnamag.com/main.js" "Mozilla/5.0 AppleWebKit/537.36 (KHTML, like Gecko; compatible; Googlebot/2.1; +http://www.google.com/bot.html) Chrome/141.0.7390.122 Safari/537.36"
66.249.77.77 - - [31/Oct/2025:01:35:25 +0000] "GET /@fs/var/dev/shahnamag/front-end/.angular/cache/19.2.4/shahnameh-admin/vite/deps/@angular_material_toolbar.js?v=6d101d37 HTTP/1.1" 200 11565 "https://shahnamag.com/main.js" "Mozilla/5.0 AppleWebKit/537.36 (KHTML, like Gecko; compatible; Googlebot/2.1; +http://www.google.com/bot.html) Chrome/141.0.7390.122 Safari/537.36"
66.249.77.77 - - [31/Oct/2025:01:35:26 +0000] "GET /@fs/var/dev/shahnamag/front-end/.angular/cache/19.2.4/shahnameh-admin/vite/deps/@angular_material_dialog.js?v=6d101d37 HTTP/1.1" 200 81988 "https://shahnamag.com/main.js" "Mozilla/5.0 AppleWebKit/537.36 (KHTML, like Gecko; compatible; Googlebot/2.1; +http://www.google.com/bot.html) Chrome/141.0.7390.122 Safari/537.36"
66.249.77.77 - - [31/Oct/2025:01:35:27 +0000] "GET /@fs/var/dev/shahnamag/front-end/.angular/cache/19.2.4/shahnameh-admin/vite/deps/@angular_cdk_text-field.js?v=6d101d37 HTTP/1.1" 200 5082 "https://shahnamag.com/main.js" "Mozilla/5.0 AppleWebKit/537.36 (KHTML, like Gecko; compatible; Googlebot/2.1; +http://www.google.com/bot.html) Chrome/141.0.7390.122 Safari/537.36"
66.249.77.77 - - [31/Oct/2025:01:35:27 +0000] "GET /@fs/var/dev/shahnamag/front-end/.angular/cache/19.2.4/shahnameh-admin/vite/deps/@angular_router.js?v=6d101d37 HTTP/1.1" 200 212864 "https://shahnamag.com/main.js" "Mozilla/5.0 AppleWebKit/537.36 (KHTML, like Gecko; compatible; Googlebot/2.1; +http://www.google.com/bot.html) Chrome/141.0.7390.122 Safari/537.36"
66.249.77.78 - - [31/Oct/2025:01:35:28 +0000] "GET /@fs/var/dev/shahnamag/front-end/.angular/cache/19.2.4/shahnameh-admin/vite/deps/@angular_platform-browser.js?v=6d101d37 HTTP/1.1" 200 10998 "https://shahnamag.com/main.js" "Mozilla/5.0 AppleWebKit/537.36 (KHTML, like Gecko; compatible; Googlebot/2.1; +http://www.google.com/bot.html) Chrome/141.0.7390.122 Safari/537.36"
66.249.77.77 - - [31/Oct/2025:01:35:29 +0000] "GET /@fs/var/dev/shahnamag/front-end/.angular/cache/19.2.4/shahnameh-admin/vite/deps/@angular_material_chips.js?v=6d101d37 HTTP/1.1" 200 191515 "https://shahnamag.com/main.js" "Mozilla/5.0 AppleWebKit/537.36 (KHTML, like Gecko; compatible; Googlebot/2.1; +http://www.google.com/bot.html) Chrome/141.0.7390.122 Safari/537.36"
31.192.235.95 - - [31/Oct/2025:01:35:29 +0000] "GET /wp-content/themes/chaharrah/timthumb.php?src=https://chaharrah.tv/wp-content/uploads/2025/04/qayyoomi-archque.jpg&w=100&h=75 HTTP/2.0" 200 4172 "https://chaharrah.tv/events/arch-inquiries/page/2/" "Mozilla/5.0 (iPhone; CPU iPhone OS 18_6 like Mac OS X) AppleWebKit/605.1.15 (KHTML, like Gecko) Version/18.6 Mobile/15E148 Safari/604.1"
31.192.235.95 - - [31/Oct/2025:01:35:29 +0000] "GET /wp-content/themes/chaharrah/fonts/w_yekan.woff2 HTTP/2.0" 200 15424 "https://chaharrah.tv/events/arch-inquiries/page/2/" "Mozilla/5.0 (iPhone; CPU iPhone OS 18_6 like Mac OS X) AppleWebKit/605.1.15 (KHTML, like Gecko) Version/18.6 Mobile/15E148 Safari/604.1"
31.192.235.95 - - [31/Oct/2025:01:35:29 +0000] "GET /wp-content/themes/chaharrah/timthumb.php?src=https://chaharrah.tv/wp-content/uploads/2025/04/qayyoomi-archque.jpg&w=120&h=75 HTTP/2.0" 200 4665 "https://chaharrah.tv/events/arch-inquiries/page/2/" "Mozilla/5.0 (iPhone; CPU iPhone OS 18_6 like Mac OS X) AppleWebKit/605.1.15 (KHTML, like Gecko) Version/18.6 Mobile/15E148 Safari/604.1"
66.249.77.78 - - [31/Oct/2025:01:35:29 +0000] "GET /@fs/var/dev/shahnamag/front-end/.angular/cache/19.2.4/shahnameh-admin/vite/deps/@angular_material_snack-bar.js?v=6d101d37 HTTP/1.1" 200 43173 "https://shahnamag.com/main.js" "Mozilla/5.0 AppleWebKit/537.36 (KHTML, like Gecko; compatible; Googlebot/2.1; +http://www.google.com/bot.html) Chrome/141.0.7390.122 Safari/537.36"
66.249.77.77 - - [31/Oct/2025:01:35:30 +0000] "GET /@fs/var/dev/shahnamag/front-end/.angular/cache/19.2.4/shahnameh-admin/vite/deps/@angular_material_input.js?v=6d101d37 HTTP/1.1" 200 21932 "https://shahnamag.com/main.js" "Mozilla/5.0 AppleWebKit/537.36 (KHTML, like Gecko; compatible; Googlebot/2.1; +http://www.google.com/bot.html) Chrome/141.0.7390.122 Safari/537.36"
66.249.77.77 - - [31/Oct/2025:01:35:31 +0000] "GET /@fs/var/dev/shahnamag/front-end/.angular/cache/19.2.4/shahnameh-admin/vite/deps/@angular_cdk_bidi.js?v=6d101d37 HTTP/1.1" 200 4368 "https://shahnamag.com/main.js" "Mozilla/5.0 AppleWebKit/537.36 (KHTML, like Gecko; compatible; Googlebot/2.1; +http://www.google.com/bot.html) Chrome/141.0.7390.122 Safari/537.36"
66.249.77.78 - - [31/Oct/2025:01:35:31 +0000] "GET /@fs/var/dev/shahnamag/front-end/.angular/cache/19.2.4/shahnameh-admin/vite/deps/@angular_material_form-field.js?v=6d101d37 HTTP/1.1" 200 3775 "https://shahnamag.com/main.js" "Mozilla/5.0 AppleWebKit/537.36 (KHTML, like Gecko; compatible; Googlebot/2.1; +http://www.google.com/bot.html) Chrome/141.0.7390.122 Safari/537.36"
66.249.77.77 - - [31/Oct/2025:01:35:32 +0000] "GET /@fs/var/dev/shahnamag/front-end/.angular/cache/19.2.4/shahnameh-admin/vite/deps/@angular_material_progress-bar.js?v=6d101d37 HTTP/1.1" 200 26793 "https://shahnamag.com/main.js" "Mozilla/5.0 AppleWebKit/537.36 (KHTML, like Gecko; compatible; Googlebot/2.1; +http://www.google.com/bot.html) Chrome/141.0.7390.122 Safari/537.36"
66.249.77.77 - - [31/Oct/2025:01:35:32 +0000] "GET /@fs/var/dev/shahnamag/front-end/.angular/cache/19.2.4/shahnameh-admin/vite/deps/chunk-BJWEDLTQ.js?v=6d101d37 HTTP/1.1" 200 17174 "https://shahnamag.com/@fs/var/dev/shahnamag/front-end/.angular/cache/19.2.4/shahnameh-admin/vite/deps/@angular_common.js?v=6d101d37" "Mozilla/5.0 AppleWebKit/537.36 (KHTML, like Gecko; compatible; Googlebot/2.1; +http://www.google.com/bot.html) Chrome/141.0.7390.122 Safari/537.36"
66.249.77.78 - - [31/Oct/2025:01:35:33 +0000] "GET /@fs/var/dev/shahnamag/front-end/.angular/cache/19.2.4/shahnameh-admin/vite/deps/chunk-P6U2JBMQ.js?v=6d101d37 HTTP/1.1" 200 173024 "https://shahnamag.com/@fs/var/dev/shahnamag/front-end/.angular/cache/19.2.4/shahnameh-admin/vite/deps/@angular_common.js?v=6d101d37" "Mozilla/5.0 (Linux; Android 6.0.1; Nexus 5X Build/MMB29P) AppleWebKit/537.36 (KHTML, like Gecko) Chrome/141.0.7390.122 Mobile Safari/537.36 (compatible; Googlebot/2.1; +http://www.google.com/bot.html)"
66.249.77.78 - - [31/Oct/2025:01:35:34 +0000] "GET /@fs/var/dev/shahnamag/front-end/.angular/cache/19.2.4/shahnameh-admin/vite/deps/@angular_cdk_text-field.js?v=6d101d37 HTTP/1.1" 200 5082 "https://shahnamag.com/main.js" "Mozilla/5.0 (Linux; Android 6.0.1; Nexus 5X Build/MMB29P) AppleWebKit/537.36 (KHTML, like Gecko) Chrome/141.0.7390.122 Mobile Safari/537.36 (compatible; Googlebot/2.1; +http://www.google.com/bot.html)"
66.249.77.77 - - [31/Oct/2025:01:35:34 +0000] "GET /@fs/var/dev/shahnamag/front-end/.angular/cache/19.2.4/shahnameh-admin/vite/deps/@angular_material_autocomplete.js?v=6d101d37 HTTP/1.1" 200 54705 "https://shahnamag.com/main.js" "Mozilla/5.0 (Linux; Android 6.0.1; Nexus 5X Build/MMB29P) AppleWebKit/537.36 (KHTML, like Gecko) Chrome/141.0.7390.122 Mobile Safari/537.36 (compatible; Googlebot/2.1; +http://www.google.com/bot.html)"
66.249.77.77 - - [31/Oct/2025:01:35:35 +0000] "GET /@fs/var/dev/shahnamag/front-end/.angular/cache/19.2.4/shahnameh-admin/vite/deps/chunk-NZL6BKWK.js?v=6d101d37 HTTP/1.1" 200 4227 "https://shahnamag.com/@fs/var/dev/shahnamag/front-end/.angular/cache/19.2.4/shahnameh-admin/vite/deps/@angular_material_icon.js?v=6d101d37" "Mozilla/5.0 AppleWebKit/537.36 (KHTML, like Gecko; compatible; Googlebot/2.1; +http://www.google.com/bot.html) Chrome/141.0.7390.122 Safari/537.36"
66.249.77.78 - - [31/Oct/2025:01:35:35 +0000] "GET /@fs/var/dev/shahnamag/front-end/.angular/cache/19.2.4/shahnameh-admin/vite/deps/chunk-SZS4RJEH.js?v=6d101d37 HTTP/1.1" 200 191 "https://shahnamag.com/@fs/var/dev/shahnamag/front-end/.angular/cache/19.2.4/shahnameh-admin/vite/deps/@angular_material_autocomplete.js?v=6d101d37" "Mozilla/5.0 AppleWebKit/537.36 (KHTML, like Gecko; compatible; Googlebot/2.1; +http://www.google.com/bot.html) Chrome/141.0.7390.122 Safari/537.36"
109.122.240.16 - - [31/Oct/2025:01:35:37 +0000] "GET /api/v1.0/lexicon/word/7226/rel|ref HTTP/1.1" 200 512 "-" "node"
109.122.240.16 - - [31/Oct/2025:01:35:37 +0000] "GET /api/v1.0/lexicon/word-ref?limit=0&word=7226&sort=title%20asc HTTP/1.1" 200 842 "-" "node"
109.122.240.16 - - [31/Oct/2025:01:35:37 +0000] "GET /api/v1.0/lexicon/word/?sortable=forecourt&lang=en HTTP/1.1" 200 507 "-" "node"
109.122.240.16 - - [31/Oct/2025:01:35:37 +0000] "GET /api/v1.0/lexicon/word/934/rel|ref HTTP/1.1" 200 738 "-" "node"
109.122.240.16 - - [31/Oct/2025:01:35:37 +0000] "GET /api/v1.0/lexicon/word-ref?limit=0&word=934&sort=title%20asc HTTP/1.1" 200 858 "-" "node"
109.122.240.16 - - [31/Oct/2025:01:35:37 +0000] "GET /api/v1.0/lexicon/word/12788/rel|ref HTTP/1.1" 200 575 "-" "node"
109.122.240.16 - - [31/Oct/2025:01:35:37 +0000] "GET /api/v1.0/lexicon/word-ref?limit=0&word=12788&sort=title%20asc HTTP/1.1" 200 453 "-" "node"
192.178.6.71 - - [31/Oct/2025:01:35:39 +0000] "GET /lexicon/word/7226 HTTP/1.1" 200 37636 "-" "Mozilla/5.0 (Linux; Android 6.0.1; Nexus 5X Build/MMB29P) AppleWebKit/537.36 (KHTML, like Gecko) Chrome/141.0.7390.122 Mobile Safari/537.36 (compatible; Googlebot/2.1; +http://www.google.com/bot.html)"
109.122.240.16 - - [31/Oct/2025:01:35:44 +0000] "POST /wp-cron.php?doing_wp_cron=1761874544.4749460220336914062500 HTTP/1.1" 200 31 "-" "WordPress/6.8.3; https://chaharrah.tv"
66.249.77.166 - - [31/Oct/2025:01:35:44 +0000] "GET /anounce/parsizaban-1396-11-29/ HTTP/1.1" 200 7491 "-" "Mozilla/5.0 (Linux; Android 6.0.1; Nexus 5X Build/MMB29P) AppleWebKit/537.36 (KHTML, like Gecko) Chrome/141.0.7390.122 Mobile Safari/537.36 (compatible; Googlebot/2.1; +http://www.google.com/bot.html)"
66.249.75.68 - - [31/Oct/2025:01:35:59 +0000] "GET /?fileloc=/var/dev/math/ui/node_modules/date-format/package.json&path=/var/dev/math/ui/node_modules/date-format HTTP/1.1" 200 3584 "-" "Mozilla/5.0 (Linux; Android 6.0.1; Nexus 5X Build/MMB29P) AppleWebKit/537.36 (KHTML, like Gecko) Chrome/141.0.7390.122 Mobile Safari/537.36 (compatible; GoogleOther)"
66.249.77.165 - - [31/Oct/2025:01:36:03 +0000] "GET /tag/%D9%81%D8%B1%D9%87%D9%86%DA%AF%D8%B3%D8%B1%D8%A7%DB%8C-%D8%A7%D8%B1%D8%B3%D8%A8%D8%A7%D8%B1%D8%A7%D9%86/feed/ HTTP/1.1" 200 1018 "-" "Mozilla/5.0 (Linux; Android 6.0.1; Nexus 5X Build/MMB29P) AppleWebKit/537.36 (KHTML, like Gecko) Chrome/141.0.7390.122 Mobile Safari/537.36 (compatible; Googlebot/2.1; +http://www.google.com/bot.html)"
181.119.146.199 - - [31/Oct/2025:01:36:11 +0000] "POST /xmlrpc.php HTTP/2.0" 200 426 "https://meysamkiani.com" "Mozilla/5.0 (Macintosh; Intel Mac OS X 10_15_7; rv:126.0) Gecko/20100101 Firefox/126.0"
66.249.75.231 - - [31/Oct/2025:01:36:15 +0000] "GET /api/v1.0/ketabkhaneh/doc/7529?collection=0&sort=id HTTP/1.1" 200 1675 "-" "Mozilla/5.0 (Linux; Android 6.0.1; Nexus 5X Build/MMB29P) AppleWebKit/537.36 (KHTML, like Gecko) Chrome/141.0.7390.122 Mobile Safari/537.36 (compatible; GoogleOther)"
66.249.75.67 - - [31/Oct/2025:01:36:21 +0000] "GET /?fileloc=/var/dev/math/ui/node_modules/nopt/package.json&path=/var/dev/math/ui/node_modules/nopt HTTP/1.1" 200 3660 "-" "Mozilla/5.0 (Linux; Android 6.0.1; Nexus 5X Build/MMB29P) AppleWebKit/537.36 (KHTML, like Gecko) Chrome/141.0.7390.122 Mobile Safari/537.36 (compatible; Googlebot/2.1; +http://www.google.com/bot.html)"
109.122.240.16 - - [31/Oct/2025:01:36:22 +0000] "POST /wp-cron.php?doing_wp_cron=1761874581.8413879871368408203125 HTTP/1.1" 200 31 "-" "WordPress/6.8.3; https://chaharrah.tv"
67.23.254.96 - - [31/Oct/2025:01:36:22 +0000] "GET /wp-login.php HTTP/1.1" 200 3496 "-" "Mozilla/5.0 (X11; Ubuntu; Linux x86_64; rv:85.0) Gecko/20100101 Firefox/91.0"
67.23.254.96 - - [31/Oct/2025:01:36:23 +0000] "POST /wp-login.php HTTP/1.1" 200 3654 "-" "Mozilla/5.0 (X11; Ubuntu; Linux x86_64; rv:85.0) Gecko/20100101 Firefox/91.0"
216.73.216.124 - - [31/Oct/2025:01:36:27 +0000] "GET /farhangi/4248 HTTP/2.0" 301 178 "-" "Mozilla/5.0 AppleWebKit/537.36 (KHTML, like Gecko; compatible; ClaudeBot/1.0; +claudebot@anthropic.com)"
109.122.240.16 - - [31/Oct/2025:01:36:27 +0000] "GET /api/v1.0/ketabkhaneh/doc/4248?collection=0&sort=id HTTP/1.1" 200 1690 "-" "node"
216.73.216.124 - - [31/Oct/2025:01:36:29 +0000] "GET /en/farhangi/4248 HTTP/2.0" 200 19201 "https://ketabkhaneh.org/farhangi/4248" "Mozilla/5.0 AppleWebKit/537.36 (KHTML, like Gecko; compatible; ClaudeBot/1.0; +claudebot@anthropic.com)"
20.77.178.252 - - [31/Oct/2025:01:36:38 +0000] "GET /travelogue/text/s14-t208-t-n13795 HTTP/2.0" 200 4755 "-" "Mozilla/5.0 AppleWebKit/537.36 (KHTML, like Gecko); compatible; ChatGPT-User/1.0; +https://openai.com/bot"
66.249.75.231 - - [31/Oct/2025:01:36:40 +0000] "GET /api/v1.0/ketabkhaneh/doc/1958?collection=0&sort=id HTTP/1.1" 200 2085 "-" "Mozilla/5.0 (Linux; Android 6.0.1; Nexus 5X Build/MMB29P) AppleWebKit/537.36 (KHTML, like Gecko) Chrome/141.0.7390.122 Mobile Safari/537.36 (compatible; Googlebot/2.1; +http://www.google.com/bot.html)"
109.122.240.16 - - [31/Oct/2025:01:36:48 +0000] "POST /wp-cron.php?doing_wp_cron=1761874608.1993949413299560546875 HTTP/1.1" 200 31 "-" "WordPress/6.8.3; https://chaharrah.tv"
51.89.129.174 - - [31/Oct/2025:01:36:48 +0000] "GET /organizer/memari-iran/ HTTP/2.0" 200 7982 "-" "Mozilla/5.0 (compatible; AhrefsBot/7.0; +http://ahrefs.com/robot/)"
66.249.75.68 - - [31/Oct/2025:01:36:54 +0000] "GET /?path=/var/dev/nowruzgan/vazhgar/node_modules/wrappy HTTP/1.1" 200 3603 "-" "Mozilla/5.0 (Linux; Android 6.0.1; Nexus 5X Build/MMB29P) AppleWebKit/537.36 (KHTML, like Gecko) Chrome/141.0.7390.122 Mobile Safari/537.36 (compatible; GoogleOther)"
192.178.6.71 - - [31/Oct/2025:01:36:58 +0000] "GET /api/v1.0/lexicon/word-ref?limit=0&word=32704&sort=title%20asc HTTP/1.1" 200 369 "-" "Mozilla/5.0 (Linux; Android 6.0.1; Nexus 5X Build/MMB29P) AppleWebKit/537.36 (KHTML, like Gecko) Chrome/141.0.7390.122 Mobile Safari/537.36 (compatible; Googlebot/2.1; +http://www.google.com/bot.html)"
109.122.240.16 - - [31/Oct/2025:01:37:06 +0000] "GET /api/v1.0/lexicon/word/14703/rel|ref HTTP/1.1" 200 350 "-" "node"
109.122.240.16 - - [31/Oct/2025:01:37:06 +0000] "GET /api/v1.0/lexicon/word-ref?limit=0&word=14703&sort=title%20asc HTTP/1.1" 200 533 "-" "node"
109.122.240.16 - - [31/Oct/2025:01:37:06 +0000] "GET /api/v1.0/lexicon/word/?sortable=%D8%B9%D8%B1%D8%B4&lang=%D8%B9 HTTP/1.1" 200 330 "-" "node"
109.122.240.16 - - [31/Oct/2025:01:37:06 +0000] "GET /api/v1.0/lexicon/word/14580/rel|ref HTTP/1.1" 200 315 "-" "node"
109.122.240.16 - - [31/Oct/2025:01:37:06 +0000] "GET /api/v1.0/lexicon/word-ref?limit=0&word=14580&sort=title%20asc HTTP/1.1" 200 398 "-" "node"
198.244.242.115 - - [31/Oct/2025:01:37:07 +0000] "GET /lexicon/word/14703 HTTP/2.0" 200 35960 "-" "Mozilla/5.0 (compatible; AhrefsBot/7.0; +http://ahrefs.com/robot/)"
66.249.75.69 - - [31/Oct/2025:01:37:11 +0000] "GET /?fileloc=/var/dev/math/ui/node_modules/date-format/README.md&path=/var/dev/math/ui/node_modules/date-format HTTP/1.1" 200 4150 "-" "Mozilla/5.0 (Linux; Android 6.0.1; Nexus 5X Build/MMB29P) AppleWebKit/537.36 (KHTML, like Gecko) Chrome/141.0.7390.122 Mobile Safari/537.36 (compatible; GoogleOther)"
66.249.75.68 - - [31/Oct/2025:01:37:25 +0000] "GET /?fileloc=//lib/snapd/snap-seccomp&path=//lib/snapd HTTP/1.1" 200 1100806 "-" "Mozilla/5.0 (Linux; Android 6.0.1; Nexus 5X Build/MMB29P) AppleWebKit/537.36 (KHTML, like Gecko) Chrome/141.0.7390.122 Mobile Safari/537.36 (compatible; GoogleOther)"
207.46.13.130 - - [31/Oct/2025:01:37:29 +0000] "GET /travelogue/text/s1-t109-t-n1429 HTTP/2.0" 200 4755 "-" "Mozilla/5.0 AppleWebKit/537.36 (KHTML, like Gecko; compatible; bingbot/2.0; +http://www.bing.com/bingbot.htm) Chrome/116.0.1938.76 Safari/537.36"
109.122.240.16 - - [31/Oct/2025:01:37:33 +0000] "POST /wp-cron.php?doing_wp_cron=1761874653.1294589042663574218750 HTTP/1.1" 200 31 "-" "WordPress/6.8.3; https://chaharrah.tv"
185.191.171.16 - - [31/Oct/2025:01:37:33 +0000] "GET /mohtava/video/page/13/ HTTP/1.1" 200 9023 "-" "Mozilla/5.0 (compatible; SemrushBot/7~bl; +http://www.semrush.com/bot.html)"
66.249.75.231 - - [31/Oct/2025:01:37:34 +0000] "GET /farhangi/2208 HTTP/1.1" 301 178 "-" "Mozilla/5.0 (Linux; Android 6.0.1; Nexus 5X Build/MMB29P) AppleWebKit/537.36 (KHTML, like Gecko) Chrome/141.0.7390.122 Mobile Safari/537.36 (compatible; Googlebot/2.1; +http://www.google.com/bot.html)"
66.249.75.69 - - [31/Oct/2025:01:37:35 +0000] "GET /?fileloc=/var/dev/math/ui/node_modules/side-channel-map/index.js&path=/var/dev/math/ui/node_modules/side-channel-map HTTP/1.1" 200 3850 "-" "Mozilla/5.0 (Linux; Android 6.0.1; Nexus 5X Build/MMB29P) AppleWebKit/537.36 (KHTML, like Gecko) Chrome/141.0.7390.122 Mobile Safari/537.36 (compatible; Googlebot/2.1; +http://www.google.com/bot.html)"
192.178.6.70 - - [31/Oct/2025:01:37:35 +0000] "GET /api/v1.0/lexicon/word/18282/rel%7Cref HTTP/1.1" 200 568 "-" "Mozilla/5.0 (Linux; Android 6.0.1; Nexus 5X Build/MMB29P) AppleWebKit/537.36 (KHTML, like Gecko) Chrome/141.0.7390.122 Mobile Safari/537.36 (compatible; Googlebot/2.1; +http://www.google.com/bot.html)"
109.122.240.16 - - [31/Oct/2025:01:37:36 +0000] "GET /api/v1.0/ketabkhaneh/doc/2208?collection=0&sort=id HTTP/1.1" 200 2122 "-" "node"
66.249.75.233 - - [31/Oct/2025:01:37:37 +0000] "GET /en/farhangi/2208 HTTP/1.1" 200 19648 "-" "Mozilla/5.0 (Linux; Android 6.0.1; Nexus 5X Build/MMB29P) AppleWebKit/537.36 (KHTML, like Gecko) Chrome/141.0.7390.122 Mobile Safari/537.36 (compatible; Googlebot/2.1; +http://www.google.com/bot.html)"
66.249.72.233 - - [31/Oct/2025:01:37:41 +0000] "GET /iiif/3/nw__farhangi__2208.tif/info.json HTTP/1.1" 200 726 "https://ketabkhaneh.org/" "Mozilla/5.0 (Linux; Android 6.0.1; Nexus 5X Build/MMB29P) AppleWebKit/537.36 (KHTML, like Gecko) Chrome/141.0.7390.122 Mobile Safari/537.36 (compatible; Googlebot/2.1; +http://www.google.com/bot.html)"
83.219.243.78 - - [31/Oct/2025:01:37:47 +0000] "\x04\x01\x00\x19MX\x15\xF9\x00" 400 166 "-" "-"
83.219.243.78 - - [31/Oct/2025:01:37:47 +0000] "CONNECT 77.88.21.249:25 HTTP/1.0" 400 166 "-" "-"
83.219.243.78 - - [31/Oct/2025:01:37:47 +0000] "\x05\x01\x00" 400 166 "-" "-"
66.249.75.231 - - [31/Oct/2025:01:37:55 +0000] "GET /farhangi/2644 HTTP/1.1" 301 178 "-" "Mozilla/5.0 (Linux; Android 6.0.1; Nexus 5X Build/MMB29P) AppleWebKit/537.36 (KHTML, like Gecko) Chrome/141.0.7390.122 Mobile Safari/537.36 (compatible; Googlebot/2.1; +http://www.google.com/bot.html)"
109.122.240.16 - - [31/Oct/2025:01:37:56 +0000] "GET /api/v1.0/ketabkhaneh/doc/2644?collection=0&sort=id HTTP/1.1" 200 1850 "-" "node"
66.249.75.231 - - [31/Oct/2025:01:37:56 +0000] "GET /en/farhangi/2644 HTTP/1.1" 200 19317 "-" "Mozilla/5.0 (Linux; Android 6.0.1; Nexus 5X Build/MMB29P) AppleWebKit/537.36 (KHTML, like Gecko) Chrome/141.0.7390.122 Mobile Safari/537.36 (compatible; Googlebot/2.1; +http://www.google.com/bot.html)"
66.249.72.231 - - [31/Oct/2025:01:37:59 +0000] "GET /iiif/3/nw__farhangi__2644.tif/info.json HTTP/1.1" 200 726 "https://ketabkhaneh.org/" "Mozilla/5.0 (Linux; Android 6.0.1; Nexus 5X Build/MMB29P) AppleWebKit/537.36 (KHTML, like Gecko) Chrome/141.0.7390.122 Mobile Safari/537.36 (compatible; Googlebot/2.1; +http://www.google.com/bot.html)"
66.249.77.200 - - [31/Oct/2025:01:38:15 +0000] "GET /travelogue/text/s1-t1961-t-n2637 HTTP/1.1" 200 4768 "-" "Mozilla/5.0 (Linux; Android 6.0.1; Nexus 5X Build/MMB29P) AppleWebKit/537.36 (KHTML, like Gecko) Chrome/141.0.7390.122 Mobile Safari/537.36 (compatible; Googlebot/2.1; +http://www.google.com/bot.html)"
66.249.75.68 - - [31/Oct/2025:01:38:15 +0000] "GET /?fileloc=/var/dev/nowruzgan/vazhgar/node_modules/minimist/package.json&path=/var/dev/nowruzgan/vazhgar/node_modules/minimist HTTP/1.1" 200 3940 "-" "Mozilla/5.0 (Linux; Android 6.0.1; Nexus 5X Build/MMB29P) AppleWebKit/537.36 (KHTML, like Gecko) Chrome/141.0.7390.122 Mobile Safari/537.36 (compatible; Googlebot/2.1; +http://www.google.com/bot.html)"
66.249.77.199 - - [31/Oct/2025:01:38:21 +0000] "GET /api/v1.0/travelogue/public/summary HTTP/1.1" 200 1970629 "https://nowruzgan.com/travelogue/text/s1-t1961-t-n2637" "Mozilla/5.0 (Linux; Android 6.0.1; Nexus 5X Build/MMB29P) AppleWebKit/537.36 (KHTML, like Gecko) Chrome/141.0.7390.122 Mobile Safari/537.36 (compatible; Googlebot/2.1; +http://www.google.com/bot.html)"
66.249.75.68 - - [31/Oct/2025:01:38:23 +0000] "GET /?fileloc=/var/dev/math/ui/node_modules/date-format/CHANGELOG.md&path=/var/dev/math/ui/node_modules/date-format HTTP/1.1" 200 4613 "-" "Mozilla/5.0 (Linux; Android 6.0.1; Nexus 5X Build/MMB29P) AppleWebKit/537.36 (KHTML, like Gecko) Chrome/141.0.7390.122 Mobile Safari/537.36 (compatible; GoogleOther)"
109.122.240.16 - - [31/Oct/2025:01:38:24 +0000] "POST /wp-cron.php?doing_wp_cron=1761874704.6268360614776611328125 HTTP/1.1" 200 31 "-" "WordPress/6.8.3; https://chaharrah.tv"
51.68.111.216 - - [31/Oct/2025:01:38:25 +0000] "GET / HTTP/1.1" 200 11832 "-" "Mozilla/5.0 (compatible; MJ12bot/v2.0.4; http://mj12bot.com/)"
109.122.240.16 - - [31/Oct/2025:01:38:34 +0000] "GET /api/v1.0/lexicon/word/33290/rel|ref HTTP/1.1" 200 519 "-" "node"
109.122.240.16 - - [31/Oct/2025:01:38:34 +0000] "GET /api/v1.0/lexicon/word-ref?limit=0&word=33290&sort=title%20asc HTTP/1.1" 200 373 "-" "node"
109.122.240.16 - - [31/Oct/2025:01:38:34 +0000] "GET /api/v1.0/lexicon/word/?sortable=%D8%A8%D9%84%D9%86%D8%AF%DB%8C&lang=%D9%81%D8%A7 HTTP/1.1" 200 330 "-" "node"
109.122.240.16 - - [31/Oct/2025:01:38:34 +0000] "GET /api/v1.0/lexicon/word/27062/rel|ref HTTP/1.1" 200 739 "-" "node"
109.122.240.16 - - [31/Oct/2025:01:38:34 +0000] "GET /api/v1.0/lexicon/word-ref?limit=0&word=27062&sort=title%20asc HTTP/1.1" 200 368 "-" "node"
192.178.6.72 - - [31/Oct/2025:01:38:35 +0000] "GET /lexicon/word/33290 HTTP/1.1" 200 35676 "-" "Mozilla/5.0 (Linux; Android 6.0.1; Nexus 5X Build/MMB29P) AppleWebKit/537.36 (KHTML, like Gecko) Chrome/141.0.7390.122 Mobile Safari/537.36 (compatible; Googlebot/2.1; +http://www.google.com/bot.html)"
109.122.240.16 - - [31/Oct/2025:01:38:35 +0000] "GET /api/v1.0/lexicon/word/18666/rel|ref HTTP/1.1" 200 810 "-" "node"
109.122.240.16 - - [31/Oct/2025:01:38:35 +0000] "GET /api/v1.0/lexicon/word-ref?limit=0&word=18666&sort=title%20asc HTTP/1.1" 200 614 "-" "node"
109.122.240.16 - - [31/Oct/2025:01:38:35 +0000] "GET /api/v1.0/lexicon/word/?sortable=segment&lang=en HTTP/1.1" 200 334 "-" "node"
109.122.240.16 - - [31/Oct/2025:01:38:35 +0000] "GET /api/v1.0/lexicon/word/18664/rel|ref HTTP/1.1" 200 601 "-" "node"
109.122.240.16 - - [31/Oct/2025:01:38:36 +0000] "GET /api/v1.0/lexicon/word-ref?limit=0&word=18664&sort=title%20asc HTTP/1.1" 200 358 "-" "node"
66.249.77.199 - - [31/Oct/2025:01:38:36 +0000] "GET /travelogue/text/s14-t1308-t3460-n14124 HTTP/1.1" 200 4768 "-" "Mozilla/5.0 (Linux; Android 6.0.1; Nexus 5X Build/MMB29P) AppleWebKit/537.36 (KHTML, like Gecko) Chrome/141.0.7390.122 Mobile Safari/537.36 (compatible; Googlebot/2.1; +http://www.google.com/bot.html)"
85.208.96.210 - - [31/Oct/2025:01:38:36 +0000] "GET /lexicon/word/18666 HTTP/1.1" 200 35838 "-" "Mozilla/5.0 (compatible; SemrushBot/7~bl; +http://www.semrush.com/bot.html)"
109.122.240.16 - - [31/Oct/2025:01:38:42 +0000] "POST /wp-cron.php?doing_wp_cron=1761874722.1369850635528564453125 HTTP/1.1" 200 31 "-" "WordPress/6.8.3; https://chaharrah.tv"
107.173.211.170 - - [31/Oct/2025:01:38:42 +0000] "GET /tag/%d8%af%d8%a7%d8%b1%db%8c%d9%88%d8%b4/ HTTP/2.0" 200 12002 "-" "Mozilla/5.0 (Windows NT 10.0; Win64; x64) AppleWebKit/537.36 (KHTML, like Gecko) Chrome/130.0.0.0 Safari/537.36"
66.249.77.201 - - [31/Oct/2025:01:38:46 +0000] "GET /api/v1.0/travelogue/public/summary HTTP/1.1" 200 1969117 "https://nowruzgan.com/travelogue/text/s14-t1308-t3460-n14124" "Mozilla/5.0 (Linux; Android 6.0.1; Nexus 5X Build/MMB29P) AppleWebKit/537.36 (KHTML, like Gecko) Chrome/141.0.7390.122 Mobile Safari/537.36 (compatible; Googlebot/2.1; +http://www.google.com/bot.html)"
83.219.243.78 - - [31/Oct/2025:01:38:48 +0000] "\x04\x01\x00\x19\x8E\xFB\x09\x1A\x00" 400 166 "-" "-"
83.219.243.78 - - [31/Oct/2025:01:38:48 +0000] "CONNECT 142.251.9.26:25 HTTP/1.0" 400 166 "-" "-"
83.219.243.78 - - [31/Oct/2025:01:38:48 +0000] "\x05\x01\x00" 400 166 "-" "-"
198.244.226.182 - - [31/Oct/2025:01:38:54 +0000] "GET /lecturer/hossein-ghazanfari/ HTTP/2.0" 200 7397 "-" "Mozilla/5.0 (compatible; AhrefsBot/7.0; +http://ahrefs.com/robot/)"
66.249.77.166 - - [31/Oct/2025:01:38:57 +0000] "GET /tag/%D9%85%D9%88%D8%B3%DB%8C%D9%82%DB%8C-%D8%B3%D8%A7%D8%B1%D8%A8%D8%A7%D9%86%DB%8C/feed/ HTTP/1.1" 200 5355 "-" "Mozilla/5.0 (Linux; Android 6.0.1; Nexus 5X Build/MMB29P) AppleWebKit/537.36 (KHTML, like Gecko) Chrome/141.0.7390.122 Mobile Safari/537.36 (compatible; Googlebot/2.1; +http://www.google.com/bot.html)"
185.57.242.32 - - [31/Oct/2025:01:39:17 +0000] "GET /chaharrah-depot/arthouse/latin-attachments/latin-book.pdf HTTP/1.1" 200 22363380 "-" "Mozilla/5.0 (Windows; U; Windows NT 5.1; hu; rv:1.9.2.20) Gecko/20110803 Firefox/3.6.20 (.NET CLR 3.5.30729)"
216.73.216.107 - - [31/Oct/2025:01:39:17 +0000] "GET /robots.txt HTTP/2.0" 200 4413 "-" "Mozilla/5.0 AppleWebKit/537.36 (KHTML, like Gecko; compatible; ClaudeBot/1.0; +claudebot@anthropic.com)"
216.73.216.107 - - [31/Oct/2025:01:39:17 +0000] "GET /?path=%2Fvar%2Fwww%2Fqayyoomi.com%2Froot%2Fwp-content%2Fuploads%2F2018%2F09 HTTP/2.0" 200 3536 "-" "Mozilla/5.0 AppleWebKit/537.36 (KHTML, like Gecko; compatible; ClaudeBot/1.0; +claudebot@anthropic.com)"
216.73.216.107 - - [31/Oct/2025:01:39:18 +0000] "GET /?path=%2Fvar%2Fwww%2Fqayyoomi.com%2Froot%2Fwp-content%2Fuploads%2F2016%2F11 HTTP/2.0" 200 3422 "-" "Mozilla/5.0 AppleWebKit/537.36 (KHTML, like Gecko; compatible; ClaudeBot/1.0; +claudebot@anthropic.com)"
216.73.216.107 - - [31/Oct/2025:01:39:18 +0000] "GET /?path=%2Fvar%2Fwww%2Fqayyoomi.com%2Froot%2Fwp-content%2Fuploads%2F2016%2F12 HTTP/2.0" 200 3698 "-" "Mozilla/5.0 AppleWebKit/537.36 (KHTML, like Gecko; compatible; ClaudeBot/1.0; +claudebot@anthropic.com)"
216.73.216.107 - - [31/Oct/2025:01:39:19 +0000] "GET /?path=%2Fvar%2Fwww%2Fqayyoomi.com%2Froot%2Fwp-content%2Fuploads%2F2017%2F03 HTTP/2.0" 200 3423 "-" "Mozilla/5.0 AppleWebKit/537.36 (KHTML, like Gecko; compatible; ClaudeBot/1.0; +claudebot@anthropic.com)"
216.73.216.107 - - [31/Oct/2025:01:39:19 +0000] "GET /?path=%2Fvar%2Fwww%2Fqayyoomi.com%2Froot%2Fwp-content%2Fuploads%2F2017%2F10 HTTP/2.0" 200 3425 "-" "Mozilla/5.0 AppleWebKit/537.36 (KHTML, like Gecko; compatible; ClaudeBot/1.0; +claudebot@anthropic.com)"
216.73.216.107 - - [31/Oct/2025:01:39:20 +0000] "GET /?path=%2Fvar%2Fwww%2Fqayyoomi.com%2Froot%2Fwp-content%2Fuploads%2F2018%2F03 HTTP/2.0" 200 3423 "-" "Mozilla/5.0 AppleWebKit/537.36 (KHTML, like Gecko; compatible; ClaudeBot/1.0; +claudebot@anthropic.com)"
216.73.216.107 - - [31/Oct/2025:01:39:20 +0000] "GET /?path=%2Fvar%2Fwww%2Fqayyoomi.com%2Froot%2Fwp-content%2Fuploads%2F2016%2F05 HTTP/2.0" 200 4403 "-" "Mozilla/5.0 AppleWebKit/537.36 (KHTML, like Gecko; compatible; ClaudeBot/1.0; +claudebot@anthropic.com)"
216.73.216.107 - - [31/Oct/2025:01:39:21 +0000] "GET /?path=%2Fvar%2Fwww%2Fqayyoomi.com%2Froot%2Fwp-content%2Fuploads%2F2016%2F06 HTTP/2.0" 200 5654 "-" "Mozilla/5.0 AppleWebKit/537.36 (KHTML, like Gecko; compatible; ClaudeBot/1.0; +claudebot@anthropic.com)"
216.73.216.107 - - [31/Oct/2025:01:39:21 +0000] "GET /?path=%2Fvar%2Fwww%2Fqayyoomi.com%2Froot%2Fwp-content%2Fuploads%2F2018%2F10 HTTP/2.0" 200 3425 "-" "Mozilla/5.0 AppleWebKit/537.36 (KHTML, like Gecko; compatible; ClaudeBot/1.0; +claudebot@anthropic.com)"
216.73.216.107 - - [31/Oct/2025:01:39:21 +0000] "GET /?path=%2Fvar%2Fwww%2Fqayyoomi.com%2Froot%2Fwp-content%2Fuploads%2F2016%2F04 HTTP/2.0" 200 3424 "-" "Mozilla/5.0 AppleWebKit/537.36 (KHTML, like Gecko; compatible; ClaudeBot/1.0; +claudebot@anthropic.com)"
216.73.216.107 - - [31/Oct/2025:01:39:22 +0000] "GET /?path=%2Fvar%2Fwww%2Fqayyoomi.com%2Froot%2Fwp-content%2Fuploads%2F2016%2F07 HTTP/2.0" 200 3423 "-" "Mozilla/5.0 AppleWebKit/537.36 (KHTML, like Gecko; compatible; ClaudeBot/1.0; +claudebot@anthropic.com)"
66.249.75.68 - - [31/Oct/2025:01:39:34 +0000] "GET /?fileloc=/var/dev/math/ui/node_modules/mimic-function/index.js&path=/var/dev/math/ui/node_modules/mimic-function HTTP/1.1" 200 4250 "-" "Mozilla/5.0 (Linux; Android 6.0.1; Nexus 5X Build/MMB29P) AppleWebKit/537.36 (KHTML, like Gecko) Chrome/141.0.7390.122 Mobile Safari/537.36 (compatible; Googlebot/2.1; +http://www.google.com/bot.html)"
66.249.75.69 - - [31/Oct/2025:01:39:35 +0000] "GET /?fileloc=/var/dev/math/ui/node_modules/lmdb/package.json&path=/var/dev/math/ui/node_modules/lmdb HTTP/1.1" 200 4649 "-" "Mozilla/5.0 (Linux; Android 6.0.1; Nexus 5X Build/MMB29P) AppleWebKit/537.36 (KHTML, like Gecko) Chrome/141.0.7390.122 Mobile Safari/537.36 (compatible; GoogleOther)"
109.122.240.16 - - [31/Oct/2025:01:39:38 +0000] "POST /wp-cron.php?doing_wp_cron=1761874778.8041379451751708984375 HTTP/1.1" 200 31 "-" "WordPress/6.8.3; https://chaharrah.tv"
216.244.66.203 - - [31/Oct/2025:01:39:38 +0000] "GET /events/sabke-zendegi-koodakan/feed/ HTTP/1.1" 200 9010 "-" "Mozilla/5.0 (compatible; DotBot/1.2; +https://opensiteexplorer.org/dotbot; help@moz.com)"
195.199.197.147 - - [31/Oct/2025:01:39:45 +0000] "POST /xmlrpc.php HTTP/2.0" 200 426 "https://meysamkiani.com" "Mozilla/5.0 (Windows NT 11.0; Win64; x64; rv:126.0) Gecko/20100101 Firefox/126.0"
216.244.66.203 - - [31/Oct/2025:01:39:52 +0000] "GET /lecturer/shirin-ahmadnia/feed/ HTTP/1.1" 200 6161 "-" "Mozilla/5.0 (compatible; DotBot/1.2; +https://opensiteexplorer.org/dotbot; help@moz.com)"
66.249.75.233 - - [31/Oct/2025:01:39:53 +0000] "GET /api/v1.0/ketabkhaneh/doc/1542?collection=0&sort=id HTTP/1.1" 200 1822 "-" "Mozilla/5.0 (Linux; Android 6.0.1; Nexus 5X Build/MMB29P) AppleWebKit/537.36 (KHTML, like Gecko) Chrome/141.0.7390.122 Mobile Safari/537.36 (compatible; Googlebot/2.1; +http://www.google.com/bot.html)"
66.249.75.67 - - [31/Oct/2025:01:39:59 +0000] "GET /?fileloc=/var/dev/math/ui/node_modules/jsonparse/.npmignore&path=/var/dev/math/ui/node_modules/jsonparse HTTP/1.1" 200 3028 "-" "Mozilla/5.0 (Linux; Android 6.0.1; Nexus 5X Build/MMB29P) AppleWebKit/537.36 (KHTML, like Gecko) Chrome/141.0.7390.122 Mobile Safari/537.36 (compatible; GoogleOther)"
192.178.6.71 - - [31/Oct/2025:01:40:11 +0000] "GET /api/v1.0/lexicon/word-ref?limit=0&word=1443&sort=title%20asc HTTP/1.1" 200 922 "-" "Mozilla/5.0 (Linux; Android 6.0.1; Nexus 5X Build/MMB29P) AppleWebKit/537.36 (KHTML, like Gecko) Chrome/141.0.7390.122 Mobile Safari/537.36 (compatible; Googlebot/2.1; +http://www.google.com/bot.html)"
216.73.216.107 - - [31/Oct/2025:01:40:14 +0000] "GET /?path=%2Fvar%2Fwww%2Fqayyoomi.com%2Froot%2Fwp-content%2Fuploads%2F2023%2F04 HTTP/2.0" 200 3424 "-" "Mozilla/5.0 AppleWebKit/537.36 (KHTML, like Gecko; compatible; ClaudeBot/1.0; +claudebot@anthropic.com)"
216.73.216.107 - - [31/Oct/2025:01:40:14 +0000] "GET /?path=%2Fvar%2Fwww%2Fqayyoomi.com%2Froot%2Fwp-content%2Fuploads%2F2022%2F06 HTTP/2.0" 200 3424 "-" "Mozilla/5.0 AppleWebKit/537.36 (KHTML, like Gecko; compatible; ClaudeBot/1.0; +claudebot@anthropic.com)"
216.73.216.107 - - [31/Oct/2025:01:40:14 +0000] "GET /?path=%2Fvar%2Fwww%2Fqayyoomi.com%2Froot%2Fwp-content%2Fuploads%2F2021%2F12 HTTP/2.0" 200 3422 "-" "Mozilla/5.0 AppleWebKit/537.36 (KHTML, like Gecko; compatible; ClaudeBot/1.0; +claudebot@anthropic.com)"
216.73.216.107 - - [31/Oct/2025:01:40:15 +0000] "GET /?path=%2Fvar%2Fwww%2Fqayyoomi.com%2Froot%2Fwp-content%2Fuploads%2F2023%2F07 HTTP/2.0" 200 3423 "-" "Mozilla/5.0 AppleWebKit/537.36 (KHTML, like Gecko; compatible; ClaudeBot/1.0; +claudebot@anthropic.com)"
216.73.216.107 - - [31/Oct/2025:01:40:15 +0000] "GET /?path=%2Fvar%2Fwww%2Fqayyoomi.com%2Froot%2Fwp-content%2Fuploads%2F2022%2F05 HTTP/2.0" 200 3422 "-" "Mozilla/5.0 AppleWebKit/537.36 (KHTML, like Gecko; compatible; ClaudeBot/1.0; +claudebot@anthropic.com)"
216.73.216.107 - - [31/Oct/2025:01:40:15 +0000] "GET /?path=%2Fvar%2Fwww%2Fqayyoomi.com%2Froot%2Fwp-content%2Fuploads%2F2022%2F04 HTTP/2.0" 200 3424 "-" "Mozilla/5.0 AppleWebKit/537.36 (KHTML, like Gecko; compatible; ClaudeBot/1.0; +claudebot@anthropic.com)"
216.73.216.107 - - [31/Oct/2025:01:40:16 +0000] "GET /?path=%2Fvar%2Fwww%2Fqayyoomi.com%2Froot%2Fwp-content%2Fuploads%2F2023%2F02 HTTP/2.0" 200 3422 "-" "Mozilla/5.0 AppleWebKit/537.36 (KHTML, like Gecko; compatible; ClaudeBot/1.0; +claudebot@anthropic.com)"
216.73.216.107 - - [31/Oct/2025:01:40:16 +0000] "GET /?path=%2Fvar%2Fwww%2Fqayyoomi.com%2Froot%2Fwp-content%2Fuploads%2F2022%2F07 HTTP/2.0" 200 3422 "-" "Mozilla/5.0 AppleWebKit/537.36 (KHTML, like Gecko; compatible; ClaudeBot/1.0; +claudebot@anthropic.com)"
216.73.216.107 - - [31/Oct/2025:01:40:16 +0000] "GET /?path=%2Fvar%2Fwww%2Fqayyoomi.com%2Froot%2Fwp-content%2Fuploads%2F2022%2F02 HTTP/2.0" 200 3421 "-" "Mozilla/5.0 AppleWebKit/537.36 (KHTML, like Gecko; compatible; ClaudeBot/1.0; +claudebot@anthropic.com)"
216.73.216.107 - - [31/Oct/2025:01:40:16 +0000] "GET /?path=%2Fvar%2Fwww%2Fqayyoomi.com%2Froot%2Fwp-content%2Fuploads%2F2023%2F09 HTTP/2.0" 200 3423 "-" "Mozilla/5.0 AppleWebKit/537.36 (KHTML, like Gecko; compatible; ClaudeBot/1.0; +claudebot@anthropic.com)"
109.122.240.16 - - [31/Oct/2025:01:40:27 +0000] "POST /wp-cron.php?doing_wp_cron=1761874827.2904360294342041015625 HTTP/1.1" 200 31 "-" "WordPress/6.8.3; https://chaharrah.tv"
8.29.198.27 - - [31/Oct/2025:01:40:27 +0000] "GET /feed/ HTTP/1.1" 304 0 "-" "Feedly/1.0 (+https://feedly.com/poller.html; 3 subscribers; )"
66.249.75.67 - - [31/Oct/2025:01:40:30 +0000] "GET /?fileloc=/var/dev/nowruzgan/vazhgar/node_modules/spdx-license-ids/deprecated.json&path=/var/dev/nowruzgan/vazhgar/node_modules/spdx-license-ids HTTP/1.1" 200 3262 "-" "Mozilla/5.0 (Linux; Android 6.0.1; Nexus 5X Build/MMB29P) AppleWebKit/537.36 (KHTML, like Gecko) Chrome/141.0.7390.122 Mobile Safari/537.36 (compatible; Googlebot/2.1; +http://www.google.com/bot.html)"
192.178.6.70 - - [31/Oct/2025:01:40:33 +0000] "GET /api/v1.0/lexicon/word/4857/rel%7Cref HTTP/1.1" 200 595 "-" "Mozilla/5.0 (Linux; Android 6.0.1; Nexus 5X Build/MMB29P) AppleWebKit/537.36 (KHTML, like Gecko) Chrome/141.0.7390.122 Mobile Safari/537.36 (compatible; Googlebot/2.1; +http://www.google.com/bot.html)"
85.208.96.208 - - [31/Oct/2025:01:40:41 +0000] "GET /academician/Montauk878004.html HTTP/1.1" 404 8048 "-" "Mozilla/5.0 (compatible; SemrushBot/7~bl; +http://www.semrush.com/bot.html)"
66.249.75.67 - - [31/Oct/2025:01:40:46 +0000] "GET /?fileloc=/var/dev/math/ui/node_modules/lmdb/write.js&path=/var/dev/math/ui/node_modules/lmdb HTTP/1.1" 200 14505 "-" "Mozilla/5.0 (Linux; Android 6.0.1; Nexus 5X Build/MMB29P) AppleWebKit/537.36 (KHTML, like Gecko) Chrome/141.0.7390.122 Mobile Safari/537.36 (compatible; GoogleOther)"
66.249.75.233 - - [31/Oct/2025:01:40:56 +0000] "GET /farhangi/2716 HTTP/1.1" 301 178 "-" "Mozilla/5.0 (Linux; Android 6.0.1; Nexus 5X Build/MMB29P) AppleWebKit/537.36 (KHTML, like Gecko) Chrome/141.0.7390.122 Mobile Safari/537.36 (compatible; Googlebot/2.1; +http://www.google.com/bot.html)"
109.122.240.16 - - [31/Oct/2025:01:40:57 +0000] "GET /api/v1.0/ketabkhaneh/doc/2716?collection=0&sort=id HTTP/1.1" 200 1853 "-" "node"
66.249.75.233 - - [31/Oct/2025:01:40:58 +0000] "GET /en/farhangi/2716 HTTP/1.1" 200 19306 "-" "Mozilla/5.0 (Linux; Android 6.0.1; Nexus 5X Build/MMB29P) AppleWebKit/537.36 (KHTML, like Gecko) Chrome/141.0.7390.122 Mobile Safari/537.36 (compatible; Googlebot/2.1; +http://www.google.com/bot.html)"
109.122.240.16 - - [31/Oct/2025:01:40:59 +0000] "GET /api/v1.0/lexicon/word/4140/rel|ref HTTP/1.1" 200 1098 "-" "node"
109.122.240.16 - - [31/Oct/2025:01:40:59 +0000] "GET /api/v1.0/lexicon/word-ref?limit=0&word=4140&sort=title%20asc HTTP/1.1" 200 291 "-" "node"
85.208.96.201 - - [31/Oct/2025:01:41:00 +0000] "GET /lexicon/word/4140 HTTP/1.1" 200 36458 "-" "Mozilla/5.0 (compatible; SemrushBot/7~bl; +http://www.semrush.com/bot.html)"
66.249.72.232 - - [31/Oct/2025:01:41:02 +0000] "GET /iiif/3/nw__farhangi__2716.tif/info.json HTTP/1.1" 200 726 "https://ketabkhaneh.org/" "Mozilla/5.0 (Linux; Android 6.0.1; Nexus 5X Build/MMB29P) AppleWebKit/537.36 (KHTML, like Gecko) Chrome/141.0.7390.122 Mobile Safari/537.36 (compatible; Googlebot/2.1; +http://www.google.com/bot.html)"
109.122.240.16 - - [31/Oct/2025:01:41:02 +0000] "POST /wp-cron.php?doing_wp_cron=1761874862.3241670131683349609375 HTTP/1.1" 200 31 "-" "WordPress/6.8.3; https://chaharrah.tv"
54.38.147.241 - - [31/Oct/2025:01:41:02 +0000] "GET /tag/%D9%85%D8%B1%D8%AA%D8%B6%DB%8C-%D8%AD%D9%86%D8%A7%D9%86%D9%87/feed/ HTTP/2.0" 200 14132 "-" "Mozilla/5.0 (compatible; AhrefsBot/7.0; +http://ahrefs.com/robot/)"
66.249.77.199 - - [31/Oct/2025:01:41:20 +0000] "GET /travelogue/text/s1-t1157-t-n2637 HTTP/1.1" 200 4768 "-" "Mozilla/5.0 (Linux; Android 6.0.1; Nexus 5X Build/MMB29P) AppleWebKit/537.36 (KHTML, like Gecko) Chrome/141.0.7390.122 Mobile Safari/537.36 (compatible; Googlebot/2.1; +http://www.google.com/bot.html)"
66.249.77.198 - - [31/Oct/2025:01:41:27 +0000] "GET /api/v1.0/travelogue/public/summary HTTP/1.1" 200 1970629 "https://nowruzgan.com/travelogue/text/s1-t1157-t-n2637" "Mozilla/5.0 (Linux; Android 6.0.1; Nexus 5X Build/MMB29P) AppleWebKit/537.36 (KHTML, like Gecko) Chrome/141.0.7390.122 Mobile Safari/537.36 (compatible; Googlebot/2.1; +http://www.google.com/bot.html)"
109.122.240.16 - - [31/Oct/2025:01:41:34 +0000] "GET /api/v1.0/lexicon/word/13957/rel|ref HTTP/1.1" 200 597 "-" "node"
109.122.240.16 - - [31/Oct/2025:01:41:34 +0000] "GET /api/v1.0/lexicon/word-ref?limit=0&word=13957&sort=title%20asc HTTP/1.1" 200 555 "-" "node"
83.219.243.78 - - [31/Oct/2025:01:41:34 +0000] "\x04\x01\x00\x19\x119\x98\x05\x00" 400 166 "-" "-"
83.219.243.78 - - [31/Oct/2025:01:41:34 +0000] "CONNECT 17.57.152.5:25 HTTP/1.0" 400 166 "-" "-"
83.219.243.78 - - [31/Oct/2025:01:41:35 +0000] "\x05\x01\x00" 400 166 "-" "-"
87.250.224.241 - - [31/Oct/2025:01:41:35 +0000] "GET /lexicon/word/13957 HTTP/1.1" 200 36103 "-" "Mozilla/5.0 (compatible; YandexBot/3.0; +http://yandex.com/bots)"
109.122.240.16 - - [31/Oct/2025:01:41:35 +0000] "GET /api/v1.0/lexicon/word/7797/rel|ref HTTP/1.1" 200 869 "-" "node"
109.122.240.16 - - [31/Oct/2025:01:41:35 +0000] "GET /api/v1.0/lexicon/word-ref?limit=0&word=7797&sort=title%20asc HTTP/1.1" 200 344 "-" "node"
213.180.203.121 - - [31/Oct/2025:01:41:36 +0000] "GET /lexicon/word/7797 HTTP/1.1" 200 35252 "-" "Mozilla/5.0 (compatible; YandexBot/3.0; +http://yandex.com/bots)"
5.39.1.238 - - [31/Oct/2025:01:41:43 +0000] "GET /category/uncategorized/page/20/?path=//proc/254 HTTP/2.0" 200 5629 "-" "Mozilla/5.0 (compatible; AhrefsBot/7.0; +http://ahrefs.com/robot/)"
66.249.77.198 - - [31/Oct/2025:01:41:46 +0000] "GET /travelogue/text/s14-t5490-t242-n13785 HTTP/1.1" 200 4768 "-" "Mozilla/5.0 (Linux; Android 6.0.1; Nexus 5X Build/MMB29P) AppleWebKit/537.36 (KHTML, like Gecko) Chrome/141.0.7390.122 Mobile Safari/537.36 (compatible; Googlebot/2.1; +http://www.google.com/bot.html)"
66.249.75.69 - - [31/Oct/2025:01:41:59 +0000] "GET /?fileloc=/var/dev/math/ui/node_modules/lmdb/level.js&path=/var/dev/math/ui/node_modules/lmdb HTTP/1.1" 200 3319 "-" "Mozilla/5.0 (Linux; Android 6.0.1; Nexus 5X Build/MMB29P) AppleWebKit/537.36 (KHTML, like Gecko) Chrome/141.0.7390.122 Mobile Safari/537.36 (compatible; GoogleOther)"
66.249.75.69 - - [31/Oct/2025:01:42:05 +0000] "GET /?fileloc=/var/dev/math/ui/node_modules/picomatch/LICENSE&path=/var/dev/math/ui/node_modules/picomatch HTTP/1.1" 200 3742 "-" "Mozilla/5.0 (Linux; Android 6.0.1; Nexus 5X Build/MMB29P) AppleWebKit/537.36 (KHTML, like Gecko) Chrome/141.0.7390.122 Mobile Safari/537.36 (compatible; GoogleOther)"
66.249.77.199 - - [31/Oct/2025:01:42:19 +0000] "GET /travelogue/text/s1-t155-t878-n1132 HTTP/1.1" 200 4768 "-" "Mozilla/5.0 (Linux; Android 6.0.1; Nexus 5X Build/MMB29P) AppleWebKit/537.36 (KHTML, like Gecko) Chrome/141.0.7390.122 Mobile Safari/537.36 (compatible; Googlebot/2.1; +http://www.google.com/bot.html)"
109.122.240.16 - - [31/Oct/2025:01:42:20 +0000] "GET /api/v1.0/lexicon/word/3465/rel|ref HTTP/1.1" 200 685 "-" "node"
109.122.240.16 - - [31/Oct/2025:01:42:20 +0000] "GET /api/v1.0/lexicon/word-ref?limit=0&word=3465&sort=title%20asc HTTP/1.1" 200 352 "-" "node"
109.122.240.16 - - [31/Oct/2025:01:42:20 +0000] "GET /api/v1.0/lexicon/word/?sortable=arrangement&lang=en HTTP/1.1" 200 348 "-" "node"
109.122.240.16 - - [31/Oct/2025:01:42:20 +0000] "GET /api/v1.0/lexicon/word/3463/rel|ref HTTP/1.1" 200 746 "-" "node"
109.122.240.16 - - [31/Oct/2025:01:42:20 +0000] "GET /api/v1.0/lexicon/word-ref?limit=0&word=3463&sort=title%20asc HTTP/1.1" 200 614 "-" "node"
192.178.6.70 - - [31/Oct/2025:01:42:21 +0000] "GET /lexicon/word/3465 HTTP/1.1" 200 35978 "-" "Mozilla/5.0 (Linux; Android 6.0.1; Nexus 5X Build/MMB29P) AppleWebKit/537.36 (KHTML, like Gecko) Chrome/141.0.7390.122 Mobile Safari/537.36 (compatible; Googlebot/2.1; +http://www.google.com/bot.html)"
52.167.144.146 - - [31/Oct/2025:01:42:21 +0000] "GET /travelogue/text/s1-t208-t-n2384 HTTP/2.0" 200 4755 "-" "Mozilla/5.0 AppleWebKit/537.36 (KHTML, like Gecko; compatible; bingbot/2.0; +http://www.bing.com/bingbot.htm) Chrome/116.0.1938.76 Safari/537.36"
66.249.77.199 - - [31/Oct/2025:01:42:25 +0000] "GET /api/v1.0/travelogue/public/summary HTTP/1.1" 200 1970629 "https://nowruzgan.com/travelogue/text/s1-t155-t878-n1132" "Mozilla/5.0 (Linux; Android 6.0.1; Nexus 5X Build/MMB29P) AppleWebKit/537.36 (KHTML, like Gecko) Chrome/141.0.7390.122 Mobile Safari/537.36 (compatible; Googlebot/2.1; +http://www.google.com/bot.html)"
109.122.240.16 - - [31/Oct/2025:01:42:32 +0000] "POST /wp-cron.php?doing_wp_cron=1761874952.7379488945007324218750 HTTP/1.1" 200 31 "-" "WordPress/6.8.3; https://chaharrah.tv"
66.249.77.165 - - [31/Oct/2025:01:42:32 +0000] "GET /tag/%D8%AF%D8%A7%D8%B1%D8%A7%D9%84%D9%81%D9%86%D9%88%D9%86/feed/ HTTP/1.1" 200 7731 "-" "Mozilla/5.0 (Linux; Android 6.0.1; Nexus 5X Build/MMB29P) AppleWebKit/537.36 (KHTML, like Gecko) Chrome/141.0.7390.122 Mobile Safari/537.36 (compatible; Googlebot/2.1; +http://www.google.com/bot.html)"
