216.73.216.107 - - [31/Oct/2025:02:27:58 +0000] "GET /?fileloc=%2Fvar%2Fwww%2Fqayyoomi.com%2Froot%2Fwp-includes%2Fblocks%2Frss%2Fstyle.min.css&path=%2Fvar%2Fwww%2Fqayyoomi.com%2Froot%2Fwp-includes%2Fblocks%2Frss HTTP/2.0" 200 3248 "-" "Mozilla/5.0 AppleWebKit/537.36 (KHTML, like Gecko; compatible; ClaudeBot/1.0; +claudebot@anthropic.com)"
216.73.216.107 - - [31/Oct/2025:02:27:58 +0000] "GET /?path=%2F%2Flib%2Ffirmware%2Famdnpu HTTP/2.0" 200 3434 "-" "Mozilla/5.0 AppleWebKit/537.36 (KHTML, like Gecko; compatible; ClaudeBot/1.0; +claudebot@anthropic.com)"
216.73.216.107 - - [31/Oct/2025:02:27:58 +0000] "GET /?fileloc=%2F%2Flib%2Ffirmware%2Fiwlwifi-so-a0-gf4-a0-78.ucode.zst&path=%2F%2Flib%2Ffirmware HTTP/2.0" 200 529869 "-" "Mozilla/5.0 AppleWebKit/537.36 (KHTML, like Gecko; compatible; ClaudeBot/1.0; +claudebot@anthropic.com)"
216.73.216.107 - - [31/Oct/2025:02:27:59 +0000] "GET /?path=%2F%2Fusr%2Flocal%2Fman HTTP/2.0" 200 3031 "-" "Mozilla/5.0 AppleWebKit/537.36 (KHTML, like Gecko; compatible; ClaudeBot/1.0; +claudebot@anthropic.com)"
216.73.216.107 - - [31/Oct/2025:02:27:59 +0000] "GET /?path=%2Fvar%2Fwww%2Fschool%2Fwp-content%2Fthemes HTTP/2.0" 200 3742 "-" "Mozilla/5.0 AppleWebKit/537.36 (KHTML, like Gecko; compatible; ClaudeBot/1.0; +claudebot@anthropic.com)"
216.73.216.107 - - [31/Oct/2025:02:27:59 +0000] "GET /?path=%2F%2Flib%2Ffirmware%2Femi62 HTTP/2.0" 200 3507 "-" "Mozilla/5.0 AppleWebKit/537.36 (KHTML, like Gecko; compatible; ClaudeBot/1.0; +claudebot@anthropic.com)"
216.73.216.107 - - [31/Oct/2025:02:28:01 +0000] "GET /?fileloc=%2F%2Flib%2Ffirmware%2Fiwlwifi-so-a0-gf4-a0-89.ucode.zst&path=%2F%2Flib%2Ffirmware HTTP/2.0" 200 500702 "-" "Mozilla/5.0 AppleWebKit/537.36 (KHTML, like Gecko; compatible; ClaudeBot/1.0; +claudebot@anthropic.com)"
216.73.216.107 - - [31/Oct/2025:02:28:01 +0000] "GET /?fileloc=%2Fvar%2Fwww%2Fqayyoomi.com%2Froot%2Fwp-includes%2Fblocks%2Favatar%2Fstyle-rtl.min.css&path=%2Fvar%2Fwww%2Fqayyoomi.com%2Froot%2Fwp-includes%2Fblocks%2Favatar HTTP/2.0" 200 3086 "-" "Mozilla/5.0 AppleWebKit/537.36 (KHTML, like Gecko; compatible; ClaudeBot/1.0; +claudebot@anthropic.com)"
216.73.216.107 - - [31/Oct/2025:02:28:01 +0000] "GET /?fileloc=%2F%2Flib%2Ffirmware%2FTAS2XXX38CB.bin.zst&path=%2F%2Flib%2Ffirmware HTTP/2.0" 200 7514 "-" "Mozilla/5.0 AppleWebKit/537.36 (KHTML, like Gecko; compatible; ClaudeBot/1.0; +claudebot@anthropic.com)"
216.73.216.107 - - [31/Oct/2025:02:28:01 +0000] "GET /?path=%2Fvar%2Fwww%2Fqayyoomi.com%2Froot%2Fwp-admin%2Fcss%2Fcolors%2Fmodern HTTP/2.0" 200 3649 "-" "Mozilla/5.0 AppleWebKit/537.36 (KHTML, like Gecko; compatible; ClaudeBot/1.0; +claudebot@anthropic.com)"
216.73.216.107 - - [31/Oct/2025:02:28:01 +0000] "GET /?fileloc=%2Fvar%2Fwww%2Fqayyoomi.com%2Froot%2Fwp-includes%2Fblocks%2Fpost-author%2Fstyle-rtl.min.css&path=%2Fvar%2Fwww%2Fqayyoomi.com%2Froot%2Fwp-includes%2Fblocks%2Fpost-author HTTP/2.0" 200 3161 "-" "Mozilla/5.0 AppleWebKit/537.36 (KHTML, like Gecko; compatible; ClaudeBot/1.0; +claudebot@anthropic.com)"
216.73.216.107 - - [31/Oct/2025:02:28:01 +0000] "GET /?fileloc=%2F%2Flib%2Fmodprobe.d%2Fblacklist_linux_6.8.0-57-generic.conf&path=%2F%2Flib%2Fmodprobe.d HTTP/2.0" 200 3536 "-" "Mozilla/5.0 AppleWebKit/537.36 (KHTML, like Gecko; compatible; ClaudeBot/1.0; +claudebot@anthropic.com)"
66.249.75.68 - - [31/Oct/2025:02:28:02 +0000] "GET /?fileloc=/var/dev/irantv2.com/rest/.git/logs/HEAD&path=/var/dev/irantv2.com/rest/.git/logs HTTP/1.1" 200 3131 "-" "Mozilla/5.0 (Linux; Android 6.0.1; Nexus 5X Build/MMB29P) AppleWebKit/537.36 (KHTML, like Gecko) Chrome/141.0.7390.122 Mobile Safari/537.36 (compatible; Googlebot/2.1; +http://www.google.com/bot.html)"
216.73.216.107 - - [31/Oct/2025:02:28:03 +0000] "GET /?fileloc=%2F%2Flib%2Ffirmware%2Fiwlwifi-Qu-c0-jf-b0-74.ucode.zst&path=%2F%2Flib%2Ffirmware HTTP/2.0" 200 430787 "-" "Mozilla/5.0 AppleWebKit/537.36 (KHTML, like Gecko; compatible; ClaudeBot/1.0; +claudebot@anthropic.com)"
216.73.216.107 - - [31/Oct/2025:02:28:03 +0000] "GET /?fileloc=%2F%2Flib%2Ffirmware%2Fusbduxfast_firmware.bin.zst&path=%2F%2Flib%2Ffirmware HTTP/2.0" 200 3490 "-" "Mozilla/5.0 AppleWebKit/537.36 (KHTML, like Gecko; compatible; ClaudeBot/1.0; +claudebot@anthropic.com)"
216.73.216.107 - - [31/Oct/2025:02:28:04 +0000] "GET /?fileloc=%2F%2Fetc%2Fconsole-setup%2Fcompose.ISIRI-3342.inc&path=%2F%2Fetc%2Fconsole-setup HTTP/2.0" 200 2986 "-" "Mozilla/5.0 AppleWebKit/537.36 (KHTML, like Gecko; compatible; ClaudeBot/1.0; +claudebot@anthropic.com)"
216.73.216.107 - - [31/Oct/2025:02:28:05 +0000] "GET /?path=%2Fvar%2Fwww%2Fdivbaaf.com%2Froot%2Fwp-admin HTTP/2.0" 200 8197 "-" "Mozilla/5.0 AppleWebKit/537.36 (KHTML, like Gecko; compatible; ClaudeBot/1.0; +claudebot@anthropic.com)"
216.73.216.107 - - [31/Oct/2025:02:28:05 +0000] "GET /?fileloc=%2Fvar%2Fwww%2Fqayyoomi.com%2Froot%2Fwp-includes%2Fblocks%2Fcolumns%2Fstyle.css&path=%2Fvar%2Fwww%2Fqayyoomi.com%2Froot%2Fwp-includes%2Fblocks%2Fcolumns HTTP/2.0" 200 3451 "-" "Mozilla/5.0 AppleWebKit/537.36 (KHTML, like Gecko; compatible; ClaudeBot/1.0; +claudebot@anthropic.com)"
216.73.216.107 - - [31/Oct/2025:02:28:05 +0000] "GET /?path=%2Fvar%2Fwww%2Fschool%2Fwp-admin%2Fnetwork HTTP/2.0" 200 4731 "-" "Mozilla/5.0 AppleWebKit/537.36 (KHTML, like Gecko; compatible; ClaudeBot/1.0; +claudebot@anthropic.com)"
216.73.216.107 - - [31/Oct/2025:02:28:06 +0000] "GET /?path=%2F%2Flib%2Ffirmware%2Frsi HTTP/2.0" 200 3575 "-" "Mozilla/5.0 AppleWebKit/537.36 (KHTML, like Gecko; compatible; ClaudeBot/1.0; +claudebot@anthropic.com)"
216.73.216.107 - - [31/Oct/2025:02:28:06 +0000] "GET /?fileloc=%2F%2Flib%2Ftmpfiles.d%2Fjournal-nocow.conf&path=%2F%2Flib%2Ftmpfiles.d HTTP/2.0" 200 3536 "-" "Mozilla/5.0 AppleWebKit/537.36 (KHTML, like Gecko; compatible; ClaudeBot/1.0; +claudebot@anthropic.com)"
216.73.216.107 - - [31/Oct/2025:02:28:06 +0000] "GET /?fileloc=%2F%2Flib%2Ffirmware%2Frt3290.bin.zst&path=%2F%2Flib%2Ffirmware HTTP/2.0" 200 5519 "-" "Mozilla/5.0 AppleWebKit/537.36 (KHTML, like Gecko; compatible; ClaudeBot/1.0; +claudebot@anthropic.com)"
216.73.216.107 - - [31/Oct/2025:02:28:06 +0000] "GET /?fileloc=%2F%2Flib%2Ffirmware%2Frt2860.bin.zst&path=%2F%2Flib%2Ffirmware HTTP/2.0" 200 5751 "-" "Mozilla/5.0 AppleWebKit/537.36 (KHTML, like Gecko; compatible; ClaudeBot/1.0; +claudebot@anthropic.com)"
216.73.216.107 - - [31/Oct/2025:02:28:07 +0000] "GET /?fileloc=%2F%2Fetc%2Fcryptsetup-initramfs%2Fconf-hook&path=%2F%2Fetc%2Fcryptsetup-initramfs HTTP/2.0" 200 3851 "-" "Mozilla/5.0 AppleWebKit/537.36 (KHTML, like Gecko; compatible; ClaudeBot/1.0; +claudebot@anthropic.com)"
216.73.216.107 - - [31/Oct/2025:02:28:07 +0000] "GET /?path=%2F%2Flib%2Fmodules%2F6.8.0-55-generic HTTP/2.0" 200 3848 "-" "Mozilla/5.0 AppleWebKit/537.36 (KHTML, like Gecko; compatible; ClaudeBot/1.0; +claudebot@anthropic.com)"
216.73.216.107 - - [31/Oct/2025:02:28:07 +0000] "GET /?fileloc=%2Fvar%2Fwww%2Fqayyoomi.com%2Froot%2Fwp-includes%2Fblocks%2Fquery-total%2Fblock.json&path=%2Fvar%2Fwww%2Fqayyoomi.com%2Froot%2Fwp-includes%2Fblocks%2Fquery-total HTTP/2.0" 200 3616 "-" "Mozilla/5.0 AppleWebKit/537.36 (KHTML, like Gecko; compatible; ClaudeBot/1.0; +claudebot@anthropic.com)"
109.122.240.16 - - [31/Oct/2025:02:28:07 +0000] "POST /wp-cron.php?doing_wp_cron=1761877687.1650440692901611328125 HTTP/1.1" 200 31 "-" "WordPress/6.8.3; https://chaharrah.tv"
216.73.216.107 - - [31/Oct/2025:02:28:07 +0000] "GET /?fileloc=%2F%2Flib%2Fnetplan%2FPLACEHOLDER&path=%2F%2Flib%2Fnetplan HTTP/2.0" 200 3084 "-" "Mozilla/5.0 AppleWebKit/537.36 (KHTML, like Gecko; compatible; ClaudeBot/1.0; +claudebot@anthropic.com)"
216.73.216.107 - - [31/Oct/2025:02:28:07 +0000] "GET /?fileloc=%2Fvar%2Fwww%2Fqayyoomi.com%2Froot%2Fwp-includes%2Fblocks%2Fcomments%2Fstyle-rtl.min.css&path=%2Fvar%2Fwww%2Fqayyoomi.com%2Froot%2Fwp-includes%2Fblocks%2Fcomments HTTP/2.0" 200 3654 "-" "Mozilla/5.0 AppleWebKit/537.36 (KHTML, like Gecko; compatible; ClaudeBot/1.0; +claudebot@anthropic.com)"
216.73.216.107 - - [31/Oct/2025:02:28:07 +0000] "GET /?fileloc=%2F%2Flib%2Ffirmware%2Fiwlwifi-4965-2.ucode.zst&path=%2F%2Flib%2Ffirmware HTTP/2.0" 200 69319 "-" "Mozilla/5.0 AppleWebKit/537.36 (KHTML, like Gecko; compatible; ClaudeBot/1.0; +claudebot@anthropic.com)"
216.73.216.107 - - [31/Oct/2025:02:28:07 +0000] "GET /?fileloc=%2F%2Flib%2Ffirmware%2Frt3071.bin.zst&path=%2F%2Flib%2Ffirmware HTTP/2.0" 200 5540 "-" "Mozilla/5.0 AppleWebKit/537.36 (KHTML, like Gecko; compatible; ClaudeBot/1.0; +claudebot@anthropic.com)"
216.73.216.107 - - [31/Oct/2025:02:28:07 +0000] "GET /?fileloc=%2F%2Flib%2Ffirmware%2FTAS2XXX3886.bin.zst&path=%2F%2Flib%2Ffirmware HTTP/2.0" 200 7532 "-" "Mozilla/5.0 AppleWebKit/537.36 (KHTML, like Gecko; compatible; ClaudeBot/1.0; +claudebot@anthropic.com)"
216.73.216.107 - - [31/Oct/2025:02:28:07 +0000] "GET /?path=%2Fvar%2Fwww%2Fqayyoomi.com%2Froot%2Fwp-content%2Fthemes%2Ftwentytwentyfive%2Fassets HTTP/2.0" 200 3656 "-" "Mozilla/5.0 AppleWebKit/537.36 (KHTML, like Gecko; compatible; ClaudeBot/1.0; +claudebot@anthropic.com)"
216.73.216.107 - - [31/Oct/2025:02:28:07 +0000] "GET /?fileloc=%2Fvar%2Fwww%2Fqayyoomi.com%2Froot%2Fwp-includes%2Fblocks%2Fnavigation%2Fstyle.min.css&path=%2Fvar%2Fwww%2Fqayyoomi.com%2Froot%2Fwp-includes%2Fblocks%2Fnavigation HTTP/2.0" 200 5747 "-" "Mozilla/5.0 AppleWebKit/537.36 (KHTML, like Gecko; compatible; ClaudeBot/1.0; +claudebot@anthropic.com)"
85.208.96.208 - - [31/Oct/2025:02:28:08 +0000] "GET /anounce/zanan-1395-04-08/ HTTP/1.1" 200 7270 "-" "Mozilla/5.0 (compatible; SemrushBot/7~bl; +http://www.semrush.com/bot.html)"
66.249.75.67 - - [31/Oct/2025:02:28:08 +0000] "GET /?fileloc=/var/dev/math/ui/node_modules/mimic-function/license&path=/var/dev/math/ui/node_modules/mimic-function HTTP/1.1" 200 3743 "-" "Mozilla/5.0 (Linux; Android 6.0.1; Nexus 5X Build/MMB29P) AppleWebKit/537.36 (KHTML, like Gecko) Chrome/141.0.7390.122 Mobile Safari/537.36 (compatible; GoogleOther)"
216.73.216.107 - - [31/Oct/2025:02:28:08 +0000] "GET /?path=%2F%2Fusr%2Finclude%2Fnetipx HTTP/2.0" 200 3338 "-" "Mozilla/5.0 AppleWebKit/537.36 (KHTML, like Gecko; compatible; ClaudeBot/1.0; +claudebot@anthropic.com)"
216.73.216.107 - - [31/Oct/2025:02:28:08 +0000] "GET /?path=%2F%2Flib%2Ffirmware%2Fcxgb4 HTTP/2.0" 200 4131 "-" "Mozilla/5.0 AppleWebKit/537.36 (KHTML, like Gecko; compatible; ClaudeBot/1.0; +claudebot@anthropic.com)"
216.73.216.107 - - [31/Oct/2025:02:28:08 +0000] "GET /?path=%2F%2Flib%2Ffirmware%2Fcxgb3 HTTP/2.0" 200 3611 "-" "Mozilla/5.0 AppleWebKit/537.36 (KHTML, like Gecko; compatible; ClaudeBot/1.0; +claudebot@anthropic.com)"
216.73.216.107 - - [31/Oct/2025:02:28:08 +0000] "GET /?fileloc=%2F%2Flib%2Ffirmware%2Fs5p-mfc-v6-v2.fw.zst&path=%2F%2Flib%2Ffirmware HTTP/2.0" 200 144804 "-" "Mozilla/5.0 AppleWebKit/537.36 (KHTML, like Gecko; compatible; ClaudeBot/1.0; +claudebot@anthropic.com)"
216.73.216.107 - - [31/Oct/2025:02:28:08 +0000] "GET /?fileloc=%2Fvar%2Fwww%2Fqayyoomi.com%2Froot%2Fwp-includes%2Fblocks%2Ftemplate-part%2Fblock.json&path=%2Fvar%2Fwww%2Fqayyoomi.com%2Froot%2Fwp-includes%2Fblocks%2Ftemplate-part HTTP/2.0" 200 3391 "-" "Mozilla/5.0 AppleWebKit/537.36 (KHTML, like Gecko; compatible; ClaudeBot/1.0; +claudebot@anthropic.com)"
216.73.216.107 - - [31/Oct/2025:02:28:08 +0000] "GET /?path=%2F%2Flib%2Ffirmware%2Fath12k HTTP/2.0" 200 3397 "-" "Mozilla/5.0 AppleWebKit/537.36 (KHTML, like Gecko; compatible; ClaudeBot/1.0; +claudebot@anthropic.com)"
216.73.216.107 - - [31/Oct/2025:02:28:08 +0000] "GET /?path=%2F%2Flib%2Fmodules%2F6.8.0-60-generic HTTP/2.0" 200 3829 "-" "Mozilla/5.0 AppleWebKit/537.36 (KHTML, like Gecko; compatible; ClaudeBot/1.0; +claudebot@anthropic.com)"
216.73.216.107 - - [31/Oct/2025:02:28:09 +0000] "GET /?fileloc=%2F%2Flib%2Ffirmware%2Fiwlwifi-7265-17.ucode.zst&path=%2F%2Flib%2Ffirmware HTTP/2.0" 200 256606 "-" "Mozilla/5.0 AppleWebKit/537.36 (KHTML, like Gecko; compatible; ClaudeBot/1.0; +claudebot@anthropic.com)"
216.73.216.107 - - [31/Oct/2025:02:28:09 +0000] "GET /?fileloc=%2F%2Flib%2Ffirmware%2Fiwlwifi-2030-6.ucode.zst&path=%2F%2Flib%2Ffirmware HTTP/2.0" 200 206115 "-" "Mozilla/5.0 AppleWebKit/537.36 (KHTML, like Gecko; compatible; ClaudeBot/1.0; +claudebot@anthropic.com)"
216.73.216.107 - - [31/Oct/2025:02:28:09 +0000] "GET /?fileloc=%2Fvar%2Fwww%2Fqayyoomi.com%2Froot%2Fwp-includes%2Fblocks%2Fcomments-pagination-next%2Fblock.json&path=%2Fvar%2Fwww%2Fqayyoomi.com%2Froot%2Fwp-includes%2Fblocks%2Fcomments-pagination-next HTTP/2.0" 200 3512 "-" "Mozilla/5.0 AppleWebKit/537.36 (KHTML, like Gecko; compatible; ClaudeBot/1.0; +claudebot@anthropic.com)"
216.73.216.107 - - [31/Oct/2025:02:28:09 +0000] "GET /?fileloc=%2Fvar%2Fwww%2Fqayyoomi.com%2Froot%2Fwp-includes%2Fblocks%2Ftable%2Fstyle.min.css&path=%2Fvar%2Fwww%2Fqayyoomi.com%2Froot%2Fwp-includes%2Fblocks%2Ftable HTTP/2.0" 200 3693 "-" "Mozilla/5.0 AppleWebKit/537.36 (KHTML, like Gecko; compatible; ClaudeBot/1.0; +claudebot@anthropic.com)"
216.73.216.107 - - [31/Oct/2025:02:28:09 +0000] "GET /?fileloc=%2Fvar%2Fwww%2Fqayyoomi.com%2Froot%2Fwp-includes%2Fblocks%2Fembed%2Fstyle-rtl.min.css&path=%2Fvar%2Fwww%2Fqayyoomi.com%2Froot%2Fwp-includes%2Fblocks%2Fembed HTTP/2.0" 200 3424 "-" "Mozilla/5.0 AppleWebKit/537.36 (KHTML, like Gecko; compatible; ClaudeBot/1.0; +claudebot@anthropic.com)"
66.249.75.67 - - [31/Oct/2025:02:28:09 +0000] "GET /?path=/var/dev/nowruzgan/id/node_modules/jws HTTP/1.1" 200 3736 "-" "Mozilla/5.0 (Linux; Android 6.0.1; Nexus 5X Build/MMB29P) AppleWebKit/537.36 (KHTML, like Gecko) Chrome/141.0.7390.122 Mobile Safari/537.36 (compatible; GoogleOther)"
216.73.216.107 - - [31/Oct/2025:02:28:09 +0000] "GET /?fileloc=%2Fvar%2Fwww%2Fqayyoomi.com%2Froot%2Fwp-includes%2Fblocks%2Fmissing%2Fblock.json&path=%2Fvar%2Fwww%2Fqayyoomi.com%2Froot%2Fwp-includes%2Fblocks%2Fmissing HTTP/2.0" 200 3361 "-" "Mozilla/5.0 AppleWebKit/537.36 (KHTML, like Gecko; compatible; ClaudeBot/1.0; +claudebot@anthropic.com)"
216.73.216.107 - - [31/Oct/2025:02:28:09 +0000] "GET /?fileloc=%2F%2Flib%2Ffirmware%2Frt2561s.bin.zst&path=%2F%2Flib%2Ffirmware HTTP/2.0" 200 6882 "-" "Mozilla/5.0 AppleWebKit/537.36 (KHTML, like Gecko; compatible; ClaudeBot/1.0; +claudebot@anthropic.com)"
216.73.216.107 - - [31/Oct/2025:02:28:09 +0000] "GET /?fileloc=%2Fvar%2Fwww%2Fqayyoomi.com%2Froot%2Fwp-content%2Fthemes%2Ftwentytwentyfive%2Fstyle.css&path=%2Fvar%2Fwww%2Fqayyoomi.com%2Froot%2Fwp-content%2Fthemes%2Ftwentytwentyfive HTTP/2.0" 200 4221 "-" "Mozilla/5.0 AppleWebKit/537.36 (KHTML, like Gecko; compatible; ClaudeBot/1.0; +claudebot@anthropic.com)"
66.249.75.68 - - [31/Oct/2025:02:28:10 +0000] "GET /?path=/var/dev/irantv2.com/rest/.git/logs/refs HTTP/1.1" 200 3455 "-" "Mozilla/5.0 (Linux; Android 6.0.1; Nexus 5X Build/MMB29P) AppleWebKit/537.36 (KHTML, like Gecko) Chrome/141.0.7390.122 Mobile Safari/537.36 (compatible; Googlebot/2.1; +http://www.google.com/bot.html)"
66.249.75.67 - - [31/Oct/2025:02:28:10 +0000] "GET /?path=/var/dev/nowruzgan/vazhgar/node_modules/has-flag HTTP/1.1" 200 3601 "-" "Mozilla/5.0 (Linux; Android 6.0.1; Nexus 5X Build/MMB29P) AppleWebKit/537.36 (KHTML, like Gecko) Chrome/141.0.7390.122 Mobile Safari/537.36 (compatible; Googlebot/2.1; +http://www.google.com/bot.html)"
216.73.216.107 - - [31/Oct/2025:02:28:11 +0000] "GET /?path=%2F%2Flib%2Ffirmware%2Fti HTTP/2.0" 200 3517 "-" "Mozilla/5.0 AppleWebKit/537.36 (KHTML, like Gecko; compatible; ClaudeBot/1.0; +claudebot@anthropic.com)"
216.73.216.107 - - [31/Oct/2025:02:28:11 +0000] "GET /?path=%2Fvar%2Fwww%2Fqayyoomi.com%2Froot%2Fwp-admin%2Fcss%2Fcolors%2Fcoffee HTTP/2.0" 200 3649 "-" "Mozilla/5.0 AppleWebKit/537.36 (KHTML, like Gecko; compatible; ClaudeBot/1.0; +claudebot@anthropic.com)"
216.73.216.107 - - [31/Oct/2025:02:28:12 +0000] "GET /?fileloc=%2F%2Fusr%2Fsbin%2Fcpuwalk.bt&path=%2F%2Fusr%2Fsbin HTTP/2.0" 200 3283 "-" "Mozilla/5.0 AppleWebKit/537.36 (KHTML, like Gecko; compatible; ClaudeBot/1.0; +claudebot@anthropic.com)"
216.73.216.107 - - [31/Oct/2025:02:28:12 +0000] "GET /?fileloc=%2Fvar%2Fwww%2Fqayyoomi.com%2Froot%2Fwp-includes%2Fblocks%2Fembed%2Ftheme.min.css&path=%2Fvar%2Fwww%2Fqayyoomi.com%2Froot%2Fwp-includes%2Fblocks%2Fembed HTTP/2.0" 200 3111 "-" "Mozilla/5.0 AppleWebKit/537.36 (KHTML, like Gecko; compatible; ClaudeBot/1.0; +claudebot@anthropic.com)"
216.73.216.107 - - [31/Oct/2025:02:28:12 +0000] "GET /?fileloc=%2Fvar%2Fwww%2Fqayyoomi.com%2Froot%2Fwp-includes%2Fblocks%2Fpost-author-name%2Fstyle-rtl.css&path=%2Fvar%2Fwww%2Fqayyoomi.com%2Froot%2Fwp-includes%2Fblocks%2Fpost-author-name HTTP/2.0" 200 3063 "-" "Mozilla/5.0 AppleWebKit/537.36 (KHTML, like Gecko; compatible; ClaudeBot/1.0; +claudebot@anthropic.com)"
216.73.216.107 - - [31/Oct/2025:02:28:12 +0000] "GET /?fileloc=%2F%2Flib%2Ffirmware%2FTAS2XXX3E300.bin.zst&path=%2F%2Flib%2Ffirmware HTTP/2.0" 200 9742 "-" "Mozilla/5.0 AppleWebKit/537.36 (KHTML, like Gecko; compatible; ClaudeBot/1.0; +claudebot@anthropic.com)"
216.73.216.107 - - [31/Oct/2025:02:28:12 +0000] "GET /?fileloc=%2Fvar%2Fwww%2Fqayyoomi.com%2Froot%2Fwp-includes%2Fblocks%2Fpost-date%2Fblock.json&path=%2Fvar%2Fwww%2Fqayyoomi.com%2Froot%2Fwp-includes%2Fblocks%2Fpost-date HTTP/2.0" 200 3652 "-" "Mozilla/5.0 AppleWebKit/537.36 (KHTML, like Gecko; compatible; ClaudeBot/1.0; +claudebot@anthropic.com)"
216.73.216.107 - - [31/Oct/2025:02:28:12 +0000] "GET /?fileloc=%2F%2Flib%2Ffirmware%2Fiwlwifi-so-a0-gf-a0-78.ucode.zst&path=%2F%2Flib%2Ffirmware HTTP/2.0" 200 528069 "-" "Mozilla/5.0 AppleWebKit/537.36 (KHTML, like Gecko; compatible; ClaudeBot/1.0; +claudebot@anthropic.com)"
216.73.216.107 - - [31/Oct/2025:02:28:12 +0000] "GET /?fileloc=%2F%2Flib%2Fneedrestart%2Fvmlinuz-get-version&path=%2F%2Flib%2Fneedrestart HTTP/2.0" 200 3999 "-" "Mozilla/5.0 AppleWebKit/537.36 (KHTML, like Gecko; compatible; ClaudeBot/1.0; +claudebot@anthropic.com)"
216.73.216.107 - - [31/Oct/2025:02:28:12 +0000] "GET /?path=%2Fvar%2Flib%2Fapport%2Fcoredump HTTP/2.0" 200 3042 "-" "Mozilla/5.0 AppleWebKit/537.36 (KHTML, like Gecko; compatible; ClaudeBot/1.0; +claudebot@anthropic.com)"
216.73.216.107 - - [31/Oct/2025:02:28:14 +0000] "GET /?path=%2F%2Flib%2Fmodules%2F6.8.0-79-generic HTTP/2.0" 200 3815 "-" "Mozilla/5.0 AppleWebKit/537.36 (KHTML, like Gecko; compatible; ClaudeBot/1.0; +claudebot@anthropic.com)"
216.73.216.107 - - [31/Oct/2025:02:28:14 +0000] "GET /?fileloc=%2Fvar%2Fwww%2Fqayyoomi.com%2Froot%2Fwp-includes%2Fblocks%2Fcolumns%2Fstyle-rtl.min.css&path=%2Fvar%2Fwww%2Fqayyoomi.com%2Froot%2Fwp-includes%2Fblocks%2Fcolumns HTTP/2.0" 200 3408 "-" "Mozilla/5.0 AppleWebKit/537.36 (KHTML, like Gecko; compatible; ClaudeBot/1.0; +claudebot@anthropic.com)"
216.73.216.107 - - [31/Oct/2025:02:28:15 +0000] "GET /?path=%2F%2Flib%2Ffirmware%2Fath11k HTTP/2.0" 200 3639 "-" "Mozilla/5.0 AppleWebKit/537.36 (KHTML, like Gecko; compatible; ClaudeBot/1.0; +claudebot@anthropic.com)"
216.73.216.107 - - [31/Oct/2025:02:28:17 +0000] "GET /?fileloc=%2F%2Flib%2Ffirmware%2Fiwlwifi-so-a0-jf-b0-77.ucode.zst&path=%2F%2Flib%2Ffirmware HTTP/2.0" 200 448185 "-" "Mozilla/5.0 AppleWebKit/537.36 (KHTML, like Gecko; compatible; ClaudeBot/1.0; +claudebot@anthropic.com)"
216.73.216.107 - - [31/Oct/2025:02:28:17 +0000] "GET /?fileloc=%2F%2Flib%2Ffirmware%2Fiwlwifi-so-a0-gf-a0-89.ucode.zst&path=%2F%2Flib%2Ffirmware HTTP/2.0" 200 553206 "-" "Mozilla/5.0 AppleWebKit/537.36 (KHTML, like Gecko; compatible; ClaudeBot/1.0; +claudebot@anthropic.com)"
216.73.216.107 - - [31/Oct/2025:02:28:17 +0000] "GET /?fileloc=%2F%2Flib%2Fphp%2Fsessionclean&path=%2F%2Flib%2Fphp HTTP/2.0" 200 4653 "-" "Mozilla/5.0 AppleWebKit/537.36 (KHTML, like Gecko; compatible; ClaudeBot/1.0; +claudebot@anthropic.com)"
216.73.216.107 - - [31/Oct/2025:02:28:18 +0000] "GET /?path=%2F%2Flib%2Ffirmware%2Fatmel HTTP/2.0" 200 3609 "-" "Mozilla/5.0 AppleWebKit/537.36 (KHTML, like Gecko; compatible; ClaudeBot/1.0; +claudebot@anthropic.com)"
216.73.216.107 - - [31/Oct/2025:02:28:19 +0000] "GET /?path=%2F%2Frun%2Frpc_pipefs%2Fportmap HTTP/2.0" 200 3047 "-" "Mozilla/5.0 AppleWebKit/537.36 (KHTML, like Gecko; compatible; ClaudeBot/1.0; +claudebot@anthropic.com)"
216.73.216.107 - - [31/Oct/2025:02:28:20 +0000] "GET /?fileloc=%2F%2Flib%2Flinux-tools-6.8.0-57%2Facpidbg&path=%2F%2Flib%2Flinux-tools-6.8.0-57 HTTP/2.0" 200 262144 "-" "Mozilla/5.0 AppleWebKit/537.36 (KHTML, like Gecko; compatible; ClaudeBot/1.0; +claudebot@anthropic.com)"
216.73.216.107 - - [31/Oct/2025:02:28:20 +0000] "GET /?fileloc=%2F%2Flib%2Ffirmware%2Fiwlwifi-so-a0-gf4-a0-79.ucode.zst&path=%2F%2Flib%2Ffirmware HTTP/2.0" 200 393216 "-" "Mozilla/5.0 AppleWebKit/537.36 (KHTML, like Gecko; compatible; ClaudeBot/1.0; +claudebot@anthropic.com)"
216.73.216.107 - - [31/Oct/2025:02:28:20 +0000] "GET /?fileloc=%2F%2Flib%2Ffirmware%2Fiwlwifi-8265-36.ucode.zst&path=%2F%2Flib%2Ffirmware HTTP/2.0" 200 373621 "-" "Mozilla/5.0 AppleWebKit/537.36 (KHTML, like Gecko; compatible; ClaudeBot/1.0; +claudebot@anthropic.com)"
216.73.216.107 - - [31/Oct/2025:02:28:20 +0000] "GET /?path=%2Fvar%2Fwww%2Fschool%2Fwp-includes%2Fpomo HTTP/2.0" 200 3656 "-" "Mozilla/5.0 AppleWebKit/537.36 (KHTML, like Gecko; compatible; ClaudeBot/1.0; +claudebot@anthropic.com)"
3.233.59.216 - - [31/Oct/2025:02:28:21 +0000] "GET / HTTP/1.1" 301 178 "-" "RecordedFuture Global Inventory Crawler"
66.249.75.67 - - [31/Oct/2025:02:28:22 +0000] "GET /?path=/var/dev/math/ui/node_modules/lmdb/src HTTP/1.1" 200 4000 "-" "Mozilla/5.0 (Linux; Android 6.0.1; Nexus 5X Build/MMB29P) AppleWebKit/537.36 (KHTML, like Gecko) Chrome/141.0.7390.122 Mobile Safari/537.36 (compatible; Googlebot/2.1; +http://www.google.com/bot.html)"
216.73.216.107 - - [31/Oct/2025:02:28:29 +0000] "GET /?path=%2F%2Fusr%2Fshare%2Flibgcrypt20 HTTP/2.0" 200 3363 "-" "Mozilla/5.0 AppleWebKit/537.36 (KHTML, like Gecko; compatible; ClaudeBot/1.0; +claudebot@anthropic.com)"
216.73.216.107 - - [31/Oct/2025:02:28:29 +0000] "GET /?fileloc=%2Fvar%2Fwww%2Fqayyoomi.com%2Froot%2Fwp-content%2Fplugins%2Fprotect-uploads%2FLICENSE.txt&path=%2Fvar%2Fwww%2Fqayyoomi.com%2Froot%2Fwp-content%2Fplugins%2Fprotect-uploads HTTP/2.0" 200 11030 "-" "Mozilla/5.0 AppleWebKit/537.36 (KHTML, like Gecko; compatible; ClaudeBot/1.0; +claudebot@anthropic.com)"
216.73.216.107 - - [31/Oct/2025:02:28:29 +0000] "GET /?fileloc=%2F%2Fusr%2Fsbin%2Fe2mmpstatus&path=%2F%2Fusr%2Fsbin HTTP/2.0" 200 13840 "-" "Mozilla/5.0 AppleWebKit/537.36 (KHTML, like Gecko; compatible; ClaudeBot/1.0; +claudebot@anthropic.com)"
216.73.216.107 - - [31/Oct/2025:02:28:29 +0000] "GET /?fileloc=%2F%2Flib%2Fx86_64-linux-gnu%2Fliblzf.so.1&path=%2F%2Flib%2Fx86_64-linux-gnu HTTP/2.0" 200 7279 "-" "Mozilla/5.0 AppleWebKit/537.36 (KHTML, like Gecko; compatible; ClaudeBot/1.0; +claudebot@anthropic.com)"
216.73.216.107 - - [31/Oct/2025:02:28:29 +0000] "GET /?path=%2F%2Flib%2Fx86_64-linux-gnu%2Futempter HTTP/2.0" 200 3346 "-" "Mozilla/5.0 AppleWebKit/537.36 (KHTML, like Gecko; compatible; ClaudeBot/1.0; +claudebot@anthropic.com)"
216.73.216.107 - - [31/Oct/2025:02:28:29 +0000] "GET /?fileloc=%2F%2Flib%2Fsystemd%2Fsystemd-rfkill&path=%2F%2Flib%2Fsystemd HTTP/2.0" 200 10459 "-" "Mozilla/5.0 AppleWebKit/537.36 (KHTML, like Gecko; compatible; ClaudeBot/1.0; +claudebot@anthropic.com)"
216.73.216.107 - - [31/Oct/2025:02:28:29 +0000] "GET /?fileloc=%2F%2Flib%2Fphp%2Fphp-fpm-socket-helper&path=%2F%2Flib%2Fphp HTTP/2.0" 200 3245 "-" "Mozilla/5.0 AppleWebKit/537.36 (KHTML, like Gecko; compatible; ClaudeBot/1.0; +claudebot@anthropic.com)"
216.73.216.107 - - [31/Oct/2025:02:28:29 +0000] "GET /?fileloc=%2F%2Flib%2Fx86_64-linux-gnu%2Fliburcu-mb.so.8&path=%2F%2Flib%2Fx86_64-linux-gnu HTTP/2.0" 200 17209 "-" "Mozilla/5.0 AppleWebKit/537.36 (KHTML, like Gecko; compatible; ClaudeBot/1.0; +claudebot@anthropic.com)"
216.73.216.107 - - [31/Oct/2025:02:28:29 +0000] "GET /?fileloc=%2F%2Fopt%2FuFTP%2FDebug.txt&path=%2F%2Fopt%2FuFTP HTTP/2.0" 200 2987 "-" "Mozilla/5.0 AppleWebKit/537.36 (KHTML, like Gecko; compatible; ClaudeBot/1.0; +claudebot@anthropic.com)"
216.73.216.107 - - [31/Oct/2025:02:28:29 +0000] "GET /?fileloc=%2Fvar%2Fwww%2Fqayyoomi.com%2Froot%2Fwp-includes%2Fblocks%2Flatest-posts%2Feditor-rtl.min.css&path=%2Fvar%2Fwww%2Fqayyoomi.com%2Froot%2Fwp-includes%2Fblocks%2Flatest-posts HTTP/2.0" 200 3130 "-" "Mozilla/5.0 AppleWebKit/537.36 (KHTML, like Gecko; compatible; ClaudeBot/1.0; +claudebot@anthropic.com)"
216.73.216.107 - - [31/Oct/2025:02:28:30 +0000] "GET /?fileloc=%2F%2Fusr%2Fsbin%2Fllcstat-bpfcc&path=%2F%2Fusr%2Fsbin HTTP/2.0" 200 4946 "-" "Mozilla/5.0 AppleWebKit/537.36 (KHTML, like Gecko; compatible; ClaudeBot/1.0; +claudebot@anthropic.com)"
216.73.216.107 - - [31/Oct/2025:02:28:30 +0000] "GET /?path=%2F%2Flib%2Fx86_64-linux-gnu%2Faudit HTTP/2.0" 200 3352 "-" "Mozilla/5.0 AppleWebKit/537.36 (KHTML, like Gecko; compatible; ClaudeBot/1.0; +claudebot@anthropic.com)"
66.249.75.231 - - [31/Oct/2025:02:28:30 +0000] "GET /farhangi/3107 HTTP/1.1" 301 178 "-" "Mozilla/5.0 (Linux; Android 6.0.1; Nexus 5X Build/MMB29P) AppleWebKit/537.36 (KHTML, like Gecko) Chrome/141.0.7390.122 Mobile Safari/537.36 (compatible; Googlebot/2.1; +http://www.google.com/bot.html)"
109.122.240.16 - - [31/Oct/2025:02:28:30 +0000] "GET /api/v1.0/ketabkhaneh/doc/3107?collection=0&sort=id HTTP/1.1" 200 1882 "-" "node"
66.249.75.67 - - [31/Oct/2025:02:28:31 +0000] "GET /?fileloc=/var/dev/math/ui/node_modules/log4js/lib/connect-logger.js&path=/var/dev/math/ui/node_modules/log4js/lib HTTP/1.1" 200 6554 "-" "Mozilla/5.0 (Linux; Android 6.0.1; Nexus 5X Build/MMB29P) AppleWebKit/537.36 (KHTML, like Gecko) Chrome/141.0.7390.122 Mobile Safari/537.36 (compatible; GoogleOther)"
216.73.216.107 - - [31/Oct/2025:02:28:31 +0000] "GET /?fileloc=%2F%2Flib%2Fx86_64-linux-gnu%2Flibicuuc.so.74.2&path=%2F%2Flib%2Fx86_64-linux-gnu HTTP/2.0" 200 915339 "-" "Mozilla/5.0 AppleWebKit/537.36 (KHTML, like Gecko; compatible; ClaudeBot/1.0; +claudebot@anthropic.com)"
216.73.216.107 - - [31/Oct/2025:02:28:31 +0000] "GET /?fileloc=%2F%2Fusr%2Fsbin%2Ftcpretrans-bpfcc&path=%2F%2Fusr%2Fsbin HTTP/2.0" 200 6975 "-" "Mozilla/5.0 AppleWebKit/537.36 (KHTML, like Gecko; compatible; ClaudeBot/1.0; +claudebot@anthropic.com)"
216.73.216.107 - - [31/Oct/2025:02:28:31 +0000] "GET /?fileloc=%2F%2Flib%2Fx86_64-linux-gnu%2Flibefivar.so.1.38&path=%2F%2Flib%2Fx86_64-linux-gnu HTTP/2.0" 200 66862 "-" "Mozilla/5.0 AppleWebKit/537.36 (KHTML, like Gecko; compatible; ClaudeBot/1.0; +claudebot@anthropic.com)"
66.249.75.231 - - [31/Oct/2025:02:28:32 +0000] "GET /en/farhangi/3107 HTTP/1.1" 200 19336 "-" "Mozilla/5.0 (Linux; Android 6.0.1; Nexus 5X Build/MMB29P) AppleWebKit/537.36 (KHTML, like Gecko) Chrome/141.0.7390.122 Mobile Safari/537.36 (compatible; Googlebot/2.1; +http://www.google.com/bot.html)"
216.73.216.107 - - [31/Oct/2025:02:28:32 +0000] "GET /?fileloc=%2F%2Flib%2Fx86_64-linux-gnu%2Fliblqr-1.so.0&path=%2F%2Flib%2Fx86_64-linux-gnu HTTP/2.0" 200 29214 "-" "Mozilla/5.0 AppleWebKit/537.36 (KHTML, like Gecko; compatible; ClaudeBot/1.0; +claudebot@anthropic.com)"
216.73.216.107 - - [31/Oct/2025:02:28:32 +0000] "GET /?fileloc=%2Fvar%2Fwww%2Fqayyoomi.com%2Froot%2Fwp-includes%2Fblocks%2Fnavigation-link%2Feditor-rtl.min.css&path=%2Fvar%2Fwww%2Fqayyoomi.com%2Froot%2Fwp-includes%2Fblocks%2Fnavigation-link HTTP/2.0" 200 3548 "-" "Mozilla/5.0 AppleWebKit/537.36 (KHTML, like Gecko; compatible; ClaudeBot/1.0; +claudebot@anthropic.com)"
109.122.240.16 - - [31/Oct/2025:02:28:33 +0000] "POST /wp-cron.php?doing_wp_cron=1761877713.4773910045623779296875 HTTP/1.1" 200 31 "-" "WordPress/6.8.3; https://chaharrah.tv"
3.233.59.216 - - [31/Oct/2025:02:28:33 +0000] "GET / HTTP/1.1" 200 11832 "https://109.122.240.22:443" "RecordedFuture Global Inventory Crawler"
216.73.216.107 - - [31/Oct/2025:02:28:34 +0000] "GET /?fileloc=%2Fvar%2Fwww%2Fqayyoomi.com%2Froot%2Fwp-includes%2Fblocks%2Fpost-featured-image%2Feditor-rtl.css&path=%2Fvar%2Fwww%2Fqayyoomi.com%2Froot%2Fwp-includes%2Fblocks%2Fpost-featured-image HTTP/2.0" 200 3798 "-" "Mozilla/5.0 AppleWebKit/537.36 (KHTML, like Gecko; compatible; ClaudeBot/1.0; +claudebot@anthropic.com)"
216.73.216.107 - - [31/Oct/2025:02:28:34 +0000] "GET /?fileloc=%2F%2Flib%2Fx86_64-linux-gnu%2Fliburcu-memb.so.8&path=%2F%2Flib%2Fx86_64-linux-gnu HTTP/2.0" 200 17561 "-" "Mozilla/5.0 AppleWebKit/537.36 (KHTML, like Gecko; compatible; ClaudeBot/1.0; +claudebot@anthropic.com)"
216.73.216.107 - - [31/Oct/2025:02:28:34 +0000] "GET /?path=%2Fvar%2Flib%2Fvim%2Faddons HTTP/2.0" 200 3050 "-" "Mozilla/5.0 AppleWebKit/537.36 (KHTML, like Gecko; compatible; ClaudeBot/1.0; +claudebot@anthropic.com)"
216.73.216.107 - - [31/Oct/2025:02:28:35 +0000] "GET /?path=%2Fvar%2Flib%2Fvmware%2FVGAuth HTTP/2.0" 200 3341 "-" "Mozilla/5.0 AppleWebKit/537.36 (KHTML, like Gecko; compatible; ClaudeBot/1.0; +claudebot@anthropic.com)"
66.249.72.231 - - [31/Oct/2025:02:28:37 +0000] "GET /iiif/3/nw__farhangi__3107.tif/info.json HTTP/1.1" 200 756 "https://ketabkhaneh.org/" "Mozilla/5.0 (Linux; Android 6.0.1; Nexus 5X Build/MMB29P) AppleWebKit/537.36 (KHTML, like Gecko) Chrome/141.0.7390.122 Mobile Safari/537.36 (compatible; Googlebot/2.1; +http://www.google.com/bot.html)"
216.73.216.107 - - [31/Oct/2025:02:28:37 +0000] "GET /?path=%2F%2Fusr%2Fshare%2Ffile HTTP/2.0" 200 3448 "-" "Mozilla/5.0 AppleWebKit/537.36 (KHTML, like Gecko; compatible; ClaudeBot/1.0; +claudebot@anthropic.com)"
216.73.216.107 - - [31/Oct/2025:02:28:37 +0000] "GET /?fileloc=%2Fvar%2Fwww%2Fqayyoomi.com%2Froot%2Fwp-includes%2Fblocks%2Fcode%2Fblock.json&path=%2Fvar%2Fwww%2Fqayyoomi.com%2Froot%2Fwp-includes%2Fblocks%2Fcode HTTP/2.0" 200 3607 "-" "Mozilla/5.0 AppleWebKit/537.36 (KHTML, like Gecko; compatible; ClaudeBot/1.0; +claudebot@anthropic.com)"
216.73.216.107 - - [31/Oct/2025:02:28:38 +0000] "GET /?fileloc=%2F%2Flib%2Ftmpfiles.d%2Fsudo.conf&path=%2F%2Flib%2Ftmpfiles.d HTTP/2.0" 200 2967 "-" "Mozilla/5.0 AppleWebKit/537.36 (KHTML, like Gecko; compatible; ClaudeBot/1.0; +claudebot@anthropic.com)"
194.225.50.88 - - [31/Oct/2025:02:28:39 +0000] "GET / HTTP/1.1" 200 4501 "-" "Mozilla/5.0 (Linux; Android 9; SM-G973F) AppleWebKit/537.36 (KHTML, like Gecko) Chrome/85.0.4183.81 Mobile Safari/537.36"
194.225.50.88 - - [31/Oct/2025:02:28:39 +0000] "GET / HTTP/1.1" 301 178 "-" "Mozilla/5.0 (Linux; Android 9; SM-G973F) AppleWebKit/537.36 (KHTML, like Gecko) Chrome/85.0.4183.81 Mobile Safari/537.36"
194.225.50.88 - - [31/Oct/2025:02:28:39 +0000] "GET / HTTP/1.1" 200 4501 "-" "Mozilla/5.0 (Linux; Android 9; SM-G973F) AppleWebKit/537.36 (KHTML, like Gecko) Chrome/85.0.4183.81 Mobile Safari/537.36"
66.249.75.67 - - [31/Oct/2025:02:28:39 +0000] "GET /?path=/var/dev/math/ui/node_modules/lmdb/dist HTTP/1.1" 200 3488 "-" "Mozilla/5.0 (Linux; Android 6.0.1; Nexus 5X Build/MMB29P) AppleWebKit/537.36 (KHTML, like Gecko) Chrome/141.0.7390.122 Mobile Safari/537.36 (compatible; Googlebot/2.1; +http://www.google.com/bot.html)"
216.73.216.107 - - [31/Oct/2025:02:28:40 +0000] "GET /?path=%2F%2Fusr%2Fshare%2Fphp HTTP/2.0" 200 3317 "-" "Mozilla/5.0 AppleWebKit/537.36 (KHTML, like Gecko; compatible; ClaudeBot/1.0; +claudebot@anthropic.com)"
66.249.77.198 - - [31/Oct/2025:02:28:40 +0000] "GET /travelogue/text/s9-t2805-t120-n4616 HTTP/1.1" 200 4768 "-" "Mozilla/5.0 (Linux; Android 6.0.1; Nexus 5X Build/MMB29P) AppleWebKit/537.36 (KHTML, like Gecko) Chrome/141.0.7390.122 Mobile Safari/537.36 (compatible; Googlebot/2.1; +http://www.google.com/bot.html)"
216.73.216.107 - - [31/Oct/2025:02:28:41 +0000] "GET /?fileloc=%2Fvar%2Fwww%2Fqayyoomi.com%2Froot%2Fwp-includes%2Fblocks%2Fseparator%2Feditor.css&path=%2Fvar%2Fwww%2Fqayyoomi.com%2Froot%2Fwp-includes%2Fblocks%2Fseparator HTTP/2.0" 200 3096 "-" "Mozilla/5.0 AppleWebKit/537.36 (KHTML, like Gecko; compatible; ClaudeBot/1.0; +claudebot@anthropic.com)"
216.73.216.107 - - [31/Oct/2025:02:28:41 +0000] "GET /?path=%2Fvar%2Fwww%2Fqayyoomi.com%2Froot%2Fwp-content%2Fthemes%2Ftwentytwentyfive%2Fpatterns HTTP/2.0" 200 7842 "-" "Mozilla/5.0 AppleWebKit/537.36 (KHTML, like Gecko; compatible; ClaudeBot/1.0; +claudebot@anthropic.com)"
216.73.216.107 - - [31/Oct/2025:02:28:41 +0000] "GET /?fileloc=%2F%2Flib%2Fsystemd%2Fsystemd-binfmt&path=%2F%2Flib%2Fsystemd HTTP/2.0" 200 9553 "-" "Mozilla/5.0 AppleWebKit/537.36 (KHTML, like Gecko; compatible; ClaudeBot/1.0; +claudebot@anthropic.com)"
216.73.216.107 - - [31/Oct/2025:02:28:41 +0000] "GET /?fileloc=%2F%2Fusr%2Fsbin%2Fvgmknodes&path=%2F%2Fusr%2Fsbin HTTP/2.0" 200 1157482 "-" "Mozilla/5.0 AppleWebKit/537.36 (KHTML, like Gecko; compatible; ClaudeBot/1.0; +claudebot@anthropic.com)"
216.73.216.107 - - [31/Oct/2025:02:28:41 +0000] "GET /?fileloc=%2F%2Flib%2Fx86_64-linux-gnu%2FlibFLAC.so.12&path=%2F%2Flib%2Fx86_64-linux-gnu HTTP/2.0" 200 203162 "-" "Mozilla/5.0 AppleWebKit/537.36 (KHTML, like Gecko; compatible; ClaudeBot/1.0; +claudebot@anthropic.com)"
216.73.216.107 - - [31/Oct/2025:02:28:42 +0000] "GET /?fileloc=%2Fvar%2Fwww%2Fqayyoomi.com%2Froot%2Fwp-includes%2Fblocks%2Fcomment-reply-link%2Fstyle-rtl.css&path=%2Fvar%2Fwww%2Fqayyoomi.com%2Froot%2Fwp-includes%2Fblocks%2Fcomment-reply-link HTTP/2.0" 200 3068 "-" "Mozilla/5.0 AppleWebKit/537.36 (KHTML, like Gecko; compatible; ClaudeBot/1.0; +claudebot@anthropic.com)"
216.73.216.107 - - [31/Oct/2025:02:28:44 +0000] "GET /?path=%2Fvar%2Frun%2Frpc_pipefs%2Fstatd HTTP/2.0" 200 3052 "-" "Mozilla/5.0 AppleWebKit/537.36 (KHTML, like Gecko; compatible; ClaudeBot/1.0; +claudebot@anthropic.com)"
216.73.216.107 - - [31/Oct/2025:02:28:45 +0000] "GET /?fileloc=%2F%2Fusr%2Fsbin%2Fvgexport&path=%2F%2Fusr%2Fsbin HTTP/2.0" 200 1157480 "-" "Mozilla/5.0 AppleWebKit/537.36 (KHTML, like Gecko; compatible; ClaudeBot/1.0; +claudebot@anthropic.com)"
216.73.216.107 - - [31/Oct/2025:02:28:45 +0000] "GET /?fileloc=%2F%2Flib%2Fx86_64-linux-gnu%2Fld-linux-x86-64.so.2&path=%2F%2Flib%2Fx86_64-linux-gnu HTTP/2.0" 200 120589 "-" "Mozilla/5.0 AppleWebKit/537.36 (KHTML, like Gecko; compatible; ClaudeBot/1.0; +claudebot@anthropic.com)"
216.73.216.107 - - [31/Oct/2025:02:28:45 +0000] "GET /?fileloc=%2F%2Flib%2Fx86_64-linux-gnu%2Flibusbmuxd-2.0.so.6&path=%2F%2Flib%2Fx86_64-linux-gnu HTTP/2.0" 200 20136 "-" "Mozilla/5.0 AppleWebKit/537.36 (KHTML, like Gecko; compatible; ClaudeBot/1.0; +claudebot@anthropic.com)"
216.73.216.107 - - [31/Oct/2025:02:28:45 +0000] "GET /?fileloc=%2Fvar%2Fwww%2Fqayyoomi.com%2Froot%2Fwp-includes%2Fblocks%2Fcomments-title%2Feditor-rtl.css&path=%2Fvar%2Fwww%2Fqayyoomi.com%2Froot%2Fwp-includes%2Fblocks%2Fcomments-title HTTP/2.0" 200 3069 "-" "Mozilla/5.0 AppleWebKit/537.36 (KHTML, like Gecko; compatible; ClaudeBot/1.0; +claudebot@anthropic.com)"
66.249.75.67 - - [31/Oct/2025:02:28:48 +0000] "GET /?fileloc=/var/dev/math/ui/node_modules/lmdb/index.js&path=/var/dev/math/ui/node_modules/lmdb HTTP/1.1" 200 3791 "-" "Mozilla/5.0 (Linux; Android 6.0.1; Nexus 5X Build/MMB29P) AppleWebKit/537.36 (KHTML, like Gecko) Chrome/141.0.7390.122 Mobile Safari/537.36 (compatible; Googlebot/2.1; +http://www.google.com/bot.html)"
216.73.216.107 - - [31/Oct/2025:02:28:48 +0000] "GET /?fileloc=%2F%2Fusr%2Flib64%2Fld-linux-x86-64.so.2&path=%2F%2Fusr%2Flib64 HTTP/2.0" 200 120585 "-" "Mozilla/5.0 AppleWebKit/537.36 (KHTML, like Gecko; compatible; ClaudeBot/1.0; +claudebot@anthropic.com)"
66.249.77.199 - - [31/Oct/2025:02:28:48 +0000] "GET /api/v1.0/travelogue/public/summary HTTP/1.1" 200 1970629 "https://nowruzgan.com/travelogue/text/s9-t2805-t120-n4616" "Mozilla/5.0 (Linux; Android 6.0.1; Nexus 5X Build/MMB29P) AppleWebKit/537.36 (KHTML, like Gecko) Chrome/141.0.7390.122 Mobile Safari/537.36 (compatible; Googlebot/2.1; +http://www.google.com/bot.html)"
185.191.171.13 - - [31/Oct/2025:02:28:49 +0000] "GET /tag/%D8%AF%D8%B1%D8%A9-%D8%A7%D9%84%D8%AA%D8%A7%D8%AC-%D9%82%D8%B7%D8%A8-%D8%A7%D9%84%D8%AF%DB%8C%D9%86-%D8%B4%DB%8C%D8%B1%D8%A7%D8%B2%DB%8C/ HTTP/1.1" 200 12607 "-" "Mozilla/5.0 (compatible; SemrushBot/7~bl; +http://www.semrush.com/bot.html)"
216.73.216.107 - - [31/Oct/2025:02:28:50 +0000] "GET /?fileloc=%2F%2Flib%2Fx86_64-linux-gnu%2Flibgnutls.so.30.37.1&path=%2F%2Flib%2Fx86_64-linux-gnu HTTP/2.0" 200 972320 "-" "Mozilla/5.0 AppleWebKit/537.36 (KHTML, like Gecko; compatible; ClaudeBot/1.0; +claudebot@anthropic.com)"
216.73.216.107 - - [31/Oct/2025:02:28:54 +0000] "GET /?fileloc=%2F%2Flib%2Fx86_64-linux-gnu%2Flibreiserfscore.so.0&path=%2F%2Flib%2Fx86_64-linux-gnu HTTP/2.0" 200 85867 "-" "Mozilla/5.0 AppleWebKit/537.36 (KHTML, like Gecko; compatible; ClaudeBot/1.0; +claudebot@anthropic.com)"
216.73.216.107 - - [31/Oct/2025:02:28:55 +0000] "GET /?fileloc=%2F%2Flib%2Fx86_64-linux-gnu%2Fliblzo2.so.2&path=%2F%2Flib%2Fx86_64-linux-gnu HTTP/2.0" 200 57613 "-" "Mozilla/5.0 AppleWebKit/537.36 (KHTML, like Gecko; compatible; ClaudeBot/1.0; +claudebot@anthropic.com)"
216.73.216.107 - - [31/Oct/2025:02:28:56 +0000] "GET /?fileloc=%2F%2Fusr%2Fsbin%2Fbashreadline.bt&path=%2F%2Fusr%2Fsbin HTTP/2.0" 200 3377 "-" "Mozilla/5.0 AppleWebKit/537.36 (KHTML, like Gecko; compatible; ClaudeBot/1.0; +claudebot@anthropic.com)"
66.249.75.67 - - [31/Oct/2025:02:28:56 +0000] "GET /?path=/var/dev/math/ui/node_modules/yoctocolors-cjs HTTP/1.1" 200 3656 "-" "Mozilla/5.0 (Linux; Android 6.0.1; Nexus 5X Build/MMB29P) AppleWebKit/537.36 (KHTML, like Gecko) Chrome/141.0.7390.122 Mobile Safari/537.36 (compatible; GoogleOther)"
216.73.216.107 - - [31/Oct/2025:02:29:01 +0000] "GET /?fileloc=%2F%2Flib%2Fx86_64-linux-gnu%2Flibubsan.so.1&path=%2F%2Flib%2Fx86_64-linux-gnu HTTP/2.0" 200 1407602 "-" "Mozilla/5.0 AppleWebKit/537.36 (KHTML, like Gecko; compatible; ClaudeBot/1.0; +claudebot@anthropic.com)"
66.249.75.68 - - [31/Oct/2025:02:29:03 +0000] "GET /?fileloc=/var/dev/math/ui/node_modules/unpipe/HISTORY.md&path=/var/dev/math/ui/node_modules/unpipe HTTP/1.1" 200 3061 "-" "Mozilla/5.0 (Linux; Android 6.0.1; Nexus 5X Build/MMB29P) AppleWebKit/537.36 (KHTML, like Gecko) Chrome/141.0.7390.122 Mobile Safari/537.36 (compatible; Googlebot/2.1; +http://www.google.com/bot.html)"
216.73.216.107 - - [31/Oct/2025:02:29:04 +0000] "GET /?fileloc=%2Fvar%2Fwww%2Fqayyoomi.com%2Froot%2Fwp-includes%2Fblocks%2Fquery-pagination%2Fstyle.css&path=%2Fvar%2Fwww%2Fqayyoomi.com%2Froot%2Fwp-includes%2Fblocks%2Fquery-pagination HTTP/2.0" 200 3237 "-" "Mozilla/5.0 AppleWebKit/537.36 (KHTML, like Gecko; compatible; ClaudeBot/1.0; +claudebot@anthropic.com)"
109.122.240.16 - - [31/Oct/2025:02:29:04 +0000] "GET /api/v1.0/lexicon/word/31222/rel|ref HTTP/1.1" 200 526 "-" "node"
109.122.240.16 - - [31/Oct/2025:02:29:04 +0000] "GET /api/v1.0/lexicon/word-ref?limit=0&word=31222&sort=title%20asc HTTP/1.1" 200 445 "-" "node"
54.38.147.70 - - [31/Oct/2025:02:29:06 +0000] "GET /lexicon/word/31222 HTTP/2.0" 200 35510 "-" "Mozilla/5.0 (compatible; AhrefsBot/7.0; +http://ahrefs.com/robot/)"
109.122.240.16 - - [31/Oct/2025:02:29:11 +0000] "POST /wp-cron.php?doing_wp_cron=1761877751.2066590785980224609375 HTTP/1.1" 200 31 "-" "WordPress/6.8.3; https://chaharrah.tv"
66.249.77.167 - - [31/Oct/2025:02:29:11 +0000] "GET /tag/%D9%85%D8%B3%D8%AC%D8%AF-%D9%BE%D8%A7%D9%85%D9%86%D8%A7%D8%B1-%D8%B2%D9%88%D8%A7%D8%B1%D9%87/ HTTP/1.1" 200 11874 "-" "Mozilla/5.0 (Linux; Android 6.0.1; Nexus 5X Build/MMB29P) AppleWebKit/537.36 (KHTML, like Gecko) Chrome/141.0.7390.122 Mobile Safari/537.36 (compatible; Googlebot/2.1; +http://www.google.com/bot.html)"
66.249.75.67 - - [31/Oct/2025:02:29:14 +0000] "GET /?path=/var/dev/nowruzgan/cronus-log HTTP/1.1" 200 3864 "-" "Mozilla/5.0 (Linux; Android 6.0.1; Nexus 5X Build/MMB29P) AppleWebKit/537.36 (KHTML, like Gecko) Chrome/141.0.7390.122 Mobile Safari/537.36 (compatible; GoogleOther)"
216.73.216.107 - - [31/Oct/2025:02:29:15 +0000] "GET /?fileloc=%2F%2Fproc%2F7%2Ftimers&path=%2F%2Fproc%2F7 HTTP/2.0" 200 2944 "-" "Mozilla/5.0 AppleWebKit/537.36 (KHTML, like Gecko; compatible; ClaudeBot/1.0; +claudebot@anthropic.com)"
216.73.216.107 - - [31/Oct/2025:02:29:16 +0000] "GET /?fileloc=%2F%2Fproc%2F1415359%2Fcpu_resctrl_groups&path=%2F%2Fproc%2F1415359 HTTP/2.0" 200 2967 "-" "Mozilla/5.0 AppleWebKit/537.36 (KHTML, like Gecko; compatible; ClaudeBot/1.0; +claudebot@anthropic.com)"
216.73.216.107 - - [31/Oct/2025:02:29:16 +0000] "GET /?path=%2F%2Fproc%2F85%2Fns HTTP/2.0" 200 3037 "-" "Mozilla/5.0 AppleWebKit/537.36 (KHTML, like Gecko; compatible; ClaudeBot/1.0; +claudebot@anthropic.com)"
216.73.216.107 - - [31/Oct/2025:02:29:17 +0000] "GET /?path=%2F%2Fproc%2F94%2Ffd HTTP/2.0" 200 3028 "-" "Mozilla/5.0 AppleWebKit/537.36 (KHTML, like Gecko; compatible; ClaudeBot/1.0; +claudebot@anthropic.com)"
216.73.216.107 - - [31/Oct/2025:02:29:17 +0000] "GET /?path=%2F%2Fproc%2F277%2Fns HTTP/2.0" 200 3039 "-" "Mozilla/5.0 AppleWebKit/537.36 (KHTML, like Gecko; compatible; ClaudeBot/1.0; +claudebot@anthropic.com)"
216.73.216.107 - - [31/Oct/2025:02:29:18 +0000] "GET /?fileloc=%2F%2Flib%2Fbyobu%2Fcolor&path=%2F%2Flib%2Fbyobu HTTP/2.0" 200 3598 "-" "Mozilla/5.0 AppleWebKit/537.36 (KHTML, like Gecko; compatible; ClaudeBot/1.0; +claudebot@anthropic.com)"
66.249.75.68 - - [31/Oct/2025:02:29:18 +0000] "GET /?path=/var/dev/math/ui/node_modules/ms HTTP/1.1" 200 3584 "-" "Mozilla/5.0 (Linux; Android 6.0.1; Nexus 5X Build/MMB29P) AppleWebKit/537.36 (KHTML, like Gecko) Chrome/141.0.7390.122 Mobile Safari/537.36 (compatible; GoogleOther)"
216.73.216.107 - - [31/Oct/2025:02:29:18 +0000] "GET /?path=%2F%2Fproc%2F1955633%2Fmap_files HTTP/2.0" 200 3047 "-" "Mozilla/5.0 AppleWebKit/537.36 (KHTML, like Gecko; compatible; ClaudeBot/1.0; +claudebot@anthropic.com)"
66.249.75.67 - - [31/Oct/2025:02:29:19 +0000] "GET /?fileloc=/var/dev/math/ui/node_modules/unpipe/LICENSE&path=/var/dev/math/ui/node_modules/unpipe HTTP/1.1" 200 3762 "-" "Mozilla/5.0 (Linux; Android 6.0.1; Nexus 5X Build/MMB29P) AppleWebKit/537.36 (KHTML, like Gecko) Chrome/141.0.7390.122 Mobile Safari/537.36 (compatible; Googlebot/2.1; +http://www.google.com/bot.html)"
216.73.216.107 - - [31/Oct/2025:02:29:19 +0000] "GET /?path=%2F%2Fproc%2F249%2Ffd HTTP/2.0" 200 3027 "-" "Mozilla/5.0 AppleWebKit/537.36 (KHTML, like Gecko; compatible; ClaudeBot/1.0; +claudebot@anthropic.com)"
216.73.216.107 - - [31/Oct/2025:02:29:19 +0000] "GET /?fileloc=%2F%2Fproc%2F130%2Fnuma_maps&path=%2F%2Fproc%2F130 HTTP/2.0" 200 2951 "-" "Mozilla/5.0 AppleWebKit/537.36 (KHTML, like Gecko; compatible; ClaudeBot/1.0; +claudebot@anthropic.com)"
216.73.216.107 - - [31/Oct/2025:02:29:20 +0000] "GET /?fileloc=%2F%2Fproc%2F605258%2Fstack&path=%2F%2Fproc%2F605258 HTTP/2.0" 200 2949 "-" "Mozilla/5.0 AppleWebKit/537.36 (KHTML, like Gecko; compatible; ClaudeBot/1.0; +claudebot@anthropic.com)"
216.73.216.107 - - [31/Oct/2025:02:29:20 +0000] "GET /?path=%2F%2Fproc%2F90%2Ffd HTTP/2.0" 200 3028 "-" "Mozilla/5.0 AppleWebKit/537.36 (KHTML, like Gecko; compatible; ClaudeBot/1.0; +claudebot@anthropic.com)"
216.73.216.107 - - [31/Oct/2025:02:29:21 +0000] "GET /?fileloc=%2F%2Fproc%2F265%2Flimits&path=%2F%2Fproc%2F265 HTTP/2.0" 200 3265 "-" "Mozilla/5.0 AppleWebKit/537.36 (KHTML, like Gecko; compatible; ClaudeBot/1.0; +claudebot@anthropic.com)"
216.73.216.107 - - [31/Oct/2025:02:29:21 +0000] "GET /?fileloc=%2Fvar%2Flog%2Fapt%2Fhistory.log.12.gz&path=%2Fvar%2Flog%2Fapt HTTP/2.0" 200 19166 "-" "Mozilla/5.0 AppleWebKit/537.36 (KHTML, like Gecko; compatible; ClaudeBot/1.0; +claudebot@anthropic.com)"
216.73.216.107 - - [31/Oct/2025:02:29:21 +0000] "GET /?fileloc=%2F%2Fproc%2Fnet%2Fsoftnet_stat&path=%2F%2Fproc%2Fnet HTTP/2.0" 200 3112 "-" "Mozilla/5.0 AppleWebKit/537.36 (KHTML, like Gecko; compatible; ClaudeBot/1.0; +claudebot@anthropic.com)"
216.73.216.107 - - [31/Oct/2025:02:29:22 +0000] "GET /?path=%2F%2Fproc%2F2%2Fmap_files HTTP/2.0" 200 3039 "-" "Mozilla/5.0 AppleWebKit/537.36 (KHTML, like Gecko; compatible; ClaudeBot/1.0; +claudebot@anthropic.com)"
216.73.216.107 - - [31/Oct/2025:02:29:22 +0000] "GET /?fileloc=%2F%2Fproc%2F2%2Fcpu_resctrl_groups&path=%2F%2Fproc%2F2 HTTP/2.0" 200 2959 "-" "Mozilla/5.0 AppleWebKit/537.36 (KHTML, like Gecko; compatible; ClaudeBot/1.0; +claudebot@anthropic.com)"
216.73.216.107 - - [31/Oct/2025:02:29:22 +0000] "GET /?fileloc=%2F%2Fproc%2F85%2Fnuma_maps&path=%2F%2Fproc%2F85 HTTP/2.0" 200 2948 "-" "Mozilla/5.0 AppleWebKit/537.36 (KHTML, like Gecko; compatible; ClaudeBot/1.0; +claudebot@anthropic.com)"
216.73.216.107 - - [31/Oct/2025:02:29:23 +0000] "GET /?fileloc=%2F%2Fproc%2F170%2Fpatch_state&path=%2F%2Fproc%2F170 HTTP/2.0" 200 2953 "-" "Mozilla/5.0 AppleWebKit/537.36 (KHTML, like Gecko; compatible; ClaudeBot/1.0; +claudebot@anthropic.com)"
216.73.216.107 - - [31/Oct/2025:02:29:23 +0000] "GET /?path=%2F%2Fproc%2F277%2Ffd HTTP/2.0" 200 3028 "-" "Mozilla/5.0 AppleWebKit/537.36 (KHTML, like Gecko; compatible; ClaudeBot/1.0; +claudebot@anthropic.com)"
5.39.109.174 - - [31/Oct/2025:02:29:23 +0000] "GET /category/uncategorized/page/20/?fileloc=//sbin/xfs_mdrestore&path=//sbin HTTP/2.0" 200 19020 "-" "Mozilla/5.0 (compatible; AhrefsBot/7.0; +http://ahrefs.com/robot/)"
216.73.216.107 - - [31/Oct/2025:02:29:23 +0000] "GET /?path=%2F%2Fsys%2Fbus%2Fpci_express HTTP/2.0" 200 3615 "-" "Mozilla/5.0 AppleWebKit/537.36 (KHTML, like Gecko; compatible; ClaudeBot/1.0; +claudebot@anthropic.com)"
216.73.216.107 - - [31/Oct/2025:02:29:23 +0000] "GET /?path=%2F%2Fsys%2Fbus%2Fpci HTTP/2.0" 200 3751 "-" "Mozilla/5.0 AppleWebKit/537.36 (KHTML, like Gecko; compatible; ClaudeBot/1.0; +claudebot@anthropic.com)"
216.73.216.107 - - [31/Oct/2025:02:29:24 +0000] "GET /?fileloc=%2F%2Fproc%2F70%2Fnuma_maps&path=%2F%2Fproc%2F70 HTTP/2.0" 200 2950 "-" "Mozilla/5.0 AppleWebKit/537.36 (KHTML, like Gecko; compatible; ClaudeBot/1.0; +claudebot@anthropic.com)"
216.73.216.107 - - [31/Oct/2025:02:29:24 +0000] "GET /?path=%2F%2Fproc%2F1930141%2Ftask HTTP/2.0" 200 3322 "-" "Mozilla/5.0 AppleWebKit/537.36 (KHTML, like Gecko; compatible; ClaudeBot/1.0; +claudebot@anthropic.com)"
216.73.216.107 - - [31/Oct/2025:02:29:24 +0000] "GET /?fileloc=%2F%2Fproc%2F237%2Fsetgroups&path=%2F%2Fproc%2F237 HTTP/2.0" 200 2953 "-" "Mozilla/5.0 AppleWebKit/537.36 (KHTML, like Gecko; compatible; ClaudeBot/1.0; +claudebot@anthropic.com)"
216.73.216.107 - - [31/Oct/2025:02:29:24 +0000] "GET /?fileloc=%2F%2Fproc%2F97%2Fnuma_maps&path=%2F%2Fproc%2F97 HTTP/2.0" 200 2949 "-" "Mozilla/5.0 AppleWebKit/537.36 (KHTML, like Gecko; compatible; ClaudeBot/1.0; +claudebot@anthropic.com)"
216.73.216.107 - - [31/Oct/2025:02:29:24 +0000] "GET /?path=%2F%2Fproc%2F1415359%2Ftask HTTP/2.0" 200 3705 "-" "Mozilla/5.0 AppleWebKit/537.36 (KHTML, like Gecko; compatible; ClaudeBot/1.0; +claudebot@anthropic.com)"
216.73.216.107 - - [31/Oct/2025:02:29:25 +0000] "GET /?fileloc=%2F%2Fproc%2F255%2Fnuma_maps&path=%2F%2Fproc%2F255 HTTP/2.0" 200 2951 "-" "Mozilla/5.0 AppleWebKit/537.36 (KHTML, like Gecko; compatible; ClaudeBot/1.0; +claudebot@anthropic.com)"
216.73.216.107 - - [31/Oct/2025:02:29:25 +0000] "GET /?fileloc=%2F%2Fproc%2F92%2Fnuma_maps&path=%2F%2Fproc%2F92 HTTP/2.0" 200 2948 "-" "Mozilla/5.0 AppleWebKit/537.36 (KHTML, like Gecko; compatible; ClaudeBot/1.0; +claudebot@anthropic.com)"
216.73.216.107 - - [31/Oct/2025:02:29:25 +0000] "GET /?fileloc=%2F%2Fproc%2F232%2Fpatch_state&path=%2F%2Fproc%2F232 HTTP/2.0" 200 2952 "-" "Mozilla/5.0 AppleWebKit/537.36 (KHTML, like Gecko; compatible; ClaudeBot/1.0; +claudebot@anthropic.com)"
216.73.216.107 - - [31/Oct/2025:02:29:25 +0000] "GET /?fileloc=%2F%2Fproc%2F730%2Ftimers&path=%2F%2Fproc%2F730 HTTP/2.0" 200 2948 "-" "Mozilla/5.0 AppleWebKit/537.36 (KHTML, like Gecko; compatible; ClaudeBot/1.0; +claudebot@anthropic.com)"
216.73.216.107 - - [31/Oct/2025:02:29:25 +0000] "GET /?path=%2F%2Fproc%2F3774932%2Ftask HTTP/2.0" 200 3321 "-" "Mozilla/5.0 AppleWebKit/537.36 (KHTML, like Gecko; compatible; ClaudeBot/1.0; +claudebot@anthropic.com)"
216.73.216.107 - - [31/Oct/2025:02:29:26 +0000] "GET /?fileloc=%2F%2Fproc%2F1415447%2Fstack&path=%2F%2Fproc%2F1415447 HTTP/2.0" 200 2951 "-" "Mozilla/5.0 AppleWebKit/537.36 (KHTML, like Gecko; compatible; ClaudeBot/1.0; +claudebot@anthropic.com)"
216.73.216.107 - - [31/Oct/2025:02:29:26 +0000] "GET /?fileloc=%2F%2Fproc%2F83%2Fcpu_resctrl_groups&path=%2F%2Fproc%2F83 HTTP/2.0" 200 2962 "-" "Mozilla/5.0 AppleWebKit/537.36 (KHTML, like Gecko; compatible; ClaudeBot/1.0; +claudebot@anthropic.com)"
216.73.216.107 - - [31/Oct/2025:02:29:26 +0000] "GET /?fileloc=%2F%2Fproc%2F239%2Ftimers&path=%2F%2Fproc%2F239 HTTP/2.0" 200 2948 "-" "Mozilla/5.0 AppleWebKit/537.36 (KHTML, like Gecko; compatible; ClaudeBot/1.0; +claudebot@anthropic.com)"
216.73.216.107 - - [31/Oct/2025:02:29:26 +0000] "GET /?fileloc=%2F%2Fproc%2Fnet%2Fraw6&path=%2F%2Fproc%2Fnet HTTP/2.0" 200 3031 "-" "Mozilla/5.0 AppleWebKit/537.36 (KHTML, like Gecko; compatible; ClaudeBot/1.0; +claudebot@anthropic.com)"
216.73.216.107 - - [31/Oct/2025:02:29:26 +0000] "GET /?path=%2F%2Fproc%2F85%2Ffd HTTP/2.0" 200 3026 "-" "Mozilla/5.0 AppleWebKit/537.36 (KHTML, like Gecko; compatible; ClaudeBot/1.0; +claudebot@anthropic.com)"
216.73.216.107 - - [31/Oct/2025:02:29:26 +0000] "GET /?fileloc=%2F%2Fetc%2Fapparmor.d%2Fsurfshark&path=%2F%2Fetc%2Fapparmor.d HTTP/2.0" 200 3188 "-" "Mozilla/5.0 AppleWebKit/537.36 (KHTML, like Gecko; compatible; ClaudeBot/1.0; +claudebot@anthropic.com)"
66.249.75.67 - - [31/Oct/2025:02:29:26 +0000] "GET /?path=/var/dev/math/ui/node_modules/lmdb/dict HTTP/1.1" 200 3482 "-" "Mozilla/5.0 (Linux; Android 6.0.1; Nexus 5X Build/MMB29P) AppleWebKit/537.36 (KHTML, like Gecko) Chrome/141.0.7390.122 Mobile Safari/537.36 (compatible; Googlebot/2.1; +http://www.google.com/bot.html)"
216.73.216.107 - - [31/Oct/2025:02:29:26 +0000] "GET /?fileloc=%2F%2Fproc%2Fnet%2Ffib_triestat&path=%2F%2Fproc%2Fnet HTTP/2.0" 200 3203 "-" "Mozilla/5.0 AppleWebKit/537.36 (KHTML, like Gecko; compatible; ClaudeBot/1.0; +claudebot@anthropic.com)"
216.73.216.107 - - [31/Oct/2025:02:29:27 +0000] "GET /?fileloc=%2F%2Fproc%2F265%2Foom_score_adj&path=%2F%2Fproc%2F265 HTTP/2.0" 200 2955 "-" "Mozilla/5.0 AppleWebKit/537.36 (KHTML, like Gecko; compatible; ClaudeBot/1.0; +claudebot@anthropic.com)"
216.73.216.107 - - [31/Oct/2025:02:29:27 +0000] "GET /?fileloc=%2F%2Fproc%2F241%2Fnuma_maps&path=%2F%2Fproc%2F241 HTTP/2.0" 200 2951 "-" "Mozilla/5.0 AppleWebKit/537.36 (KHTML, like Gecko; compatible; ClaudeBot/1.0; +claudebot@anthropic.com)"
