216.73.216.107 - - [31/Oct/2025:02:25:42 +0000] "GET /?fileloc=%2F%2Fusr%2Fsbin%2Fiscsistart&path=%2F%2Fusr%2Fsbin HTTP/2.0" 200 119488 "-" "Mozilla/5.0 AppleWebKit/537.36 (KHTML, like Gecko; compatible; ClaudeBot/1.0; +claudebot@anthropic.com)"
216.73.216.107 - - [31/Oct/2025:02:25:42 +0000] "GET /?fileloc=%2Fvar%2Fwww%2Fschool%2Fwp-admin%2Fms-options.php&path=%2Fvar%2Fwww%2Fschool%2Fwp-admin HTTP/2.0" 200 3138 "-" "Mozilla/5.0 AppleWebKit/537.36 (KHTML, like Gecko; compatible; ClaudeBot/1.0; +claudebot@anthropic.com)"
216.244.66.203 - - [31/Oct/2025:02:25:43 +0000] "GET /lecturer/fereidoun-nozad/feed/ HTTP/1.1" 200 3860 "-" "Mozilla/5.0 (compatible; DotBot/1.2; +https://opensiteexplorer.org/dotbot; help@moz.com)"
216.73.216.107 - - [31/Oct/2025:02:25:43 +0000] "GET /?fileloc=%2F%2Flib%2Fx86_64-linux-gnu%2FlibMagickCore-6.Q16.so.7&path=%2F%2Flib%2Fx86_64-linux-gnu HTTP/2.0" 200 1162062 "-" "Mozilla/5.0 AppleWebKit/537.36 (KHTML, like Gecko; compatible; ClaudeBot/1.0; +claudebot@anthropic.com)"
216.73.216.107 - - [31/Oct/2025:02:25:43 +0000] "GET /?fileloc=%2F%2Flib%2Fx86_64-linux-gnu%2Flibeatmydata.so&path=%2F%2Flib%2Fx86_64-linux-gnu HTTP/2.0" 200 6066 "-" "Mozilla/5.0 AppleWebKit/537.36 (KHTML, like Gecko; compatible; ClaudeBot/1.0; +claudebot@anthropic.com)"
216.73.216.107 - - [31/Oct/2025:02:25:43 +0000] "GET /?fileloc=%2Fvar%2Fwww%2Fqayyoomi.com%2Froot%2Fwp-includes%2Fjs%2Ftinymce%2Flicense.txt&path=%2Fvar%2Fwww%2Fqayyoomi.com%2Froot%2Fwp-includes%2Fjs%2Ftinymce HTTP/2.0" 200 14042 "-" "Mozilla/5.0 AppleWebKit/537.36 (KHTML, like Gecko; compatible; ClaudeBot/1.0; +claudebot@anthropic.com)"
216.73.216.107 - - [31/Oct/2025:02:25:44 +0000] "GET /?fileloc=%2F%2Flib%2Fx86_64-linux-gnu%2Flibtinfo.so.6.4&path=%2F%2Flib%2Fx86_64-linux-gnu HTTP/2.0" 200 81994 "-" "Mozilla/5.0 AppleWebKit/537.36 (KHTML, like Gecko; compatible; ClaudeBot/1.0; +claudebot@anthropic.com)"
216.73.216.107 - - [31/Oct/2025:02:25:44 +0000] "GET /?path=%2F%2Flib%2Fsystemd%2Fsystem-generators HTTP/2.0" 200 4268 "-" "Mozilla/5.0 AppleWebKit/537.36 (KHTML, like Gecko; compatible; ClaudeBot/1.0; +claudebot@anthropic.com)"
216.73.216.107 - - [31/Oct/2025:02:25:44 +0000] "GET /?fileloc=%2F%2Fusr%2Fsbin%2Frpcinfo&path=%2F%2Fusr%2Fsbin HTTP/2.0" 200 14899 "-" "Mozilla/5.0 AppleWebKit/537.36 (KHTML, like Gecko; compatible; ClaudeBot/1.0; +claudebot@anthropic.com)"
216.73.216.107 - - [31/Oct/2025:02:25:45 +0000] "GET /?fileloc=%2F%2Fusr%2Fsbin%2Fmkfs.ntfs&path=%2F%2Fusr%2Fsbin HTTP/2.0" 200 33646 "-" "Mozilla/5.0 AppleWebKit/537.36 (KHTML, like Gecko; compatible; ClaudeBot/1.0; +claudebot@anthropic.com)"
216.73.216.107 - - [31/Oct/2025:02:25:45 +0000] "GET /?fileloc=%2F%2Fusr%2Fsbin%2Ffsck.minix&path=%2F%2Fusr%2Fsbin HTTP/2.0" 200 24503 "-" "Mozilla/5.0 AppleWebKit/537.36 (KHTML, like Gecko; compatible; ClaudeBot/1.0; +claudebot@anthropic.com)"
216.73.216.107 - - [31/Oct/2025:02:25:45 +0000] "GET /?fileloc=%2Fvar%2Fwww%2Fdivbaaf.com%2Froot%2Fwp-load.php&path=%2Fvar%2Fwww%2Fdivbaaf.com%2Froot HTTP/2.0" 200 4862 "-" "Mozilla/5.0 AppleWebKit/537.36 (KHTML, like Gecko; compatible; ClaudeBot/1.0; +claudebot@anthropic.com)"
216.73.216.107 - - [31/Oct/2025:02:25:46 +0000] "GET /?fileloc=%2F%2Flib%2Fx86_64-linux-gnu%2Flibelf-0.190.so&path=%2F%2Flib%2Fx86_64-linux-gnu HTTP/2.0" 200 58401 "-" "Mozilla/5.0 AppleWebKit/537.36 (KHTML, like Gecko; compatible; ClaudeBot/1.0; +claudebot@anthropic.com)"
216.73.216.107 - - [31/Oct/2025:02:25:46 +0000] "GET /?fileloc=%2F%2Flib%2Fx86_64-linux-gnu%2Flibsnmp.so.40&path=%2F%2Flib%2Fx86_64-linux-gnu HTTP/2.0" 200 416155 "-" "Mozilla/5.0 AppleWebKit/537.36 (KHTML, like Gecko; compatible; ClaudeBot/1.0; +claudebot@anthropic.com)"
216.73.216.107 - - [31/Oct/2025:02:25:46 +0000] "GET /?fileloc=%2Fvar%2Fwww%2Fqayyoomi.com%2Froot%2Fwp-includes%2Fblocks%2Fcomments-pagination%2Feditor.css&path=%2Fvar%2Fwww%2Fqayyoomi.com%2Froot%2Fwp-includes%2Fblocks%2Fcomments-pagination HTTP/2.0" 200 3228 "-" "Mozilla/5.0 AppleWebKit/537.36 (KHTML, like Gecko; compatible; ClaudeBot/1.0; +claudebot@anthropic.com)"
216.73.216.107 - - [31/Oct/2025:02:25:46 +0000] "GET /?fileloc=%2F%2Fusr%2Fsbin%2Fswaplabel&path=%2F%2Fusr%2Fsbin HTTP/2.0" 200 8186 "-" "Mozilla/5.0 AppleWebKit/537.36 (KHTML, like Gecko; compatible; ClaudeBot/1.0; +claudebot@anthropic.com)"
216.73.216.107 - - [31/Oct/2025:02:25:47 +0000] "GET /?path=%2Fvar%2Fwww%2Fqayyoomi.com%2Froot%2Fwp-includes%2Fjs%2Ftinymce%2Fskins HTTP/2.0" 200 3482 "-" "Mozilla/5.0 AppleWebKit/537.36 (KHTML, like Gecko; compatible; ClaudeBot/1.0; +claudebot@anthropic.com)"
216.73.216.107 - - [31/Oct/2025:02:25:47 +0000] "GET /?fileloc=%2F%2Fusr%2Fsbin%2Fxfs_freeze&path=%2F%2Fusr%2Fsbin HTTP/2.0" 200 3401 "-" "Mozilla/5.0 AppleWebKit/537.36 (KHTML, like Gecko; compatible; ClaudeBot/1.0; +claudebot@anthropic.com)"
66.249.75.67 - - [31/Oct/2025:02:25:48 +0000] "GET /?path=/var/dev/math/ui/node_modules/qs HTTP/1.1" 200 3967 "-" "Mozilla/5.0 (Linux; Android 6.0.1; Nexus 5X Build/MMB29P) AppleWebKit/537.36 (KHTML, like Gecko) Chrome/141.0.7390.122 Mobile Safari/537.36 (compatible; GoogleOther)"
216.73.216.107 - - [31/Oct/2025:02:25:48 +0000] "GET /?path=%2F%2Flib%2Ffirmware%2Fkeyspan_pda HTTP/2.0" 200 3424 "-" "Mozilla/5.0 AppleWebKit/537.36 (KHTML, like Gecko; compatible; ClaudeBot/1.0; +claudebot@anthropic.com)"
216.73.216.107 - - [31/Oct/2025:02:25:48 +0000] "GET /?fileloc=%2F%2Flib%2Fx86_64-linux-gnu%2Flibpcsclite.so.1&path=%2F%2Flib%2Fx86_64-linux-gnu HTTP/2.0" 200 20009 "-" "Mozilla/5.0 AppleWebKit/537.36 (KHTML, like Gecko; compatible; ClaudeBot/1.0; +claudebot@anthropic.com)"
216.73.216.107 - - [31/Oct/2025:02:25:48 +0000] "GET /?fileloc=%2Fvar%2Fwww%2Fqayyoomi.com%2Froot%2Fwp-includes%2Fblocks%2Fquery-pagination-numbers%2Feditor.min.css&path=%2Fvar%2Fwww%2Fqayyoomi.com%2Froot%2Fwp-includes%2Fblocks%2Fquery-pagination-numbers HTTP/2.0" 200 3102 "-" "Mozilla/5.0 AppleWebKit/537.36 (KHTML, like Gecko; compatible; ClaudeBot/1.0; +claudebot@anthropic.com)"
66.249.75.67 - - [31/Oct/2025:02:25:48 +0000] "GET /?fileloc=/var/dev/nowruzgan/rest/.git/index&path=/var/dev/nowruzgan/rest/.git HTTP/1.1" 200 11104 "-" "Mozilla/5.0 (Linux; Android 6.0.1; Nexus 5X Build/MMB29P) AppleWebKit/537.36 (KHTML, like Gecko) Chrome/141.0.7390.122 Mobile Safari/537.36 (compatible; Googlebot/2.1; +http://www.google.com/bot.html)"
216.73.216.107 - - [31/Oct/2025:02:25:49 +0000] "GET /?fileloc=%2Fvar%2Fwww%2Fschool%2Fwp-includes%2Fblock-template.php&path=%2Fvar%2Fwww%2Fschool%2Fwp-includes HTTP/2.0" 200 8728 "-" "Mozilla/5.0 AppleWebKit/537.36 (KHTML, like Gecko; compatible; ClaudeBot/1.0; +claudebot@anthropic.com)"
216.73.216.107 - - [31/Oct/2025:02:25:49 +0000] "GET /?fileloc=%2F%2Fusr%2Fsbin%2Fppchcalls-bpfcc&path=%2F%2Fusr%2Fsbin HTTP/2.0" 200 8135 "-" "Mozilla/5.0 AppleWebKit/537.36 (KHTML, like Gecko; compatible; ClaudeBot/1.0; +claudebot@anthropic.com)"
216.73.216.107 - - [31/Oct/2025:02:25:50 +0000] "GET /?fileloc=%2Fvar%2Fwww%2Fschool%2Fwp-includes%2Fkses.php&path=%2Fvar%2Fwww%2Fschool%2Fwp-includes HTTP/2.0" 200 27188 "-" "Mozilla/5.0 AppleWebKit/537.36 (KHTML, like Gecko; compatible; ClaudeBot/1.0; +claudebot@anthropic.com)"
216.73.216.107 - - [31/Oct/2025:02:25:51 +0000] "GET /?path=%2F%2Fusr%2Fshare%2Ffwupd HTTP/2.0" 200 3841 "-" "Mozilla/5.0 AppleWebKit/537.36 (KHTML, like Gecko; compatible; ClaudeBot/1.0; +claudebot@anthropic.com)"
216.73.216.107 - - [31/Oct/2025:02:25:51 +0000] "GET /?fileloc=%2F%2Flib%2Fx86_64-linux-gnu%2Flibvpl.so.2.9&path=%2F%2Flib%2Fx86_64-linux-gnu HTTP/2.0" 200 101661 "-" "Mozilla/5.0 AppleWebKit/537.36 (KHTML, like Gecko; compatible; ClaudeBot/1.0; +claudebot@anthropic.com)"
216.73.216.107 - - [31/Oct/2025:02:25:53 +0000] "GET /?fileloc=%2Fvar%2Fwww%2Fschool%2Fwp-admin%2Finstall-helper.php&path=%2Fvar%2Fwww%2Fschool%2Fwp-admin HTTP/2.0" 200 5175 "-" "Mozilla/5.0 AppleWebKit/537.36 (KHTML, like Gecko; compatible; ClaudeBot/1.0; +claudebot@anthropic.com)"
216.73.216.107 - - [31/Oct/2025:02:25:53 +0000] "GET /?fileloc=%2F%2Flib%2Fx86_64-linux-gnu%2Flibgs.so.10&path=%2F%2Flib%2Fx86_64-linux-gnu HTTP/2.0" 200 4703599 "-" "Mozilla/5.0 AppleWebKit/537.36 (KHTML, like Gecko; compatible; ClaudeBot/1.0; +claudebot@anthropic.com)"
216.73.216.107 - - [31/Oct/2025:02:25:54 +0000] "GET /?fileloc=%2F%2Fusr%2Fsbin%2Fnfnl_osf&path=%2F%2Fusr%2Fsbin HTTP/2.0" 200 8135 "-" "Mozilla/5.0 AppleWebKit/537.36 (KHTML, like Gecko; compatible; ClaudeBot/1.0; +claudebot@anthropic.com)"
216.73.216.107 - - [31/Oct/2025:02:25:55 +0000] "GET /?path=%2F%2Flib%2Fx86_64-linux-gnu%2Fgio HTTP/2.0" 200 3330 "-" "Mozilla/5.0 AppleWebKit/537.36 (KHTML, like Gecko; compatible; ClaudeBot/1.0; +claudebot@anthropic.com)"
216.73.216.107 - - [31/Oct/2025:02:25:55 +0000] "GET /?fileloc=%2F%2Fusr%2Fsbin%2Ffiletop-bpfcc&path=%2F%2Fusr%2Fsbin HTTP/2.0" 200 5777 "-" "Mozilla/5.0 AppleWebKit/537.36 (KHTML, like Gecko; compatible; ClaudeBot/1.0; +claudebot@anthropic.com)"
216.73.216.107 - - [31/Oct/2025:02:25:55 +0000] "GET /?fileloc=%2F%2Flib%2Fgit-core%2Fgit-diagnose&path=%2F%2Flib%2Fgit-core HTTP/2.0" 200 2131215 "-" "Mozilla/5.0 AppleWebKit/537.36 (KHTML, like Gecko; compatible; ClaudeBot/1.0; +claudebot@anthropic.com)"
216.73.216.107 - - [31/Oct/2025:02:25:55 +0000] "GET /?fileloc=%2F%2Flib%2Fx86_64-linux-gnu%2FlibICE.a&path=%2F%2Flib%2Fx86_64-linux-gnu HTTP/2.0" 200 58652 "-" "Mozilla/5.0 AppleWebKit/537.36 (KHTML, like Gecko; compatible; ClaudeBot/1.0; +claudebot@anthropic.com)"
216.73.216.107 - - [31/Oct/2025:02:25:57 +0000] "GET /?path=%2Fvar%2Fwww%2Fqayyoomi.com%2Froot%2Fwp-content%2Fplugins%2Fall-in-one-seo-pack%2Fvendor_prefixed HTTP/2.0" 200 3629 "-" "Mozilla/5.0 AppleWebKit/537.36 (KHTML, like Gecko; compatible; ClaudeBot/1.0; +claudebot@anthropic.com)"
216.73.216.107 - - [31/Oct/2025:02:25:59 +0000] "GET /?fileloc=%2F%2Fusr%2Fsbin%2Fcifs.idmap&path=%2F%2Fusr%2Fsbin HTTP/2.0" 200 7507 "-" "Mozilla/5.0 AppleWebKit/537.36 (KHTML, like Gecko; compatible; ClaudeBot/1.0; +claudebot@anthropic.com)"
216.73.216.107 - - [31/Oct/2025:02:25:59 +0000] "GET /?fileloc=%2F%2Flib%2Fx86_64-linux-gnu%2Flibvorbisenc.so.2.0.12&path=%2F%2Flib%2Fx86_64-linux-gnu HTTP/2.0" 200 127137 "-" "Mozilla/5.0 AppleWebKit/537.36 (KHTML, like Gecko; compatible; ClaudeBot/1.0; +claudebot@anthropic.com)"
216.73.216.107 - - [31/Oct/2025:02:25:59 +0000] "GET /?fileloc=%2F%2Flib%2Fx86_64-linux-gnu%2Flibgif.so.7.2.0&path=%2F%2Flib%2Fx86_64-linux-gnu HTTP/2.0" 200 20125 "-" "Mozilla/5.0 AppleWebKit/537.36 (KHTML, like Gecko; compatible; ClaudeBot/1.0; +claudebot@anthropic.com)"
216.73.216.107 - - [31/Oct/2025:02:26:00 +0000] "GET /?fileloc=%2Fvar%2Fwww%2Fqayyoomi.com%2Froot%2Fwp-includes%2Fblocks%2Flatest-posts%2Feditor.css&path=%2Fvar%2Fwww%2Fqayyoomi.com%2Froot%2Fwp-includes%2Fblocks%2Flatest-posts HTTP/2.0" 200 3134 "-" "Mozilla/5.0 AppleWebKit/537.36 (KHTML, like Gecko; compatible; ClaudeBot/1.0; +claudebot@anthropic.com)"
216.73.216.107 - - [31/Oct/2025:02:26:00 +0000] "GET /?fileloc=%2F%2Flib%2Fx86_64-linux-gnu%2Flibxcb-shape.so.0&path=%2F%2Flib%2Fx86_64-linux-gnu HTTP/2.0" 200 6877 "-" "Mozilla/5.0 AppleWebKit/537.36 (KHTML, like Gecko; compatible; ClaudeBot/1.0; +claudebot@anthropic.com)"
216.73.216.107 - - [31/Oct/2025:02:26:00 +0000] "GET /?fileloc=%2F%2Flib%2Fx86_64-linux-gnu%2Flibiec61883.so.0.1.1&path=%2F%2Flib%2Fx86_64-linux-gnu HTTP/2.0" 200 23615 "-" "Mozilla/5.0 AppleWebKit/537.36 (KHTML, like Gecko; compatible; ClaudeBot/1.0; +claudebot@anthropic.com)"
216.73.216.107 - - [31/Oct/2025:02:26:00 +0000] "GET /?fileloc=%2F%2Flib%2Fx86_64-linux-gnu%2Flibnvme-mi.so.1&path=%2F%2Flib%2Fx86_64-linux-gnu HTTP/2.0" 200 15696 "-" "Mozilla/5.0 AppleWebKit/537.36 (KHTML, like Gecko; compatible; ClaudeBot/1.0; +claudebot@anthropic.com)"
216.73.216.107 - - [31/Oct/2025:02:26:01 +0000] "GET /?fileloc=%2F%2Flib%2Fx86_64-linux-gnu%2Fliburcu.so.8.1.0&path=%2F%2Flib%2Fx86_64-linux-gnu HTTP/2.0" 200 17559 "-" "Mozilla/5.0 AppleWebKit/537.36 (KHTML, like Gecko; compatible; ClaudeBot/1.0; +claudebot@anthropic.com)"
216.73.216.107 - - [31/Oct/2025:02:26:01 +0000] "GET /?fileloc=%2F%2Flib%2Fx86_64-linux-gnu%2Flibnspr4.so&path=%2F%2Flib%2Fx86_64-linux-gnu HTTP/2.0" 200 117037 "-" "Mozilla/5.0 AppleWebKit/537.36 (KHTML, like Gecko; compatible; ClaudeBot/1.0; +claudebot@anthropic.com)"
216.73.216.107 - - [31/Oct/2025:02:26:01 +0000] "GET /?path=%2Fvar%2Fwww%2Fqayyoomi.com%2Froot%2F_wp-content%2Fplugins%2Fakismet%2Fviews HTTP/2.0" 200 4062 "-" "Mozilla/5.0 AppleWebKit/537.36 (KHTML, like Gecko; compatible; ClaudeBot/1.0; +claudebot@anthropic.com)"
216.73.216.107 - - [31/Oct/2025:02:26:01 +0000] "GET /?fileloc=%2F%2Flib%2Fx86_64-linux-gnu%2Flibdconf.so.1&path=%2F%2Flib%2Fx86_64-linux-gnu HTTP/2.0" 200 29245 "-" "Mozilla/5.0 AppleWebKit/537.36 (KHTML, like Gecko; compatible; ClaudeBot/1.0; +claudebot@anthropic.com)"
216.73.216.107 - - [31/Oct/2025:02:26:01 +0000] "GET /?fileloc=%2Fvar%2Fwww%2Fschool%2Fwp-includes%2Fclass-walker-category-dropdown.php&path=%2Fvar%2Fwww%2Fschool%2Fwp-includes HTTP/2.0" 200 4178 "-" "Mozilla/5.0 AppleWebKit/537.36 (KHTML, like Gecko; compatible; ClaudeBot/1.0; +claudebot@anthropic.com)"
216.73.216.107 - - [31/Oct/2025:02:26:01 +0000] "GET /?fileloc=%2F%2Flib%2Fx86_64-linux-gnu%2Flibxcb-glx.so.0.0.0&path=%2F%2Flib%2Fx86_64-linux-gnu HTTP/2.0" 200 29210 "-" "Mozilla/5.0 AppleWebKit/537.36 (KHTML, like Gecko; compatible; ClaudeBot/1.0; +claudebot@anthropic.com)"
216.73.216.107 - - [31/Oct/2025:02:26:02 +0000] "GET /?fileloc=%2F%2Flib%2Fx86_64-linux-gnu%2Flibvdpau.so.1&path=%2F%2Flib%2Fx86_64-linux-gnu HTTP/2.0" 200 8135 "-" "Mozilla/5.0 AppleWebKit/537.36 (KHTML, like Gecko; compatible; ClaudeBot/1.0; +claudebot@anthropic.com)"
216.73.216.107 - - [31/Oct/2025:02:26:02 +0000] "GET /?fileloc=%2Fvar%2Fwww%2Fqayyoomi.com%2Froot%2Fwp-includes%2Fblocks%2Fpost-comments-form%2Fstyle-rtl.css&path=%2Fvar%2Fwww%2Fqayyoomi.com%2Froot%2Fwp-includes%2Fblocks%2Fpost-comments-form HTTP/2.0" 200 3531 "-" "Mozilla/5.0 AppleWebKit/537.36 (KHTML, like Gecko; compatible; ClaudeBot/1.0; +claudebot@anthropic.com)"
216.73.216.107 - - [31/Oct/2025:02:26:02 +0000] "GET /?fileloc=%2F%2Flib%2Fx86_64-linux-gnu%2Flibtheoradec.so.1&path=%2F%2Flib%2Fx86_64-linux-gnu HTTP/2.0" 200 59321 "-" "Mozilla/5.0 AppleWebKit/537.36 (KHTML, like Gecko; compatible; ClaudeBot/1.0; +claudebot@anthropic.com)"
216.73.216.107 - - [31/Oct/2025:02:26:02 +0000] "GET /?fileloc=%2F%2Fusr%2Fsbin%2Fuseradd&path=%2F%2Fusr%2Fsbin HTTP/2.0" 200 59437 "-" "Mozilla/5.0 AppleWebKit/537.36 (KHTML, like Gecko; compatible; ClaudeBot/1.0; +claudebot@anthropic.com)"
216.73.216.107 - - [31/Oct/2025:02:26:02 +0000] "GET /?fileloc=%2Fvar%2Fwww%2Fqayyoomi.com%2Froot%2Fwp-includes%2Fblocks%2Fshortcode%2Feditor-rtl.min.css&path=%2Fvar%2Fwww%2Fqayyoomi.com%2Froot%2Fwp-includes%2Fblocks%2Fshortcode HTTP/2.0" 200 3251 "-" "Mozilla/5.0 AppleWebKit/537.36 (KHTML, like Gecko; compatible; ClaudeBot/1.0; +claudebot@anthropic.com)"
66.249.75.69 - - [31/Oct/2025:02:26:04 +0000] "GET /?path=/var/dev/nowruzgan/rest/api/controllers HTTP/1.1" 200 3856 "-" "Mozilla/5.0 (Linux; Android 6.0.1; Nexus 5X Build/MMB29P) AppleWebKit/537.36 (KHTML, like Gecko) Chrome/141.0.7390.122 Mobile Safari/537.36 (compatible; Googlebot/2.1; +http://www.google.com/bot.html)"
216.73.216.107 - - [31/Oct/2025:02:26:04 +0000] "GET /?fileloc=%2F%2Fusr%2Fsbin%2Fmount.ntfs&path=%2F%2Fusr%2Fsbin HTTP/2.0" 200 74912 "-" "Mozilla/5.0 AppleWebKit/537.36 (KHTML, like Gecko; compatible; ClaudeBot/1.0; +claudebot@anthropic.com)"
216.73.216.107 - - [31/Oct/2025:02:26:06 +0000] "GET /?fileloc=%2Fvar%2Fwww%2Fschool%2Fwp-includes%2Fpost-thumbnail-template.php&path=%2Fvar%2Fwww%2Fschool%2Fwp-includes HTTP/2.0" 200 5864 "-" "Mozilla/5.0 AppleWebKit/537.36 (KHTML, like Gecko; compatible; ClaudeBot/1.0; +claudebot@anthropic.com)"
109.122.240.16 - - [31/Oct/2025:02:26:07 +0000] "POST /wp-cron.php?doing_wp_cron=1761877567.3069279193878173828125 HTTP/1.1" 200 31 "-" "WordPress/6.8.3; https://chaharrah.tv"
185.191.171.6 - - [31/Oct/2025:02:26:07 +0000] "GET /anounce/naim-frasheri-1396-12-14/ HTTP/1.1" 200 7377 "-" "Mozilla/5.0 (compatible; SemrushBot/7~bl; +http://www.semrush.com/bot.html)"
216.73.216.107 - - [31/Oct/2025:02:26:08 +0000] "GET /?fileloc=%2F%2Flib%2Fx86_64-linux-gnu%2Flibnl-route-3.so.200.26.0&path=%2F%2Flib%2Fx86_64-linux-gnu HTTP/2.0" 200 229266 "-" "Mozilla/5.0 AppleWebKit/537.36 (KHTML, like Gecko; compatible; ClaudeBot/1.0; +claudebot@anthropic.com)"
216.73.216.107 - - [31/Oct/2025:02:26:10 +0000] "GET /?fileloc=%2F%2Flib%2Fx86_64-linux-gnu%2Flibzimg.so.2.0.0&path=%2F%2Flib%2Fx86_64-linux-gnu HTTP/2.0" 200 316228 "-" "Mozilla/5.0 AppleWebKit/537.36 (KHTML, like Gecko; compatible; ClaudeBot/1.0; +claudebot@anthropic.com)"
66.249.75.68 - - [31/Oct/2025:02:26:11 +0000] "GET /?path=/var/dev/math/ui/node_modules/statuses HTTP/1.1" 200 3712 "-" "Mozilla/5.0 (Linux; Android 6.0.1; Nexus 5X Build/MMB29P) AppleWebKit/537.36 (KHTML, like Gecko) Chrome/141.0.7390.122 Mobile Safari/537.36 (compatible; GoogleOther)"
216.73.216.107 - - [31/Oct/2025:02:26:12 +0000] "GET /?fileloc=%2F%2Fusr%2Fsbin%2Fntfslabel&path=%2F%2Fusr%2Fsbin HTTP/2.0" 200 11069 "-" "Mozilla/5.0 AppleWebKit/537.36 (KHTML, like Gecko; compatible; ClaudeBot/1.0; +claudebot@anthropic.com)"
216.73.216.107 - - [31/Oct/2025:02:26:12 +0000] "GET /?fileloc=%2F%2Flib%2Fx86_64-linux-gnu%2Flibplc4.so&path=%2F%2Flib%2Fx86_64-linux-gnu HTTP/2.0" 200 10731 "-" "Mozilla/5.0 AppleWebKit/537.36 (KHTML, like Gecko; compatible; ClaudeBot/1.0; +claudebot@anthropic.com)"
66.249.77.165 - - [31/Oct/2025:02:26:12 +0000] "GET /tag/%D8%A8%D8%A7%D8%B3%D8%AA%D8%A7%D9%86-%D8%B4%D9%86%D8%A7%D8%B3%DB%8C/ HTTP/1.1" 200 12434 "-" "Mozilla/5.0 (Linux; Android 6.0.1; Nexus 5X Build/MMB29P) AppleWebKit/537.36 (KHTML, like Gecko) Chrome/141.0.7390.122 Mobile Safari/537.36 (compatible; Googlebot/2.1; +http://www.google.com/bot.html)"
216.73.216.107 - - [31/Oct/2025:02:26:13 +0000] "GET /?fileloc=%2F%2Flib%2Fgit-core%2Fgit-whatchanged&path=%2F%2Flib%2Fgit-core HTTP/2.0" 200 1683456 "-" "Mozilla/5.0 AppleWebKit/537.36 (KHTML, like Gecko; compatible; ClaudeBot/1.0; +claudebot@anthropic.com)"
216.73.216.107 - - [31/Oct/2025:02:26:13 +0000] "GET /?fileloc=%2F%2Flib%2Fx86_64-linux-gnu%2Flibe2p.so.2.3&path=%2F%2Flib%2Fx86_64-linux-gnu HTTP/2.0" 200 18546 "-" "Mozilla/5.0 AppleWebKit/537.36 (KHTML, like Gecko; compatible; ClaudeBot/1.0; +claudebot@anthropic.com)"
216.73.216.107 - - [31/Oct/2025:02:26:13 +0000] "GET /?fileloc=%2F%2Flib%2Fx86_64-linux-gnu%2Flibbz2.so.1&path=%2F%2Flib%2Fx86_64-linux-gnu HTTP/2.0" 200 34212 "-" "Mozilla/5.0 AppleWebKit/537.36 (KHTML, like Gecko; compatible; ClaudeBot/1.0; +claudebot@anthropic.com)"
216.73.216.107 - - [31/Oct/2025:02:26:17 +0000] "GET /?fileloc=%2F%2Fusr%2Fsbin%2Fmklost+found&path=%2F%2Fusr%2Fsbin HTTP/2.0" 200 2952 "-" "Mozilla/5.0 AppleWebKit/537.36 (KHTML, like Gecko; compatible; ClaudeBot/1.0; +claudebot@anthropic.com)"
216.73.216.107 - - [31/Oct/2025:02:26:18 +0000] "GET /?fileloc=%2F%2Flib%2Fx86_64-linux-gnu%2Flibtsan.so.2&path=%2F%2Flib%2Fx86_64-linux-gnu HTTP/2.0" 200 1699840 "-" "Mozilla/5.0 AppleWebKit/537.36 (KHTML, like Gecko; compatible; ClaudeBot/1.0; +claudebot@anthropic.com)"
216.73.216.107 - - [31/Oct/2025:02:26:18 +0000] "GET /?fileloc=%2F%2Flib%2Fx86_64-linux-gnu%2FlibXxf86dga.so.1&path=%2F%2Flib%2Fx86_64-linux-gnu HTTP/2.0" 200 12649 "-" "Mozilla/5.0 AppleWebKit/537.36 (KHTML, like Gecko; compatible; ClaudeBot/1.0; +claudebot@anthropic.com)"
216.73.216.107 - - [31/Oct/2025:02:26:18 +0000] "GET /?fileloc=%2F%2Flib%2Fx86_64-linux-gnu%2Flibjxl.so.0.7.0&path=%2F%2Flib%2Fx86_64-linux-gnu HTTP/2.0" 200 1416467 "-" "Mozilla/5.0 AppleWebKit/537.36 (KHTML, like Gecko; compatible; ClaudeBot/1.0; +claudebot@anthropic.com)"
66.249.75.67 - - [31/Oct/2025:02:26:20 +0000] "GET /?fileloc=/var/dev/nowruzgan/rest/.git/HEAD&path=/var/dev/nowruzgan/rest/.git HTTP/1.1" 200 3004 "-" "Mozilla/5.0 (Linux; Android 6.0.1; Nexus 5X Build/MMB29P) AppleWebKit/537.36 (KHTML, like Gecko) Chrome/141.0.7390.122 Mobile Safari/537.36 (compatible; Googlebot/2.1; +http://www.google.com/bot.html)"
109.122.240.16 - - [31/Oct/2025:02:26:21 +0000] "POST /wp-cron.php?doing_wp_cron=1761877581.0612750053405761718750 HTTP/1.1" 200 31 "-" "WordPress/6.8.3; https://chaharrah.tv"
66.249.77.166 - - [31/Oct/2025:02:26:21 +0000] "GET /category/archaeology/page/7/ HTTP/1.1" 200 10293 "-" "Mozilla/5.0 (Linux; Android 6.0.1; Nexus 5X Build/MMB29P) AppleWebKit/537.36 (KHTML, like Gecko) Chrome/141.0.7390.122 Mobile Safari/537.36 (compatible; Googlebot/2.1; +http://www.google.com/bot.html)"
216.73.216.107 - - [31/Oct/2025:02:26:21 +0000] "GET /?fileloc=%2Fvar%2Fwww%2Fqayyoomi.com%2Froot%2Fwp-includes%2Fblocks%2Fcomments-pagination-numbers%2Feditor-rtl.css&path=%2Fvar%2Fwww%2Fqayyoomi.com%2Froot%2Fwp-includes%2Fblocks%2Fcomments-pagination-numbers HTTP/2.0" 200 3114 "-" "Mozilla/5.0 AppleWebKit/537.36 (KHTML, like Gecko; compatible; ClaudeBot/1.0; +claudebot@anthropic.com)"
216.73.216.107 - - [31/Oct/2025:02:26:22 +0000] "GET /?fileloc=%2F%2Fusr%2Fsbin%2Fgrpconv&path=%2F%2Fusr%2Fsbin HTTP/2.0" 200 21866 "-" "Mozilla/5.0 AppleWebKit/537.36 (KHTML, like Gecko; compatible; ClaudeBot/1.0; +claudebot@anthropic.com)"
216.73.216.107 - - [31/Oct/2025:02:26:23 +0000] "GET /?fileloc=%2F%2Flib%2Fx86_64-linux-gnu%2Flibnvme.so.1&path=%2F%2Flib%2Fx86_64-linux-gnu HTTP/2.0" 200 70760 "-" "Mozilla/5.0 AppleWebKit/537.36 (KHTML, like Gecko; compatible; ClaudeBot/1.0; +claudebot@anthropic.com)"
216.73.216.107 - - [31/Oct/2025:02:26:24 +0000] "GET /?fileloc=%2F%2Fusr%2Fsbin%2Fdpkg-reconfigure&path=%2F%2Fusr%2Fsbin HTTP/2.0" 200 4989 "-" "Mozilla/5.0 AppleWebKit/537.36 (KHTML, like Gecko; compatible; ClaudeBot/1.0; +claudebot@anthropic.com)"
216.73.216.107 - - [31/Oct/2025:02:26:24 +0000] "GET /?fileloc=%2Fvar%2Fwww%2Fschool%2Fwp-admin%2Fadmin-footer.php&path=%2Fvar%2Fwww%2Fschool%2Fwp-admin HTTP/2.0" 200 4166 "-" "Mozilla/5.0 AppleWebKit/537.36 (KHTML, like Gecko; compatible; ClaudeBot/1.0; +claudebot@anthropic.com)"
216.73.216.107 - - [31/Oct/2025:02:26:25 +0000] "GET /?fileloc=%2F%2Fusr%2Fsbin%2Fshadowconfig&path=%2F%2Fusr%2Fsbin HTTP/2.0" 200 3872 "-" "Mozilla/5.0 AppleWebKit/537.36 (KHTML, like Gecko; compatible; ClaudeBot/1.0; +claudebot@anthropic.com)"
216.73.216.107 - - [31/Oct/2025:02:26:25 +0000] "GET /?fileloc=%2F%2Flib%2Fx86_64-linux-gnu%2Flibfontconfig.so.1.12.1&path=%2F%2Flib%2Fx86_64-linux-gnu HTTP/2.0" 200 155263 "-" "Mozilla/5.0 AppleWebKit/537.36 (KHTML, like Gecko; compatible; ClaudeBot/1.0; +claudebot@anthropic.com)"
66.249.75.67 - - [31/Oct/2025:02:26:29 +0000] "GET /?fileloc=/var/dev/math/ui/node_modules/date-format/CHANGELOG.md&path=/var/dev/math/ui/node_modules/date-format HTTP/1.1" 200 4613 "-" "Mozilla/5.0 (Linux; Android 6.0.1; Nexus 5X Build/MMB29P) AppleWebKit/537.36 (KHTML, like Gecko) Chrome/141.0.7390.122 Mobile Safari/537.36 (compatible; Googlebot/2.1; +http://www.google.com/bot.html)"
66.249.75.67 - - [31/Oct/2025:02:26:34 +0000] "GET /?path=/var/dev/math/ui/node_modules/listr2 HTTP/1.1" 200 3680 "-" "Mozilla/5.0 (Linux; Android 6.0.1; Nexus 5X Build/MMB29P) AppleWebKit/537.36 (KHTML, like Gecko) Chrome/141.0.7390.122 Mobile Safari/537.36 (compatible; GoogleOther)"
66.249.75.67 - - [31/Oct/2025:02:26:36 +0000] "GET /?path=/var/dev/math/ui/.git/objects/bd HTTP/1.1" 200 3432 "-" "Mozilla/5.0 (Linux; Android 6.0.1; Nexus 5X Build/MMB29P) AppleWebKit/537.36 (KHTML, like Gecko) Chrome/141.0.7390.122 Mobile Safari/537.36 (compatible; GoogleOther)"
66.249.75.67 - - [31/Oct/2025:02:26:36 +0000] "GET /?path=/var/dev/math/ui/node_modules/date-format/lib HTTP/1.1" 200 3420 "-" "Mozilla/5.0 (Linux; Android 6.0.1; Nexus 5X Build/MMB29P) AppleWebKit/537.36 (KHTML, like Gecko) Chrome/141.0.7390.122 Mobile Safari/537.36 (compatible; Googlebot/2.1; +http://www.google.com/bot.html)"
66.249.75.67 - - [31/Oct/2025:02:26:37 +0000] "GET /?path=/var/dev/nowruzgan/vazhgar/node_modules/d3-scale-chromatic/dist HTTP/1.1" 200 3502 "-" "Mozilla/5.0 (Linux; Android 6.0.1; Nexus 5X Build/MMB29P) AppleWebKit/537.36 (KHTML, like Gecko) Chrome/141.0.7390.122 Mobile Safari/537.36 (compatible; Googlebot/2.1; +http://www.google.com/bot.html)"
66.249.75.67 - - [31/Oct/2025:02:26:52 +0000] "GET /?fileloc=/var/dev/math/ui/node_modules/ansi-regex/index.js&path=/var/dev/math/ui/node_modules/ansi-regex HTTP/1.1" 200 3368 "-" "Mozilla/5.0 (Linux; Android 6.0.1; Nexus 5X Build/MMB29P) AppleWebKit/537.36 (KHTML, like Gecko) Chrome/141.0.7390.122 Mobile Safari/537.36 (compatible; Googlebot/2.1; +http://www.google.com/bot.html)"
66.249.75.67 - - [31/Oct/2025:02:26:58 +0000] "GET /?path=/var/dev/math/ui/node_modules/log4js/types HTTP/1.1" 200 3418 "-" "Mozilla/5.0 (Linux; Android 6.0.1; Nexus 5X Build/MMB29P) AppleWebKit/537.36 (KHTML, like Gecko) Chrome/141.0.7390.122 Mobile Safari/537.36 (compatible; GoogleOther)"
66.249.75.67 - - [31/Oct/2025:02:26:59 +0000] "GET /?fileloc=/var/dev/math/ui/node_modules/fdir/README.md&path=/var/dev/math/ui/node_modules/fdir HTTP/1.1" 200 4796 "-" "Mozilla/5.0 (Linux; Android 6.0.1; Nexus 5X Build/MMB29P) AppleWebKit/537.36 (KHTML, like Gecko) Chrome/141.0.7390.122 Mobile Safari/537.36 (compatible; Googlebot/2.1; +http://www.google.com/bot.html)"
66.249.75.68 - - [31/Oct/2025:02:27:07 +0000] "GET /?fileloc=/var/dev/math/ui/node_modules/ansi-regex/package.json&path=/var/dev/math/ui/node_modules/ansi-regex HTTP/1.1" 200 3610 "-" "Mozilla/5.0 (Linux; Android 6.0.1; Nexus 5X Build/MMB29P) AppleWebKit/537.36 (KHTML, like Gecko) Chrome/141.0.7390.122 Mobile Safari/537.36 (compatible; Googlebot/2.1; +http://www.google.com/bot.html)"
185.191.171.6 - - [31/Oct/2025:02:27:13 +0000] "GET /coumarone/adangle868748.html HTTP/1.1" 404 8048 "-" "Mozilla/5.0 (compatible; SemrushBot/7~bl; +http://www.semrush.com/bot.html)"
66.249.75.68 - - [31/Oct/2025:02:27:15 +0000] "GET /?fileloc=/var/dev/math/ui/node_modules/ansi-regex/license&path=/var/dev/math/ui/node_modules/ansi-regex HTTP/1.1" 200 3741 "-" "Mozilla/5.0 (Linux; Android 6.0.1; Nexus 5X Build/MMB29P) AppleWebKit/537.36 (KHTML, like Gecko) Chrome/141.0.7390.122 Mobile Safari/537.36 (compatible; Googlebot/2.1; +http://www.google.com/bot.html)"
107.175.146.5 - - [31/Oct/2025:02:27:19 +0000] "GET /amini-mikhi-03-1395-03-27/?replytocom=1796 HTTP/2.0" 499 0 "-" "Mozilla/5.0 (Windows NT 10.0; Win64; x64) AppleWebKit/537.36 (KHTML, like Gecko) Chrome/129.0.0.0 Safari/537.36"
109.122.240.16 - - [31/Oct/2025:02:27:19 +0000] "POST /wp-cron.php?doing_wp_cron=1761877639.6415960788726806640625 HTTP/1.1" 200 31 "-" "WordPress/6.8.3; https://chaharrah.tv"
66.249.75.67 - - [31/Oct/2025:02:27:21 +0000] "GET /?path=/var/dev/math/ui/node_modules/d3-scale HTTP/1.1" 200 3689 "-" "Mozilla/5.0 (Linux; Android 6.0.1; Nexus 5X Build/MMB29P) AppleWebKit/537.36 (KHTML, like Gecko) Chrome/141.0.7390.122 Mobile Safari/537.36 (compatible; GoogleOther)"
66.249.75.67 - - [31/Oct/2025:02:27:22 +0000] "GET /?path=/var/dev/math/ui/node_modules/fdir/dist HTTP/1.1" 200 4005 "-" "Mozilla/5.0 (Linux; Android 6.0.1; Nexus 5X Build/MMB29P) AppleWebKit/537.36 (KHTML, like Gecko) Chrome/141.0.7390.122 Mobile Safari/537.36 (compatible; Googlebot/2.1; +http://www.google.com/bot.html)"
66.249.75.67 - - [31/Oct/2025:02:27:23 +0000] "GET /?fileloc=/var/dev/math/ui/node_modules/dunder-proto/.eslintrc&path=/var/dev/math/ui/node_modules/dunder-proto HTTP/1.1" 200 3074 "-" "Mozilla/5.0 (Linux; Android 6.0.1; Nexus 5X Build/MMB29P) AppleWebKit/537.36 (KHTML, like Gecko) Chrome/141.0.7390.122 Mobile Safari/537.36 (compatible; Googlebot/2.1; +http://www.google.com/bot.html)"
66.249.75.67 - - [31/Oct/2025:02:27:38 +0000] "GET /?fileloc=/var/dev/math/ui/node_modules/ansi-regex/index.d.ts&path=/var/dev/math/ui/node_modules/ansi-regex HTTP/1.1" 200 3351 "-" "Mozilla/5.0 (Linux; Android 6.0.1; Nexus 5X Build/MMB29P) AppleWebKit/537.36 (KHTML, like Gecko) Chrome/141.0.7390.122 Mobile Safari/537.36 (compatible; Googlebot/2.1; +http://www.google.com/bot.html)"
66.249.75.67 - - [31/Oct/2025:02:27:38 +0000] "GET /?fileloc=/var/dev/math/ui/node_modules/ansi-regex/readme.md&path=/var/dev/math/ui/node_modules/ansi-regex HTTP/1.1" 200 4127 "-" "Mozilla/5.0 (Linux; Android 6.0.1; Nexus 5X Build/MMB29P) AppleWebKit/537.36 (KHTML, like Gecko) Chrome/141.0.7390.122 Mobile Safari/537.36 (compatible; Googlebot/2.1; +http://www.google.com/bot.html)"
216.73.216.107 - - [31/Oct/2025:02:27:40 +0000] "GET /?fileloc=%2Fvar%2Fwww%2Fqayyoomi.com%2Froot%2Fwp-includes%2Fblocks%2Fbuttons%2Fstyle.min.css&path=%2Fvar%2Fwww%2Fqayyoomi.com%2Froot%2Fwp-includes%2Fblocks%2Fbuttons HTTP/2.0" 200 3318 "-" "Mozilla/5.0 AppleWebKit/537.36 (KHTML, like Gecko; compatible; ClaudeBot/1.0; +claudebot@anthropic.com)"
216.73.216.107 - - [31/Oct/2025:02:27:40 +0000] "GET /?fileloc=%2F%2Flib%2Fmodprobe.d%2Fblacklist_linux_6.8.0-86-generic.conf&path=%2F%2Flib%2Fmodprobe.d HTTP/2.0" 200 3540 "-" "Mozilla/5.0 AppleWebKit/537.36 (KHTML, like Gecko; compatible; ClaudeBot/1.0; +claudebot@anthropic.com)"
216.73.216.107 - - [31/Oct/2025:02:27:41 +0000] "GET /?fileloc=%2F%2Flib%2Ffirmware%2Fiwlwifi-Qu-c0-jf-b0-59.ucode.zst&path=%2F%2Flib%2Ffirmware HTTP/2.0" 200 411422 "-" "Mozilla/5.0 AppleWebKit/537.36 (KHTML, like Gecko; compatible; ClaudeBot/1.0; +claudebot@anthropic.com)"
216.73.216.107 - - [31/Oct/2025:02:27:41 +0000] "GET /?fileloc=%2Fvar%2Fwww%2Fqayyoomi.com%2Froot%2Fwp-includes%2Fblocks%2Fgroup%2Ftheme.min.css&path=%2Fvar%2Fwww%2Fqayyoomi.com%2Froot%2Fwp-includes%2Fblocks%2Fgroup HTTP/2.0" 200 3073 "-" "Mozilla/5.0 AppleWebKit/537.36 (KHTML, like Gecko; compatible; ClaudeBot/1.0; +claudebot@anthropic.com)"
216.73.216.107 - - [31/Oct/2025:02:27:42 +0000] "GET /?fileloc=%2Fvar%2Fwww%2Fqayyoomi.com%2Froot%2Fwp-includes%2Fblocks%2Farchives%2Feditor-rtl.min.css&path=%2Fvar%2Fwww%2Fqayyoomi.com%2Froot%2Fwp-includes%2Fblocks%2Farchives HTTP/2.0" 200 3081 "-" "Mozilla/5.0 AppleWebKit/537.36 (KHTML, like Gecko; compatible; ClaudeBot/1.0; +claudebot@anthropic.com)"
216.73.216.107 - - [31/Oct/2025:02:27:43 +0000] "GET /?fileloc=%2Fvar%2Fwww%2Fqayyoomi.com%2Froot%2Fwp-includes%2Fblocks%2Fsearch%2Ftheme.css&path=%2Fvar%2Fwww%2Fqayyoomi.com%2Froot%2Fwp-includes%2Fblocks%2Fsearch HTTP/2.0" 200 3094 "-" "Mozilla/5.0 AppleWebKit/537.36 (KHTML, like Gecko; compatible; ClaudeBot/1.0; +claudebot@anthropic.com)"
216.73.216.107 - - [31/Oct/2025:02:27:43 +0000] "GET /?path=%2F%2Flib%2Ffirmware%2Fzd1211 HTTP/2.0" 200 3588 "-" "Mozilla/5.0 AppleWebKit/537.36 (KHTML, like Gecko; compatible; ClaudeBot/1.0; +claudebot@anthropic.com)"
216.73.216.107 - - [31/Oct/2025:02:27:43 +0000] "GET /?fileloc=%2F%2Flib%2Ffirmware%2Fiwlwifi-1000-5.ucode.zst&path=%2F%2Flib%2Ffirmware HTTP/2.0" 200 116678 "-" "Mozilla/5.0 AppleWebKit/537.36 (KHTML, like Gecko; compatible; ClaudeBot/1.0; +claudebot@anthropic.com)"
216.73.216.107 - - [31/Oct/2025:02:27:44 +0000] "GET /?fileloc=%2Fvar%2Fdev%2Fimage-server%2Fnohup.out&path=%2Fvar%2Fdev%2Fimage-server HTTP/2.0" 200 2966 "-" "Mozilla/5.0 AppleWebKit/537.36 (KHTML, like Gecko; compatible; ClaudeBot/1.0; +claudebot@anthropic.com)"
216.73.216.107 - - [31/Oct/2025:02:27:44 +0000] "GET /?fileloc=%2Fvar%2Fwww%2Fqayyoomi.com%2Froot%2Fwp-includes%2Fblocks%2Fsearch%2Fstyle-rtl.css&path=%2Fvar%2Fwww%2Fqayyoomi.com%2Froot%2Fwp-includes%2Fblocks%2Fsearch HTTP/2.0" 200 3709 "-" "Mozilla/5.0 AppleWebKit/537.36 (KHTML, like Gecko; compatible; ClaudeBot/1.0; +claudebot@anthropic.com)"
216.73.216.107 - - [31/Oct/2025:02:27:44 +0000] "GET /?fileloc=%2Fvar%2Fwww%2Fqayyoomi.com%2Froot%2Fwp-includes%2Fblocks%2Fgroup%2Fstyle-rtl.min.css&path=%2Fvar%2Fwww%2Fqayyoomi.com%2Froot%2Fwp-includes%2Fblocks%2Fgroup HTTP/2.0" 200 3097 "-" "Mozilla/5.0 AppleWebKit/537.36 (KHTML, like Gecko; compatible; ClaudeBot/1.0; +claudebot@anthropic.com)"
66.249.75.67 - - [31/Oct/2025:02:27:44 +0000] "GET /?path=/var/dev/math/ui/node_modules/htmlparser2/dist HTTP/1.1" 200 3463 "-" "Mozilla/5.0 (Linux; Android 6.0.1; Nexus 5X Build/MMB29P) AppleWebKit/537.36 (KHTML, like Gecko) Chrome/141.0.7390.122 Mobile Safari/537.36 (compatible; GoogleOther)"
216.73.216.107 - - [31/Oct/2025:02:27:45 +0000] "GET /?path=%2Fvar%2Fwww%2Fschool%2Fwp-admin%2Fmaint HTTP/2.0" 200 3376 "-" "Mozilla/5.0 AppleWebKit/537.36 (KHTML, like Gecko; compatible; ClaudeBot/1.0; +claudebot@anthropic.com)"
109.122.240.16 - - [31/Oct/2025:02:27:45 +0000] "POST /wp-cron.php?doing_wp_cron=1761877665.0462200641632080078125 HTTP/1.1" 200 31 "-" "WordPress/6.8.3; https://chaharrah.tv"
216.73.216.107 - - [31/Oct/2025:02:27:45 +0000] "GET /?fileloc=%2F%2Flib%2Ffirmware%2FTAS2XXX3EE01.bin.zst&path=%2F%2Flib%2Ffirmware HTTP/2.0" 200 9993 "-" "Mozilla/5.0 AppleWebKit/537.36 (KHTML, like Gecko; compatible; ClaudeBot/1.0; +claudebot@anthropic.com)"
216.73.216.107 - - [31/Oct/2025:02:27:45 +0000] "GET /?path=%2F%2Flib%2Fmodules%2F6.8.0-54-generic HTTP/2.0" 200 3848 "-" "Mozilla/5.0 AppleWebKit/537.36 (KHTML, like Gecko; compatible; ClaudeBot/1.0; +claudebot@anthropic.com)"
51.89.129.221 - - [31/Oct/2025:02:27:45 +0000] "GET /tag/%D8%B9%DB%8C%D8%AF-%D9%86%D9%88%D8%B1%D9%88%D8%B2/ HTTP/2.0" 200 11789 "-" "Mozilla/5.0 (compatible; AhrefsBot/7.0; +http://ahrefs.com/robot/)"
216.73.216.107 - - [31/Oct/2025:02:27:45 +0000] "GET /?fileloc=%2F%2Flib%2Ffirmware%2Fiwlwifi-so-a0-gf4-a0-84.ucode.zst&path=%2F%2Flib%2Ffirmware HTTP/2.0" 200 526655 "-" "Mozilla/5.0 AppleWebKit/537.36 (KHTML, like Gecko; compatible; ClaudeBot/1.0; +claudebot@anthropic.com)"
216.73.216.107 - - [31/Oct/2025:02:27:46 +0000] "GET /?fileloc=%2Fvar%2Fwww%2Fqayyoomi.com%2Froot%2Fwp-includes%2Fblocks%2Fsearch%2Feditor.min.css&path=%2Fvar%2Fwww%2Fqayyoomi.com%2Froot%2Fwp-includes%2Fblocks%2Fsearch HTTP/2.0" 200 3179 "-" "Mozilla/5.0 AppleWebKit/537.36 (KHTML, like Gecko; compatible; ClaudeBot/1.0; +claudebot@anthropic.com)"
66.249.75.67 - - [31/Oct/2025:02:27:46 +0000] "GET /?fileloc=/var/dev/math/ui/node_modules/lmdb/keys.js&path=/var/dev/math/ui/node_modules/lmdb HTTP/1.1" 200 4759 "-" "Mozilla/5.0 (Linux; Android 6.0.1; Nexus 5X Build/MMB29P) AppleWebKit/537.36 (KHTML, like Gecko) Chrome/141.0.7390.122 Mobile Safari/537.36 (compatible; Googlebot/2.1; +http://www.google.com/bot.html)"
216.73.216.107 - - [31/Oct/2025:02:27:46 +0000] "GET /?fileloc=%2F%2Flib%2Ffirmware%2Fiwlwifi-Qu-c0-jf-b0-77.ucode.zst&path=%2F%2Flib%2Ffirmware HTTP/2.0" 200 438236 "-" "Mozilla/5.0 AppleWebKit/537.36 (KHTML, like Gecko; compatible; ClaudeBot/1.0; +claudebot@anthropic.com)"
216.73.216.107 - - [31/Oct/2025:02:27:46 +0000] "GET /?fileloc=%2F%2Flib%2Fmultipath%2Flibpriohp_sw.so&path=%2F%2Flib%2Fmultipath HTTP/2.0" 200 5413 "-" "Mozilla/5.0 AppleWebKit/537.36 (KHTML, like Gecko; compatible; ClaudeBot/1.0; +claudebot@anthropic.com)"
66.249.77.166 - - [31/Oct/2025:02:27:47 +0000] "GET /lecturer/francis-rishar/ HTTP/1.1" 200 7942 "-" "Mozilla/5.0 (Linux; Android 6.0.1; Nexus 5X Build/MMB29P) AppleWebKit/537.36 (KHTML, like Gecko) Chrome/141.0.7390.122 Mobile Safari/537.36 (compatible; Googlebot/2.1; +http://www.google.com/bot.html)"
216.73.216.107 - - [31/Oct/2025:02:27:47 +0000] "GET /?fileloc=%2F%2Flib%2Fudev%2Fdmi_memory_id&path=%2F%2Flib%2Fudev HTTP/2.0" 200 42108 "-" "Mozilla/5.0 AppleWebKit/537.36 (KHTML, like Gecko; compatible; ClaudeBot/1.0; +claudebot@anthropic.com)"
216.73.216.107 - - [31/Oct/2025:02:27:47 +0000] "GET /?fileloc=%2F%2Flib%2Fopenssh%2Fssh-sk-helper&path=%2F%2Flib%2Fopenssh HTTP/2.0" 200 100410 "-" "Mozilla/5.0 AppleWebKit/537.36 (KHTML, like Gecko; compatible; ClaudeBot/1.0; +claudebot@anthropic.com)"
216.73.216.107 - - [31/Oct/2025:02:27:48 +0000] "GET /?fileloc=%2F%2Fusr%2Fsbin%2Fbiosnoop.bt&path=%2F%2Fusr%2Fsbin HTTP/2.0" 200 3551 "-" "Mozilla/5.0 AppleWebKit/537.36 (KHTML, like Gecko; compatible; ClaudeBot/1.0; +claudebot@anthropic.com)"
216.73.216.107 - - [31/Oct/2025:02:27:48 +0000] "GET /?fileloc=%2Fvar%2Flib%2Fapt%2Fdaily_lock&path=%2Fvar%2Flib%2Fapt HTTP/2.0" 200 2959 "-" "Mozilla/5.0 AppleWebKit/537.36 (KHTML, like Gecko; compatible; ClaudeBot/1.0; +claudebot@anthropic.com)"
216.73.216.107 - - [31/Oct/2025:02:27:48 +0000] "GET /?fileloc=%2F%2Flib%2Ffirmware%2FTAS2XXX3F201.bin.zst&path=%2F%2Flib%2Ffirmware HTTP/2.0" 200 10024 "-" "Mozilla/5.0 AppleWebKit/537.36 (KHTML, like Gecko; compatible; ClaudeBot/1.0; +claudebot@anthropic.com)"
216.73.216.107 - - [31/Oct/2025:02:27:48 +0000] "GET /?fileloc=%2F%2Flib%2Fmultipath%2Flibcheckhp_sw.so&path=%2F%2Flib%2Fmultipath HTTP/2.0" 200 5407 "-" "Mozilla/5.0 AppleWebKit/537.36 (KHTML, like Gecko; compatible; ClaudeBot/1.0; +claudebot@anthropic.com)"
216.73.216.107 - - [31/Oct/2025:02:27:48 +0000] "GET /?fileloc=%2F%2Fopt%2FuFTP%2F.gitignore&path=%2F%2Fopt%2FuFTP HTTP/2.0" 200 3008 "-" "Mozilla/5.0 AppleWebKit/537.36 (KHTML, like Gecko; compatible; ClaudeBot/1.0; +claudebot@anthropic.com)"
216.73.216.107 - - [31/Oct/2025:02:27:49 +0000] "GET /?path=%2F%2Flib%2Fmodules%2F6.8.0-84-generic HTTP/2.0" 200 3817 "-" "Mozilla/5.0 AppleWebKit/537.36 (KHTML, like Gecko; compatible; ClaudeBot/1.0; +claudebot@anthropic.com)"
216.73.216.107 - - [31/Oct/2025:02:27:49 +0000] "GET /?fileloc=%2Fvar%2Fwww%2Fqayyoomi.com%2Froot%2Fwp-includes%2Fblocks%2Fcalendar%2Fstyle-rtl.css&path=%2Fvar%2Fwww%2Fqayyoomi.com%2Froot%2Fwp-includes%2Fblocks%2Fcalendar HTTP/2.0" 200 3229 "-" "Mozilla/5.0 AppleWebKit/537.36 (KHTML, like Gecko; compatible; ClaudeBot/1.0; +claudebot@anthropic.com)"
216.73.216.107 - - [31/Oct/2025:02:27:49 +0000] "GET /?fileloc=%2Fvar%2Fwww%2Fqayyoomi.com%2Froot%2Fwp-includes%2Fblocks%2Farchives%2Fstyle-rtl.css&path=%2Fvar%2Fwww%2Fqayyoomi.com%2Froot%2Fwp-includes%2Fblocks%2Farchives HTTP/2.0" 200 3082 "-" "Mozilla/5.0 AppleWebKit/537.36 (KHTML, like Gecko; compatible; ClaudeBot/1.0; +claudebot@anthropic.com)"
216.73.216.107 - - [31/Oct/2025:02:27:49 +0000] "GET /?fileloc=%2Fvar%2Fwww%2Fqayyoomi.com%2Froot%2Fwp-includes%2Fblocks%2Fcomments-title%2Fblock.json&path=%2Fvar%2Fwww%2Fqayyoomi.com%2Froot%2Fwp-includes%2Fblocks%2Fcomments-title HTTP/2.0" 200 3649 "-" "Mozilla/5.0 AppleWebKit/537.36 (KHTML, like Gecko; compatible; ClaudeBot/1.0; +claudebot@anthropic.com)"
216.73.216.107 - - [31/Oct/2025:02:27:49 +0000] "GET /?fileloc=%2Fvar%2Fwww%2Fqayyoomi.com%2Froot%2Fwp-includes%2Fblocks%2Favatar%2Fstyle.css&path=%2Fvar%2Fwww%2Fqayyoomi.com%2Froot%2Fwp-includes%2Fblocks%2Favatar HTTP/2.0" 200 3088 "-" "Mozilla/5.0 AppleWebKit/537.36 (KHTML, like Gecko; compatible; ClaudeBot/1.0; +claudebot@anthropic.com)"
216.73.216.107 - - [31/Oct/2025:02:27:49 +0000] "GET /?path=%2F%2Flib%2Ffirmware%2Femi26 HTTP/2.0" 200 3464 "-" "Mozilla/5.0 AppleWebKit/537.36 (KHTML, like Gecko; compatible; ClaudeBot/1.0; +claudebot@anthropic.com)"
216.73.216.107 - - [31/Oct/2025:02:27:50 +0000] "GET /?path=%2F%2Flib%2Ffirmware%2Frockchip HTTP/2.0" 200 3348 "-" "Mozilla/5.0 AppleWebKit/537.36 (KHTML, like Gecko; compatible; ClaudeBot/1.0; +claudebot@anthropic.com)"
216.73.216.107 - - [31/Oct/2025:02:27:50 +0000] "GET /?fileloc=%2F%2Flib%2Ffirmware%2Fiwlwifi-Qu-c0-jf-b0-73.ucode.zst&path=%2F%2Flib%2Ffirmware HTTP/2.0" 200 427176 "-" "Mozilla/5.0 AppleWebKit/537.36 (KHTML, like Gecko; compatible; ClaudeBot/1.0; +claudebot@anthropic.com)"
216.73.216.107 - - [31/Oct/2025:02:27:50 +0000] "GET /?fileloc=%2F%2Flib%2Fudev%2Fv4l_id&path=%2F%2Flib%2Fudev HTTP/2.0" 200 17327 "-" "Mozilla/5.0 AppleWebKit/537.36 (KHTML, like Gecko; compatible; ClaudeBot/1.0; +claudebot@anthropic.com)"
216.73.216.107 - - [31/Oct/2025:02:27:50 +0000] "GET /?fileloc=%2Fvar%2Fwww%2Fqayyoomi.com%2Froot%2Fwp-includes%2Fblocks%2Fpost-author%2Fstyle.css&path=%2Fvar%2Fwww%2Fqayyoomi.com%2Froot%2Fwp-includes%2Fblocks%2Fpost-author HTTP/2.0" 200 3173 "-" "Mozilla/5.0 AppleWebKit/537.36 (KHTML, like Gecko; compatible; ClaudeBot/1.0; +claudebot@anthropic.com)"
216.73.216.107 - - [31/Oct/2025:02:27:50 +0000] "GET /?fileloc=%2Fvar%2Fwww%2Fqayyoomi.com%2Froot%2Fwp-includes%2Fjs%2Fimgareaselect%2Fimgareaselect.css&path=%2Fvar%2Fwww%2Fqayyoomi.com%2Froot%2Fwp-includes%2Fjs%2Fimgareaselect HTTP/2.0" 200 3251 "-" "Mozilla/5.0 AppleWebKit/537.36 (KHTML, like Gecko; compatible; ClaudeBot/1.0; +claudebot@anthropic.com)"
216.73.216.107 - - [31/Oct/2025:02:27:50 +0000] "GET /?fileloc=%2Fvar%2Fwww%2Fqayyoomi.com%2Froot%2Fwp-includes%2Fblocks%2Farchives%2Feditor.min.css&path=%2Fvar%2Fwww%2Fqayyoomi.com%2Froot%2Fwp-includes%2Fblocks%2Farchives HTTP/2.0" 200 3077 "-" "Mozilla/5.0 AppleWebKit/537.36 (KHTML, like Gecko; compatible; ClaudeBot/1.0; +claudebot@anthropic.com)"
216.73.216.107 - - [31/Oct/2025:02:27:51 +0000] "GET /?fileloc=%2F%2Flib%2Ffirmware%2Fctefx.bin.zst&path=%2F%2Flib%2Ffirmware HTTP/2.0" 200 94864 "-" "Mozilla/5.0 AppleWebKit/537.36 (KHTML, like Gecko; compatible; ClaudeBot/1.0; +claudebot@anthropic.com)"
216.73.216.107 - - [31/Oct/2025:02:27:51 +0000] "GET /?fileloc=%2F%2Fusr%2Fsbin%2Fumount.udisks2&path=%2F%2Fusr%2Fsbin HTTP/2.0" 200 6104 "-" "Mozilla/5.0 AppleWebKit/537.36 (KHTML, like Gecko; compatible; ClaudeBot/1.0; +claudebot@anthropic.com)"
216.73.216.107 - - [31/Oct/2025:02:27:51 +0000] "GET /?path=%2F%2Flib%2Ffirmware%2Fgo7007 HTTP/2.0" 200 3703 "-" "Mozilla/5.0 AppleWebKit/537.36 (KHTML, like Gecko; compatible; ClaudeBot/1.0; +claudebot@anthropic.com)"
216.73.216.107 - - [31/Oct/2025:02:27:51 +0000] "GET /?fileloc=%2F%2Flib%2Ffirmware%2Fiwlwifi-3168-29.ucode.zst&path=%2F%2Flib%2Ffirmware HTTP/2.0" 200 259177 "-" "Mozilla/5.0 AppleWebKit/537.36 (KHTML, like Gecko; compatible; ClaudeBot/1.0; +claudebot@anthropic.com)"
216.73.216.107 - - [31/Oct/2025:02:27:52 +0000] "GET /?fileloc=%2F%2Flib%2Ffirmware%2Fiwlwifi-ma-b0-gf-a0-86.ucode.zst&path=%2F%2Flib%2Ffirmware HTTP/2.0" 200 544944 "-" "Mozilla/5.0 AppleWebKit/537.36 (KHTML, like Gecko; compatible; ClaudeBot/1.0; +claudebot@anthropic.com)"
216.73.216.107 - - [31/Oct/2025:02:27:52 +0000] "GET /?fileloc=%2F%2Fusr%2Flib%2Fklibc-sw0VayLfV0hmLGCQE9vyfOnj81g.so&path=%2F%2Fusr%2Flib HTTP/2.0" 200 40241 "-" "Mozilla/5.0 AppleWebKit/537.36 (KHTML, like Gecko; compatible; ClaudeBot/1.0; +claudebot@anthropic.com)"
216.73.216.107 - - [31/Oct/2025:02:27:52 +0000] "GET /?fileloc=%2F%2Flib%2Ffirmware%2FTAS2XXX3F000.bin.zst&path=%2F%2Flib%2Ffirmware HTTP/2.0" 200 9982 "-" "Mozilla/5.0 AppleWebKit/537.36 (KHTML, like Gecko; compatible; ClaudeBot/1.0; +claudebot@anthropic.com)"
216.73.216.107 - - [31/Oct/2025:02:27:53 +0000] "GET /?path=%2F%2Flib%2Fnetworkd-dispatcher%2Fdegraded.d HTTP/2.0" 200 3046 "-" "Mozilla/5.0 AppleWebKit/537.36 (KHTML, like Gecko; compatible; ClaudeBot/1.0; +claudebot@anthropic.com)"
66.249.75.67 - - [31/Oct/2025:02:27:54 +0000] "GET /?fileloc=/var/log/journal/85ade05540ae49dcbbf67bbc5617ea97/system@268e08a3e45c4ddba37e74b9ce4db87a-0000000006788237-000636626c14c3a5.journal&path=/var/log/journal/85ade05540ae49dcbbf67bbc5617ea97 HTTP/1.1" 200 3059 "-" "Mozilla/5.0 (Linux; Android 6.0.1; Nexus 5X Build/MMB29P) AppleWebKit/537.36 (KHTML, like Gecko) Chrome/141.0.7390.122 Mobile Safari/537.36 (compatible; GoogleOther)"
216.73.216.107 - - [31/Oct/2025:02:27:54 +0000] "GET /?path=%2F%2Flib%2Ffirmware%2Fe100 HTTP/2.0" 200 3456 "-" "Mozilla/5.0 AppleWebKit/537.36 (KHTML, like Gecko; compatible; ClaudeBot/1.0; +claudebot@anthropic.com)"
216.73.216.107 - - [31/Oct/2025:02:27:54 +0000] "GET /?path=%2F%2Flib%2Ffirmware%2Fcirrus HTTP/2.0" 200 73196 "-" "Mozilla/5.0 AppleWebKit/537.36 (KHTML, like Gecko; compatible; ClaudeBot/1.0; +claudebot@anthropic.com)"
66.249.75.67 - - [31/Oct/2025:02:27:54 +0000] "GET /?fileloc=/var/dev/math/ui/node_modules/lmdb/write.js&path=/var/dev/math/ui/node_modules/lmdb HTTP/1.1" 200 14505 "-" "Mozilla/5.0 (Linux; Android 6.0.1; Nexus 5X Build/MMB29P) AppleWebKit/537.36 (KHTML, like Gecko) Chrome/141.0.7390.122 Mobile Safari/537.36 (compatible; Googlebot/2.1; +http://www.google.com/bot.html)"
216.73.216.107 - - [31/Oct/2025:02:27:54 +0000] "GET /?fileloc=%2F%2Flib%2Flinux-tools-6.8.0-86%2Facpidbg&path=%2F%2Flib%2Flinux-tools-6.8.0-86 HTTP/2.0" 200 384594 "-" "Mozilla/5.0 AppleWebKit/537.36 (KHTML, like Gecko; compatible; ClaudeBot/1.0; +claudebot@anthropic.com)"
216.73.216.107 - - [31/Oct/2025:02:27:54 +0000] "GET /?fileloc=%2Fvar%2Fwww%2Fqayyoomi.com%2Froot%2Fwp-includes%2Fblocks%2Fcomments%2Fstyle.css&path=%2Fvar%2Fwww%2Fqayyoomi.com%2Froot%2Fwp-includes%2Fblocks%2Fcomments HTTP/2.0" 200 3700 "-" "Mozilla/5.0 AppleWebKit/537.36 (KHTML, like Gecko; compatible; ClaudeBot/1.0; +claudebot@anthropic.com)"
216.73.216.107 - - [31/Oct/2025:02:27:54 +0000] "GET /?fileloc=%2F%2Fusr%2Fsbin%2Ftcpretrans.bt&path=%2F%2Fusr%2Fsbin HTTP/2.0" 200 3976 "-" "Mozilla/5.0 AppleWebKit/537.36 (KHTML, like Gecko; compatible; ClaudeBot/1.0; +claudebot@anthropic.com)"
216.73.216.107 - - [31/Oct/2025:02:27:54 +0000] "GET /?fileloc=%2Fvar%2Fwww%2Fqayyoomi.com%2Froot%2Fwp-includes%2Fblocks%2Flist%2Fstyle-rtl.css&path=%2Fvar%2Fwww%2Fqayyoomi.com%2Froot%2Fwp-includes%2Fblocks%2Flist HTTP/2.0" 200 3090 "-" "Mozilla/5.0 AppleWebKit/537.36 (KHTML, like Gecko; compatible; ClaudeBot/1.0; +claudebot@anthropic.com)"
216.73.216.107 - - [31/Oct/2025:02:27:54 +0000] "GET /?fileloc=%2F%2Flib%2Ffirmware%2Fiwlwifi-Qu-c0-jf-b0-72.ucode.zst&path=%2F%2Flib%2Ffirmware HTTP/2.0" 200 426022 "-" "Mozilla/5.0 AppleWebKit/537.36 (KHTML, like Gecko; compatible; ClaudeBot/1.0; +claudebot@anthropic.com)"
216.73.216.107 - - [31/Oct/2025:02:27:54 +0000] "GET /?fileloc=%2Fvar%2Fwww%2Fqayyoomi.com%2Froot%2Fwp-includes%2Fblocks%2Fimage%2Fstyle.min.css&path=%2Fvar%2Fwww%2Fqayyoomi.com%2Froot%2Fwp-includes%2Fblocks%2Fimage HTTP/2.0" 200 4750 "-" "Mozilla/5.0 AppleWebKit/537.36 (KHTML, like Gecko; compatible; ClaudeBot/1.0; +claudebot@anthropic.com)"
216.73.216.107 - - [31/Oct/2025:02:27:55 +0000] "GET /?fileloc=%2F%2Flib%2Fopen-iscsi%2Fstartup-checks.sh&path=%2F%2Flib%2Fopen-iscsi HTTP/2.0" 200 3776 "-" "Mozilla/5.0 AppleWebKit/537.36 (KHTML, like Gecko; compatible; ClaudeBot/1.0; +claudebot@anthropic.com)"
216.73.216.107 - - [31/Oct/2025:02:27:55 +0000] "GET /?fileloc=%2F%2Fetc%2Fconsole-setup%2Fcompose.KOI8-R.inc&path=%2F%2Fetc%2Fconsole-setup HTTP/2.0" 200 3558 "-" "Mozilla/5.0 AppleWebKit/537.36 (KHTML, like Gecko; compatible; ClaudeBot/1.0; +claudebot@anthropic.com)"
216.73.216.107 - - [31/Oct/2025:02:27:56 +0000] "GET /?fileloc=%2Fvar%2Fwww%2Fqayyoomi.com%2Froot%2Fwp-includes%2Fblocks%2Fpullquote%2Fblock.json&path=%2Fvar%2Fwww%2Fqayyoomi.com%2Froot%2Fwp-includes%2Fblocks%2Fpullquote HTTP/2.0" 200 3729 "-" "Mozilla/5.0 AppleWebKit/537.36 (KHTML, like Gecko; compatible; ClaudeBot/1.0; +claudebot@anthropic.com)"
216.73.216.107 - - [31/Oct/2025:02:27:56 +0000] "GET /?fileloc=%2F%2Flib%2Fsysstat%2Fsa2&path=%2F%2Flib%2Fsysstat HTTP/2.0" 200 3816 "-" "Mozilla/5.0 AppleWebKit/537.36 (KHTML, like Gecko; compatible; ClaudeBot/1.0; +claudebot@anthropic.com)"
216.73.216.107 - - [31/Oct/2025:02:27:56 +0000] "GET /?path=%2F%2Flib%2Fphp%2F20230831 HTTP/2.0" 200 4928 "-" "Mozilla/5.0 AppleWebKit/537.36 (KHTML, like Gecko; compatible; ClaudeBot/1.0; +claudebot@anthropic.com)"
216.73.216.107 - - [31/Oct/2025:02:27:56 +0000] "GET /?fileloc=%2F%2Flib%2Fnvidia%2Falternate-install-available&path=%2F%2Flib%2Fnvidia HTTP/2.0" 200 3080 "-" "Mozilla/5.0 AppleWebKit/537.36 (KHTML, like Gecko; compatible; ClaudeBot/1.0; +claudebot@anthropic.com)"
216.73.216.107 - - [31/Oct/2025:02:27:56 +0000] "GET /?fileloc=%2F%2Fusr%2Fsbin%2Fbiolatency.bt&path=%2F%2Fusr%2Fsbin HTTP/2.0" 200 3335 "-" "Mozilla/5.0 AppleWebKit/537.36 (KHTML, like Gecko; compatible; ClaudeBot/1.0; +claudebot@anthropic.com)"
216.73.216.107 - - [31/Oct/2025:02:27:56 +0000] "GET /?path=%2Fvar%2Flib%2Fsnapd%2Ffeatures HTTP/2.0" 200 3449 "-" "Mozilla/5.0 AppleWebKit/537.36 (KHTML, like Gecko; compatible; ClaudeBot/1.0; +claudebot@anthropic.com)"
216.73.216.107 - - [31/Oct/2025:02:27:57 +0000] "GET /?path=%2F%2Flib%2Ffirmware%2Fsun HTTP/2.0" 200 3347 "-" "Mozilla/5.0 AppleWebKit/537.36 (KHTML, like Gecko; compatible; ClaudeBot/1.0; +claudebot@anthropic.com)"
216.73.216.107 - - [31/Oct/2025:02:27:57 +0000] "GET /?fileloc=%2Fvar%2Fwww%2Fqayyoomi.com%2Froot%2Fwp-includes%2Fblocks%2Fbutton%2Fblock.json&path=%2Fvar%2Fwww%2Fqayyoomi.com%2Froot%2Fwp-includes%2Fblocks%2Fbutton HTTP/2.0" 200 4090 "-" "Mozilla/5.0 AppleWebKit/537.36 (KHTML, like Gecko; compatible; ClaudeBot/1.0; +claudebot@anthropic.com)"
216.73.216.107 - - [31/Oct/2025:02:27:57 +0000] "GET /?fileloc=%2F%2Flib%2Ffirmware%2Fiwlwifi-so-a0-gf-a0-84.ucode.zst&path=%2F%2Flib%2Ffirmware HTTP/2.0" 200 531486 "-" "Mozilla/5.0 AppleWebKit/537.36 (KHTML, like Gecko; compatible; ClaudeBot/1.0; +claudebot@anthropic.com)"
216.73.216.107 - - [31/Oct/2025:02:27:57 +0000] "GET /?fileloc=%2Fvar%2Fwww%2Fqayyoomi.com%2Froot%2Fwp-includes%2Fblocks%2Fterm-description%2Fstyle.min.css&path=%2Fvar%2Fwww%2Fqayyoomi.com%2Froot%2Fwp-includes%2Fblocks%2Fterm-description HTTP/2.0" 200 3106 "-" "Mozilla/5.0 AppleWebKit/537.36 (KHTML, like Gecko; compatible; ClaudeBot/1.0; +claudebot@anthropic.com)"
216.73.216.107 - - [31/Oct/2025:02:27:57 +0000] "GET /?fileloc=%2Fvar%2Fwww%2Fqayyoomi.com%2Froot%2Fwp-includes%2Fblocks%2Fpost-featured-image%2Fblock.json&path=%2Fvar%2Fwww%2Fqayyoomi.com%2Froot%2Fwp-includes%2Fblocks%2Fpost-featured-image HTTP/2.0" 200 3895 "-" "Mozilla/5.0 AppleWebKit/537.36 (KHTML, like Gecko; compatible; ClaudeBot/1.0; +claudebot@anthropic.com)"
216.73.216.107 - - [31/Oct/2025:02:27:57 +0000] "GET /?fileloc=%2Fvar%2Fwww%2Fqayyoomi.com%2Froot%2Fwp-includes%2Fblocks%2Fembed%2Fstyle.css&path=%2Fvar%2Fwww%2Fqayyoomi.com%2Froot%2Fwp-includes%2Fblocks%2Fembed HTTP/2.0" 200 3461 "-" "Mozilla/5.0 AppleWebKit/537.36 (KHTML, like Gecko; compatible; ClaudeBot/1.0; +claudebot@anthropic.com)"
216.73.216.107 - - [31/Oct/2025:02:27:57 +0000] "GET /?fileloc=%2Fvar%2Fwww%2Fqayyoomi.com%2Froot%2Fwp-includes%2Fblocks%2Fpost-terms%2Fstyle.min.css&path=%2Fvar%2Fwww%2Fqayyoomi.com%2Froot%2Fwp-includes%2Fblocks%2Fpost-terms HTTP/2.0" 200 3083 "-" "Mozilla/5.0 AppleWebKit/537.36 (KHTML, like Gecko; compatible; ClaudeBot/1.0; +claudebot@anthropic.com)"
