66.249.75.67 - - [31/Oct/2025:02:11:25 +0000] "GET /?path=/var/dev/nowruzgan/vazhgar/node_modules/@schematics/angular/module HTTP/1.1" 200 3758 "-" "Mozilla/5.0 (Linux; Android 6.0.1; Nexus 5X Build/MMB29P) AppleWebKit/537.36 (KHTML, like Gecko) Chrome/141.0.7390.122 Mobile Safari/537.36 (compatible; Googlebot/2.1; +http://www.google.com/bot.html)"
87.250.224.90 - - [31/Oct/2025:02:11:26 +0000] "OPTIONS /api/v1.0/log HTTP/1.1" 404 11792 "https://vazhgar.com/" "Mozilla/5.0 (compatible; YandexRenderResourcesBot/1.0; +http://yandex.com/bots) AppleWebKit/537.36 (KHTML, like Gecko) Chrome/108.0.0.0"
95.108.213.243 - - [31/Oct/2025:02:11:26 +0000] "OPTIONS /api/v1.0/log HTTP/1.1" 404 11792 "https://vazhgar.com/" "Mozilla/5.0 (compatible; YandexRenderResourcesBot/1.0; +http://yandex.com/bots) AppleWebKit/537.36 (KHTML, like Gecko) Chrome/108.0.0.0"
87.250.224.43 - - [31/Oct/2025:02:11:26 +0000] "OPTIONS /api/v1.0/log HTTP/1.1" 404 11792 "https://vazhgar.com/" "Mozilla/5.0 (compatible; YandexRenderResourcesBot/1.0; +http://yandex.com/bots) AppleWebKit/537.36 (KHTML, like Gecko) Chrome/108.0.0.0"
66.249.75.67 - - [31/Oct/2025:02:11:26 +0000] "GET /?path=/var/dev/nowruzgan/vazhgar/node_modules/@schematics/angular/guard HTTP/1.1" 200 3810 "-" "Mozilla/5.0 (Linux; Android 6.0.1; Nexus 5X Build/MMB29P) AppleWebKit/537.36 (KHTML, like Gecko) Chrome/141.0.7390.122 Mobile Safari/537.36 (compatible; Googlebot/2.1; +http://www.google.com/bot.html)"
213.180.203.152 - - [31/Oct/2025:02:11:26 +0000] "OPTIONS /api/v1.0/log HTTP/1.1" 404 11792 "https://vazhgar.com/" "Mozilla/5.0 (compatible; YandexRenderResourcesBot/1.0; +http://yandex.com/bots) AppleWebKit/537.36 (KHTML, like Gecko) Chrome/108.0.0.0"
66.249.75.67 - - [31/Oct/2025:02:11:34 +0000] "GET /?fileloc=/var/dev/nowruzgan/vazhgar/node_modules/webpack-merge/LICENSE&path=/var/dev/nowruzgan/vazhgar/node_modules/webpack-merge HTTP/1.1" 200 3732 "-" "Mozilla/5.0 (Linux; Android 6.0.1; Nexus 5X Build/MMB29P) AppleWebKit/537.36 (KHTML, like Gecko) Chrome/141.0.7390.122 Mobile Safari/537.36 (compatible; Googlebot/2.1; +http://www.google.com/bot.html)"
66.249.75.67 - - [31/Oct/2025:02:11:34 +0000] "GET /?path=/var/dev/nowruzgan/vazhgar/node_modules/@schematics/angular/application HTTP/1.1" 200 3764 "-" "Mozilla/5.0 (Linux; Android 6.0.1; Nexus 5X Build/MMB29P) AppleWebKit/537.36 (KHTML, like Gecko) Chrome/141.0.7390.122 Mobile Safari/537.36 (compatible; Googlebot/2.1; +http://www.google.com/bot.html)"
194.225.50.88 - - [31/Oct/2025:02:11:34 +0000] "GET / HTTP/1.1" 301 178 "-" "Mozilla/5.0 (Linux; Android 9; SM-G973F) AppleWebKit/537.36 (KHTML, like Gecko) Chrome/85.0.4183.81 Mobile Safari/537.36"
194.225.50.88 - - [31/Oct/2025:02:11:35 +0000] "GET / HTTP/1.1" 200 490 "-" "Mozilla/5.0 (Linux; Android 9; SM-G973F) AppleWebKit/537.36 (KHTML, like Gecko) Chrome/85.0.4183.81 Mobile Safari/537.36"
66.249.75.67 - - [31/Oct/2025:02:11:35 +0000] "GET /?path=/var/dev/nowruzgan/vazhgar/node_modules/toidentifier HTTP/1.1" 200 3669 "-" "Mozilla/5.0 (Linux; Android 6.0.1; Nexus 5X Build/MMB29P) AppleWebKit/537.36 (KHTML, like Gecko) Chrome/141.0.7390.122 Mobile Safari/537.36 (compatible; GoogleOther)"
194.225.50.88 - - [31/Oct/2025:02:11:35 +0000] "GET / HTTP/1.1" 301 178 "-" "Mozilla/5.0 (Linux; Android 9; SM-G973F) AppleWebKit/537.36 (KHTML, like Gecko) Chrome/85.0.4183.81 Mobile Safari/537.36"
194.225.50.88 - - [31/Oct/2025:02:11:36 +0000] "GET / HTTP/1.1" 200 490 "-" "Mozilla/5.0 (Linux; Android 9; SM-G973F) AppleWebKit/537.36 (KHTML, like Gecko) Chrome/85.0.4183.81 Mobile Safari/537.36"
157.245.33.75 - - [31/Oct/2025:02:11:40 +0000] "POST /xmlrpc.php HTTP/1.1" 200 438 "-" "Mozilla/5.0 (Windows NT 10.0; Win64; x64; rv:58.0) Gecko/20100101 Firefox/58.0"
66.249.75.67 - - [31/Oct/2025:02:11:41 +0000] "GET /?path=/var/dev/nowruzgan/vazhgar/node_modules/@schematics/angular/e2e HTTP/1.1" 200 3764 "-" "Mozilla/5.0 (Linux; Android 6.0.1; Nexus 5X Build/MMB29P) AppleWebKit/537.36 (KHTML, like Gecko) Chrome/141.0.7390.122 Mobile Safari/537.36 (compatible; Googlebot/2.1; +http://www.google.com/bot.html)"
66.249.75.67 - - [31/Oct/2025:02:11:48 +0000] "GET /?fileloc=/var/dev/math/ui/node_modules/dunder-proto/.eslintrc&path=/var/dev/math/ui/node_modules/dunder-proto HTTP/1.1" 200 3074 "-" "Mozilla/5.0 (Linux; Android 6.0.1; Nexus 5X Build/MMB29P) AppleWebKit/537.36 (KHTML, like Gecko) Chrome/141.0.7390.122 Mobile Safari/537.36 (compatible; GoogleOther)"
66.249.77.200 - - [31/Oct/2025:02:11:49 +0000] "GET /travelogue/text/s1-t596-t999-n1264 HTTP/1.1" 200 4768 "-" "Mozilla/5.0 (Linux; Android 6.0.1; Nexus 5X Build/MMB29P) AppleWebKit/537.36 (KHTML, like Gecko) Chrome/141.0.7390.122 Mobile Safari/537.36 (compatible; Googlebot/2.1; +http://www.google.com/bot.html)"
66.249.75.67 - - [31/Oct/2025:02:11:49 +0000] "GET /?path=/var/dev/nowruzgan/vazhgar/node_modules/@schematics/angular/ng-new HTTP/1.1" 200 3681 "-" "Mozilla/5.0 (Linux; Android 6.0.1; Nexus 5X Build/MMB29P) AppleWebKit/537.36 (KHTML, like Gecko) Chrome/141.0.7390.122 Mobile Safari/537.36 (compatible; Googlebot/2.1; +http://www.google.com/bot.html)"
20.151.56.195 - - [31/Oct/2025:02:11:52 +0000] "POST /xmlrpc.php HTTP/2.0" 200 426 "https://meysamkiani.com" "Mozilla/5.0 (Windows NT 10.0; Win64; x64) AppleWebKit/537.36 (KHTML, like Gecko) Chrome/126.0.0.0 Safari/537.36"
109.122.240.16 - - [31/Oct/2025:02:11:52 +0000] "POST /wp-cron.php?doing_wp_cron=1761876712.6257019042968750000000 HTTP/1.1" 200 31 "-" "WordPress/6.8.3; https://chaharrah.tv"
189.5.164.47 - - [31/Oct/2025:02:11:53 +0000] "GET /abdollah-ramandi-latin-05/?replytocom=1224 HTTP/1.1" 200 14530 "-" "Mozilla/5.0 (Windows NT 10.0; Win64; x64) AppleWebKit/537.36 (KHTML, like Gecko) Brave Chrome/86.0.4240.99 Safari/537.36"
207.46.13.9 - - [31/Oct/2025:02:11:54 +0000] "GET /travelogue/text/s1-t1821-t-n2444 HTTP/2.0" 200 4755 "-" "Mozilla/5.0 AppleWebKit/537.36 (KHTML, like Gecko; compatible; bingbot/2.0; +http://www.bing.com/bingbot.htm) Chrome/116.0.1938.76 Safari/537.36"
66.249.75.67 - - [31/Oct/2025:02:11:59 +0000] "GET /?path=/var/dev/nowruzgan/vazhgar/node_modules/@schematics/angular/enum HTTP/1.1" 200 3773 "-" "Mozilla/5.0 (Linux; Android 6.0.1; Nexus 5X Build/MMB29P) AppleWebKit/537.36 (KHTML, like Gecko) Chrome/141.0.7390.122 Mobile Safari/537.36 (compatible; Googlebot/2.1; +http://www.google.com/bot.html)"
109.122.240.16 - - [31/Oct/2025:02:12:02 +0000] "GET /api/v1.0/lexicon/word/13166/rel|ref HTTP/1.1" 200 810 "-" "node"
109.122.240.16 - - [31/Oct/2025:02:12:02 +0000] "GET /api/v1.0/lexicon/word-ref?limit=0&word=13166&sort=title%20asc HTTP/1.1" 200 296 "-" "node"
109.122.240.16 - - [31/Oct/2025:02:12:02 +0000] "GET /api/v1.0/lexicon/word/?sortable=entrancehall&lang=en HTTP/1.1" 200 524 "-" "node"
109.122.240.16 - - [31/Oct/2025:02:12:02 +0000] "GET /api/v1.0/lexicon/word/7929/rel|ref HTTP/1.1" 200 614 "-" "node"
109.122.240.16 - - [31/Oct/2025:02:12:02 +0000] "GET /api/v1.0/lexicon/word-ref?limit=0&word=7929&sort=title%20asc HTTP/1.1" 200 682 "-" "node"
109.122.240.16 - - [31/Oct/2025:02:12:02 +0000] "GET /api/v1.0/lexicon/word/13168/rel|ref HTTP/1.1" 200 809 "-" "node"
109.122.240.16 - - [31/Oct/2025:02:12:02 +0000] "GET /api/v1.0/lexicon/word-ref?limit=0&word=13168&sort=title%20asc HTTP/1.1" 200 295 "-" "node"
5.255.231.101 - - [31/Oct/2025:02:12:04 +0000] "GET /lexicon/word/13166 HTTP/1.1" 200 36839 "-" "Mozilla/5.0 (compatible; YandexBot/3.0; +http://yandex.com/bots)"
51.195.215.23 - - [31/Oct/2025:02:12:04 +0000] "GET /lecturer/hesam-salamat/ HTTP/2.0" 200 7121 "-" "Mozilla/5.0 (compatible; AhrefsBot/7.0; +http://ahrefs.com/robot/)"
66.249.75.67 - - [31/Oct/2025:02:12:07 +0000] "GET /?path=/var/dev/nowruzgan/vazhgar/node_modules/@schematics/angular/private HTTP/1.1" 200 3531 "-" "Mozilla/5.0 (Linux; Android 6.0.1; Nexus 5X Build/MMB29P) AppleWebKit/537.36 (KHTML, like Gecko) Chrome/141.0.7390.122 Mobile Safari/537.36 (compatible; Googlebot/2.1; +http://www.google.com/bot.html)"
66.249.75.68 - - [31/Oct/2025:02:12:11 +0000] "GET /?fileloc=/var/dev/math/ui/.git/hooks/prepare-commit-msg.sample&path=/var/dev/math/ui/.git/hooks HTTP/1.1" 200 3834 "-" "Mozilla/5.0 (Linux; Android 6.0.1; Nexus 5X Build/MMB29P) AppleWebKit/537.36 (KHTML, like Gecko) Chrome/141.0.7390.122 Mobile Safari/537.36 (compatible; GoogleOther)"
66.249.75.68 - - [31/Oct/2025:02:12:14 +0000] "GET /?path=/var/dev/nowruzgan/vazhgar/node_modules/@schematics/angular/directive HTTP/1.1" 200 3759 "-" "Mozilla/5.0 (Linux; Android 6.0.1; Nexus 5X Build/MMB29P) AppleWebKit/537.36 (KHTML, like Gecko) Chrome/141.0.7390.122 Mobile Safari/537.36 (compatible; Googlebot/2.1; +http://www.google.com/bot.html)"
66.249.75.68 - - [31/Oct/2025:02:12:14 +0000] "GET /?path=/var/www/qayyoomi.com/root/wp-content/plugins/wp-mail-smtp/assets/vue HTTP/1.1" 200 3679 "-" "Mozilla/5.0 (Linux; Android 6.0.1; Nexus 5X Build/MMB29P) AppleWebKit/537.36 (KHTML, like Gecko) Chrome/141.0.7390.122 Mobile Safari/537.36 (compatible; Googlebot/2.1; +http://www.google.com/bot.html)"
66.249.75.67 - - [31/Oct/2025:02:12:22 +0000] "GET /?path=/var/dev/nowruzgan/vazhgar/node_modules/@schematics/angular/pipe HTTP/1.1" 200 3777 "-" "Mozilla/5.0 (Linux; Android 6.0.1; Nexus 5X Build/MMB29P) AppleWebKit/537.36 (KHTML, like Gecko) Chrome/141.0.7390.122 Mobile Safari/537.36 (compatible; Googlebot/2.1; +http://www.google.com/bot.html)"
66.249.75.67 - - [31/Oct/2025:02:12:22 +0000] "GET /?path=/var/dev/nowruzgan/rest/node_modules HTTP/1.1" 200 19188 "-" "Mozilla/5.0 (Linux; Android 6.0.1; Nexus 5X Build/MMB29P) AppleWebKit/537.36 (KHTML, like Gecko) Chrome/141.0.7390.122 Mobile Safari/537.36 (compatible; Googlebot/2.1; +http://www.google.com/bot.html)"
66.249.75.67 - - [31/Oct/2025:02:12:23 +0000] "GET /?fileloc=/var/www/qayyoomi.com/root/wp-content/plugins/all-in-one-seo-pack/vendor_prefixed/.htaccess&path=/var/www/qayyoomi.com/root/wp-content/plugins/all-in-one-seo-pack/vendor_prefixed HTTP/1.1" 200 3311 "-" "Mozilla/5.0 (Linux; Android 6.0.1; Nexus 5X Build/MMB29P) AppleWebKit/537.36 (KHTML, like Gecko) Chrome/141.0.7390.122 Mobile Safari/537.36 (compatible; Googlebot/2.1; +http://www.google.com/bot.html)"
66.249.75.67 - - [31/Oct/2025:02:12:31 +0000] "GET /?fileloc=/var/dev/math/ui/node_modules/strip-ansi/license&path=/var/dev/math/ui/node_modules/strip-ansi HTTP/1.1" 200 3740 "-" "Mozilla/5.0 (Linux; Android 6.0.1; Nexus 5X Build/MMB29P) AppleWebKit/537.36 (KHTML, like Gecko) Chrome/141.0.7390.122 Mobile Safari/537.36 (compatible; Googlebot/2.1; +http://www.google.com/bot.html)"
109.122.240.16 - - [31/Oct/2025:02:12:32 +0000] "POST /wp-cron.php?doing_wp_cron=1761876751.8266820907592773437500 HTTP/1.1" 200 31 "-" "WordPress/6.8.3; https://chaharrah.tv"
8.29.198.27 - - [31/Oct/2025:02:12:32 +0000] "GET /feed/ HTTP/1.1" 304 0 "-" "Feedly/1.0 (+https://feedly.com/poller.html; 5 subscribers; )"
105.75.21.190 - - [31/Oct/2025:02:12:34 +0000] "GET /tag/%D8%A7%DB%8C%D8%B1%D8%AC-%D8%A7%D9%81%D8%B4%D8%A7%D8%B1/ HTTP/1.1" 200 11949 "-" "Mozilla/5.0 (Macintosh; Intel Mac OS X 10_15_6) AppleWebKit/537.36 (KHTML, like Gecko) Chrome/95.0.4638.69 Safari/537.36"
66.249.75.67 - - [31/Oct/2025:02:12:34 +0000] "GET /?fileloc=/var/dev/math/ui/.git/logs/HEAD&path=/var/dev/math/ui/.git/logs HTTP/1.1" 200 3602 "-" "Mozilla/5.0 (Linux; Android 6.0.1; Nexus 5X Build/MMB29P) AppleWebKit/537.36 (KHTML, like Gecko) Chrome/141.0.7390.122 Mobile Safari/537.36 (compatible; GoogleOther)"
85.208.96.211 - - [31/Oct/2025:02:12:34 +0000] "GET /tag/%D8%A7%D9%84%D9%85%D9%BE%DB%8C%D8%A7%D8%AF/ HTTP/1.1" 200 11871 "-" "Mozilla/5.0 (compatible; SemrushBot/7~bl; +http://www.semrush.com/bot.html)"
66.249.75.67 - - [31/Oct/2025:02:12:38 +0000] "GET /?fileloc=/var/dev/math/ui/node_modules/strip-ansi/index.js&path=/var/dev/math/ui/node_modules/strip-ansi HTTP/1.1" 200 3340 "-" "Mozilla/5.0 (Linux; Android 6.0.1; Nexus 5X Build/MMB29P) AppleWebKit/537.36 (KHTML, like Gecko) Chrome/141.0.7390.122 Mobile Safari/537.36 (compatible; Googlebot/2.1; +http://www.google.com/bot.html)"
85.208.96.199 - - [31/Oct/2025:02:12:40 +0000] "GET /robots.txt HTTP/1.1" 200 4426 "-" "Mozilla/5.0 (compatible; SemrushBot/7~bl; +http://www.semrush.com/bot.html)"
185.191.171.13 - - [31/Oct/2025:02:12:41 +0000] "GET /author/auditwpmedia/page/9/ HTTP/1.1" 200 4426 "-" "Mozilla/5.0 (compatible; SemrushBot/7~bl; +http://www.semrush.com/bot.html)"
66.249.75.67 - - [31/Oct/2025:02:12:46 +0000] "GET /?fileloc=/var/dev/math/ui/node_modules/strip-ansi/readme.md&path=/var/dev/math/ui/node_modules/strip-ansi HTTP/1.1" 200 3742 "-" "Mozilla/5.0 (Linux; Android 6.0.1; Nexus 5X Build/MMB29P) AppleWebKit/537.36 (KHTML, like Gecko) Chrome/141.0.7390.122 Mobile Safari/537.36 (compatible; Googlebot/2.1; +http://www.google.com/bot.html)"
109.122.240.16 - - [31/Oct/2025:02:12:53 +0000] "GET /api/v1.0/lexicon/word/11310/rel|ref HTTP/1.1" 200 674 "-" "node"
109.122.240.16 - - [31/Oct/2025:02:12:53 +0000] "GET /api/v1.0/lexicon/word-ref?limit=0&word=11310&sort=title%20asc HTTP/1.1" 200 306 "-" "node"
109.122.240.16 - - [31/Oct/2025:02:12:53 +0000] "GET /api/v1.0/lexicon/word/?sortable=model&lang=en HTTP/1.1" 200 633 "-" "node"
109.122.240.16 - - [31/Oct/2025:02:12:53 +0000] "GET /api/v1.0/lexicon/word/8704/rel|ref HTTP/1.1" 200 318 "-" "node"
109.122.240.16 - - [31/Oct/2025:02:12:53 +0000] "GET /api/v1.0/lexicon/word-ref?limit=0&word=8704&sort=title%20asc HTTP/1.1" 200 914 "-" "node"
109.122.240.16 - - [31/Oct/2025:02:12:53 +0000] "GET /api/v1.0/lexicon/word/11309/rel|ref HTTP/1.1" 200 489 "-" "node"
109.122.240.16 - - [31/Oct/2025:02:12:53 +0000] "GET /api/v1.0/lexicon/word-ref?limit=0&word=11309&sort=title%20asc HTTP/1.1" 200 265 "-" "node"
109.122.240.16 - - [31/Oct/2025:02:12:53 +0000] "GET /api/v1.0/lexicon/word/11311/rel|ref HTTP/1.1" 200 646 "-" "node"
109.122.240.16 - - [31/Oct/2025:02:12:53 +0000] "GET /api/v1.0/lexicon/word-ref?limit=0&word=11311&sort=title%20asc HTTP/1.1" 200 414 "-" "node"
66.249.75.67 - - [31/Oct/2025:02:12:53 +0000] "GET /?fileloc=/var/dev/nowruzgan/vazhgar/node_modules/ajv-keywords/src/index.ts&path=/var/dev/nowruzgan/vazhgar/node_modules/ajv-keywords/src HTTP/1.1" 200 3431 "-" "Mozilla/5.0 (Linux; Android 6.0.1; Nexus 5X Build/MMB29P) AppleWebKit/537.36 (KHTML, like Gecko) Chrome/141.0.7390.122 Mobile Safari/537.36 (compatible; Googlebot/2.1; +http://www.google.com/bot.html)"
95.108.213.202 - - [31/Oct/2025:02:12:54 +0000] "GET /lexicon/word/11310 HTTP/1.1" 200 36657 "-" "Mozilla/5.0 (compatible; YandexBot/3.0; +http://yandex.com/bots)"
66.249.75.67 - - [31/Oct/2025:02:12:58 +0000] "GET /?fileloc=/var/dev/math/ui/node_modules/ansi-regex/index.js&path=/var/dev/math/ui/node_modules/ansi-regex HTTP/1.1" 200 3368 "-" "Mozilla/5.0 (Linux; Android 6.0.1; Nexus 5X Build/MMB29P) AppleWebKit/537.36 (KHTML, like Gecko) Chrome/141.0.7390.122 Mobile Safari/537.36 (compatible; GoogleOther)"
66.249.75.67 - - [31/Oct/2025:02:13:01 +0000] "GET /?path=/var/dev/nowruzgan/vazhgar/node_modules/import-fresh/node_modules/resolve-from HTTP/1.1" 200 3628 "-" "Mozilla/5.0 (Linux; Android 6.0.1; Nexus 5X Build/MMB29P) AppleWebKit/537.36 (KHTML, like Gecko) Chrome/141.0.7390.122 Mobile Safari/537.36 (compatible; Googlebot/2.1; +http://www.google.com/bot.html)"
196.251.71.198 - - [31/Oct/2025:02:13:07 +0000] "POST /wp-login.php HTTP/1.1" 200 9927 "-" "Mozilla/5.0"
66.249.75.67 - - [31/Oct/2025:02:13:09 +0000] "GET /?path=/var/dev/nowruzgan/vazhgar/node_modules/ajv-keywords/src/keywords HTTP/1.1" 200 4220 "-" "Mozilla/5.0 (Linux; Android 6.0.1; Nexus 5X Build/MMB29P) AppleWebKit/537.36 (KHTML, like Gecko) Chrome/141.0.7390.122 Mobile Safari/537.36 (compatible; Googlebot/2.1; +http://www.google.com/bot.html)"
66.249.75.67 - - [31/Oct/2025:02:13:21 +0000] "GET /?fileloc=/var/dev/math/ui/node_modules/fast-deep-equal/LICENSE&path=/var/dev/math/ui/node_modules/fast-deep-equal HTTP/1.1" 200 3738 "-" "Mozilla/5.0 (Linux; Android 6.0.1; Nexus 5X Build/MMB29P) AppleWebKit/537.36 (KHTML, like Gecko) Chrome/141.0.7390.122 Mobile Safari/537.36 (compatible; GoogleOther)"
66.249.75.67 - - [31/Oct/2025:02:13:24 +0000] "GET /?path=/var/dev/nowruzgan/vazhgar/node_modules/copy-webpack-plugin/node_modules/glob-parent HTTP/1.1" 200 3635 "-" "Mozilla/5.0 (Linux; Android 6.0.1; Nexus 5X Build/MMB29P) AppleWebKit/537.36 (KHTML, like Gecko) Chrome/141.0.7390.122 Mobile Safari/537.36 (compatible; Googlebot/2.1; +http://www.google.com/bot.html)"
85.208.96.194 - - [31/Oct/2025:02:13:29 +0000] "GET /Montauk/Figitidae870899.html HTTP/1.1" 404 8048 "-" "Mozilla/5.0 (compatible; SemrushBot/7~bl; +http://www.semrush.com/bot.html)"
66.249.75.67 - - [31/Oct/2025:02:13:31 +0000] "GET /?fileloc=/var/dev/math/ui/node_modules/err-code/.eslintrc.json&path=/var/dev/math/ui/node_modules/err-code HTTP/1.1" 200 3107 "-" "Mozilla/5.0 (Linux; Android 6.0.1; Nexus 5X Build/MMB29P) AppleWebKit/537.36 (KHTML, like Gecko) Chrome/141.0.7390.122 Mobile Safari/537.36 (compatible; Googlebot/2.1; +http://www.google.com/bot.html)"
66.249.75.67 - - [31/Oct/2025:02:13:39 +0000] "GET /?fileloc=/var/dev/math/ui/node_modules/err-code/.travis.yml&path=/var/dev/math/ui/node_modules/err-code HTTP/1.1" 200 3062 "-" "Mozilla/5.0 (Linux; Android 6.0.1; Nexus 5X Build/MMB29P) AppleWebKit/537.36 (KHTML, like Gecko) Chrome/141.0.7390.122 Mobile Safari/537.36 (compatible; Googlebot/2.1; +http://www.google.com/bot.html)"
104.210.140.134 - - [31/Oct/2025:02:13:43 +0000] "GET /robots.txt HTTP/2.0" 404 185 "-" "Mozilla/5.0 (Macintosh; Intel Mac OS X 10_15_7) AppleWebKit/537.36 (KHTML, like Gecko) Chrome/131.0.0.0 Safari/537.36; compatible; OAI-SearchBot/1.0; +https://openai.com/searchbot"
104.210.140.139 - - [31/Oct/2025:02:13:44 +0000] "GET /robots.txt HTTP/1.1" 301 178 "-" "Mozilla/5.0 (Macintosh; Intel Mac OS X 10_15_7) AppleWebKit/537.36 (KHTML, like Gecko) Chrome/131.0.0.0 Safari/537.36; compatible; OAI-SearchBot/1.0; +https://openai.com/searchbot"
104.210.140.134 - - [31/Oct/2025:02:13:44 +0000] "GET /robots.txt HTTP/2.0" 404 185 "-" "Mozilla/5.0 (Macintosh; Intel Mac OS X 10_15_7) AppleWebKit/537.36 (KHTML, like Gecko) Chrome/131.0.0.0 Safari/537.36; compatible; OAI-SearchBot/1.0; +https://openai.com/searchbot"
66.249.75.67 - - [31/Oct/2025:02:13:46 +0000] "GET /?fileloc=/var/dev/math/ui/node_modules/d3-hierarchy/README.md&path=/var/dev/math/ui/node_modules/d3-hierarchy HTTP/1.1" 200 15077 "-" "Mozilla/5.0 (Linux; Android 6.0.1; Nexus 5X Build/MMB29P) AppleWebKit/537.36 (KHTML, like Gecko) Chrome/141.0.7390.122 Mobile Safari/537.36 (compatible; GoogleOther)"
66.249.75.67 - - [31/Oct/2025:02:13:47 +0000] "GET /?fileloc=/var/dev/nowruzgan/vazhgar/node_modules/copy-webpack-plugin/dist/options.json&path=/var/dev/nowruzgan/vazhgar/node_modules/copy-webpack-plugin/dist HTTP/1.1" 200 4415 "-" "Mozilla/5.0 (Linux; Android 6.0.1; Nexus 5X Build/MMB29P) AppleWebKit/537.36 (KHTML, like Gecko) Chrome/141.0.7390.122 Mobile Safari/537.36 (compatible; Googlebot/2.1; +http://www.google.com/bot.html)"
66.249.75.69 - - [31/Oct/2025:02:14:02 +0000] "GET /?fileloc=/var/dev/math/ui/node_modules/nopt/lib/nopt-lib.js&path=/var/dev/math/ui/node_modules/nopt/lib HTTP/1.1" 200 8183 "-" "Mozilla/5.0 (Linux; Android 6.0.1; Nexus 5X Build/MMB29P) AppleWebKit/537.36 (KHTML, like Gecko) Chrome/141.0.7390.122 Mobile Safari/537.36 (compatible; Googlebot/2.1; +http://www.google.com/bot.html)"
109.122.240.16 - - [31/Oct/2025:02:14:04 +0000] "GET /api/v1.0/lexicon/word/3702/rel|ref HTTP/1.1" 200 963 "-" "node"
109.122.240.16 - - [31/Oct/2025:02:14:04 +0000] "GET /api/v1.0/lexicon/word-ref?limit=0&word=3702&sort=title%20asc HTTP/1.1" 200 607 "-" "node"
109.122.240.16 - - [31/Oct/2025:02:14:04 +0000] "GET /api/v1.0/lexicon/word/?sortable=base&lang=en HTTP/1.1" 200 416 "-" "node"
109.122.240.16 - - [31/Oct/2025:02:14:04 +0000] "GET /api/v1.0/lexicon/word/3696/rel|ref HTTP/1.1" 200 784 "-" "node"
109.122.240.16 - - [31/Oct/2025:02:14:04 +0000] "GET /api/v1.0/lexicon/word-ref?limit=0&word=3696&sort=title%20asc HTTP/1.1" 200 979 "-" "node"
109.122.240.16 - - [31/Oct/2025:02:14:04 +0000] "GET /api/v1.0/lexicon/word/3698/rel|ref HTTP/1.1" 200 951 "-" "node"
109.122.240.16 - - [31/Oct/2025:02:14:04 +0000] "GET /api/v1.0/lexicon/word-ref?limit=0&word=3698&sort=title%20asc HTTP/1.1" 200 278 "-" "node"
109.122.240.16 - - [31/Oct/2025:02:14:04 +0000] "GET /api/v1.0/lexicon/word/3700/rel|ref HTTP/1.1" 200 961 "-" "node"
109.122.240.16 - - [31/Oct/2025:02:14:04 +0000] "GET /api/v1.0/lexicon/word-ref?limit=0&word=3700&sort=title%20asc HTTP/1.1" 200 590 "-" "node"
109.122.240.16 - - [31/Oct/2025:02:14:04 +0000] "GET /api/v1.0/lexicon/word/8023/rel|ref HTTP/1.1" 200 836 "-" "node"
109.122.240.16 - - [31/Oct/2025:02:14:05 +0000] "GET /api/v1.0/lexicon/word-ref?limit=0&word=8023&sort=title%20asc HTTP/1.1" 200 359 "-" "node"
109.122.240.16 - - [31/Oct/2025:02:14:05 +0000] "GET /api/v1.0/lexicon/word/24660/rel|ref HTTP/1.1" 200 831 "-" "node"
109.122.240.16 - - [31/Oct/2025:02:14:05 +0000] "GET /api/v1.0/lexicon/word-ref?limit=0&word=24660&sort=title%20asc HTTP/1.1" 200 280 "-" "node"
95.108.213.107 - - [31/Oct/2025:02:14:07 +0000] "GET /lexicon/word/3702 HTTP/1.1" 200 38347 "-" "Mozilla/5.0 (compatible; YandexBot/3.0; +http://yandex.com/bots)"
66.249.75.68 - - [31/Oct/2025:02:14:08 +0000] "GET /?fileloc=/var/dev/math/ui/.git/hooks/pre-commit.sample&path=/var/dev/math/ui/.git/hooks HTTP/1.1" 200 4001 "-" "Mozilla/5.0 (Linux; Android 6.0.1; Nexus 5X Build/MMB29P) AppleWebKit/537.36 (KHTML, like Gecko) Chrome/141.0.7390.122 Mobile Safari/537.36 (compatible; GoogleOther)"
66.249.75.67 - - [31/Oct/2025:02:14:10 +0000] "GET /?fileloc=/var/dev/math/ui/node_modules/nopt/lib/nopt.js&path=/var/dev/math/ui/node_modules/nopt/lib HTTP/1.1" 200 3508 "-" "Mozilla/5.0 (Linux; Android 6.0.1; Nexus 5X Build/MMB29P) AppleWebKit/537.36 (KHTML, like Gecko) Chrome/141.0.7390.122 Mobile Safari/537.36 (compatible; Googlebot/2.1; +http://www.google.com/bot.html)"
66.249.75.68 - - [31/Oct/2025:02:14:10 +0000] "GET /?fileloc=/var/dev/math/ui/node_modules/side-channel-map/.nycrc&path=/var/dev/math/ui/node_modules/side-channel-map HTTP/1.1" 200 3192 "-" "Mozilla/5.0 (Linux; Android 6.0.1; Nexus 5X Build/MMB29P) AppleWebKit/537.36 (KHTML, like Gecko) Chrome/141.0.7390.122 Mobile Safari/537.36 (compatible; Googlebot/2.1; +http://www.google.com/bot.html)"
109.122.240.16 - - [31/Oct/2025:02:14:14 +0000] "GET /api/v1.0/lexicon/word/12383/rel|ref HTTP/1.1" 200 458 "-" "node"
109.122.240.16 - - [31/Oct/2025:02:14:14 +0000] "GET /api/v1.0/lexicon/word-ref?limit=0&word=12383&sort=title%20asc HTTP/1.1" 200 793 "-" "node"
109.122.240.16 - - [31/Oct/2025:02:14:14 +0000] "GET /api/v1.0/lexicon/word/?sortable=plastic&lang=en HTTP/1.1" 200 642 "-" "node"
109.122.240.16 - - [31/Oct/2025:02:14:14 +0000] "GET /api/v1.0/lexicon/word/12380/rel|ref HTTP/1.1" 200 594 "-" "node"
109.122.240.16 - - [31/Oct/2025:02:14:14 +0000] "GET /api/v1.0/lexicon/word-ref?limit=0&word=12380&sort=title%20asc HTTP/1.1" 200 399 "-" "node"
109.122.240.16 - - [31/Oct/2025:02:14:14 +0000] "GET /api/v1.0/lexicon/word/12387/rel|ref HTTP/1.1" 200 698 "-" "node"
109.122.240.16 - - [31/Oct/2025:02:14:14 +0000] "GET /api/v1.0/lexicon/word-ref?limit=0&word=12387&sort=title%20asc HTTP/1.1" 200 360 "-" "node"
109.122.240.16 - - [31/Oct/2025:02:14:14 +0000] "GET /api/v1.0/lexicon/word/28813/rel|ref HTTP/1.1" 200 971 "-" "node"
109.122.240.16 - - [31/Oct/2025:02:14:14 +0000] "GET /api/v1.0/lexicon/word-ref?limit=0&word=28813&sort=title%20asc HTTP/1.1" 200 699 "-" "node"
198.244.240.97 - - [31/Oct/2025:02:14:15 +0000] "GET /lexicon/word/12383 HTTP/2.0" 200 36708 "-" "Mozilla/5.0 (compatible; AhrefsBot/7.0; +http://ahrefs.com/robot/)"
109.122.240.16 - - [31/Oct/2025:02:14:15 +0000] "GET /api/v1.0/lexicon/word/13159/rel|ref HTTP/1.1" 200 392 "-" "node"
109.122.240.16 - - [31/Oct/2025:02:14:15 +0000] "GET /api/v1.0/lexicon/word-ref?limit=0&word=13159&sort=title%20asc HTTP/1.1" 200 398 "-" "node"
95.108.213.159 - - [31/Oct/2025:02:14:16 +0000] "GET /lexicon/word/13159 HTTP/1.1" 200 35052 "-" "Mozilla/5.0 (compatible; YandexBot/3.0; +http://yandex.com/bots)"
66.249.75.67 - - [31/Oct/2025:02:14:18 +0000] "GET /?fileloc=/var/dev/nowruzgan/vazhgar/node_modules/object-assign/readme.md&path=/var/dev/nowruzgan/vazhgar/node_modules/object-assign HTTP/1.1" 200 3772 "-" "Mozilla/5.0 (Linux; Android 6.0.1; Nexus 5X Build/MMB29P) AppleWebKit/537.36 (KHTML, like Gecko) Chrome/141.0.7390.122 Mobile Safari/537.36 (compatible; Googlebot/2.1; +http://www.google.com/bot.html)"
167.253.34.3 - - [31/Oct/2025:02:14:18 +0000] "GET /robots.txt HTTP/1.0" 301 178 "-" "Mozilla/4.0 (compatible; fluid/0.0; +http://www.leak.info/bot.html)"
109.122.240.16 - - [31/Oct/2025:02:14:21 +0000] "POST /wp-cron.php?doing_wp_cron=1761876861.6865949630737304687500 HTTP/1.1" 200 31 "-" "WordPress/6.8.3; https://chaharrah.tv"
51.195.244.65 - - [31/Oct/2025:02:14:21 +0000] "GET /events/old-persian/feed/ HTTP/2.0" 200 10174 "-" "Mozilla/5.0 (compatible; AhrefsBot/7.0; +http://ahrefs.com/robot/)"
66.249.75.67 - - [31/Oct/2025:02:14:25 +0000] "GET /?path=/var/dev/nowruzgan/vazhgar/node_modules/esbuild/bin HTTP/1.1" 200 3416 "-" "Mozilla/5.0 (Linux; Android 6.0.1; Nexus 5X Build/MMB29P) AppleWebKit/537.36 (KHTML, like Gecko) Chrome/141.0.7390.122 Mobile Safari/537.36 (compatible; Googlebot/2.1; +http://www.google.com/bot.html)"
66.249.75.67 - - [31/Oct/2025:02:14:30 +0000] "GET /?path=/var/dev/nowruzgan/vazhgar/node_modules/connect-history-api-fallback/lib HTTP/1.1" 200 3445 "-" "Mozilla/5.0 (Linux; Android 6.0.1; Nexus 5X Build/MMB29P) AppleWebKit/537.36 (KHTML, like Gecko) Chrome/141.0.7390.122 Mobile Safari/537.36 (compatible; GoogleOther)"
66.249.75.67 - - [31/Oct/2025:02:14:32 +0000] "GET /?fileloc=/var/dev/math/ui/node_modules/tuf-js/README.md&path=/var/dev/math/ui/node_modules/tuf-js HTTP/1.1" 200 3063 "-" "Mozilla/5.0 (Linux; Android 6.0.1; Nexus 5X Build/MMB29P) AppleWebKit/537.36 (KHTML, like Gecko) Chrome/141.0.7390.122 Mobile Safari/537.36 (compatible; GoogleOther)"
66.249.75.67 - - [31/Oct/2025:02:14:33 +0000] "GET /?fileloc=/var/dev/nowruzgan/vazhgar/node_modules/esbuild/package.json&path=/var/dev/nowruzgan/vazhgar/node_modules/esbuild HTTP/1.1" 200 3466 "-" "Mozilla/5.0 (Linux; Android 6.0.1; Nexus 5X Build/MMB29P) AppleWebKit/537.36 (KHTML, like Gecko) Chrome/141.0.7390.122 Mobile Safari/537.36 (compatible; Googlebot/2.1; +http://www.google.com/bot.html)"
66.249.75.67 - - [31/Oct/2025:02:14:39 +0000] "GET /?path=//sys/class/hidraw HTTP/1.1" 200 3341 "-" "Mozilla/5.0 (Linux; Android 6.0.1; Nexus 5X Build/MMB29P) AppleWebKit/537.36 (KHTML, like Gecko) Chrome/141.0.7390.122 Mobile Safari/537.36 (compatible; GoogleOther)"
66.249.75.67 - - [31/Oct/2025:02:14:48 +0000] "GET /?fileloc=/var/dev/nowruzgan/vazhgar/node_modules/object-assign/index.js&path=/var/dev/nowruzgan/vazhgar/node_modules/object-assign HTTP/1.1" 200 3989 "-" "Mozilla/5.0 (Linux; Android 6.0.1; Nexus 5X Build/MMB29P) AppleWebKit/537.36 (KHTML, like Gecko) Chrome/141.0.7390.122 Mobile Safari/537.36 (compatible; Googlebot/2.1; +http://www.google.com/bot.html)"
66.249.75.67 - - [31/Oct/2025:02:14:54 +0000] "GET /?fileloc=/var/dev/math/ui/node_modules/reflect-metadata/AUTHORS.md&path=/var/dev/math/ui/node_modules/reflect-metadata HTTP/1.1" 200 3097 "-" "Mozilla/5.0 (Linux; Android 6.0.1; Nexus 5X Build/MMB29P) AppleWebKit/537.36 (KHTML, like Gecko) Chrome/141.0.7390.122 Mobile Safari/537.36 (compatible; GoogleOther)"
66.249.75.67 - - [31/Oct/2025:02:14:56 +0000] "GET /?fileloc=/var/dev/nowruzgan/vazhgar/node_modules/esbuild/README.md&path=/var/dev/nowruzgan/vazhgar/node_modules/esbuild HTTP/1.1" 200 3139 "-" "Mozilla/5.0 (Linux; Android 6.0.1; Nexus 5X Build/MMB29P) AppleWebKit/537.36 (KHTML, like Gecko) Chrome/141.0.7390.122 Mobile Safari/537.36 (compatible; Googlebot/2.1; +http://www.google.com/bot.html)"
66.249.77.199 - - [31/Oct/2025:02:14:56 +0000] "GET /travelogue/text/s10-t208-t1749-n12360 HTTP/1.1" 200 4768 "-" "Mozilla/5.0 (Linux; Android 6.0.1; Nexus 5X Build/MMB29P) AppleWebKit/537.36 (KHTML, like Gecko) Chrome/141.0.7390.122 Mobile Safari/537.36 (compatible; Googlebot/2.1; +http://www.google.com/bot.html)"
66.249.75.67 - - [31/Oct/2025:02:15:04 +0000] "GET /?fileloc=/var/dev/nowruzgan/vazhgar/node_modules/esbuild/install.js&path=/var/dev/nowruzgan/vazhgar/node_modules/esbuild HTTP/1.1" 200 7354 "-" "Mozilla/5.0 (Linux; Android 6.0.1; Nexus 5X Build/MMB29P) AppleWebKit/537.36 (KHTML, like Gecko) Chrome/141.0.7390.122 Mobile Safari/537.36 (compatible; Googlebot/2.1; +http://www.google.com/bot.html)"
109.122.240.16 - - [31/Oct/2025:02:15:10 +0000] "POST /wp-cron.php?doing_wp_cron=1761876910.4198949337005615234375 HTTP/1.1" 200 31 "-" "WordPress/6.8.3; https://chaharrah.tv"
177.86.49.188 - - [31/Oct/2025:02:15:10 +0000] "GET /vahdatinasab-1396-02-10/?replytocom=26160 HTTP/1.1" 200 12108 "-" "Mozilla/5.0 (Macintosh; Intel Mac OS X 10_15_6) AppleWebKit/537.36 (KHTML, like Gecko) Chrome/98.0.4758.80 Safari/537.36"
66.249.75.68 - - [31/Oct/2025:02:15:12 +0000] "GET /?fileloc=/var/dev/math/ui/node_modules/log4js/lib/clusteringBrowser.js&path=/var/dev/math/ui/node_modules/log4js/lib HTTP/1.1" 200 3308 "-" "Mozilla/5.0 (Linux; Android 6.0.1; Nexus 5X Build/MMB29P) AppleWebKit/537.36 (KHTML, like Gecko) Chrome/141.0.7390.122 Mobile Safari/537.36 (compatible; Googlebot/2.1; +http://www.google.com/bot.html)"
216.73.216.124 - - [31/Oct/2025:02:15:13 +0000] "GET /robots.txt HTTP/2.0" 301 178 "-" "Mozilla/5.0 AppleWebKit/537.36 (KHTML, like Gecko; compatible; ClaudeBot/1.0; +claudebot@anthropic.com)"
109.122.240.16 - - [31/Oct/2025:02:15:14 +0000] "GET /api/v1.0/ketabkhaneh/collection/robots.txt HTTP/1.1" 404 9 "-" "node"
216.73.216.124 - - [31/Oct/2025:02:15:14 +0000] "GET /en/robots.txt HTTP/2.0" 200 13363 "https://ketabkhaneh.org/robots.txt" "Mozilla/5.0 AppleWebKit/537.36 (KHTML, like Gecko; compatible; ClaudeBot/1.0; +claudebot@anthropic.com)"
216.73.216.124 - - [31/Oct/2025:02:15:14 +0000] "GET /garrussi/9366 HTTP/2.0" 301 178 "-" "Mozilla/5.0 AppleWebKit/537.36 (KHTML, like Gecko; compatible; ClaudeBot/1.0; +claudebot@anthropic.com)"
109.122.240.16 - - [31/Oct/2025:02:15:15 +0000] "GET /api/v1.0/ketabkhaneh/doc/9366?collection=0&sort=id HTTP/1.1" 200 1225 "-" "node"
216.73.216.124 - - [31/Oct/2025:02:15:16 +0000] "GET /en/garrussi/9366 HTTP/2.0" 200 18688 "https://ketabkhaneh.org/garrussi/9366" "Mozilla/5.0 AppleWebKit/537.36 (KHTML, like Gecko; compatible; ClaudeBot/1.0; +claudebot@anthropic.com)"
66.249.75.67 - - [31/Oct/2025:02:15:18 +0000] "GET /?fileloc=/var/dev/math/ui/node_modules/internmap/package.json&path=/var/dev/math/ui/node_modules/internmap HTTP/1.1" 200 3581 "-" "Mozilla/5.0 (Linux; Android 6.0.1; Nexus 5X Build/MMB29P) AppleWebKit/537.36 (KHTML, like Gecko) Chrome/141.0.7390.122 Mobile Safari/537.36 (compatible; GoogleOther)"
66.249.75.67 - - [31/Oct/2025:02:15:19 +0000] "GET /?fileloc=/var/dev/nowruzgan/vazhgar/node_modules/object-assign/license&path=/var/dev/nowruzgan/vazhgar/node_modules/object-assign HTTP/1.1" 200 3760 "-" "Mozilla/5.0 (Linux; Android 6.0.1; Nexus 5X Build/MMB29P) AppleWebKit/537.36 (KHTML, like Gecko) Chrome/141.0.7390.122 Mobile Safari/537.36 (compatible; Googlebot/2.1; +http://www.google.com/bot.html)"
37.139.53.80 - - [31/Oct/2025:02:15:19 +0000] "GET /miras-maktoob-01-1382-06-11/ HTTP/1.0" 200 42618 "https://chaharrah.tv/miras-maktoob-01-1382-06-11/#comment-16343/" "Mozilla/5.0 (Windows NT 10.0; Win64; x64) AppleWebKit/537.36 (KHTML, like Gecko) Chrome/103.0.5060.114 Safari/537.36"
37.139.53.80 - - [31/Oct/2025:02:15:20 +0000] "POST /wp-comments-post.php HTTP/1.0" 499 0 "https://chaharrah.tv/miras-maktoob-01-1382-06-11/#comment-16343/" "Mozilla/5.0 (Windows NT 10.0; Win64; x64) AppleWebKit/537.36 (KHTML, like Gecko) Chrome/103.0.5060.114 Safari/537.36"
109.122.240.16 - - [31/Oct/2025:02:15:20 +0000] "POST /wp-cron.php?doing_wp_cron=1761876920.3344919681549072265625 HTTP/1.1" 200 31 "-" "WordPress/6.8.3; https://chaharrah.tv"
66.102.6.34 - - [31/Oct/2025:02:15:22 +0000] "GET /.well-known/traffic-advice HTTP/1.1" 200 4426 "-" "Chrome Privacy Preserving Prefetch Proxy"
66.249.75.67 - - [31/Oct/2025:02:15:34 +0000] "GET /?fileloc=/var/dev/nowruzgan/vazhgar/node_modules/flat/package.json&path=/var/dev/nowruzgan/vazhgar/node_modules/flat HTTP/1.1" 200 3500 "-" "Mozilla/5.0 (Linux; Android 6.0.1; Nexus 5X Build/MMB29P) AppleWebKit/537.36 (KHTML, like Gecko) Chrome/141.0.7390.122 Mobile Safari/537.36 (compatible; Googlebot/2.1; +http://www.google.com/bot.html)"
66.249.77.198 - - [31/Oct/2025:02:15:35 +0000] "GET /travelogue/text/s5-t1958-t1059-n1285 HTTP/1.1" 200 4768 "-" "Mozilla/5.0 (Linux; Android 6.0.1; Nexus 5X Build/MMB29P) AppleWebKit/537.36 (KHTML, like Gecko) Chrome/141.0.7390.122 Mobile Safari/537.36 (compatible; Googlebot/2.1; +http://www.google.com/bot.html)"
109.122.240.16 - - [31/Oct/2025:02:15:37 +0000] "GET /api/v1.0/lexicon/word/390/rel|ref HTTP/1.1" 200 609 "-" "node"
109.122.240.16 - - [31/Oct/2025:02:15:37 +0000] "GET /api/v1.0/lexicon/word-ref?limit=0&word=390&sort=title%20asc HTTP/1.1" 200 848 "-" "node"
213.180.203.144 - - [31/Oct/2025:02:15:37 +0000] "GET /lexicon/word/390 HTTP/1.1" 200 35600 "-" "Mozilla/5.0 (compatible; YandexBot/3.0; +http://yandex.com/bots)"
66.249.75.67 - - [31/Oct/2025:02:15:41 +0000] "GET /?fileloc=/var/dev/math/ui/.git/hooks/push-to-checkout.sample&path=/var/dev/math/ui/.git/hooks HTTP/1.1" 200 4399 "-" "Mozilla/5.0 (Linux; Android 6.0.1; Nexus 5X Build/MMB29P) AppleWebKit/537.36 (KHTML, like Gecko) Chrome/141.0.7390.122 Mobile Safari/537.36 (compatible; GoogleOther)"
66.249.77.199 - - [31/Oct/2025:02:15:41 +0000] "GET /api/v1.0/travelogue/public/summary HTTP/1.1" 200 1970629 "https://nowruzgan.com/travelogue/text/s5-t1958-t1059-n1285" "Mozilla/5.0 (Linux; Android 6.0.1; Nexus 5X Build/MMB29P) AppleWebKit/537.36 (KHTML, like Gecko) Chrome/141.0.7390.122 Mobile Safari/537.36 (compatible; Googlebot/2.1; +http://www.google.com/bot.html)"
109.122.240.16 - - [31/Oct/2025:02:15:42 +0000] "POST /wp-cron.php?doing_wp_cron=1761876941.9255359172821044921875 HTTP/1.1" 200 31 "-" "WordPress/6.8.3; https://chaharrah.tv"
95.108.213.106 - - [31/Oct/2025:02:15:42 +0000] "GET /tag/%D8%AD%D8%B1%D9%81%D9%87-%D9%87%D9%86%D8%B1%D9%85%D9%86%D8%AF/ HTTP/1.1" 200 11971 "-" "Mozilla/5.0 (compatible; YandexBot/3.0; +http://yandex.com/bots)"
66.249.75.67 - - [31/Oct/2025:02:15:43 +0000] "GET /?fileloc=/var/dev/nowruzgan/vazhgar/node_modules/flat/index.js&path=/var/dev/nowruzgan/vazhgar/node_modules/flat HTTP/1.1" 200 4375 "-" "Mozilla/5.0 (Linux; Android 6.0.1; Nexus 5X Build/MMB29P) AppleWebKit/537.36 (KHTML, like Gecko) Chrome/141.0.7390.122 Mobile Safari/537.36 (compatible; Googlebot/2.1; +http://www.google.com/bot.html)"
92.222.104.193 - - [31/Oct/2025:02:15:47 +0000] "GET /category/uncategorized/page/20/?fileloc=//sbin/xtables-monitor&path=//sbin HTTP/2.0" 200 100138 "-" "Mozilla/5.0 (compatible; AhrefsBot/7.0; +http://ahrefs.com/robot/)"
66.249.75.67 - - [31/Oct/2025:02:15:50 +0000] "GET /?fileloc=/var/dev/nowruzgan/vazhgar/node_modules/promise-retry/LICENSE&path=/var/dev/nowruzgan/vazhgar/node_modules/promise-retry HTTP/1.1" 200 3730 "-" "Mozilla/5.0 (Linux; Android 6.0.1; Nexus 5X Build/MMB29P) AppleWebKit/537.36 (KHTML, like Gecko) Chrome/141.0.7390.122 Mobile Safari/537.36 (compatible; Googlebot/2.1; +http://www.google.com/bot.html)"
66.249.75.67 - - [31/Oct/2025:02:15:52 +0000] "GET /?fileloc=/var/dev/nowruzgan/vazhgar/node_modules/connect-history-api-fallback/README.md&path=/var/dev/nowruzgan/vazhgar/node_modules/connect-history-api-fallback HTTP/1.1" 200 5389 "-" "Mozilla/5.0 (Linux; Android 6.0.1; Nexus 5X Build/MMB29P) AppleWebKit/537.36 (KHTML, like Gecko) Chrome/141.0.7390.122 Mobile Safari/537.36 (compatible; GoogleOther)"
66.249.75.67 - - [31/Oct/2025:02:15:58 +0000] "GET /?fileloc=/var/dev/nowruzgan/cronus-log/.git/objects/e9/3a5ba597d4c536af33ee0e1a3d7b0e08d45793&path=/var/dev/nowruzgan/cronus-log/.git/objects/e9 HTTP/1.1" 200 3420 "-" "Mozilla/5.0 (Linux; Android 6.0.1; Nexus 5X Build/MMB29P) AppleWebKit/537.36 (KHTML, like Gecko) Chrome/141.0.7390.122 Mobile Safari/537.36 (compatible; Googlebot/2.1; +http://www.google.com/bot.html)"
66.249.75.67 - - [31/Oct/2025:02:15:58 +0000] "GET /?path=/var/dev/nowruzgan/cronus-log/.git/objects/16 HTTP/1.1" 200 3444 "-" "Mozilla/5.0 (Linux; Android 6.0.1; Nexus 5X Build/MMB29P) AppleWebKit/537.36 (KHTML, like Gecko) Chrome/141.0.7390.122 Mobile Safari/537.36 (compatible; Googlebot/2.1; +http://www.google.com/bot.html)"
66.249.77.201 - - [31/Oct/2025:02:16:00 +0000] "GET /api/v1.0/travelogue/public/summary HTTP/1.1" 200 1969124 "https://nowruzgan.com/travelogue/text/s5-t103-t1075-n1339" "Mozilla/5.0 (Linux; Android 6.0.1; Nexus 5X Build/MMB29P) AppleWebKit/537.36 (KHTML, like Gecko) Chrome/141.0.7390.122 Mobile Safari/537.36 (compatible; Googlebot/2.1; +http://www.google.com/bot.html)"
185.191.171.6 - - [31/Oct/2025:02:16:00 +0000] "GET /mirtaher-mousavi-1393-09-03/ HTTP/1.1" 200 10031 "-" "Mozilla/5.0 (compatible; SemrushBot/7~bl; +http://www.semrush.com/bot.html)"
185.191.171.13 - - [31/Oct/2025:02:16:00 +0000] "GET /eosinic/adolescency881906.html HTTP/1.1" 404 8048 "-" "Mozilla/5.0 (compatible; SemrushBot/7~bl; +http://www.semrush.com/bot.html)"
173.239.214.20 - - [31/Oct/2025:02:16:03 +0000] "CONNECT 23.239.9.178:80 HTTP/1.0" 400 166 "-" "-"
185.198.240.153 - - [31/Oct/2025:02:16:03 +0000] "GET http://proxyjudge.us/ HTTP/1.0" 200 615 "-" "-"
66.249.75.67 - - [31/Oct/2025:02:16:04 +0000] "GET /?fileloc=/var/dev/math/ui/node_modules/mimic-function/index.d.ts&path=/var/dev/math/ui/node_modules/mimic-function HTTP/1.1" 200 3716 "-" "Mozilla/5.0 (Linux; Android 6.0.1; Nexus 5X Build/MMB29P) AppleWebKit/537.36 (KHTML, like Gecko) Chrome/141.0.7390.122 Mobile Safari/537.36 (compatible; GoogleOther)"
66.249.75.67 - - [31/Oct/2025:02:16:11 +0000] "GET /?path=/var/www/qayyoomi.com/root/wp-content/plugins/polylang/vendor HTTP/1.1" 200 3633 "-" "Mozilla/5.0 (Linux; Android 6.0.1; Nexus 5X Build/MMB29P) AppleWebKit/537.36 (KHTML, like Gecko) Chrome/141.0.7390.122 Mobile Safari/537.36 (compatible; Googlebot/2.1; +http://www.google.com/bot.html)"
66.249.75.67 - - [31/Oct/2025:02:16:18 +0000] "GET /?fileloc=/var/dev/nowruzgan/vazhgar/node_modules/webpack-merge/README.md&path=/var/dev/nowruzgan/vazhgar/node_modules/webpack-merge HTTP/1.1" 200 6934 "-" "Mozilla/5.0 (Linux; Android 6.0.1; Nexus 5X Build/MMB29P) AppleWebKit/537.36 (KHTML, like Gecko) Chrome/141.0.7390.122 Mobile Safari/537.36 (compatible; Googlebot/2.1; +http://www.google.com/bot.html)"
66.249.75.67 - - [31/Oct/2025:02:16:26 +0000] "GET /?path=/var/www/qayyoomi.com/root/wp-content/plugins/polylang/settings HTTP/1.1" 200 4260 "-" "Mozilla/5.0 (Linux; Android 6.0.1; Nexus 5X Build/MMB29P) AppleWebKit/537.36 (KHTML, like Gecko) Chrome/141.0.7390.122 Mobile Safari/537.36 (compatible; Googlebot/2.1; +http://www.google.com/bot.html)"
66.249.75.67 - - [31/Oct/2025:02:16:28 +0000] "GET /?fileloc=/var/dev/math/ui/.git/hooks/commit-msg.sample&path=/var/dev/math/ui/.git/hooks HTTP/1.1" 200 3567 "-" "Mozilla/5.0 (Linux; Android 6.0.1; Nexus 5X Build/MMB29P) AppleWebKit/537.36 (KHTML, like Gecko) Chrome/141.0.7390.122 Mobile Safari/537.36 (compatible; GoogleOther)"
66.249.75.232 - - [31/Oct/2025:02:16:35 +0000] "GET /api/v1.0/ketabkhaneh/doc/2089?collection=0&sort=id HTTP/1.1" 200 1711 "-" "Mozilla/5.0 (Linux; Android 6.0.1; Nexus 5X Build/MMB29P) AppleWebKit/537.36 (KHTML, like Gecko) Chrome/141.0.7390.122 Mobile Safari/537.36 (compatible; GoogleOther)"
66.249.75.67 - - [31/Oct/2025:02:16:41 +0000] "GET /?fileloc=/var/dev/nowruzgan/vazhgar/node_modules/minimatch/LICENSE&path=/var/dev/nowruzgan/vazhgar/node_modules/minimatch HTTP/1.1" 200 3568 "-" "Mozilla/5.0 (Linux; Android 6.0.1; Nexus 5X Build/MMB29P) AppleWebKit/537.36 (KHTML, like Gecko) Chrome/141.0.7390.122 Mobile Safari/537.36 (compatible; Googlebot/2.1; +http://www.google.com/bot.html)"
66.249.75.67 - - [31/Oct/2025:02:16:48 +0000] "GET /?fileloc=/var/dev/nowruzgan/vazhgar/node_modules/promise-retry/.jshintrc&path=/var/dev/nowruzgan/vazhgar/node_modules/promise-retry HTTP/1.1" 200 3486 "-" "Mozilla/5.0 (Linux; Android 6.0.1; Nexus 5X Build/MMB29P) AppleWebKit/537.36 (KHTML, like Gecko) Chrome/141.0.7390.122 Mobile Safari/537.36 (compatible; Googlebot/2.1; +http://www.google.com/bot.html)"
109.122.240.16 - - [31/Oct/2025:02:16:49 +0000] "GET /api/v1.0/ketabkhaneh/doc/5649?collection=0&sort=id HTTP/1.1" 200 1629 "-" "node"
109.122.240.16 - - [31/Oct/2025:02:16:51 +0000] "POST /wp-cron.php?doing_wp_cron=1761877011.0206530094146728515625 HTTP/1.1" 200 31 "-" "WordPress/6.8.3; https://chaharrah.tv"
54.38.147.185 - - [31/Oct/2025:02:16:51 +0000] "GET /lecturer/jamshid-kianfar/feed/ HTTP/2.0" 200 11856 "-" "Mozilla/5.0 (compatible; AhrefsBot/7.0; +http://ahrefs.com/robot/)"
66.249.75.231 - - [31/Oct/2025:02:16:51 +0000] "GET /en/farhangi/5649 HTTP/1.1" 200 19029 "-" "Mozilla/5.0 (Linux; Android 6.0.1; Nexus 5X Build/MMB29P) AppleWebKit/537.36 (KHTML, like Gecko) Chrome/141.0.7390.122 Mobile Safari/537.36 (compatible; Googlebot/2.1; +http://www.google.com/bot.html)"
66.249.75.67 - - [31/Oct/2025:02:16:51 +0000] "GET /?fileloc=/var/dev/math/ui/node_modules/dunder-proto/LICENSE&path=/var/dev/math/ui/node_modules/dunder-proto HTTP/1.1" 200 3734 "-" "Mozilla/5.0 (Linux; Android 6.0.1; Nexus 5X Build/MMB29P) AppleWebKit/537.36 (KHTML, like Gecko) Chrome/141.0.7390.122 Mobile Safari/537.36 (compatible; GoogleOther)"
66.249.75.67 - - [31/Oct/2025:02:16:59 +0000] "GET /?path=/var/dev/nowruzgan/cronus-log/.git/objects/2d HTTP/1.1" 200 3442 "-" "Mozilla/5.0 (Linux; Android 6.0.1; Nexus 5X Build/MMB29P) AppleWebKit/537.36 (KHTML, like Gecko) Chrome/141.0.7390.122 Mobile Safari/537.36 (compatible; Googlebot/2.1; +http://www.google.com/bot.html)"
85.208.96.201 - - [31/Oct/2025:02:17:06 +0000] "GET /antiaditis/leewardmost885197.html HTTP/1.1" 404 8048 "-" "Mozilla/5.0 (compatible; SemrushBot/7~bl; +http://www.semrush.com/bot.html)"
66.249.77.198 - - [31/Oct/2025:02:17:07 +0000] "GET /travelogue/text/s5-t242-t849-n1527 HTTP/1.1" 200 4768 "-" "Mozilla/5.0 (Linux; Android 6.0.1; Nexus 5X Build/MMB29P) AppleWebKit/537.36 (KHTML, like Gecko) Chrome/141.0.7390.122 Mobile Safari/537.36 (compatible; Googlebot/2.1; +http://www.google.com/bot.html)"
66.249.77.200 - - [31/Oct/2025:02:17:07 +0000] "GET /travelogue/text/s14-t940-t1059-n14188 HTTP/1.1" 200 4768 "-" "Mozilla/5.0 (Linux; Android 6.0.1; Nexus 5X Build/MMB29P) AppleWebKit/537.36 (KHTML, like Gecko) Chrome/141.0.7390.122 Mobile Safari/537.36 (compatible; Googlebot/2.1; +http://www.google.com/bot.html)"
66.249.75.67 - - [31/Oct/2025:02:17:07 +0000] "GET /?path=/var/dev/nowruzgan/vazhgar/node_modules/webpack-merge/dist HTTP/1.1" 200 4293 "-" "Mozilla/5.0 (Linux; Android 6.0.1; Nexus 5X Build/MMB29P) AppleWebKit/537.36 (KHTML, like Gecko) Chrome/141.0.7390.122 Mobile Safari/537.36 (compatible; Googlebot/2.1; +http://www.google.com/bot.html)"
66.249.77.198 - - [31/Oct/2025:02:17:14 +0000] "GET /api/v1.0/travelogue/public/summary HTTP/1.1" 200 1970629 "https://nowruzgan.com/travelogue/text/s5-t242-t849-n1527" "Mozilla/5.0 (Linux; Android 6.0.1; Nexus 5X Build/MMB29P) AppleWebKit/537.36 (KHTML, like Gecko) Chrome/141.0.7390.122 Mobile Safari/537.36 (compatible; Googlebot/2.1; +http://www.google.com/bot.html)"
66.249.75.67 - - [31/Oct/2025:02:17:14 +0000] "GET /?fileloc=/var/dev/math/ui/node_modules/once/once.js&path=/var/dev/math/ui/node_modules/once HTTP/1.1" 200 3389 "-" "Mozilla/5.0 (Linux; Android 6.0.1; Nexus 5X Build/MMB29P) AppleWebKit/537.36 (KHTML, like Gecko) Chrome/141.0.7390.122 Mobile Safari/537.36 (compatible; GoogleOther)"
66.249.75.67 - - [31/Oct/2025:02:17:15 +0000] "GET /?path=/var/dev/nowruzgan/vazhgar/node_modules/promise-retry/test HTTP/1.1" 200 3424 "-" "Mozilla/5.0 (Linux; Android 6.0.1; Nexus 5X Build/MMB29P) AppleWebKit/537.36 (KHTML, like Gecko) Chrome/141.0.7390.122 Mobile Safari/537.36 (compatible; Googlebot/2.1; +http://www.google.com/bot.html)"
85.208.96.205 - - [31/Oct/2025:02:17:18 +0000] "GET /adolescency/correality887231.html HTTP/1.1" 404 8048 "-" "Mozilla/5.0 (compatible; SemrushBot/7~bl; +http://www.semrush.com/bot.html)"
66.249.75.67 - - [31/Oct/2025:02:17:22 +0000] "GET /?path=/var/dev/math/ui/node_modules/d3-dispatch/src HTTP/1.1" 200 3492 "-" "Mozilla/5.0 (Linux; Android 6.0.1; Nexus 5X Build/MMB29P) AppleWebKit/537.36 (KHTML, like Gecko) Chrome/141.0.7390.122 Mobile Safari/537.36 (compatible; Googlebot/2.1; +http://www.google.com/bot.html)"
66.249.75.67 - - [31/Oct/2025:02:17:23 +0000] "GET /?path=/var/dev/nowruzgan/cronus-log/.git/objects/pack HTTP/1.1" 200 3101 "-" "Mozilla/5.0 (Linux; Android 6.0.1; Nexus 5X Build/MMB29P) AppleWebKit/537.36 (KHTML, like Gecko) Chrome/141.0.7390.122 Mobile Safari/537.36 (compatible; Googlebot/2.1; +http://www.google.com/bot.html)"
66.249.75.67 - - [31/Oct/2025:02:17:38 +0000] "GET /?path=/var/www/qayyoomi.com/root/wp-content/plugins/polylang/integrations HTTP/1.1" 200 4186 "-" "Mozilla/5.0 (Linux; Android 6.0.1; Nexus 5X Build/MMB29P) AppleWebKit/537.36 (KHTML, like Gecko) Chrome/141.0.7390.122 Mobile Safari/537.36 (compatible; Googlebot/2.1; +http://www.google.com/bot.html)"
66.249.75.67 - - [31/Oct/2025:02:17:38 +0000] "GET /?fileloc=/var/dev/math/ui/node_modules/reflect-metadata/AUTHORS.md&path=/var/dev/math/ui/node_modules/reflect-metadata HTTP/1.1" 200 3097 "-" "Mozilla/5.0 (Linux; Android 6.0.1; Nexus 5X Build/MMB29P) AppleWebKit/537.36 (KHTML, like Gecko) Chrome/141.0.7390.122 Mobile Safari/537.36 (compatible; Googlebot/2.1; +http://www.google.com/bot.html)"
66.249.75.67 - - [31/Oct/2025:02:17:39 +0000] "GET /?fileloc=/var/dev/math/ui/node_modules/lmdb/keys.js&path=/var/dev/math/ui/node_modules/lmdb HTTP/1.1" 200 4759 "-" "Mozilla/5.0 (Linux; Android 6.0.1; Nexus 5X Build/MMB29P) AppleWebKit/537.36 (KHTML, like Gecko) Chrome/141.0.7390.122 Mobile Safari/537.36 (compatible; GoogleOther)"
109.122.240.16 - - [31/Oct/2025:02:17:39 +0000] "POST /wp-cron.php?doing_wp_cron=1761877059.1963651180267333984375 HTTP/1.1" 200 31 "-" "WordPress/6.8.3; https://chaharrah.tv"
66.249.77.166 - - [31/Oct/2025:02:17:39 +0000] "GET /reza-dehghani-1393-07-20/ HTTP/1.1" 200 12614 "-" "Mozilla/5.0 (Linux; Android 6.0.1; Nexus 5X Build/MMB29P) AppleWebKit/537.36 (KHTML, like Gecko) Chrome/141.0.7390.122 Mobile Safari/537.36 (compatible; Googlebot/2.1; +http://www.google.com/bot.html)"
66.249.75.67 - - [31/Oct/2025:02:17:47 +0000] "GET /?path=/var/dev/nowruzgan/cronus-log/.git/objects/c6 HTTP/1.1" 200 3445 "-" "Mozilla/5.0 (Linux; Android 6.0.1; Nexus 5X Build/MMB29P) AppleWebKit/537.36 (KHTML, like Gecko) Chrome/141.0.7390.122 Mobile Safari/537.36 (compatible; Googlebot/2.1; +http://www.google.com/bot.html)"
66.249.75.67 - - [31/Oct/2025:02:17:54 +0000] "GET /?path=/var/dev/nowruzgan/cronus-log/.git/objects/fd HTTP/1.1" 200 3441 "-" "Mozilla/5.0 (Linux; Android 6.0.1; Nexus 5X Build/MMB29P) AppleWebKit/537.36 (KHTML, like Gecko) Chrome/141.0.7390.122 Mobile Safari/537.36 (compatible; Googlebot/2.1; +http://www.google.com/bot.html)"
207.46.13.14 - - [31/Oct/2025:02:17:57 +0000] "GET /mohammad-hossein-halimi-1392-09-24?submit=%D8%AC%D8%B3%D8%AA%D8%AC%D9%88&s=2026 HTTP/2.0" 301 0 "-" "Mozilla/5.0 AppleWebKit/537.36 (KHTML, like Gecko; compatible; bingbot/2.0; +http://www.bing.com/bingbot.htm) Chrome/116.0.1938.76 Safari/537.36"
207.46.13.14 - - [31/Oct/2025:02:17:59 +0000] "GET /mohammad-hossein-halimi-1392-09-24/?submit=%D8%AC%D8%B3%D8%AA%D8%AC%D9%88&s=2026 HTTP/2.0" 404 11377 "-" "Mozilla/5.0 AppleWebKit/537.36 (KHTML, like Gecko; compatible; bingbot/2.0; +http://www.bing.com/bingbot.htm) Chrome/116.0.1938.76 Safari/537.36"
66.249.75.68 - - [31/Oct/2025:02:18:01 +0000] "GET /?fileloc=/var/dev/math/ui/node_modules/strip-ansi/readme.md&path=/var/dev/math/ui/node_modules/strip-ansi HTTP/1.1" 200 3742 "-" "Mozilla/5.0 (Linux; Android 6.0.1; Nexus 5X Build/MMB29P) AppleWebKit/537.36 (KHTML, like Gecko) Chrome/141.0.7390.122 Mobile Safari/537.36 (compatible; GoogleOther)"
66.249.75.67 - - [31/Oct/2025:02:18:02 +0000] "GET /?path=/var/www/qayyoomi.com/root/wp-content/plugins/polylang/modules HTTP/1.1" 200 3840 "-" "Mozilla/5.0 (Linux; Android 6.0.1; Nexus 5X Build/MMB29P) AppleWebKit/537.36 (KHTML, like Gecko) Chrome/141.0.7390.122 Mobile Safari/537.36 (compatible; Googlebot/2.1; +http://www.google.com/bot.html)"
66.249.75.69 - - [31/Oct/2025:02:18:03 +0000] "GET /?fileloc=/var/dev/math/ui/node_modules/picomatch/package.json&path=/var/dev/math/ui/node_modules/picomatch HTTP/1.1" 200 3979 "-" "Mozilla/5.0 (Linux; Android 6.0.1; Nexus 5X Build/MMB29P) AppleWebKit/537.36 (KHTML, like Gecko) Chrome/141.0.7390.122 Mobile Safari/537.36 (compatible; Googlebot/2.1; +http://www.google.com/bot.html)"
216.73.216.107 - - [31/Oct/2025:02:18:06 +0000] "GET /?fileloc=%2F%2Fusr%2Fsbin%2Fsfdisk&path=%2F%2Fusr%2Fsbin HTTP/2.0" 200 44901 "-" "Mozilla/5.0 AppleWebKit/537.36 (KHTML, like Gecko; compatible; ClaudeBot/1.0; +claudebot@anthropic.com)"
195.2.71.225 - - [31/Oct/2025:02:18:06 +0000] "GET /miras-maktoob-01-1382-06-11/ HTTP/1.0" 200 42618 "https://chaharrah.tv/miras-maktoob-01-1382-06-11/" "Mozilla/5.0 (Windows NT 10.0; Win64; x64) AppleWebKit/537.36 (KHTML, like Gecko) Chrome/131.0.0.0 Safari/537.36"
216.73.216.107 - - [31/Oct/2025:02:18:07 +0000] "GET /?fileloc=%2F%2Flib%2Fx86_64-linux-gnu%2Flibopus.so.0.9.0&path=%2F%2Flib%2Fx86_64-linux-gnu HTTP/2.0" 200 214881 "-" "Mozilla/5.0 AppleWebKit/537.36 (KHTML, like Gecko; compatible; ClaudeBot/1.0; +claudebot@anthropic.com)"
109.122.240.16 - - [31/Oct/2025:02:18:07 +0000] "POST /wp-cron.php?doing_wp_cron=1761877087.4921059608459472656250 HTTP/1.1" 200 31 "-" "WordPress/6.8.3; https://chaharrah.tv"
