173.244.42.149 - - [31/Oct/2025:02:02:46 +0000] "POST /xmlrpc.php HTTP/2.0" 200 418 "-" "curl/7.30.0"
173.244.42.149 - - [31/Oct/2025:02:02:46 +0000] "POST /xmlrpc.php HTTP/2.0" 200 418 "-" "curl/7.30.0"
173.244.42.149 - - [31/Oct/2025:02:02:46 +0000] "POST /xmlrpc.php HTTP/2.0" 200 418 "-" "curl/7.30.0"
173.244.42.149 - - [31/Oct/2025:02:02:46 +0000] "POST /xmlrpc.php HTTP/2.0" 200 418 "-" "curl/7.30.0"
173.244.42.149 - - [31/Oct/2025:02:02:46 +0000] "POST /xmlrpc.php HTTP/2.0" 200 418 "-" "curl/7.30.0"
173.244.42.149 - - [31/Oct/2025:02:02:46 +0000] "POST /xmlrpc.php HTTP/2.0" 200 418 "-" "curl/7.30.0"
173.244.42.149 - - [31/Oct/2025:02:02:46 +0000] "POST /xmlrpc.php HTTP/2.0" 200 418 "-" "curl/7.30.0"
173.244.42.149 - - [31/Oct/2025:02:02:46 +0000] "POST /xmlrpc.php HTTP/2.0" 200 418 "-" "curl/7.30.0"
173.244.42.149 - - [31/Oct/2025:02:02:46 +0000] "POST /xmlrpc.php HTTP/2.0" 200 418 "-" "curl/7.30.0"
173.244.42.149 - - [31/Oct/2025:02:02:46 +0000] "POST /xmlrpc.php HTTP/2.0" 200 418 "-" "curl/7.30.0"
173.244.42.149 - - [31/Oct/2025:02:02:46 +0000] "POST /xmlrpc.php HTTP/2.0" 200 418 "-" "curl/7.30.0"
173.244.42.149 - - [31/Oct/2025:02:02:46 +0000] "POST /xmlrpc.php HTTP/2.0" 200 418 "-" "curl/7.30.0"
173.244.42.149 - - [31/Oct/2025:02:02:46 +0000] "POST /xmlrpc.php HTTP/2.0" 200 418 "-" "curl/7.30.0"
173.244.42.149 - - [31/Oct/2025:02:02:46 +0000] "POST /xmlrpc.php HTTP/2.0" 200 418 "-" "curl/7.30.0"
173.244.42.149 - - [31/Oct/2025:02:02:46 +0000] "POST /xmlrpc.php HTTP/2.0" 200 418 "-" "curl/7.30.0"
173.244.42.149 - - [31/Oct/2025:02:02:46 +0000] "POST /xmlrpc.php HTTP/2.0" 200 418 "-" "curl/7.30.0"
173.244.42.149 - - [31/Oct/2025:02:02:46 +0000] "POST /xmlrpc.php HTTP/2.0" 200 418 "-" "curl/7.30.0"
173.244.42.149 - - [31/Oct/2025:02:02:46 +0000] "POST /xmlrpc.php HTTP/2.0" 200 418 "-" "curl/7.30.0"
173.244.42.149 - - [31/Oct/2025:02:02:46 +0000] "POST /xmlrpc.php HTTP/2.0" 200 418 "-" "curl/7.30.0"
173.244.42.149 - - [31/Oct/2025:02:02:46 +0000] "POST /xmlrpc.php HTTP/2.0" 200 418 "-" "curl/7.30.0"
173.244.42.149 - - [31/Oct/2025:02:02:46 +0000] "POST /xmlrpc.php HTTP/2.0" 200 418 "-" "curl/7.30.0"
173.244.42.149 - - [31/Oct/2025:02:02:47 +0000] "POST /xmlrpc.php HTTP/2.0" 200 418 "-" "curl/7.30.0"
173.244.42.149 - - [31/Oct/2025:02:02:47 +0000] "POST /xmlrpc.php HTTP/2.0" 200 418 "-" "curl/7.30.0"
173.244.42.149 - - [31/Oct/2025:02:02:47 +0000] "POST /xmlrpc.php HTTP/2.0" 200 418 "-" "curl/7.30.0"
173.244.42.149 - - [31/Oct/2025:02:02:47 +0000] "POST /xmlrpc.php HTTP/2.0" 200 418 "-" "curl/7.30.0"
173.244.42.149 - - [31/Oct/2025:02:02:47 +0000] "POST /xmlrpc.php HTTP/2.0" 200 418 "-" "curl/7.30.0"
173.244.42.149 - - [31/Oct/2025:02:02:47 +0000] "POST /xmlrpc.php HTTP/2.0" 200 418 "-" "curl/7.30.0"
173.244.42.149 - - [31/Oct/2025:02:02:47 +0000] "POST /xmlrpc.php HTTP/2.0" 200 418 "-" "curl/7.30.0"
173.244.42.149 - - [31/Oct/2025:02:02:47 +0000] "POST /xmlrpc.php HTTP/2.0" 200 418 "-" "curl/7.30.0"
173.244.42.149 - - [31/Oct/2025:02:02:47 +0000] "POST /xmlrpc.php HTTP/2.0" 200 418 "-" "curl/7.30.0"
173.244.42.149 - - [31/Oct/2025:02:02:47 +0000] "POST /xmlrpc.php HTTP/2.0" 200 418 "-" "curl/7.30.0"
173.244.42.149 - - [31/Oct/2025:02:02:47 +0000] "POST /xmlrpc.php HTTP/2.0" 200 418 "-" "curl/7.30.0"
173.244.42.149 - - [31/Oct/2025:02:02:47 +0000] "POST /xmlrpc.php HTTP/2.0" 200 418 "-" "curl/7.30.0"
173.244.42.149 - - [31/Oct/2025:02:02:47 +0000] "POST /xmlrpc.php HTTP/2.0" 200 418 "-" "curl/7.30.0"
173.244.42.149 - - [31/Oct/2025:02:02:47 +0000] "POST /xmlrpc.php HTTP/2.0" 200 418 "-" "curl/7.30.0"
173.244.42.149 - - [31/Oct/2025:02:02:47 +0000] "POST /xmlrpc.php HTTP/2.0" 200 418 "-" "curl/7.30.0"
173.244.42.149 - - [31/Oct/2025:02:02:47 +0000] "POST /xmlrpc.php HTTP/2.0" 200 418 "-" "curl/7.30.0"
173.244.42.149 - - [31/Oct/2025:02:02:47 +0000] "POST /xmlrpc.php HTTP/2.0" 200 418 "-" "curl/7.30.0"
173.244.42.149 - - [31/Oct/2025:02:02:47 +0000] "POST /xmlrpc.php HTTP/2.0" 200 418 "-" "curl/7.30.0"
173.244.42.149 - - [31/Oct/2025:02:02:47 +0000] "POST /xmlrpc.php HTTP/2.0" 200 418 "-" "curl/7.30.0"
173.244.42.149 - - [31/Oct/2025:02:02:47 +0000] "POST /xmlrpc.php HTTP/2.0" 200 418 "-" "curl/7.30.0"
173.244.42.149 - - [31/Oct/2025:02:02:47 +0000] "POST /xmlrpc.php HTTP/2.0" 200 418 "-" "curl/7.30.0"
173.244.42.149 - - [31/Oct/2025:02:02:48 +0000] "POST /xmlrpc.php HTTP/2.0" 200 418 "-" "curl/7.30.0"
173.244.42.149 - - [31/Oct/2025:02:02:48 +0000] "POST /xmlrpc.php HTTP/2.0" 200 418 "-" "curl/7.30.0"
173.244.42.149 - - [31/Oct/2025:02:02:48 +0000] "POST /xmlrpc.php HTTP/2.0" 200 418 "-" "curl/7.30.0"
173.244.42.149 - - [31/Oct/2025:02:02:48 +0000] "POST /xmlrpc.php HTTP/2.0" 200 418 "-" "curl/7.30.0"
173.244.42.149 - - [31/Oct/2025:02:02:48 +0000] "POST /xmlrpc.php HTTP/2.0" 200 418 "-" "curl/7.30.0"
173.244.42.149 - - [31/Oct/2025:02:02:48 +0000] "POST /xmlrpc.php HTTP/2.0" 200 418 "-" "curl/7.30.0"
173.244.42.149 - - [31/Oct/2025:02:02:48 +0000] "POST /xmlrpc.php HTTP/2.0" 200 418 "-" "curl/7.30.0"
173.244.42.149 - - [31/Oct/2025:02:02:48 +0000] "POST /xmlrpc.php HTTP/2.0" 200 418 "-" "curl/7.30.0"
173.244.42.149 - - [31/Oct/2025:02:02:48 +0000] "POST /xmlrpc.php HTTP/2.0" 200 418 "-" "curl/7.30.0"
173.244.42.149 - - [31/Oct/2025:02:02:48 +0000] "POST /xmlrpc.php HTTP/2.0" 200 418 "-" "curl/7.30.0"
173.244.42.149 - - [31/Oct/2025:02:02:48 +0000] "POST /xmlrpc.php HTTP/2.0" 200 418 "-" "curl/7.30.0"
173.244.42.149 - - [31/Oct/2025:02:02:48 +0000] "POST /xmlrpc.php HTTP/2.0" 200 418 "-" "curl/7.30.0"
173.244.42.149 - - [31/Oct/2025:02:02:48 +0000] "POST /xmlrpc.php HTTP/2.0" 200 418 "-" "curl/7.30.0"
173.244.42.149 - - [31/Oct/2025:02:02:48 +0000] "POST /xmlrpc.php HTTP/2.0" 200 418 "-" "curl/7.30.0"
173.244.42.149 - - [31/Oct/2025:02:02:48 +0000] "POST /xmlrpc.php HTTP/2.0" 200 418 "-" "curl/7.30.0"
173.244.42.149 - - [31/Oct/2025:02:02:48 +0000] "POST /xmlrpc.php HTTP/2.0" 200 418 "-" "curl/7.30.0"
173.244.42.149 - - [31/Oct/2025:02:02:48 +0000] "POST /xmlrpc.php HTTP/2.0" 200 418 "-" "curl/7.30.0"
173.244.42.149 - - [31/Oct/2025:02:02:48 +0000] "POST /xmlrpc.php HTTP/2.0" 200 418 "-" "curl/7.30.0"
173.244.42.149 - - [31/Oct/2025:02:02:48 +0000] "POST /xmlrpc.php HTTP/2.0" 200 418 "-" "curl/7.30.0"
173.244.42.149 - - [31/Oct/2025:02:02:48 +0000] "POST /xmlrpc.php HTTP/2.0" 200 418 "-" "curl/7.30.0"
173.244.42.149 - - [31/Oct/2025:02:02:48 +0000] "POST /xmlrpc.php HTTP/2.0" 200 418 "-" "curl/7.30.0"
173.244.42.149 - - [31/Oct/2025:02:02:49 +0000] "POST /xmlrpc.php HTTP/2.0" 200 418 "-" "curl/7.30.0"
173.244.42.149 - - [31/Oct/2025:02:02:49 +0000] "POST /xmlrpc.php HTTP/2.0" 200 418 "-" "curl/7.30.0"
173.244.42.149 - - [31/Oct/2025:02:02:49 +0000] "POST /xmlrpc.php HTTP/2.0" 200 418 "-" "curl/7.30.0"
173.244.42.149 - - [31/Oct/2025:02:02:49 +0000] "POST /xmlrpc.php HTTP/2.0" 200 418 "-" "curl/7.30.0"
173.244.42.149 - - [31/Oct/2025:02:02:49 +0000] "POST /xmlrpc.php HTTP/2.0" 200 418 "-" "curl/7.30.0"
173.244.42.149 - - [31/Oct/2025:02:02:49 +0000] "POST /xmlrpc.php HTTP/2.0" 200 418 "-" "curl/7.30.0"
173.244.42.149 - - [31/Oct/2025:02:02:49 +0000] "POST /xmlrpc.php HTTP/2.0" 200 418 "-" "curl/7.30.0"
173.244.42.149 - - [31/Oct/2025:02:02:49 +0000] "POST /xmlrpc.php HTTP/2.0" 200 418 "-" "curl/7.30.0"
173.244.42.149 - - [31/Oct/2025:02:02:49 +0000] "POST /xmlrpc.php HTTP/2.0" 200 418 "-" "curl/7.30.0"
173.244.42.149 - - [31/Oct/2025:02:02:49 +0000] "POST /xmlrpc.php HTTP/2.0" 200 418 "-" "curl/7.30.0"
173.244.42.149 - - [31/Oct/2025:02:02:49 +0000] "POST /xmlrpc.php HTTP/2.0" 200 418 "-" "curl/7.30.0"
173.244.42.149 - - [31/Oct/2025:02:02:49 +0000] "POST /xmlrpc.php HTTP/2.0" 200 418 "-" "curl/7.30.0"
109.122.240.16 - - [31/Oct/2025:02:02:51 +0000] "GET /api/v1.0/lexicon/word/17248/rel|ref HTTP/1.1" 200 583 "-" "node"
109.122.240.16 - - [31/Oct/2025:02:02:51 +0000] "GET /api/v1.0/lexicon/word-ref?limit=0&word=17248&sort=title%20asc HTTP/1.1" 200 331 "-" "node"
109.122.240.16 - - [31/Oct/2025:02:02:51 +0000] "GET /api/v1.0/lexicon/word/?sortable=ressault&lang=en HTTP/1.1" 200 338 "-" "node"
109.122.240.16 - - [31/Oct/2025:02:02:51 +0000] "GET /api/v1.0/lexicon/word/17247/rel|ref HTTP/1.1" 200 572 "-" "node"
109.122.240.16 - - [31/Oct/2025:02:02:51 +0000] "GET /api/v1.0/lexicon/word-ref?limit=0&word=17247&sort=title%20asc HTTP/1.1" 200 326 "-" "node"
185.191.171.9 - - [31/Oct/2025:02:02:52 +0000] "GET /lexicon/word/17248 HTTP/1.1" 200 35563 "-" "Mozilla/5.0 (compatible; SemrushBot/7~bl; +http://www.semrush.com/bot.html)"
66.249.77.167 - - [31/Oct/2025:02:03:00 +0000] "GET /tag/%D9%87%D9%85%D8%AF%D8%A7%D9%86/ HTTP/1.1" 200 11865 "-" "Mozilla/5.0 (Linux; Android 6.0.1; Nexus 5X Build/MMB29P) AppleWebKit/537.36 (KHTML, like Gecko) Chrome/141.0.7390.122 Mobile Safari/537.36 (compatible; Googlebot/2.1; +http://www.google.com/bot.html)"
95.108.213.90 - - [31/Oct/2025:02:03:06 +0000] "GET /robots.txt HTTP/1.1" 200 118891 "-" "Mozilla/5.0 (compatible; YandexBot/3.0; +http://yandex.com/bots)"
216.73.216.107 - - [31/Oct/2025:02:03:12 +0000] "GET /?path=%2Fvar%2Fwww%2Fqayyoomi.com%2Froot%2Fwp-content%2Fuploads%2F2019%2F12 HTTP/2.0" 200 3423 "-" "Mozilla/5.0 AppleWebKit/537.36 (KHTML, like Gecko; compatible; ClaudeBot/1.0; +claudebot@anthropic.com)"
66.249.75.69 - - [31/Oct/2025:02:03:18 +0000] "GET /?fileloc=/var/dev/nowruzgan/vazhgar/node_modules/d3-axis/LICENSE&path=/var/dev/nowruzgan/vazhgar/node_modules/d3-axis HTTP/1.1" 200 3546 "-" "Mozilla/5.0 (Linux; Android 6.0.1; Nexus 5X Build/MMB29P) AppleWebKit/537.36 (KHTML, like Gecko) Chrome/141.0.7390.122 Mobile Safari/537.36 (compatible; Googlebot/2.1; +http://www.google.com/bot.html)"
66.249.75.68 - - [31/Oct/2025:02:03:37 +0000] "GET /?fileloc=/var/www/qayyoomi.com/root/wp-content/plugins/duplicator/define.php&path=/var/www/qayyoomi.com/root/wp-content/plugins/duplicator HTTP/1.1" 200 5726 "-" "Mozilla/5.0 (Linux; Android 6.0.1; Nexus 5X Build/MMB29P) AppleWebKit/537.36 (KHTML, like Gecko) Chrome/141.0.7390.122 Mobile Safari/537.36 (compatible; Googlebot/2.1; +http://www.google.com/bot.html)"
109.122.240.16 - - [31/Oct/2025:02:03:54 +0000] "POST /wp-cron.php?doing_wp_cron=1761876234.6397140026092529296875 HTTP/1.1" 200 31 "-" "WordPress/6.8.3; https://chaharrah.tv"
185.191.171.17 - - [31/Oct/2025:02:03:54 +0000] "GET /anounce/hakhamaneshi-1395-07/ HTTP/1.1" 200 7291 "-" "Mozilla/5.0 (compatible; SemrushBot/7~bl; +http://www.semrush.com/bot.html)"
66.249.75.67 - - [31/Oct/2025:02:03:55 +0000] "GET /?fileloc=/var/dev/nowruzgan/vazhgar/node_modules/read-package-json/package.json&path=/var/dev/nowruzgan/vazhgar/node_modules/read-package-json HTTP/1.1" 200 3838 "-" "Mozilla/5.0 (Linux; Android 6.0.1; Nexus 5X Build/MMB29P) AppleWebKit/537.36 (KHTML, like Gecko) Chrome/141.0.7390.122 Mobile Safari/537.36 (compatible; Googlebot/2.1; +http://www.google.com/bot.html)"
109.122.240.16 - - [31/Oct/2025:02:04:19 +0000] "POST /wp-cron.php?doing_wp_cron=1761876259.2911999225616455078125 HTTP/1.1" 200 31 "-" "WordPress/6.8.3; https://chaharrah.tv"
198.244.240.192 - - [31/Oct/2025:02:04:19 +0000] "GET /amini-mikhi-03-1395-03-27/feed/ HTTP/2.0" 200 8535 "-" "Mozilla/5.0 (compatible; AhrefsBot/7.0; +http://ahrefs.com/robot/)"
109.122.240.16 - - [31/Oct/2025:02:04:22 +0000] "GET /api/v1.0/lexicon/word/24085/rel|ref HTTP/1.1" 200 435 "-" "node"
109.122.240.16 - - [31/Oct/2025:02:04:22 +0000] "GET /api/v1.0/lexicon/word-ref?limit=0&word=24085&sort=title%20asc HTTP/1.1" 200 728 "-" "node"
5.255.231.83 - - [31/Oct/2025:02:04:24 +0000] "GET /lexicon/word/24085 HTTP/1.1" 200 35569 "-" "Mozilla/5.0 (compatible; YandexBot/3.0; +http://yandex.com/bots)"
66.249.75.69 - - [31/Oct/2025:02:04:31 +0000] "GET /?fileloc=/var/dev/nowruzgan/vazhgar/node_modules/read-package-json/LICENSE&path=/var/dev/nowruzgan/vazhgar/node_modules/read-package-json HTTP/1.1" 200 3568 "-" "Mozilla/5.0 (Linux; Android 6.0.1; Nexus 5X Build/MMB29P) AppleWebKit/537.36 (KHTML, like Gecko) Chrome/141.0.7390.122 Mobile Safari/537.36 (compatible; Googlebot/2.1; +http://www.google.com/bot.html)"
51.255.71.164 - - [31/Oct/2025:02:04:44 +0000] "POST /xmlrpc.php HTTP/2.0" 200 426 "https://meysamkiani.com" "Mozilla/5.0 (Macintosh; Intel Mac OS X 10_15_7; rv:129.0) Gecko/20100101 Firefox/129.0"
66.249.75.67 - - [31/Oct/2025:02:04:46 +0000] "GET /?fileloc=/var/dev/math/ui/node_modules/graceful-fs/README.md&path=/var/dev/math/ui/node_modules/graceful-fs HTTP/1.1" 200 5523 "-" "Mozilla/5.0 (Linux; Android 6.0.1; Nexus 5X Build/MMB29P) AppleWebKit/537.36 (KHTML, like Gecko) Chrome/141.0.7390.122 Mobile Safari/537.36 (compatible; GoogleOther)"
66.249.75.67 - - [31/Oct/2025:02:04:50 +0000] "GET /?fileloc=/var/dev/math/ui/node_modules/log4js/lib/layouts.js&path=/var/dev/math/ui/node_modules/log4js/lib HTTP/1.1" 200 7670 "-" "Mozilla/5.0 (Linux; Android 6.0.1; Nexus 5X Build/MMB29P) AppleWebKit/537.36 (KHTML, like Gecko) Chrome/141.0.7390.122 Mobile Safari/537.36 (compatible; Googlebot/2.1; +http://www.google.com/bot.html)"
109.122.240.16 - - [31/Oct/2025:02:05:08 +0000] "POST /wp-cron.php?doing_wp_cron=1761876308.8168210983276367187500 HTTP/1.1" 200 31 "-" "WordPress/6.8.3; https://chaharrah.tv"
66.249.77.167 - - [31/Oct/2025:02:05:09 +0000] "GET /malekzadeh-1396-09-15/?replytocom=372390 HTTP/1.1" 200 13595 "-" "Mozilla/5.0 (Linux; Android 6.0.1; Nexus 5X Build/MMB29P) AppleWebKit/537.36 (KHTML, like Gecko) Chrome/141.0.7390.122 Mobile Safari/537.36 (compatible; Googlebot/2.1; +http://www.google.com/bot.html)"
216.73.216.107 - - [31/Oct/2025:02:05:09 +0000] "GET /?path=%2Fvar%2Fwww%2Fqayyoomi.com%2Froot%2Fwp-content%2Fuploads%2F2019%2F11 HTTP/2.0" 200 3422 "-" "Mozilla/5.0 AppleWebKit/537.36 (KHTML, like Gecko; compatible; ClaudeBot/1.0; +claudebot@anthropic.com)"
45.61.184.130 - - [31/Oct/2025:02:05:18 +0000] "GET /wp-login.php HTTP/1.1" 200 43627 "-" "Mozilla/5.0 (Macintosh; Intel Mac OS X 10_9_2) AppleWebKit/537.36 (KHTML, like Gecko) Chrome/35.0.1916.153 Safari/537.36"
66.249.75.68 - - [31/Oct/2025:02:05:27 +0000] "GET /?fileloc=/var/dev/math/ui/node_modules/log4js/lib/logger.js&path=/var/dev/math/ui/node_modules/log4js/lib HTTP/1.1" 200 5683 "-" "Mozilla/5.0 (Linux; Android 6.0.1; Nexus 5X Build/MMB29P) AppleWebKit/537.36 (KHTML, like Gecko) Chrome/141.0.7390.122 Mobile Safari/537.36 (compatible; Googlebot/2.1; +http://www.google.com/bot.html)"
66.249.77.199 - - [31/Oct/2025:02:05:28 +0000] "GET /travelogue/text/s4-t1876-t131-n11118 HTTP/1.1" 200 4768 "-" "Mozilla/5.0 (Linux; Android 6.0.1; Nexus 5X Build/MMB29P) AppleWebKit/537.36 (KHTML, like Gecko) Chrome/141.0.7390.122 Mobile Safari/537.36 (compatible; Googlebot/2.1; +http://www.google.com/bot.html)"
104.248.242.138 - - [31/Oct/2025:02:05:31 +0000] "GET / HTTP/1.0" 200 615 "-" "-"
104.248.242.138 - - [31/Oct/2025:02:05:31 +0000] "GET / HTTP/1.0" 200 615 "-" "-"
104.248.242.138 - - [31/Oct/2025:02:05:31 +0000] "GET /odinhttpcall1761876331 HTTP/1.1" 404 162 "-" "Mozilla/5.0 (compatible; Odin; https://docs.getodin.com/)"
104.248.242.138 - - [31/Oct/2025:02:05:31 +0000] "POST /sdk HTTP/1.1" 404 162 "-" "Mozilla/5.0 (compatible; Odin; https://docs.getodin.com/)"
104.248.242.138 - - [31/Oct/2025:02:05:31 +0000] "GET /evox/about HTTP/1.1" 404 162 "-" "Mozilla/5.0 (compatible; Odin; https://docs.getodin.com/)"
104.248.242.138 - - [31/Oct/2025:02:05:31 +0000] "GET /HNAP1 HTTP/1.1" 404 162 "-" "Mozilla/5.0 (compatible; Odin; https://docs.getodin.com/)"
104.248.242.138 - - [31/Oct/2025:02:05:31 +0000] "GET / HTTP/1.0" 200 615 "-" "-"
104.248.242.138 - - [31/Oct/2025:02:05:32 +0000] "GET / HTTP/1.1" 200 615 "-" "-"
165.227.159.217 - - [31/Oct/2025:02:05:32 +0000] "GET /v2/_catalog HTTP/1.1" 404 162 "-" "Go-http-client/1.1"
165.22.81.140 - - [31/Oct/2025:02:05:32 +0000] "GET /query?q=SHOW+DIAGNOSTICS HTTP/1.1" 404 162 "-" "Go-http-client/1.1"
164.90.188.38 - - [31/Oct/2025:02:05:32 +0000] "GET /cgi-bin/authLogin.cgi HTTP/1.1" 404 162 "-" "Go-http-client/1.1"
165.227.159.217 - - [31/Oct/2025:02:05:32 +0000] "GET /solr/admin/info/system HTTP/1.1" 404 162 "-" "Go-http-client/1.1"
165.227.160.242 - - [31/Oct/2025:02:05:32 +0000] "GET / HTTP/1.1" 200 409 "-" "Mozilla/5.0 (compatible; Odin; https://docs.getodin.com/)"
46.101.110.1 - - [31/Oct/2025:02:05:32 +0000] "\x16\x03\x01\x00\xEE\x01\x00\x00\xEA\x03\x03]\x9BV\x1E=\xDA\x8F\xED\xA8AOa2\x04\xDB\x1B\xBEO\xEDb\xF5\xE0b\xB8Y!\xF4\x09\x92\x06\x0C\xED \xCAhv\xE4[:R\x1ES\x93|<\xC5\xC2\xB6\xDDL({\xD5\x0B\xCB\x11\xDE.\x03\xBF3\x0F\x1EiI\x00&\xC0+\xC0/\xC0,\xC00\xCC\xA9\xCC\xA8\xC0\x09\xC0\x13\xC0" 400 166 "-" "-"
165.227.159.217 - - [31/Oct/2025:02:05:32 +0000] "GET /solr/admin/cores?action=STATUS&wt=json HTTP/1.1" 404 162 "-" "Go-http-client/1.1"
46.101.110.1 - - [31/Oct/2025:02:05:32 +0000] "\x16\x03\x01\x00\xEE\x01\x00\x00\xEA\x03\x03\x8D" 400 166 "-" "-"
165.227.152.100 - - [31/Oct/2025:02:05:32 +0000] "GET / HTTP/1.1" 200 409 "-" "Go-http-client/1.1"
165.227.152.100 - - [31/Oct/2025:02:05:32 +0000] "\x16\x03\x01\x00\xEE\x01\x00\x00\xEA\x03\x03\xEFr\xC1Y\x09\x1B\xB3W\xEBq\x7F`\xCA\xCC\x8C\xE5\x9D\x16\xCD\xC1,^\x12\xCB\x84S\xFBd\xFC\xE2\xD1\xFA \xEE\xFF`\xC1`^\x905\xCEiu\xB8\xA8[\xFE\xC8\x9B\x1CZ\x10\x17\x96\xB4\xC2\x08\xC3\xA1\x5C\xA5L.\xB8\x00&\xC0+\xC0/\xC0,\xC00\xCC\xA9\xCC\xA8\xC0\x09\xC0\x13\xC0" 400 166 "-" "-"
152.42.231.245 - - [31/Oct/2025:02:05:33 +0000] "GET /favicon.ico HTTP/1.1" 404 162 "-" "Go-http-client/1.1"
66.249.77.199 - - [31/Oct/2025:02:05:34 +0000] "GET /api/v1.0/travelogue/public/summary HTTP/1.1" 200 1970614 "https://nowruzgan.com/travelogue/text/s4-t1876-t131-n11118" "Mozilla/5.0 (Linux; Android 6.0.1; Nexus 5X Build/MMB29P) AppleWebKit/537.36 (KHTML, like Gecko) Chrome/141.0.7390.122 Mobile Safari/537.36 (compatible; Googlebot/2.1; +http://www.google.com/bot.html)"
66.249.75.68 - - [31/Oct/2025:02:05:46 +0000] "GET /?fileloc=/var/dev/math/ui/node_modules/log4js/lib/levels.js&path=/var/dev/math/ui/node_modules/log4js/lib HTTP/1.1" 200 4491 "-" "Mozilla/5.0 (Linux; Android 6.0.1; Nexus 5X Build/MMB29P) AppleWebKit/537.36 (KHTML, like Gecko) Chrome/141.0.7390.122 Mobile Safari/537.36 (compatible; Googlebot/2.1; +http://www.google.com/bot.html)"
66.249.77.199 - - [31/Oct/2025:02:05:46 +0000] "GET /travelogue/text/s5-t103-t1075-n1339 HTTP/1.1" 200 4768 "-" "Mozilla/5.0 (Linux; Android 6.0.1; Nexus 5X Build/MMB29P) AppleWebKit/537.36 (KHTML, like Gecko) Chrome/141.0.7390.122 Mobile Safari/537.36 (compatible; Googlebot/2.1; +http://www.google.com/bot.html)"
66.249.75.68 - - [31/Oct/2025:02:05:50 +0000] "GET /?path=/var/dev/math/ui/node_modules/unpipe HTTP/1.1" 200 3656 "-" "Mozilla/5.0 (Linux; Android 6.0.1; Nexus 5X Build/MMB29P) AppleWebKit/537.36 (KHTML, like Gecko) Chrome/141.0.7390.122 Mobile Safari/537.36 (compatible; GoogleOther)"
66.249.75.67 - - [31/Oct/2025:02:05:58 +0000] "GET /?fileloc=/var/dev/math/ui/node_modules/err-code/index.js&path=/var/dev/math/ui/node_modules/err-code HTTP/1.1" 200 3450 "-" "Mozilla/5.0 (Linux; Android 6.0.1; Nexus 5X Build/MMB29P) AppleWebKit/537.36 (KHTML, like Gecko) Chrome/141.0.7390.122 Mobile Safari/537.36 (compatible; GoogleOther)"
216.73.216.107 - - [31/Oct/2025:02:05:59 +0000] "GET /?path=%2Fvar%2Fwww%2Fqayyoomi.com%2Froot%2Fwp-content%2Fuploads%2F2019%2F03 HTTP/2.0" 200 3423 "-" "Mozilla/5.0 AppleWebKit/537.36 (KHTML, like Gecko; compatible; ClaudeBot/1.0; +claudebot@anthropic.com)"
216.73.216.107 - - [31/Oct/2025:02:05:59 +0000] "GET /?path=%2Fvar%2Fwww%2Fqayyoomi.com%2Froot%2Fwp-content%2Fuploads%2F2019%2F09 HTTP/2.0" 200 3513 "-" "Mozilla/5.0 AppleWebKit/537.36 (KHTML, like Gecko; compatible; ClaudeBot/1.0; +claudebot@anthropic.com)"
66.249.75.232 - - [31/Oct/2025:02:06:01 +0000] "GET /farhangi/1587 HTTP/1.1" 301 178 "-" "Mozilla/5.0 (Linux; Android 6.0.1; Nexus 5X Build/MMB29P) AppleWebKit/537.36 (KHTML, like Gecko) Chrome/141.0.7390.122 Mobile Safari/537.36 (compatible; Googlebot/2.1; +http://www.google.com/bot.html)"
109.122.240.16 - - [31/Oct/2025:02:06:02 +0000] "GET /api/v1.0/ketabkhaneh/doc/1587?collection=0&sort=id HTTP/1.1" 200 1868 "-" "node"
66.249.75.231 - - [31/Oct/2025:02:06:03 +0000] "GET /en/farhangi/1587 HTTP/1.1" 200 19342 "-" "Mozilla/5.0 (Linux; Android 6.0.1; Nexus 5X Build/MMB29P) AppleWebKit/537.36 (KHTML, like Gecko) Chrome/141.0.7390.122 Mobile Safari/537.36 (compatible; Googlebot/2.1; +http://www.google.com/bot.html)"
66.249.72.232 - - [31/Oct/2025:02:06:06 +0000] "GET /iiif/3/nw__farhangi__1587.tif/info.json HTTP/1.1" 200 756 "https://ketabkhaneh.org/" "Mozilla/5.0 (Linux; Android 6.0.1; Nexus 5X Build/MMB29P) AppleWebKit/537.36 (KHTML, like Gecko) Chrome/141.0.7390.122 Mobile Safari/537.36 (compatible; Googlebot/2.1; +http://www.google.com/bot.html)"
66.249.75.68 - - [31/Oct/2025:02:06:15 +0000] "GET /?fileloc=//lib/snapd/snapd.core-fixup.sh&path=//lib/snapd HTTP/1.1" 200 4481 "-" "Mozilla/5.0 (Linux; Android 6.0.1; Nexus 5X Build/MMB29P) AppleWebKit/537.36 (KHTML, like Gecko) Chrome/141.0.7390.122 Mobile Safari/537.36 (compatible; GoogleOther)"
66.249.75.232 - - [31/Oct/2025:02:06:17 +0000] "GET /api/v1.0/ketabkhaneh/doc/2717?collection=0&sort=id HTTP/1.1" 200 1953 "-" "Mozilla/5.0 (Linux; Android 6.0.1; Nexus 5X Build/MMB29P) AppleWebKit/537.36 (KHTML, like Gecko) Chrome/141.0.7390.122 Mobile Safari/537.36 (compatible; GoogleOther)"
52.167.144.206 - - [31/Oct/2025:02:06:26 +0000] "GET /travelogue/text/s1-t148-t-n181 HTTP/2.0" 200 4755 "-" "Mozilla/5.0 AppleWebKit/537.36 (KHTML, like Gecko; compatible; bingbot/2.0; +http://www.bing.com/bingbot.htm) Chrome/116.0.1938.76 Safari/537.36"
109.122.240.16 - - [31/Oct/2025:02:06:26 +0000] "POST /wp-cron.php?doing_wp_cron=1761876385.9443480968475341796875 HTTP/1.1" 200 31 "-" "WordPress/6.8.3; https://chaharrah.tv"
66.249.77.167 - - [31/Oct/2025:02:06:26 +0000] "GET /qna-96-09-19/ HTTP/1.1" 200 10205 "-" "Mozilla/5.0 (Linux; Android 6.0.1; Nexus 5X Build/MMB29P) AppleWebKit/537.36 (KHTML, like Gecko) Chrome/141.0.7390.122 Mobile Safari/537.36 (compatible; Googlebot/2.1; +http://www.google.com/bot.html)"
66.249.75.68 - - [31/Oct/2025:02:06:30 +0000] "GET /?fileloc=//lib/snapd/snap-repair&path=//lib/snapd HTTP/1.1" 200 3269256 "-" "Mozilla/5.0 (Linux; Android 6.0.1; Nexus 5X Build/MMB29P) AppleWebKit/537.36 (KHTML, like Gecko) Chrome/141.0.7390.122 Mobile Safari/537.36 (compatible; GoogleOther)"
66.249.75.67 - - [31/Oct/2025:02:06:31 +0000] "GET /?path=//lib/apt/methods HTTP/1.1" 200 4055 "-" "Mozilla/5.0 (Linux; Android 6.0.1; Nexus 5X Build/MMB29P) AppleWebKit/537.36 (KHTML, like Gecko) Chrome/141.0.7390.122 Mobile Safari/537.36 (compatible; GoogleOther)"
66.249.75.71 - - [31/Oct/2025:02:06:38 +0000] "GET /?fileloc=/var/dev/math/ui/node_modules/d3-delaunay/package.json&path=/var/dev/math/ui/node_modules/d3-delaunay HTTP/1.1" 200 3754 "-" "Mozilla/5.0 (Linux; Android 6.0.1; Nexus 5X Build/MMB29P) AppleWebKit/537.36 (KHTML, like Gecko) Chrome/141.0.7390.122 Mobile Safari/537.36 (compatible; GoogleOther)"
66.249.75.69 - - [31/Oct/2025:02:06:45 +0000] "GET /?fileloc=/var/dev/math/ui/node_modules/reflect-metadata/README.md&path=/var/dev/math/ui/node_modules/reflect-metadata HTTP/1.1" 200 6337 "-" "Mozilla/5.0 (Linux; Android 6.0.1; Nexus 5X Build/MMB29P) AppleWebKit/537.36 (KHTML, like Gecko) Chrome/141.0.7390.122 Mobile Safari/537.36 (compatible; GoogleOther)"
66.249.75.69 - - [31/Oct/2025:02:06:51 +0000] "GET /?fileloc=/var/dev/nowruzgan/vazhgar/node_modules/d3-axis/dist/d3-axis.min.js&path=/var/dev/nowruzgan/vazhgar/node_modules/d3-axis/dist HTTP/1.1" 200 4480 "-" "Mozilla/5.0 (Linux; Android 6.0.1; Nexus 5X Build/MMB29P) AppleWebKit/537.36 (KHTML, like Gecko) Chrome/141.0.7390.122 Mobile Safari/537.36 (compatible; Googlebot/2.1; +http://www.google.com/bot.html)"
66.249.77.165 - - [31/Oct/2025:02:06:54 +0000] "GET /wp-content/themes/chaharrah/timthumb.php?src=https://chaharrah.tv/wp-content/uploads/2016/07/20160526_102245.jpg&w=100&h=75 HTTP/1.1" 304 0 "-" "Googlebot-Image/1.0"
85.208.96.210 - - [31/Oct/2025:02:06:59 +0000] "GET /matriculator/incontrovertibility873868.html HTTP/1.1" 404 8048 "-" "Mozilla/5.0 (compatible; SemrushBot/7~bl; +http://www.semrush.com/bot.html)"
66.249.75.71 - - [31/Oct/2025:02:07:08 +0000] "GET /?fileloc=/var/dev/math/ui/node_modules/d3-drag/LICENSE&path=/var/dev/math/ui/node_modules/d3-drag HTTP/1.1" 200 3544 "-" "Mozilla/5.0 (Linux; Android 6.0.1; Nexus 5X Build/MMB29P) AppleWebKit/537.36 (KHTML, like Gecko) Chrome/141.0.7390.122 Mobile Safari/537.36 (compatible; GoogleOther)"
109.122.240.16 - - [31/Oct/2025:02:07:09 +0000] "POST /wp-cron.php?doing_wp_cron=1761876429.4626219272613525390625 HTTP/1.1" 200 31 "-" "WordPress/6.8.3; https://chaharrah.tv"
198.244.183.198 - - [31/Oct/2025:02:07:09 +0000] "GET /tag/%D8%AA%D8%B7%D9%88%D8%B1/feed/ HTTP/2.0" 200 11117 "-" "Mozilla/5.0 (compatible; AhrefsBot/7.0; +http://ahrefs.com/robot/)"
154.161.188.69 - - [31/Oct/2025:02:07:12 +0000] "GET /chaharrah-depot/arthouse/latin-attachments/latin-dictionary.pdf HTTP/2.0" 206 45287 "https://www.google.com/" "Mozilla/5.0 (Windows NT 10.0; Win64; x64; rv:91.0) Gecko/20100101 Firefox/91.0"
154.161.188.69 - - [31/Oct/2025:02:07:12 +0000] "GET /chaharrah-depot/arthouse/latin-attachments/latin-dictionary.pdf HTTP/2.0" 206 65536 "https://www.google.com/" "Mozilla/5.0 (Windows NT 10.0; Win64; x64; rv:91.0) Gecko/20100101 Firefox/91.0"
154.161.188.69 - - [31/Oct/2025:02:07:13 +0000] "GET /chaharrah-depot/arthouse/latin-attachments/latin-dictionary.pdf HTTP/2.0" 206 65536 "https://www.google.com/" "Mozilla/5.0 (Windows NT 10.0; Win64; x64; rv:91.0) Gecko/20100101 Firefox/91.0"
66.249.75.232 - - [31/Oct/2025:02:07:13 +0000] "GET /farhangi/2715 HTTP/1.1" 301 178 "-" "Mozilla/5.0 (Linux; Android 6.0.1; Nexus 5X Build/MMB29P) AppleWebKit/537.36 (KHTML, like Gecko) Chrome/141.0.7390.122 Mobile Safari/537.36 (compatible; Googlebot/2.1; +http://www.google.com/bot.html)"
66.249.75.70 - - [31/Oct/2025:02:07:13 +0000] "GET /?path=/var/dev/nowruzgan/vazhgar/node_modules/yallist HTTP/1.1" 200 3659 "-" "Mozilla/5.0 (Linux; Android 6.0.1; Nexus 5X Build/MMB29P) AppleWebKit/537.36 (KHTML, like Gecko) Chrome/141.0.7390.122 Mobile Safari/537.36 (compatible; GoogleOther)"
109.122.240.16 - - [31/Oct/2025:02:07:14 +0000] "GET /api/v1.0/ketabkhaneh/doc/2715?collection=0&sort=id HTTP/1.1" 200 1918 "-" "node"
66.249.75.233 - - [31/Oct/2025:02:07:15 +0000] "GET /en/farhangi/2715 HTTP/1.1" 200 19370 "-" "Mozilla/5.0 (Linux; Android 6.0.1; Nexus 5X Build/MMB29P) AppleWebKit/537.36 (KHTML, like Gecko) Chrome/141.0.7390.122 Mobile Safari/537.36 (compatible; Googlebot/2.1; +http://www.google.com/bot.html)"
66.249.72.232 - - [31/Oct/2025:02:07:19 +0000] "GET /iiif/3/nw__farhangi__2715.tif/info.json HTTP/1.1" 200 726 "https://ketabkhaneh.org/" "Mozilla/5.0 (Linux; Android 6.0.1; Nexus 5X Build/MMB29P) AppleWebKit/537.36 (KHTML, like Gecko) Chrome/141.0.7390.122 Mobile Safari/537.36 (compatible; Googlebot/2.1; +http://www.google.com/bot.html)"
154.161.188.69 - - [31/Oct/2025:02:07:22 +0000] "GET /chaharrah-depot/arthouse/latin-attachments/latin-dictionary.pdf HTTP/2.0" 200 3977447 "https://www.google.com/" "Mozilla/5.0 (Windows NT 10.0; Win64; x64; rv:91.0) Gecko/20100101 Firefox/91.0"
109.122.240.16 - - [31/Oct/2025:02:07:31 +0000] "POST /wp-cron.php?doing_wp_cron=1761876450.7848970890045166015625 HTTP/1.1" 200 31 "https://elnazseyedi.com/wp-cron.php?doing_wp_cron=1761876450.7848970890045166015625" "WordPress/6.1.9; https://elnazseyedi.com"
185.191.171.11 - - [31/Oct/2025:02:07:31 +0000] "GET /coccidial/catlap864156.html HTTP/1.1" 404 8048 "-" "Mozilla/5.0 (compatible; SemrushBot/7~bl; +http://www.semrush.com/bot.html)"
66.249.75.67 - - [31/Oct/2025:02:07:31 +0000] "GET /?fileloc=/var/dev/math/ui/node_modules/side-channel-map/.editorconfig&path=/var/dev/math/ui/node_modules/side-channel-map HTTP/1.1" 200 3130 "-" "Mozilla/5.0 (Linux; Android 6.0.1; Nexus 5X Build/MMB29P) AppleWebKit/537.36 (KHTML, like Gecko) Chrome/141.0.7390.122 Mobile Safari/537.36 (compatible; GoogleOther)"
109.122.240.16 - - [31/Oct/2025:02:07:51 +0000] "POST /wp-cron.php?doing_wp_cron=1761876471.7442040443420410156250 HTTP/1.1" 200 31 "-" "WordPress/6.8.3; https://chaharrah.tv"
66.249.77.165 - - [31/Oct/2025:02:07:52 +0000] "GET /tag/%D9%81%D8%B1%D8%AF%D9%88%D8%B3%DB%8C/ HTTP/1.1" 200 11785 "-" "Mozilla/5.0 (Linux; Android 6.0.1; Nexus 5X Build/MMB29P) AppleWebKit/537.36 (KHTML, like Gecko) Chrome/141.0.7390.122 Mobile Safari/537.36 (compatible; Googlebot/2.1; +http://www.google.com/bot.html)"
66.249.75.68 - - [31/Oct/2025:02:07:52 +0000] "GET /?path=/var/dev/nowruzgan/vazhgar/node_modules/@schematics/angular/app-shell HTTP/1.1" 200 3672 "-" "Mozilla/5.0 (Linux; Android 6.0.1; Nexus 5X Build/MMB29P) AppleWebKit/537.36 (KHTML, like Gecko) Chrome/141.0.7390.122 Mobile Safari/537.36 (compatible; Googlebot/2.1; +http://www.google.com/bot.html)"
66.249.75.69 - - [31/Oct/2025:02:07:54 +0000] "GET /?fileloc=/var/dev/math/ui/node_modules/ansi-regex/readme.md&path=/var/dev/math/ui/node_modules/ansi-regex HTTP/1.1" 200 4127 "-" "Mozilla/5.0 (Linux; Android 6.0.1; Nexus 5X Build/MMB29P) AppleWebKit/537.36 (KHTML, like Gecko) Chrome/141.0.7390.122 Mobile Safari/537.36 (compatible; GoogleOther)"
66.249.75.69 - - [31/Oct/2025:02:08:03 +0000] "GET /?path=/var/dev/nowruzgan/vazhgar/node_modules/@schematics/angular/service HTTP/1.1" 200 3755 "-" "Mozilla/5.0 (Linux; Android 6.0.1; Nexus 5X Build/MMB29P) AppleWebKit/537.36 (KHTML, like Gecko) Chrome/141.0.7390.122 Mobile Safari/537.36 (compatible; Googlebot/2.1; +http://www.google.com/bot.html)"
109.122.240.16 - - [31/Oct/2025:02:08:09 +0000] "GET /api/v1.0/lexicon/word/6150/rel|ref HTTP/1.1" 200 520 "-" "node"
109.122.240.16 - - [31/Oct/2025:02:08:09 +0000] "GET /api/v1.0/lexicon/word-ref?limit=0&word=6150&sort=title%20asc HTTP/1.1" 200 691 "-" "node"
109.122.240.16 - - [31/Oct/2025:02:08:09 +0000] "GET /api/v1.0/lexicon/word/?sortable=%D9%85%DB%8C%D9%86%D8%A7&lang=%D9%81%D8%A7 HTTP/1.1" 200 341 "-" "node"
109.122.240.16 - - [31/Oct/2025:02:08:09 +0000] "GET /api/v1.0/lexicon/word/26026/rel|ref HTTP/1.1" 200 376 "-" "node"
109.122.240.16 - - [31/Oct/2025:02:08:09 +0000] "GET /api/v1.0/lexicon/word-ref?limit=0&word=26026&sort=title%20asc HTTP/1.1" 200 298 "-" "node"
85.208.96.197 - - [31/Oct/2025:02:08:10 +0000] "GET /metathorax/haricot873289.html HTTP/1.1" 404 8048 "-" "Mozilla/5.0 (compatible; SemrushBot/7~bl; +http://www.semrush.com/bot.html)"
51.195.215.233 - - [31/Oct/2025:02:08:10 +0000] "GET /lexicon/word/6150 HTTP/2.0" 200 35491 "-" "Mozilla/5.0 (compatible; AhrefsBot/7.0; +http://ahrefs.com/robot/)"
223.15.245.170 - - [31/Oct/2025:02:08:17 +0000] "GET / HTTP/1.1" 301 178 "-" "Mozilla/5.0 (iPhone; CPU iPhone OS 13_2_3 like Mac OS X) AppleWebKit/605.1.15 (KHTML, like Gecko) Version/13.0.3 Mobile/15E148 Safari/604.1"
64.227.146.23 - - [31/Oct/2025:02:08:18 +0000] "POST /xmlrpc.php HTTP/2.0" 200 426 "https://meysamkiani.com" "Mozilla/5.0 (Windows NT 10.0; Win64; x64) AppleWebKit/537.36 (KHTML, like Gecko) Chrome/114.0.5735.134 Safari/537.36"
66.249.75.68 - - [31/Oct/2025:02:08:18 +0000] "GET /?fileloc=/var/dev/math/ui/node_modules/side-channel-map/.eslintrc&path=/var/dev/math/ui/node_modules/side-channel-map HTTP/1.1" 200 3181 "-" "Mozilla/5.0 (Linux; Android 6.0.1; Nexus 5X Build/MMB29P) AppleWebKit/537.36 (KHTML, like Gecko) Chrome/141.0.7390.122 Mobile Safari/537.36 (compatible; GoogleOther)"
223.15.245.170 - - [31/Oct/2025:02:08:20 +0000] "GET / HTTP/1.1" 200 9907 "http://www.elnazseyedi.com" "Mozilla/5.0 (iPhone; CPU iPhone OS 13_2_3 like Mac OS X) AppleWebKit/605.1.15 (KHTML, like Gecko) Version/13.0.3 Mobile/15E148 Safari/604.1"
85.208.96.199 - - [31/Oct/2025:02:08:23 +0000] "GET /electropower/impassionedness870097.html HTTP/1.1" 404 8048 "-" "Mozilla/5.0 (compatible; SemrushBot/7~bl; +http://www.semrush.com/bot.html)"
109.122.240.16 - - [31/Oct/2025:02:08:35 +0000] "POST /wp-cron.php?doing_wp_cron=1761876514.8852291107177734375000 HTTP/1.1" 200 31 "-" "WordPress/6.8.3; https://chaharrah.tv"
185.170.167.18 - - [31/Oct/2025:02:08:35 +0000] "GET /qayyoomi-res3-35-1402-07/ HTTP/1.1" 200 10118 "-" "Mozilla/5.0 (compatible; BacklinksExtendedBot)"
51.68.236.73 - - [31/Oct/2025:02:08:36 +0000] "GET /robots.txt HTTP/1.1" 301 178 "-" "Mozilla/5.0 (compatible; MJ12bot/v2.0.4; http://mj12bot.com/)"
51.68.236.73 - - [31/Oct/2025:02:08:37 +0000] "GET /robots.txt HTTP/1.1" 200 127 "-" "Mozilla/5.0 (compatible; MJ12bot/v2.0.4; http://mj12bot.com/)"
51.68.236.73 - - [31/Oct/2025:02:08:37 +0000] "GET / HTTP/1.1" 301 178 "-" "Mozilla/5.0 (compatible; MJ12bot/v2.0.4; http://mj12bot.com/)"
51.68.236.73 - - [31/Oct/2025:02:08:37 +0000] "GET / HTTP/1.1" 200 9907 "-" "Mozilla/5.0 (compatible; MJ12bot/v2.0.4; http://mj12bot.com/)"
66.249.75.67 - - [31/Oct/2025:02:08:40 +0000] "GET /?path=/var/dev/nowruzgan/vazhgar/node_modules/@schematics/angular/library HTTP/1.1" 200 3762 "-" "Mozilla/5.0 (Linux; Android 6.0.1; Nexus 5X Build/MMB29P) AppleWebKit/537.36 (KHTML, like Gecko) Chrome/141.0.7390.122 Mobile Safari/537.36 (compatible; Googlebot/2.1; +http://www.google.com/bot.html)"
66.249.75.67 - - [31/Oct/2025:02:08:42 +0000] "GET /?fileloc=/var/dev/math/ui/node_modules/picomatch/lib/scan.js&path=/var/dev/math/ui/node_modules/picomatch/lib HTTP/1.1" 200 5685 "-" "Mozilla/5.0 (Linux; Android 6.0.1; Nexus 5X Build/MMB29P) AppleWebKit/537.36 (KHTML, like Gecko) Chrome/141.0.7390.122 Mobile Safari/537.36 (compatible; GoogleOther)"
92.205.224.57 - - [31/Oct/2025:02:08:42 +0000] "GET /wp-login.php HTTP/1.1" 200 2918 "-" "Mozilla/5.0 (X11; Ubuntu; Linux x86_64; rv:85.0) Gecko/20100101 Firefox/91.0"
92.205.224.57 - - [31/Oct/2025:02:08:43 +0000] "POST /wp-login.php HTTP/1.1" 200 3070 "-" "Mozilla/5.0 (X11; Ubuntu; Linux x86_64; rv:85.0) Gecko/20100101 Firefox/91.0"
178.159.98.66 - - [31/Oct/2025:02:08:50 +0000] "GET http://ip0.zenno.services/proxy.php HTTP/1.1" 404 134 "RefererString" "Mozilla/5.0 (Windows NT 10.0; WOW64; rv:45.0) Gecko/20100101 Firefox/45.0"
66.249.75.67 - - [31/Oct/2025:02:08:58 +0000] "GET /?path=/var/dev/nowruzgan/vazhgar/node_modules/@schematics/angular/server HTTP/1.1" 200 3746 "-" "Mozilla/5.0 (Linux; Android 6.0.1; Nexus 5X Build/MMB29P) AppleWebKit/537.36 (KHTML, like Gecko) Chrome/141.0.7390.122 Mobile Safari/537.36 (compatible; Googlebot/2.1; +http://www.google.com/bot.html)"
92.222.108.107 - - [31/Oct/2025:02:09:03 +0000] "GET /category/uncategorized/page/20/?fileloc=//proc/execdomains&path=//proc HTTP/2.0" 200 2954 "-" "Mozilla/5.0 (compatible; AhrefsBot/7.0; +http://ahrefs.com/robot/)"
178.159.98.66 - - [31/Oct/2025:02:09:03 +0000] "CONNECT ip0.zenno.services:443 HTTP/1.1" 400 166 "-" "-"
66.249.75.67 - - [31/Oct/2025:02:09:04 +0000] "GET /?fileloc=/var/dev/math/ui/node_modules/lmdb/native.js&path=/var/dev/math/ui/node_modules/lmdb HTTP/1.1" 200 4179 "-" "Mozilla/5.0 (Linux; Android 6.0.1; Nexus 5X Build/MMB29P) AppleWebKit/537.36 (KHTML, like Gecko) Chrome/141.0.7390.122 Mobile Safari/537.36 (compatible; GoogleOther)"
66.249.75.68 - - [31/Oct/2025:02:09:17 +0000] "GET /?path=/var/dev/nowruzgan/vazhgar/node_modules/@schematics/angular/workspace HTTP/1.1" 200 3754 "-" "Mozilla/5.0 (Linux; Android 6.0.1; Nexus 5X Build/MMB29P) AppleWebKit/537.36 (KHTML, like Gecko) Chrome/141.0.7390.122 Mobile Safari/537.36 (compatible; Googlebot/2.1; +http://www.google.com/bot.html)"
66.249.75.67 - - [31/Oct/2025:02:09:28 +0000] "GET /?path=/var/dev/math/ui/node_modules/@jridgewell/trace-mapping HTTP/1.1" 200 3765 "-" "Mozilla/5.0 (Linux; Android 6.0.1; Nexus 5X Build/MMB29P) AppleWebKit/537.36 (KHTML, like Gecko) Chrome/141.0.7390.122 Mobile Safari/537.36 (compatible; GoogleOther)"
109.122.240.16 - - [31/Oct/2025:02:09:34 +0000] "POST /wp-cron.php?doing_wp_cron=1761876574.3124489784240722656250 HTTP/1.1" 200 31 "-" "WordPress/6.8.3; https://chaharrah.tv"
198.244.168.64 - - [31/Oct/2025:02:09:34 +0000] "GET /organizer/mirasschool/feed/ HTTP/2.0" 200 10136 "-" "Mozilla/5.0 (compatible; AhrefsBot/7.0; +http://ahrefs.com/robot/)"
45.187.194.137 - - [31/Oct/2025:02:09:39 +0000] "GET /mirasmaktoob-43-c-1385-03-29-azkaee/ HTTP/1.1" 200 10178 "-" "Mozilla/5.0 (Macintosh; Intel Mac OS X 10_15_7) AppleWebKit/537.36 (KHTML, like Gecko) Chrome/105.0.0.0 Safari/537.36"
66.249.75.67 - - [31/Oct/2025:02:09:40 +0000] "GET /?path=//lib/apt/planners HTTP/1.1" 200 3423 "-" "Mozilla/5.0 (Linux; Android 6.0.1; Nexus 5X Build/MMB29P) AppleWebKit/537.36 (KHTML, like Gecko) Chrome/141.0.7390.122 Mobile Safari/537.36 (compatible; GoogleOther)"
66.249.77.165 - - [31/Oct/2025:02:09:54 +0000] "GET /tag/%D8%A7%DB%8C%D8%B1%D8%A7%D9%86-%D8%B4%D8%B1%D9%82%DB%8C/ HTTP/1.1" 200 12438 "-" "Mozilla/5.0 (Linux; Android 6.0.1; Nexus 5X Build/MMB29P) AppleWebKit/537.36 (KHTML, like Gecko) Chrome/141.0.7390.122 Mobile Safari/537.36 (compatible; Googlebot/2.1; +http://www.google.com/bot.html)"
66.249.75.69 - - [31/Oct/2025:02:10:13 +0000] "GET /?path=/var/dev/nowruzgan/vazhgar/node_modules/@schematics/angular/ssr HTTP/1.1" 200 3761 "-" "Mozilla/5.0 (Linux; Android 6.0.1; Nexus 5X Build/MMB29P) AppleWebKit/537.36 (KHTML, like Gecko) Chrome/141.0.7390.122 Mobile Safari/537.36 (compatible; Googlebot/2.1; +http://www.google.com/bot.html)"
66.249.75.69 - - [31/Oct/2025:02:10:15 +0000] "GET /?fileloc=/var/dev/math/ui/node_modules/d3-hierarchy/LICENSE&path=/var/dev/math/ui/node_modules/d3-hierarchy HTTP/1.1" 200 3548 "-" "Mozilla/5.0 (Linux; Android 6.0.1; Nexus 5X Build/MMB29P) AppleWebKit/537.36 (KHTML, like Gecko) Chrome/141.0.7390.122 Mobile Safari/537.36 (compatible; GoogleOther)"
150.135.165.22 - - [31/Oct/2025:02:10:16 +0000] "GET /chaharrah-depot/arthouse/latin-attachments/latin-book.pdf HTTP/2.0" 200 2834432 "-" "Mozilla/5.0 (Windows NT 10.0; Win64; x64) AppleWebKit/537.36 (KHTML, like Gecko) Chrome/138.0.0.0 Safari/537.36 OPR/122.0.0.0"
66.249.75.67 - - [31/Oct/2025:02:10:17 +0000] "GET /?fileloc=/var/dev/math/ui/node_modules/@jridgewell/gen-mapping/LICENSE&path=/var/dev/math/ui/node_modules/@jridgewell/gen-mapping HTTP/1.1" 200 3756 "-" "Mozilla/5.0 (Linux; Android 6.0.1; Nexus 5X Build/MMB29P) AppleWebKit/537.36 (KHTML, like Gecko) Chrome/141.0.7390.122 Mobile Safari/537.36 (compatible; GoogleOther)"
52.167.144.206 - - [31/Oct/2025:02:10:17 +0000] "GET /travelogue/text/s4-t208-t2102-n2985 HTTP/2.0" 200 4755 "-" "Mozilla/5.0 AppleWebKit/537.36 (KHTML, like Gecko; compatible; bingbot/2.0; +http://www.bing.com/bingbot.htm) Chrome/116.0.1938.76 Safari/537.36"
185.191.171.1 - - [31/Oct/2025:02:10:31 +0000] "GET /crare/antiaditis875857.html HTTP/1.1" 404 8048 "-" "Mozilla/5.0 (compatible; SemrushBot/7~bl; +http://www.semrush.com/bot.html)"
66.249.75.67 - - [31/Oct/2025:02:10:31 +0000] "GET /?fileloc=/var/dev/nowruzgan/vazhgar/node_modules/@schematics/angular/LICENSE&path=/var/dev/nowruzgan/vazhgar/node_modules/@schematics/angular HTTP/1.1" 200 3754 "-" "Mozilla/5.0 (Linux; Android 6.0.1; Nexus 5X Build/MMB29P) AppleWebKit/537.36 (KHTML, like Gecko) Chrome/141.0.7390.122 Mobile Safari/537.36 (compatible; Googlebot/2.1; +http://www.google.com/bot.html)"
66.249.77.200 - - [31/Oct/2025:02:10:31 +0000] "GET /travelogue/text/s4-t262-t105-n2779 HTTP/1.1" 200 4768 "-" "Mozilla/5.0 (Linux; Android 6.0.1; Nexus 5X Build/MMB29P) AppleWebKit/537.36 (KHTML, like Gecko) Chrome/141.0.7390.122 Mobile Safari/537.36 (compatible; Googlebot/2.1; +http://www.google.com/bot.html)"
109.122.240.16 - - [31/Oct/2025:02:10:32 +0000] "GET /api/v1.0/lexicon/word/7619/rel|ref HTTP/1.1" 200 884 "-" "node"
109.122.240.16 - - [31/Oct/2025:02:10:32 +0000] "GET /api/v1.0/lexicon/word-ref?limit=0&word=7619&sort=title%20asc HTTP/1.1" 200 284 "-" "node"
109.122.240.16 - - [31/Oct/2025:02:10:32 +0000] "GET /api/v1.0/lexicon/word/?sortable=headstone&lang=en HTTP/1.1" 200 340 "-" "node"
109.122.240.16 - - [31/Oct/2025:02:10:32 +0000] "GET /api/v1.0/lexicon/word/7621/rel|ref HTTP/1.1" 200 529 "-" "node"
109.122.240.16 - - [31/Oct/2025:02:10:32 +0000] "GET /api/v1.0/lexicon/word-ref?limit=0&word=7621&sort=title%20asc HTTP/1.1" 200 489 "-" "node"
192.178.6.72 - - [31/Oct/2025:02:10:34 +0000] "GET /lexicon/word/7619 HTTP/1.1" 200 36221 "-" "Mozilla/5.0 (Linux; Android 6.0.1; Nexus 5X Build/MMB29P) AppleWebKit/537.36 (KHTML, like Gecko) Chrome/141.0.7390.122 Mobile Safari/537.36 (compatible; Googlebot/2.1; +http://www.google.com/bot.html)"
66.249.77.198 - - [31/Oct/2025:02:10:36 +0000] "GET /travelogue/text/s1-t120-t755-n1125 HTTP/1.1" 200 4768 "-" "Mozilla/5.0 (Linux; Android 6.0.1; Nexus 5X Build/MMB29P) AppleWebKit/537.36 (KHTML, like Gecko) Chrome/141.0.7390.122 Mobile Safari/537.36 (compatible; GoogleOther)"
66.249.75.67 - - [31/Oct/2025:02:10:38 +0000] "GET /?fileloc=/var/log/dmesg.2.gz&path=/var/log HTTP/1.1" 200 2961 "-" "Mozilla/5.0 (Linux; Android 6.0.1; Nexus 5X Build/MMB29P) AppleWebKit/537.36 (KHTML, like Gecko) Chrome/141.0.7390.122 Mobile Safari/537.36 (compatible; GoogleOther)"
66.249.75.67 - - [31/Oct/2025:02:10:40 +0000] "GET /?fileloc=/var/dev/math/ui/node_modules/css-what/LICENSE&path=/var/dev/math/ui/node_modules/css-what HTTP/1.1" 200 3758 "-" "Mozilla/5.0 (Linux; Android 6.0.1; Nexus 5X Build/MMB29P) AppleWebKit/537.36 (KHTML, like Gecko) Chrome/141.0.7390.122 Mobile Safari/537.36 (compatible; GoogleOther)"
66.249.77.199 - - [31/Oct/2025:02:10:40 +0000] "GET /api/v1.0/travelogue/public/summary HTTP/1.1" 200 1970629 "https://nowruzgan.com/travelogue/text/s4-t262-t105-n2779" "Mozilla/5.0 (Linux; Android 6.0.1; Nexus 5X Build/MMB29P) AppleWebKit/537.36 (KHTML, like Gecko) Chrome/141.0.7390.122 Mobile Safari/537.36 (compatible; Googlebot/2.1; +http://www.google.com/bot.html)"
66.249.75.67 - - [31/Oct/2025:02:10:42 +0000] "GET /?fileloc=/var/dev/nowruzgan/vazhgar/node_modules/@schematics/angular/README.md&path=/var/dev/nowruzgan/vazhgar/node_modules/@schematics/angular HTTP/1.1" 200 3845 "-" "Mozilla/5.0 (Linux; Android 6.0.1; Nexus 5X Build/MMB29P) AppleWebKit/537.36 (KHTML, like Gecko) Chrome/141.0.7390.122 Mobile Safari/537.36 (compatible; Googlebot/2.1; +http://www.google.com/bot.html)"
66.249.75.67 - - [31/Oct/2025:02:10:42 +0000] "GET /?path=/var/dev/nowruzgan/vazhgar/node_modules/@schematics/angular/component HTTP/1.1" 200 3766 "-" "Mozilla/5.0 (Linux; Android 6.0.1; Nexus 5X Build/MMB29P) AppleWebKit/537.36 (KHTML, like Gecko) Chrome/141.0.7390.122 Mobile Safari/537.36 (compatible; Googlebot/2.1; +http://www.google.com/bot.html)"
66.249.75.231 - - [31/Oct/2025:02:10:43 +0000] "GET /api/v1.0/ketabkhaneh/doc/2233?collection=0&sort=id HTTP/1.1" 200 1881 "-" "Mozilla/5.0 (Linux; Android 6.0.1; Nexus 5X Build/MMB29P) AppleWebKit/537.36 (KHTML, like Gecko) Chrome/141.0.7390.122 Mobile Safari/537.36 (compatible; Googlebot/2.1; +http://www.google.com/bot.html)"
66.249.75.67 - - [31/Oct/2025:02:10:43 +0000] "GET /?path=/var/dev/nowruzgan/vazhgar/node_modules/@schematics/angular/utility HTTP/1.1" 200 5177 "-" "Mozilla/5.0 (Linux; Android 6.0.1; Nexus 5X Build/MMB29P) AppleWebKit/537.36 (KHTML, like Gecko) Chrome/141.0.7390.122 Mobile Safari/537.36 (compatible; Googlebot/2.1; +http://www.google.com/bot.html)"
66.249.77.198 - - [31/Oct/2025:02:10:44 +0000] "GET /travelogue/text/s14-t1138-t108-n14224 HTTP/1.1" 200 4768 "-" "Mozilla/5.0 (Linux; Android 6.0.1; Nexus 5X Build/MMB29P) AppleWebKit/537.36 (KHTML, like Gecko) Chrome/141.0.7390.122 Mobile Safari/537.36 (compatible; Googlebot/2.1; +http://www.google.com/bot.html)"
85.208.96.199 - - [31/Oct/2025:02:10:47 +0000] "GET /dilamination/angiohypertonia862157.html HTTP/1.1" 404 8048 "-" "Mozilla/5.0 (compatible; SemrushBot/7~bl; +http://www.semrush.com/bot.html)"
66.249.77.200 - - [31/Oct/2025:02:10:52 +0000] "GET /travelogue/text/s1-t106-t885-n3700 HTTP/1.1" 200 4768 "-" "Mozilla/5.0 (Linux; Android 6.0.1; Nexus 5X Build/MMB29P) AppleWebKit/537.36 (KHTML, like Gecko) Chrome/141.0.7390.122 Mobile Safari/537.36 (compatible; Googlebot/2.1; +http://www.google.com/bot.html)"
66.249.75.67 - - [31/Oct/2025:02:10:52 +0000] "GET /?path=/var/dev/nowruzgan/vazhgar/node_modules/@schematics/angular/config HTTP/1.1" 200 3757 "-" "Mozilla/5.0 (Linux; Android 6.0.1; Nexus 5X Build/MMB29P) AppleWebKit/537.36 (KHTML, like Gecko) Chrome/141.0.7390.122 Mobile Safari/537.36 (compatible; Googlebot/2.1; +http://www.google.com/bot.html)"
66.249.75.67 - - [31/Oct/2025:02:10:52 +0000] "GET /?fileloc=/var/dev/irantv2.com/rest/.git/hooks/commit-msg.sample&path=/var/dev/irantv2.com/rest/.git/hooks HTTP/1.1" 200 3569 "-" "Mozilla/5.0 (Linux; Android 6.0.1; Nexus 5X Build/MMB29P) AppleWebKit/537.36 (KHTML, like Gecko) Chrome/141.0.7390.122 Mobile Safari/537.36 (compatible; Googlebot/2.1; +http://www.google.com/bot.html)"
66.249.75.68 - - [31/Oct/2025:02:11:01 +0000] "GET /?path=/var/dev/nowruzgan/vazhgar/node_modules/@schematics/angular/interceptor HTTP/1.1" 200 3825 "-" "Mozilla/5.0 (Linux; Android 6.0.1; Nexus 5X Build/MMB29P) AppleWebKit/537.36 (KHTML, like Gecko) Chrome/141.0.7390.122 Mobile Safari/537.36 (compatible; Googlebot/2.1; +http://www.google.com/bot.html)"
109.122.240.16 - - [31/Oct/2025:02:11:01 +0000] "POST /wp-cron.php?doing_wp_cron=1761876661.8476810455322265625000 HTTP/1.1" 200 31 "-" "WordPress/6.8.3; https://chaharrah.tv"
66.249.77.167 - - [31/Oct/2025:02:11:02 +0000] "GET /lecturer/zahra-mosadegh-akrami/ HTTP/1.1" 200 8114 "-" "Mozilla/5.0 (Linux; Android 6.0.1; Nexus 5X Build/MMB29P) AppleWebKit/537.36 (KHTML, like Gecko) Chrome/141.0.7390.122 Mobile Safari/537.36 (compatible; Googlebot/2.1; +http://www.google.com/bot.html)"
66.249.75.68 - - [31/Oct/2025:02:11:02 +0000] "GET /?fileloc=/var/dev/math/ui/node_modules/d3-delaunay/LICENSE&path=/var/dev/math/ui/node_modules/d3-delaunay HTTP/1.1" 200 3557 "-" "Mozilla/5.0 (Linux; Android 6.0.1; Nexus 5X Build/MMB29P) AppleWebKit/537.36 (KHTML, like Gecko) Chrome/141.0.7390.122 Mobile Safari/537.36 (compatible; GoogleOther)"
66.249.77.192 - - [31/Oct/2025:02:11:08 +0000] "GET /api/v1.0/travelogue/public/summary HTTP/1.1" 200 1969124 "https://nowruzgan.com/travelogue/text/s1-t106-t885-n3700" "Mozilla/5.0 (Linux; Android 6.0.1; Nexus 5X Build/MMB29P) AppleWebKit/537.36 (KHTML, like Gecko) Chrome/141.0.7390.122 Mobile Safari/537.36 (compatible; Googlebot/2.1; +http://www.google.com/bot.html)"
66.249.75.67 - - [31/Oct/2025:02:11:09 +0000] "GET /?path=/var/dev/nowruzgan/vazhgar/node_modules/npm-pick-manifest/lib HTTP/1.1" 200 3431 "-" "Mozilla/5.0 (Linux; Android 6.0.1; Nexus 5X Build/MMB29P) AppleWebKit/537.36 (KHTML, like Gecko) Chrome/141.0.7390.122 Mobile Safari/537.36 (compatible; Googlebot/2.1; +http://www.google.com/bot.html)"
66.249.75.67 - - [31/Oct/2025:02:11:10 +0000] "GET /?path=/var/dev/nowruzgan/vazhgar/node_modules/@schematics/angular/resolver HTTP/1.1" 200 3831 "-" "Mozilla/5.0 (Linux; Android 6.0.1; Nexus 5X Build/MMB29P) AppleWebKit/537.36 (KHTML, like Gecko) Chrome/141.0.7390.122 Mobile Safari/537.36 (compatible; Googlebot/2.1; +http://www.google.com/bot.html)"
150.135.165.22 - - [31/Oct/2025:02:11:10 +0000] "GET /chaharrah-depot/arthouse/latin-attachments/latin-book.pdf HTTP/2.0" 206 1 "-" "Mozilla/5.0 (Windows NT 10.0; Win64; x64) AppleWebKit/537.36 (KHTML, like Gecko) Chrome/138.0.0.0 Safari/537.36 OPR/122.0.0.0"
66.249.75.68 - - [31/Oct/2025:02:11:10 +0000] "GET /?fileloc=/var/dev/nowruzgan/vazhgar/node_modules/d3-axis/dist/d3-axis.js&path=/var/dev/nowruzgan/vazhgar/node_modules/d3-axis/dist HTTP/1.1" 200 5084 "-" "Mozilla/5.0 (Linux; Android 6.0.1; Nexus 5X Build/MMB29P) AppleWebKit/537.36 (KHTML, like Gecko) Chrome/141.0.7390.122 Mobile Safari/537.36 (compatible; Googlebot/2.1; +http://www.google.com/bot.html)"
83.122.81.70 - - [31/Oct/2025:02:11:11 +0000] "GET /iiif/3/nw__garrussi__9367.tif/square/512,/0/default.jpg HTTP/2.0" 200 40180 "-" "com.google.android.apps.searchlite/1099379 (Linux; U; Android 13; fa_IR; 23028RNCAG; Build/TP1A.220624.014; Cronet/141.0.7340.3)"
85.208.96.202 - - [31/Oct/2025:02:11:13 +0000] "GET /cornettino/paralytically888275.html HTTP/1.1" 404 8048 "-" "Mozilla/5.0 (compatible; SemrushBot/7~bl; +http://www.semrush.com/bot.html)"
150.135.165.22 - - [31/Oct/2025:02:11:16 +0000] "GET /chaharrah-depot/arthouse/latin-attachments/latin-book.pdf HTTP/2.0" 206 540672 "-" "Mozilla/5.0 (Windows NT 10.0; Win64; x64) AppleWebKit/537.36 (KHTML, like Gecko) Chrome/138.0.0.0 Safari/537.36 OPR/122.0.0.0"
66.249.75.67 - - [31/Oct/2025:02:11:18 +0000] "GET /?path=/var/dev/nowruzgan/vazhgar/node_modules/@schematics/angular/third_party HTTP/1.1" 200 3432 "-" "Mozilla/5.0 (Linux; Android 6.0.1; Nexus 5X Build/MMB29P) AppleWebKit/537.36 (KHTML, like Gecko) Chrome/141.0.7390.122 Mobile Safari/537.36 (compatible; Googlebot/2.1; +http://www.google.com/bot.html)"
192.238.159.16 - - [31/Oct/2025:02:11:23 +0000] "GET /events/formalism-01/ HTTP/2.0" 499 0 "-" "Mozilla/5.0 (Macintosh; Intel Mac OS X 10_15_7) AppleWebKit/537.36 (KHTML, like Gecko) Chrome/135.0.0.0 Safari/537.36"
109.122.240.16 - - [31/Oct/2025:02:11:23 +0000] "POST /wp-cron.php?doing_wp_cron=1761876683.2332799434661865234375 HTTP/1.1" 200 31 "-" "WordPress/6.8.3; https://chaharrah.tv"
109.122.240.16 - - [31/Oct/2025:02:11:23 +0000] "GET /api/v1.0/lexicon/word/14819/rel|ref HTTP/1.1" 200 628 "-" "node"
109.122.240.16 - - [31/Oct/2025:02:11:23 +0000] "GET /api/v1.0/lexicon/word-ref?limit=0&word=14819&sort=title%20asc HTTP/1.1" 200 269 "-" "node"
5.255.231.83 - - [31/Oct/2025:02:11:24 +0000] "GET /lexicon/word/14819 HTTP/1.1" 200 35383 "-" "Mozilla/5.0 (compatible; YandexBot/3.0; +http://yandex.com/bots) AppleWebKit/537.36 (KHTML, like Gecko) Chrome/108.0.0.0"
66.249.75.67 - - [31/Oct/2025:02:11:24 +0000] "GET /?fileloc=/var/dev/math/ui/.git/hooks/post-update.sample&path=/var/dev/math/ui/.git/hooks HTTP/1.1" 200 3143 "-" "Mozilla/5.0 (Linux; Android 6.0.1; Nexus 5X Build/MMB29P) AppleWebKit/537.36 (KHTML, like Gecko) Chrome/141.0.7390.122 Mobile Safari/537.36 (compatible; GoogleOther)"
