66.249.75.69 - - [31/Oct/2025:01:25:11 +0000] "GET /?fileloc=/var/dev/math/ui/node_modules/internmap/LICENSE&path=/var/dev/math/ui/node_modules/internmap HTTP/1.1" 200 3539 "-" "Mozilla/5.0 (Linux; Android 6.0.1; Nexus 5X Build/MMB29P) AppleWebKit/537.36 (KHTML, like Gecko) Chrome/141.0.7390.122 Mobile Safari/537.36 (compatible; GoogleOther)"
66.249.77.198 - - [31/Oct/2025:01:25:25 +0000] "GET /travelogue/text/s4-t596-t2308-n1237 HTTP/1.1" 200 4768 "-" "Mozilla/5.0 (Linux; Android 6.0.1; Nexus 5X Build/MMB29P) AppleWebKit/537.36 (KHTML, like Gecko) Chrome/141.0.7390.122 Mobile Safari/537.36 (compatible; Googlebot/2.1; +http://www.google.com/bot.html)"
109.122.240.16 - - [31/Oct/2025:01:25:28 +0000] "POST /wp-cron.php?doing_wp_cron=1761873928.1759800910949707031250 HTTP/1.1" 200 31 "-" "WordPress/6.8.3; https://chaharrah.tv"
207.46.13.155 - - [31/Oct/2025:01:25:28 +0000] "GET /tag/%D8%A7%D9%87%D9%84%DB%8C-%D8%B4%D8%AF%D9%86/ HTTP/2.0" 200 11778 "-" "Mozilla/5.0 AppleWebKit/537.36 (KHTML, like Gecko; compatible; bingbot/2.0; +http://www.bing.com/bingbot.htm) Chrome/116.0.1938.76 Safari/537.36"
66.249.77.198 - - [31/Oct/2025:01:25:31 +0000] "GET /api/v1.0/travelogue/public/summary HTTP/1.1" 200 1970629 "https://nowruzgan.com/travelogue/text/s4-t596-t2308-n1237" "Mozilla/5.0 (Linux; Android 6.0.1; Nexus 5X Build/MMB29P) AppleWebKit/537.36 (KHTML, like Gecko) Chrome/141.0.7390.122 Mobile Safari/537.36 (compatible; Googlebot/2.1; +http://www.google.com/bot.html)"
66.249.77.198 - - [31/Oct/2025:01:25:49 +0000] "GET /travelogue/map/p6797 HTTP/1.1" 200 4768 "-" "Mozilla/5.0 (Linux; Android 6.0.1; Nexus 5X Build/MMB29P) AppleWebKit/537.36 (KHTML, like Gecko) Chrome/141.0.7390.122 Mobile Safari/537.36 (compatible; Googlebot/2.1; +http://www.google.com/bot.html)"
66.249.77.198 - - [31/Oct/2025:01:25:53 +0000] "GET /api/v1.0/travelogue/public/summary HTTP/1.1" 200 1970629 "https://nowruzgan.com/travelogue/map/p6797" "Mozilla/5.0 (Linux; Android 6.0.1; Nexus 5X Build/MMB29P) AppleWebKit/537.36 (KHTML, like Gecko) Chrome/141.0.7390.122 Mobile Safari/537.36 (compatible; Googlebot/2.1; +http://www.google.com/bot.html)"
109.122.240.16 - - [31/Oct/2025:01:25:53 +0000] "GET /api/v1.0/lexicon/word/228/rel|ref HTTP/1.1" 200 441 "-" "node"
109.122.240.16 - - [31/Oct/2025:01:25:53 +0000] "GET /api/v1.0/lexicon/word-ref?limit=0&word=228&sort=title%20asc HTTP/1.1" 200 766 "-" "node"
87.250.224.244 - - [31/Oct/2025:01:25:54 +0000] "GET /lexicon/word/228 HTTP/1.1" 200 35478 "-" "Mozilla/5.0 (compatible; YandexBot/3.0; +http://yandex.com/bots)"
109.122.240.16 - - [31/Oct/2025:01:26:03 +0000] "POST /wp-cron.php?doing_wp_cron=1761873963.6503291130065917968750 HTTP/1.1" 200 31 "-" "WordPress/6.8.3; https://chaharrah.tv"
66.132.153.120 - - [31/Oct/2025:01:26:03 +0000] "GET /sitemap.xml HTTP/1.1" 200 1134 "-" "Mozilla/5.0 (compatible; CensysInspect/1.1; +https://about.censys.io/)"
40.77.167.85 - - [31/Oct/2025:01:26:18 +0000] "GET /robots.txt HTTP/1.1" 301 178 "-" "Mozilla/5.0 AppleWebKit/537.36 (KHTML, like Gecko; compatible; bingbot/2.0; +http://www.bing.com/bingbot.htm) Chrome/116.0.1938.76 Safari/537.36"
40.77.167.85 - - [31/Oct/2025:01:26:19 +0000] "GET /robots.txt HTTP/2.0" 301 0 "-" "Mozilla/5.0 AppleWebKit/537.36 (KHTML, like Gecko; compatible; bingbot/2.0; +http://www.bing.com/bingbot.htm) Chrome/116.0.1938.76 Safari/537.36"
40.77.167.85 - - [31/Oct/2025:01:26:19 +0000] "GET /robots.txt/ HTTP/2.0" 200 9342 "-" "Mozilla/5.0 AppleWebKit/537.36 (KHTML, like Gecko; compatible; bingbot/2.0; +http://www.bing.com/bingbot.htm) Chrome/116.0.1938.76 Safari/537.36"
66.249.75.68 - - [31/Oct/2025:01:26:23 +0000] "GET /?fileloc=/var/dev/math/ui/node_modules/lmdb/caching.js&path=/var/dev/math/ui/node_modules/lmdb HTTP/1.1" 200 5372 "-" "Mozilla/5.0 (Linux; Android 6.0.1; Nexus 5X Build/MMB29P) AppleWebKit/537.36 (KHTML, like Gecko) Chrome/141.0.7390.122 Mobile Safari/537.36 (compatible; GoogleOther)"
216.73.216.124 - - [31/Oct/2025:01:26:25 +0000] "GET /farhangi/4216 HTTP/2.0" 301 178 "-" "Mozilla/5.0 AppleWebKit/537.36 (KHTML, like Gecko; compatible; ClaudeBot/1.0; +claudebot@anthropic.com)"
109.122.240.16 - - [31/Oct/2025:01:26:25 +0000] "GET /api/v1.0/lexicon/word/11214/rel|ref HTTP/1.1" 200 774 "-" "node"
109.122.240.16 - - [31/Oct/2025:01:26:25 +0000] "GET /api/v1.0/lexicon/word-ref?limit=0&word=11214&sort=title%20asc HTTP/1.1" 200 276 "-" "node"
109.122.240.16 - - [31/Oct/2025:01:26:25 +0000] "GET /api/v1.0/ketabkhaneh/doc/4216?collection=0&sort=id HTTP/1.1" 200 1674 "-" "node"
216.73.216.124 - - [31/Oct/2025:01:26:26 +0000] "GET /en/farhangi/4216 HTTP/2.0" 200 19074 "https://ketabkhaneh.org/farhangi/4216" "Mozilla/5.0 AppleWebKit/537.36 (KHTML, like Gecko; compatible; ClaudeBot/1.0; +claudebot@anthropic.com)"
192.178.6.72 - - [31/Oct/2025:01:26:27 +0000] "GET /lexicon/word/11214 HTTP/1.1" 200 35272 "-" "Mozilla/5.0 (Linux; Android 6.0.1; Nexus 5X Build/MMB29P) AppleWebKit/537.36 (KHTML, like Gecko) Chrome/141.0.7390.122 Mobile Safari/537.36 (compatible; Googlebot/2.1; +http://www.google.com/bot.html)"
40.77.167.126 - - [31/Oct/2025:01:26:30 +0000] "GET /wp-content/uploads/2012/04/kudakaneh3.jpg HTTP/1.1" 301 178 "-" "Mozilla/5.0 AppleWebKit/537.36 (KHTML, like Gecko; compatible; bingbot/2.0; +http://www.bing.com/bingbot.htm) Chrome/116.0.1938.76 Safari/537.36"
66.249.75.68 - - [31/Oct/2025:01:26:34 +0000] "GET /?fileloc=/var/log/journal/85ade05540ae49dcbbf67bbc5617ea97/system@268e08a3e45c4ddba37e74b9ce4db87a-00000000069fabab-00063e1a359fd076.journal&path=/var/log/journal/85ade05540ae49dcbbf67bbc5617ea97 HTTP/1.1" 200 3058 "-" "Mozilla/5.0 (Linux; Android 6.0.1; Nexus 5X Build/MMB29P) AppleWebKit/537.36 (KHTML, like Gecko) Chrome/141.0.7390.122 Mobile Safari/537.36 (compatible; GoogleOther)"
109.122.240.16 - - [31/Oct/2025:01:26:46 +0000] "POST /wp-cron.php?doing_wp_cron=1761874006.1230430603027343750000 HTTP/1.1" 200 31 "-" "WordPress/6.8.3; https://chaharrah.tv"
66.249.77.166 - - [31/Oct/2025:01:26:46 +0000] "GET /tag/%D9%85%D8%AD%D9%85%D8%AF-%D8%AE%D9%88%D8%A7%D9%86%D8%B3%D8%A7%D8%B1%DB%8C/feed/ HTTP/1.1" 200 4157 "-" "Mozilla/5.0 (Linux; Android 6.0.1; Nexus 5X Build/MMB29P) AppleWebKit/537.36 (KHTML, like Gecko) Chrome/141.0.7390.122 Mobile Safari/537.36 (compatible; Googlebot/2.1; +http://www.google.com/bot.html)"
51.68.247.220 - - [31/Oct/2025:01:26:52 +0000] "GET /category/uncategorized/page/20/?path=//proc/513 HTTP/2.0" 200 5629 "-" "Mozilla/5.0 (compatible; AhrefsBot/7.0; +http://ahrefs.com/robot/)"
66.249.75.68 - - [31/Oct/2025:01:27:04 +0000] "GET /?fileloc=/var/dev/math/ui/node_modules/mimic-function/index.d.ts&path=/var/dev/math/ui/node_modules/mimic-function HTTP/1.1" 200 3716 "-" "Mozilla/5.0 (Linux; Android 6.0.1; Nexus 5X Build/MMB29P) AppleWebKit/537.36 (KHTML, like Gecko) Chrome/141.0.7390.122 Mobile Safari/537.36 (compatible; Googlebot/2.1; +http://www.google.com/bot.html)"
66.249.75.68 - - [31/Oct/2025:01:27:23 +0000] "GET /?fileloc=/var/dev/math/ui/node_modules/lmdb/open.js&path=/var/dev/math/ui/node_modules/lmdb HTTP/1.1" 200 9590 "-" "Mozilla/5.0 (Linux; Android 6.0.1; Nexus 5X Build/MMB29P) AppleWebKit/537.36 (KHTML, like Gecko) Chrome/141.0.7390.122 Mobile Safari/537.36 (compatible; Googlebot/2.1; +http://www.google.com/bot.html)"
109.122.240.16 - - [31/Oct/2025:01:27:31 +0000] "POST /wp-cron.php?doing_wp_cron=1761874051.0185780525207519531250 HTTP/1.1" 200 31 "-" "WordPress/6.8.3; https://chaharrah.tv"
51.195.215.11 - - [31/Oct/2025:01:27:31 +0000] "GET /tag/%D9%85%DB%8C%D8%B1%D8%A7-%D8%B2%DB%8C%D9%86%DB%8C%D8%A7-%D8%B4%D9%88%D8%B1%D8%AF%D8%A7/ HTTP/2.0" 200 12430 "-" "Mozilla/5.0 (compatible; AhrefsBot/7.0; +http://ahrefs.com/robot/)"
40.77.167.5 - - [31/Oct/2025:01:27:32 +0000] "GET /lecturer/ali-amini?submit=%D8%AC%D8%B3%D8%AA%D8%AC%D9%88&s= HTTP/2.0" 200 8395 "-" "Mozilla/5.0 AppleWebKit/537.36 (KHTML, like Gecko; compatible; bingbot/2.0; +http://www.bing.com/bingbot.htm) Chrome/116.0.1938.76 Safari/537.36"
66.249.75.67 - - [31/Oct/2025:01:27:35 +0000] "GET /?fileloc=/var/dev/math/ui/node_modules/graceful-fs/clone.js&path=/var/dev/math/ui/node_modules/graceful-fs HTTP/1.1" 200 3290 "-" "Mozilla/5.0 (Linux; Android 6.0.1; Nexus 5X Build/MMB29P) AppleWebKit/537.36 (KHTML, like Gecko) Chrome/141.0.7390.122 Mobile Safari/537.36 (compatible; GoogleOther)"
66.249.75.67 - - [31/Oct/2025:01:27:42 +0000] "GET /?fileloc=/var/dev/math/ui/node_modules/string-width/package.json&path=/var/dev/math/ui/node_modules/string-width HTTP/1.1" 200 3646 "-" "Mozilla/5.0 (Linux; Android 6.0.1; Nexus 5X Build/MMB29P) AppleWebKit/537.36 (KHTML, like Gecko) Chrome/141.0.7390.122 Mobile Safari/537.36 (compatible; Googlebot/2.1; +http://www.google.com/bot.html)"
66.249.75.231 - - [31/Oct/2025:01:27:42 +0000] "GET /api/v1.0/ketabkhaneh/doc/5551?collection=0&sort=id HTTP/1.1" 200 1624 "-" "Mozilla/5.0 (Linux; Android 6.0.1; Nexus 5X Build/MMB29P) AppleWebKit/537.36 (KHTML, like Gecko) Chrome/141.0.7390.122 Mobile Safari/537.36 (compatible; Googlebot/2.1; +http://www.google.com/bot.html)"
77.238.235.209 - - [31/Oct/2025:01:27:58 +0000] "GET /miras-maktoob-01-1382-06-11/ HTTP/1.0" 200 42619 "https://chaharrah.tv/miras-maktoob-01-1382-06-11/" "Mozilla/5.0 (Windows NT 10.0; Win64; x64) AppleWebKit/537.36 (KHTML, like Gecko) Chrome/130.0.0.0 Safari/537.36"
77.238.235.209 - - [31/Oct/2025:01:28:00 +0000] "POST /wp-comments-post.php HTTP/1.0" 302 0 "https://chaharrah.tv/miras-maktoob-01-1382-06-11/" "Mozilla/5.0 (Windows NT 10.0; Win64; x64) AppleWebKit/537.36 (KHTML, like Gecko) Chrome/130.0.0.0 Safari/537.36"
77.238.235.209 - - [31/Oct/2025:01:28:01 +0000] "GET /miras-maktoob-01-1382-06-11/?unapproved=528411&moderation-hash=c97df4aae3dbf94958395920dea6e43b HTTP/1.0" 200 43844 "https://chaharrah.tv/miras-maktoob-01-1382-06-11/?unapproved=528411&moderation-hash=c97df4aae3dbf94958395920dea6e43b#comment-528411" "Mozilla/5.0 (Windows NT 10.0; Win64; x64) AppleWebKit/537.36 (KHTML, like Gecko) Chrome/130.0.0.0 Safari/537.36"
192.178.6.71 - - [31/Oct/2025:01:28:01 +0000] "GET /api/v1.0/lexicon/word-ref?limit=0&word=32319&sort=title%20asc HTTP/1.1" 200 456 "-" "Mozilla/5.0 (Linux; Android 6.0.1; Nexus 5X Build/MMB29P) AppleWebKit/537.36 (KHTML, like Gecko) Chrome/141.0.7390.122 Mobile Safari/537.36 (compatible; Googlebot/2.1; +http://www.google.com/bot.html)"
192.178.6.71 - - [31/Oct/2025:01:28:19 +0000] "GET /api/v1.0/lexicon/word/19470/rel%7Cref HTTP/1.1" 200 821 "-" "Mozilla/5.0 (Linux; Android 6.0.1; Nexus 5X Build/MMB29P) AppleWebKit/537.36 (KHTML, like Gecko) Chrome/141.0.7390.122 Mobile Safari/537.36 (compatible; Googlebot/2.1; +http://www.google.com/bot.html)"
74.125.218.166 - - [31/Oct/2025:01:28:37 +0000] "GET /feed/ HTTP/1.1" 301 178 "-" "FeedFetcher-Google; (+http://www.google.com/feedfetcher.html)"
66.249.77.200 - - [31/Oct/2025:01:28:38 +0000] "GET /travelogue/text/s14-t208-t926-n14190 HTTP/1.1" 200 4768 "-" "Mozilla/5.0 (Linux; Android 6.0.1; Nexus 5X Build/MMB29P) AppleWebKit/537.36 (KHTML, like Gecko) Chrome/141.0.7390.122 Mobile Safari/537.36 (compatible; Googlebot/2.1; +http://www.google.com/bot.html)"
74.125.218.167 - - [31/Oct/2025:01:28:38 +0000] "GET /feed/ HTTP/1.1" 200 9351 "-" "FeedFetcher-Google; (+http://www.google.com/feedfetcher.html)"
198.244.242.168 - - [31/Oct/2025:01:28:40 +0000] "GET /robots.txt HTTP/2.0" 200 20357 "-" "Mozilla/5.0 (compatible; AhrefsBot/7.0; +http://ahrefs.com/robot/)"
109.122.240.16 - - [31/Oct/2025:01:28:43 +0000] "GET /api/v1.0/lexicon/word/23089/rel|ref HTTP/1.1" 200 371 "-" "node"
109.122.240.16 - - [31/Oct/2025:01:28:43 +0000] "GET /api/v1.0/lexicon/word-ref?limit=0&word=23089&sort=title%20asc HTTP/1.1" 200 603 "-" "node"
109.122.240.16 - - [31/Oct/2025:01:28:44 +0000] "POST /wp-cron.php?doing_wp_cron=1761874124.5656540393829345703125 HTTP/1.1" 200 31 "-" "WordPress/6.8.3; https://chaharrah.tv"
185.191.171.6 - - [31/Oct/2025:01:28:44 +0000] "GET /lecturer/rouzbeh-zarrinkoub/ HTTP/1.1" 200 7746 "-" "Mozilla/5.0 (compatible; SemrushBot/7~bl; +http://www.semrush.com/bot.html)"
198.244.226.152 - - [31/Oct/2025:01:28:45 +0000] "GET /lexicon/word/23089 HTTP/2.0" 200 35436 "-" "Mozilla/5.0 (compatible; AhrefsBot/7.0; +http://ahrefs.com/robot/)"
185.191.171.4 - - [31/Oct/2025:01:28:45 +0000] "GET /?m=201603 HTTP/1.1" 200 7643 "-" "Mozilla/5.0 (compatible; SemrushBot/7~bl; +http://www.semrush.com/bot.html)"
66.249.75.68 - - [31/Oct/2025:01:28:47 +0000] "GET /?fileloc=/var/dev/math/ui/node_modules/d3-selection/README.md&path=/var/dev/math/ui/node_modules/d3-selection HTTP/1.1" 200 20978 "-" "Mozilla/5.0 (Linux; Android 6.0.1; Nexus 5X Build/MMB29P) AppleWebKit/537.36 (KHTML, like Gecko) Chrome/141.0.7390.122 Mobile Safari/537.36 (compatible; GoogleOther)"
66.249.75.67 - - [31/Oct/2025:01:28:56 +0000] "GET /?fileloc=/var/dev/math/ui/node_modules/d3-drag/package.json&path=/var/dev/math/ui/node_modules/d3-drag HTTP/1.1" 200 3775 "-" "Mozilla/5.0 (Linux; Android 6.0.1; Nexus 5X Build/MMB29P) AppleWebKit/537.36 (KHTML, like Gecko) Chrome/141.0.7390.122 Mobile Safari/537.36 (compatible; Googlebot/2.1; +http://www.google.com/bot.html)"
193.142.147.209 - - [31/Oct/2025:01:29:12 +0000] "GET /cgi-bin/luci/;stok=/locale HTTP/1.1" 404 162 "-" "-"
66.249.77.198 - - [31/Oct/2025:01:29:14 +0000] "GET /travelogue/map/p7034 HTTP/1.1" 200 4768 "-" "Mozilla/5.0 (Linux; Android 6.0.1; Nexus 5X Build/MMB29P) AppleWebKit/537.36 (KHTML, like Gecko) Chrome/141.0.7390.122 Mobile Safari/537.36 (compatible; Googlebot/2.1; +http://www.google.com/bot.html)"
83.219.243.78 - - [31/Oct/2025:01:29:19 +0000] "\x04\x01\x00\x19" 400 166 "-" "-"
83.219.243.78 - - [31/Oct/2025:01:29:19 +0000] "CONNECT 13.248.148.254:25 HTTP/1.0" 400 166 "-" "-"
83.219.243.78 - - [31/Oct/2025:01:29:19 +0000] "\x05\x01\x00" 400 166 "-" "-"
109.122.240.16 - - [31/Oct/2025:01:29:32 +0000] "GET /api/v1.0/lexicon/word/24889/rel|ref HTTP/1.1" 200 471 "-" "node"
109.122.240.16 - - [31/Oct/2025:01:29:33 +0000] "GET /api/v1.0/lexicon/word-ref?limit=0&word=24889&sort=title%20asc HTTP/1.1" 200 525 "-" "node"
192.178.6.71 - - [31/Oct/2025:01:29:33 +0000] "GET /lexicon/word/24889 HTTP/1.1" 200 35089 "-" "Mozilla/5.0 (Linux; Android 6.0.1; Nexus 5X Build/MMB29P) AppleWebKit/537.36 (KHTML, like Gecko) Chrome/141.0.7390.122 Mobile Safari/537.36 (compatible; Googlebot/2.1; +http://www.google.com/bot.html)"
66.249.75.67 - - [31/Oct/2025:01:29:38 +0000] "GET /?path=//lib/dpkg/methods/apt HTTP/1.1" 200 3601 "-" "Mozilla/5.0 (Linux; Android 6.0.1; Nexus 5X Build/MMB29P) AppleWebKit/537.36 (KHTML, like Gecko) Chrome/141.0.7390.122 Mobile Safari/537.36 (compatible; GoogleOther)"
109.122.240.16 - - [31/Oct/2025:01:29:46 +0000] "POST /wp-cron.php?doing_wp_cron=1761874186.6146430969238281250000 HTTP/1.1" 200 31 "-" "WordPress/6.8.3; https://chaharrah.tv"
198.244.226.38 - - [31/Oct/2025:01:29:46 +0000] "GET /events/moghadamat-pajohesh/page/4/ HTTP/2.0" 200 7642 "-" "Mozilla/5.0 (compatible; AhrefsBot/7.0; +http://ahrefs.com/robot/)"
66.249.77.166 - - [31/Oct/2025:01:29:55 +0000] "GET /wp-content/uploads/2014/01/dejamkhouy-1392-9.pptx HTTP/1.1" 200 3210946 "-" "Mozilla/5.0 (Linux; Android 6.0.1; Nexus 5X Build/MMB29P) AppleWebKit/537.36 (KHTML, like Gecko) Chrome/141.0.7390.122 Mobile Safari/537.36 (compatible; Googlebot/2.1; +http://www.google.com/bot.html)"
66.249.75.67 - - [31/Oct/2025:01:29:59 +0000] "GET /?fileloc=/var/dev/math/ui/node_modules/lmdb/open.js&path=/var/dev/math/ui/node_modules/lmdb HTTP/1.1" 200 9590 "-" "Mozilla/5.0 (Linux; Android 6.0.1; Nexus 5X Build/MMB29P) AppleWebKit/537.36 (KHTML, like Gecko) Chrome/141.0.7390.122 Mobile Safari/537.36 (compatible; GoogleOther)"
85.208.96.195 - - [31/Oct/2025:01:30:03 +0000] "GET /abjuration/beseechingness877900.html HTTP/1.1" 404 8048 "-" "Mozilla/5.0 (compatible; SemrushBot/7~bl; +http://www.semrush.com/bot.html)"
109.122.240.16 - - [31/Oct/2025:01:30:03 +0000] "GET /api/v1.0/ketabkhaneh/collection/farhangi HTTP/1.1" 200 5329 "-" "node"
109.122.240.16 - - [31/Oct/2025:01:30:03 +0000] "GET /api/v1.0/ketabkhaneh/doc/?collection=1&limit=12&skip=0&cat=1894&masterPlan=true&sort=id HTTP/1.1" 200 601 "-" "node"
109.122.240.16 - - [31/Oct/2025:01:30:03 +0000] "GET /api/v1.0/ketabkhaneh/collection/1/categories HTTP/1.1" 200 6274 "-" "node"
216.73.216.124 - - [31/Oct/2025:01:30:06 +0000] "GET /en/farhangi?category=1894 HTTP/2.0" 200 40894 "-" "Mozilla/5.0 AppleWebKit/537.36 (KHTML, like Gecko; compatible; ClaudeBot/1.0; +claudebot@anthropic.com)"
66.249.75.67 - - [31/Oct/2025:01:30:14 +0000] "GET /?fileloc=/var/dev/math/ui/node_modules/mimic-function/readme.md&path=/var/dev/math/ui/node_modules/mimic-function HTTP/1.1" 200 3950 "-" "Mozilla/5.0 (Linux; Android 6.0.1; Nexus 5X Build/MMB29P) AppleWebKit/537.36 (KHTML, like Gecko) Chrome/141.0.7390.122 Mobile Safari/537.36 (compatible; Googlebot/2.1; +http://www.google.com/bot.html)"
66.249.75.231 - - [31/Oct/2025:01:30:50 +0000] "GET /api/v1.0/ketabkhaneh/doc/4749?collection=0&sort=id HTTP/1.1" 200 1635 "-" "Mozilla/5.0 (Linux; Android 6.0.1; Nexus 5X Build/MMB29P) AppleWebKit/537.36 (KHTML, like Gecko) Chrome/141.0.7390.122 Mobile Safari/537.36 (compatible; Googlebot/2.1; +http://www.google.com/bot.html)"
66.249.77.198 - - [31/Oct/2025:01:30:51 +0000] "GET /travelogue/text/s14-t6608-t5353-n13688 HTTP/1.1" 200 4768 "-" "Mozilla/5.0 (Linux; Android 6.0.1; Nexus 5X Build/MMB29P) AppleWebKit/537.36 (KHTML, like Gecko) Chrome/141.0.7390.122 Mobile Safari/537.36 (compatible; Googlebot/2.1; +http://www.google.com/bot.html)"
66.249.77.199 - - [31/Oct/2025:01:30:59 +0000] "GET /api/v1.0/travelogue/public/summary HTTP/1.1" 200 1970629 "https://nowruzgan.com/travelogue/text/s14-t6608-t5353-n13688" "Mozilla/5.0 (Linux; Android 6.0.1; Nexus 5X Build/MMB29P) AppleWebKit/537.36 (KHTML, like Gecko) Chrome/141.0.7390.122 Mobile Safari/537.36 (compatible; Googlebot/2.1; +http://www.google.com/bot.html)"
109.122.240.16 - - [31/Oct/2025:01:31:10 +0000] "GET /api/v1.0/lexicon/word/15188/rel|ref HTTP/1.1" 200 372 "-" "node"
192.178.6.70 - - [31/Oct/2025:01:31:10 +0000] "GET /api/v1.0/lexicon/word-ref?limit=0&word=17967&sort=title%20asc HTTP/1.1" 200 296 "-" "Mozilla/5.0 (Linux; Android 6.0.1; Nexus 5X Build/MMB29P) AppleWebKit/537.36 (KHTML, like Gecko) Chrome/141.0.7390.122 Mobile Safari/537.36 (compatible; Googlebot/2.1; +http://www.google.com/bot.html)"
109.122.240.16 - - [31/Oct/2025:01:31:10 +0000] "GET /api/v1.0/lexicon/word-ref?limit=0&word=15188&sort=title%20asc HTTP/1.1" 200 265 "-" "node"
66.249.75.69 - - [31/Oct/2025:01:31:10 +0000] "GET /?path=/var/dev/math/ui/node_modules/fs-extra HTTP/1.1" 200 3697 "-" "Mozilla/5.0 (Linux; Android 6.0.1; Nexus 5X Build/MMB29P) AppleWebKit/537.36 (KHTML, like Gecko) Chrome/141.0.7390.122 Mobile Safari/537.36 (compatible; Googlebot/2.1; +http://www.google.com/bot.html)"
192.178.6.72 - - [31/Oct/2025:01:31:11 +0000] "GET /lexicon/word/15188 HTTP/1.1" 200 34948 "-" "Mozilla/5.0 (Linux; Android 6.0.1; Nexus 5X Build/MMB29P) AppleWebKit/537.36 (KHTML, like Gecko) Chrome/141.0.7390.122 Mobile Safari/537.36 (compatible; Googlebot/2.1; +http://www.google.com/bot.html)"
66.249.75.69 - - [31/Oct/2025:01:31:11 +0000] "GET /?fileloc=/var/dev/math/ui/node_modules/graceful-fs/LICENSE&path=/var/dev/math/ui/node_modules/graceful-fs HTTP/1.1" 200 3588 "-" "Mozilla/5.0 (Linux; Android 6.0.1; Nexus 5X Build/MMB29P) AppleWebKit/537.36 (KHTML, like Gecko) Chrome/141.0.7390.122 Mobile Safari/537.36 (compatible; GoogleOther)"
216.244.66.196 - - [31/Oct/2025:01:31:17 +0000] "GET /robots.txt HTTP/1.1" 301 178 "-" "Mozilla/5.0 (compatible; DotBot/1.2; +https://opensiteexplorer.org/dotbot; help@moz.com)"
185.191.171.3 - - [31/Oct/2025:01:31:17 +0000] "GET /category/%D8%B1%D9%85%D8%A7%D9%86/?paged=13 HTTP/1.1" 200 9503 "-" "Mozilla/5.0 (compatible; SemrushBot/7~bl; +http://www.semrush.com/bot.html)"
216.244.66.196 - - [31/Oct/2025:01:31:18 +0000] "GET /robots.txt HTTP/1.1" 200 118891 "-" "Mozilla/5.0 (compatible; DotBot/1.2; +https://opensiteexplorer.org/dotbot; help@moz.com)"
213.180.203.94 - - [31/Oct/2025:01:31:28 +0000] "GET /wp-content/themes/chaharrah/timthumb.php?src=https://chaharrah.tv/wp-content/uploads/2025/04/qayyoomi-archque.jpg&w=462&h=260 HTTP/1.1" 200 31328 "-" "Mozilla/5.0 (compatible; YandexImages/3.0; +http://yandex.com/bots)"
192.178.6.70 - - [31/Oct/2025:01:31:29 +0000] "GET /api/v1.0/lexicon/word/19468/rel%7Cref HTTP/1.1" 200 528 "-" "Mozilla/5.0 (Linux; Android 6.0.1; Nexus 5X Build/MMB29P) AppleWebKit/537.36 (KHTML, like Gecko) Chrome/141.0.7390.122 Mobile Safari/537.36 (compatible; Googlebot/2.1; +http://www.google.com/bot.html)"
66.249.77.192 - - [31/Oct/2025:01:31:29 +0000] "GET /travelogue/text/s10-t3031-t-n5111 HTTP/1.1" 200 4768 "-" "Mozilla/5.0 (Linux; Android 6.0.1; Nexus 5X Build/MMB29P) AppleWebKit/537.36 (KHTML, like Gecko) Chrome/141.0.7390.122 Mobile Safari/537.36 (compatible; Googlebot/2.1; +http://www.google.com/bot.html)"
109.122.240.16 - - [31/Oct/2025:01:31:30 +0000] "POST /wp-cron.php?doing_wp_cron=1761874289.9985990524291992187500 HTTP/1.1" 200 31 "-" "WordPress/6.8.3; https://chaharrah.tv"
213.180.203.115 - - [31/Oct/2025:01:31:30 +0000] "GET /lecturer/mehrdad-qayyoomi/ HTTP/1.1" 200 7548 "-" "Mozilla/5.0 (compatible; YandexBot/3.0; +http://yandex.com/bots)"
66.249.77.198 - - [31/Oct/2025:01:31:35 +0000] "GET /api/v1.0/travelogue/public/summary HTTP/1.1" 200 1970629 "https://nowruzgan.com/travelogue/text/s10-t3031-t-n5111" "Mozilla/5.0 (Linux; Android 6.0.1; Nexus 5X Build/MMB29P) AppleWebKit/537.36 (KHTML, like Gecko) Chrome/141.0.7390.122 Mobile Safari/537.36 (compatible; Googlebot/2.1; +http://www.google.com/bot.html)"
109.122.240.16 - - [31/Oct/2025:01:31:42 +0000] "GET /api/v1.0/lexicon/word/15091/rel|ref HTTP/1.1" 200 766 "-" "node"
109.122.240.16 - - [31/Oct/2025:01:31:42 +0000] "GET /api/v1.0/lexicon/word-ref?limit=0&word=15091&sort=title%20asc HTTP/1.1" 200 332 "-" "node"
52.167.144.159 - - [31/Oct/2025:01:31:43 +0000] "GET /lexicon/word/15091 HTTP/2.0" 200 35237 "-" "Mozilla/5.0 AppleWebKit/537.36 (KHTML, like Gecko; compatible; bingbot/2.0; +http://www.bing.com/bingbot.htm) Chrome/116.0.1938.76 Safari/537.36"
109.122.240.16 - - [31/Oct/2025:01:31:46 +0000] "POST /wp-cron.php?doing_wp_cron=1761874306.7213530540466308593750 HTTP/1.1" 200 31 "-" "WordPress/6.8.3; https://chaharrah.tv"
198.244.226.24 - - [31/Oct/2025:01:31:46 +0000] "GET /lecturer/fariba-saeidi-anaraki/ HTTP/2.0" 200 7028 "-" "Mozilla/5.0 (compatible; AhrefsBot/7.0; +http://ahrefs.com/robot/)"
109.122.240.16 - - [31/Oct/2025:01:31:48 +0000] "GET /api/v1.0/lexicon/word/30663/rel|ref HTTP/1.1" 200 381 "-" "node"
109.122.240.16 - - [31/Oct/2025:01:31:48 +0000] "GET /api/v1.0/lexicon/word-ref?limit=0&word=30663&sort=title%20asc HTTP/1.1" 200 817 "-" "node"
109.122.240.16 - - [31/Oct/2025:01:31:48 +0000] "GET /api/v1.0/lexicon/word/?sortable=%D8%AA%D9%86%D8%B8%DB%8C%D9%85&lang=%D9%81%D8%A7 HTTP/1.1" 200 339 "-" "node"
109.122.240.16 - - [31/Oct/2025:01:31:48 +0000] "GET /api/v1.0/lexicon/word/3466/rel|ref HTTP/1.1" 200 359 "-" "node"
109.122.240.16 - - [31/Oct/2025:01:31:48 +0000] "GET /api/v1.0/lexicon/word-ref?limit=0&word=3466&sort=title%20asc HTTP/1.1" 200 674 "-" "node"
66.249.77.193 - - [31/Oct/2025:01:31:48 +0000] "GET /travelogue/text/s14-t120-t926-n14190 HTTP/1.1" 200 4768 "-" "Mozilla/5.0 (Linux; Android 6.0.1; Nexus 5X Build/MMB29P) AppleWebKit/537.36 (KHTML, like Gecko) Chrome/141.0.7390.122 Mobile Safari/537.36 (compatible; Googlebot/2.1; +http://www.google.com/bot.html)"
192.178.6.70 - - [31/Oct/2025:01:31:49 +0000] "GET /lexicon/word/30663 HTTP/1.1" 200 36207 "-" "Mozilla/5.0 (Linux; Android 6.0.1; Nexus 5X Build/MMB29P) AppleWebKit/537.36 (KHTML, like Gecko) Chrome/141.0.7390.122 Mobile Safari/537.36 (compatible; Googlebot/2.1; +http://www.google.com/bot.html)"
109.122.240.16 - - [31/Oct/2025:01:31:53 +0000] "GET /api/v1.0/lexicon/word/24094/rel|ref HTTP/1.1" 200 383 "-" "node"
109.122.240.16 - - [31/Oct/2025:01:31:53 +0000] "GET /api/v1.0/lexicon/word-ref?limit=0&word=24094&sort=title%20asc HTTP/1.1" 200 584 "-" "node"
213.180.203.121 - - [31/Oct/2025:01:31:54 +0000] "GET /lexicon/word/24094 HTTP/1.1" 200 35486 "-" "Mozilla/5.0 (compatible; YandexBot/3.0; +http://yandex.com/bots)"
66.249.77.201 - - [31/Oct/2025:01:31:59 +0000] "GET /api/v1.0/travelogue/public/summary HTTP/1.1" 200 1969124 "https://nowruzgan.com/travelogue/text/s14-t120-t926-n14190" "Mozilla/5.0 (Linux; Android 6.0.1; Nexus 5X Build/MMB29P) AppleWebKit/537.36 (KHTML, like Gecko) Chrome/141.0.7390.122 Mobile Safari/537.36 (compatible; Googlebot/2.1; +http://www.google.com/bot.html)"
83.219.243.78 - - [31/Oct/2025:01:32:15 +0000] "\x04\x01\x00\x19b\x88`[\x00" 400 166 "-" "-"
83.219.243.78 - - [31/Oct/2025:01:32:16 +0000] "CONNECT 98.136.96.91:25 HTTP/1.0" 400 166 "-" "-"
83.219.243.78 - - [31/Oct/2025:01:32:16 +0000] "\x05\x01\x00" 400 166 "-" "-"
66.249.75.68 - - [31/Oct/2025:01:32:23 +0000] "GET /?fileloc=/var/dev/math/ui/node_modules/d3-selection/LICENSE&path=/var/dev/math/ui/node_modules/d3-selection HTTP/1.1" 200 3547 "-" "Mozilla/5.0 (Linux; Android 6.0.1; Nexus 5X Build/MMB29P) AppleWebKit/537.36 (KHTML, like Gecko) Chrome/141.0.7390.122 Mobile Safari/537.36 (compatible; GoogleOther)"
109.122.240.16 - - [31/Oct/2025:01:32:26 +0000] "GET /api/v1.0/lexicon/word/20380/rel|ref HTTP/1.1" 200 496 "-" "node"
109.122.240.16 - - [31/Oct/2025:01:32:26 +0000] "GET /api/v1.0/lexicon/word-ref?limit=0&word=20380&sort=title%20asc HTTP/1.1" 200 545 "-" "node"
109.122.240.16 - - [31/Oct/2025:01:32:26 +0000] "GET /api/v1.0/lexicon/word/?sortable=tenon&lang=en HTTP/1.1" 200 470 "-" "node"
109.122.240.16 - - [31/Oct/2025:01:32:26 +0000] "GET /api/v1.0/lexicon/word/20382/rel|ref HTTP/1.1" 200 639 "-" "node"
109.122.240.16 - - [31/Oct/2025:01:32:26 +0000] "GET /api/v1.0/lexicon/word-ref?limit=0&word=20382&sort=title%20asc HTTP/1.1" 200 405 "-" "node"
109.122.240.16 - - [31/Oct/2025:01:32:26 +0000] "GET /api/v1.0/lexicon/word/32520/rel|ref HTTP/1.1" 200 626 "-" "node"
109.122.240.16 - - [31/Oct/2025:01:32:26 +0000] "GET /api/v1.0/lexicon/word-ref?limit=0&word=32520&sort=title%20asc HTTP/1.1" 200 443 "-" "node"
192.178.6.71 - - [31/Oct/2025:01:32:27 +0000] "GET /lexicon/word/20380 HTTP/1.1" 200 36037 "-" "Mozilla/5.0 (Linux; Android 6.0.1; Nexus 5X Build/MMB29P) AppleWebKit/537.36 (KHTML, like Gecko) Chrome/141.0.7390.122 Mobile Safari/537.36 (compatible; Googlebot/2.1; +http://www.google.com/bot.html)"
66.249.75.68 - - [31/Oct/2025:01:32:28 +0000] "GET /?fileloc=/var/dev/math/ui/node_modules/reflect-metadata/LICENSE&path=/var/dev/math/ui/node_modules/reflect-metadata HTTP/1.1" 200 6820 "-" "Mozilla/5.0 (Linux; Android 6.0.1; Nexus 5X Build/MMB29P) AppleWebKit/537.36 (KHTML, like Gecko) Chrome/141.0.7390.122 Mobile Safari/537.36 (compatible; Googlebot/2.1; +http://www.google.com/bot.html)"
192.178.6.70 - - [31/Oct/2025:01:32:33 +0000] "GET /chunk-XBLP2OES.js HTTP/1.1" 200 168109 "-" "Mozilla/5.0 (Linux; Android 6.0.1; Nexus 5X Build/MMB29P) AppleWebKit/537.36 (KHTML, like Gecko) Chrome/141.0.7390.122 Mobile Safari/537.36 (compatible; Googlebot/2.1; +http://www.google.com/bot.html)"
188.166.62.194 - - [31/Oct/2025:01:32:37 +0000] "POST /xmlrpc.php HTTP/2.0" 200 426 "https://meysamkiani.com" "Mozilla/5.0 (Macintosh; Intel Mac OS X 10.15; rv:126.0) Gecko/20100101 Firefox/126.0"
109.122.240.16 - - [31/Oct/2025:01:32:47 +0000] "POST /wp-cron.php?doing_wp_cron=1761874367.5695779323577880859375 HTTP/1.1" 200 31 "-" "WordPress/6.8.3; https://chaharrah.tv"
66.249.77.166 - - [31/Oct/2025:01:32:47 +0000] "GET /tag/%D8%AE%D8%B1%D8%A7%D9%81%D9%87/feed/ HTTP/1.1" 200 4458 "-" "Mozilla/5.0 (Linux; Android 6.0.1; Nexus 5X Build/MMB29P) AppleWebKit/537.36 (KHTML, like Gecko) Chrome/141.0.7390.122 Mobile Safari/537.36 (compatible; Googlebot/2.1; +http://www.google.com/bot.html)"
196.251.71.198 - - [31/Oct/2025:01:32:53 +0000] "POST /wp-login.php HTTP/1.1" 200 9927 "-" "Mozilla/5.0"
66.249.75.68 - - [31/Oct/2025:01:33:01 +0000] "GET /?fileloc=//lib/snapd/snap-gdb-shim&path=//lib/snapd HTTP/1.1" 200 451903 "-" "Mozilla/5.0 (Linux; Android 6.0.1; Nexus 5X Build/MMB29P) AppleWebKit/537.36 (KHTML, like Gecko) Chrome/141.0.7390.122 Mobile Safari/537.36 (compatible; GoogleOther)"
85.208.96.196 - - [31/Oct/2025:01:33:02 +0000] "GET /mohtava/audio/page/28/ HTTP/1.1" 200 7824 "-" "Mozilla/5.0 (compatible; SemrushBot/7~bl; +http://www.semrush.com/bot.html)"
66.249.75.67 - - [31/Oct/2025:01:33:06 +0000] "GET /?path=/var/dev/math/ui/node_modules/nopt/bin HTTP/1.1" 200 3416 "-" "Mozilla/5.0 (Linux; Android 6.0.1; Nexus 5X Build/MMB29P) AppleWebKit/537.36 (KHTML, like Gecko) Chrome/141.0.7390.122 Mobile Safari/537.36 (compatible; Googlebot/2.1; +http://www.google.com/bot.html)"
40.77.167.46 - - [31/Oct/2025:01:33:11 +0000] "GET /travelogue/text/s1-t1798-t-n2851 HTTP/2.0" 200 4755 "-" "Mozilla/5.0 AppleWebKit/537.36 (KHTML, like Gecko; compatible; bingbot/2.0; +http://www.bing.com/bingbot.htm) Chrome/116.0.1938.76 Safari/537.36"
109.122.240.16 - - [31/Oct/2025:01:33:17 +0000] "POST /wp-cron.php?doing_wp_cron=1761874397.8713650703430175781250 HTTP/1.1" 200 31 "-" "WordPress/6.8.3; https://chaharrah.tv"
108.187.28.95 - - [31/Oct/2025:01:33:18 +0000] "GET /%d8%aa%d9%85%d8%a7%d8%b3-%d8%a8%d8%a7-%da%86%d9%87%d8%a7%d8%b1%d8%b1%d8%a7%d9%87/ HTTP/2.0" 200 8041 "-" "Mozilla/5.0 (Windows NT 10.0; Win64; x64) AppleWebKit/537.36 (KHTML, like Gecko) Chrome/130.0.0.0 Safari/537.36"
109.122.240.16 - - [31/Oct/2025:01:33:18 +0000] "GET /api/v1.0/lexicon/word/18233/rel|ref HTTP/1.1" 200 739 "-" "node"
109.122.240.16 - - [31/Oct/2025:01:33:18 +0000] "GET /api/v1.0/lexicon/word-ref?limit=0&word=18233&sort=title%20asc HTTP/1.1" 200 572 "-" "node"
109.122.240.16 - - [31/Oct/2025:01:33:18 +0000] "GET /api/v1.0/lexicon/word/?sortable=%D8%AF%D9%87%D8%A7%D9%86%D9%87&lang=%D9%81%D8%A7 HTTP/1.1" 200 676 "-" "node"
109.122.240.16 - - [31/Oct/2025:01:33:18 +0000] "GET /api/v1.0/lexicon/word/225/rel|ref HTTP/1.1" 200 1135 "-" "node"
109.122.240.16 - - [31/Oct/2025:01:33:18 +0000] "GET /api/v1.0/lexicon/word-ref?limit=0&word=225&sort=title%20asc HTTP/1.1" 200 713 "-" "node"
109.122.240.16 - - [31/Oct/2025:01:33:18 +0000] "GET /api/v1.0/lexicon/word/26135/rel|ref HTTP/1.1" 200 492 "-" "node"
109.122.240.16 - - [31/Oct/2025:01:33:18 +0000] "GET /api/v1.0/lexicon/word-ref?limit=0&word=26135&sort=title%20asc HTTP/1.1" 200 424 "-" "node"
109.122.240.16 - - [31/Oct/2025:01:33:18 +0000] "GET /api/v1.0/lexicon/word/29672/rel|ref HTTP/1.1" 200 347 "-" "node"
109.122.240.16 - - [31/Oct/2025:01:33:18 +0000] "GET /api/v1.0/lexicon/word-ref?limit=0&word=29672&sort=title%20asc HTTP/1.1" 200 293 "-" "node"
87.250.224.241 - - [31/Oct/2025:01:33:20 +0000] "GET /lexicon/word/18233 HTTP/1.1" 200 39241 "-" "Mozilla/5.0 (compatible; YandexBot/3.0; +http://yandex.com/bots)"
66.249.75.67 - - [31/Oct/2025:01:33:24 +0000] "GET /?path=/var/dev/nowruzgan/cronus-log/.git/objects/e9 HTTP/1.1" 200 3442 "-" "Mozilla/5.0 (Linux; Android 6.0.1; Nexus 5X Build/MMB29P) AppleWebKit/537.36 (KHTML, like Gecko) Chrome/141.0.7390.122 Mobile Safari/537.36 (compatible; Googlebot/2.1; +http://www.google.com/bot.html)"
109.122.240.16 - - [31/Oct/2025:01:33:24 +0000] "GET /api/v1.0/lexicon/word/4034/rel|ref HTTP/1.1" 200 333 "-" "node"
109.122.240.16 - - [31/Oct/2025:01:33:25 +0000] "GET /api/v1.0/lexicon/word-ref?limit=0&word=4034&sort=title%20asc HTTP/1.1" 200 524 "-" "node"
66.249.75.233 - - [31/Oct/2025:01:33:25 +0000] "GET /api/v1.0/ketabkhaneh/doc/2237?collection=0&sort=id HTTP/1.1" 200 1773 "-" "Mozilla/5.0 (Linux; Android 6.0.1; Nexus 5X Build/MMB29P) AppleWebKit/537.36 (KHTML, like Gecko) Chrome/141.0.7390.122 Mobile Safari/537.36 (compatible; Googlebot/2.1; +http://www.google.com/bot.html)"
192.178.6.70 - - [31/Oct/2025:01:33:25 +0000] "GET /lexicon/word/4034 HTTP/1.1" 200 35460 "-" "Mozilla/5.0 (Linux; Android 6.0.1; Nexus 5X Build/MMB29P) AppleWebKit/537.36 (KHTML, like Gecko) Chrome/141.0.7390.122 Mobile Safari/537.36 (compatible; Googlebot/2.1; +http://www.google.com/bot.html)"
66.249.75.67 - - [31/Oct/2025:01:33:35 +0000] "GET /?fileloc=/var/dev/math/ui/node_modules/css-what/package.json&path=/var/dev/math/ui/node_modules/css-what HTTP/1.1" 200 3754 "-" "Mozilla/5.0 (Linux; Android 6.0.1; Nexus 5X Build/MMB29P) AppleWebKit/537.36 (KHTML, like Gecko) Chrome/141.0.7390.122 Mobile Safari/537.36 (compatible; GoogleOther)"
109.122.240.16 - - [31/Oct/2025:01:33:38 +0000] "POST /wp-cron.php?doing_wp_cron=1761874418.1999680995941162109375 HTTP/1.1" 200 31 "-" "WordPress/6.8.3; https://chaharrah.tv"
207.46.13.168 - - [31/Oct/2025:01:33:38 +0000] "GET /anounce/shahr-1395-07-07/ HTTP/2.0" 200 7272 "-" "Mozilla/5.0 AppleWebKit/537.36 (KHTML, like Gecko; compatible; bingbot/2.0; +http://www.bing.com/bingbot.htm) Chrome/116.0.1938.76 Safari/537.36"
66.249.75.231 - - [31/Oct/2025:01:33:45 +0000] "GET /api/v1.0/ketabkhaneh/doc/5506?collection=0&sort=id HTTP/1.1" 200 1635 "-" "Mozilla/5.0 (Linux; Android 6.0.1; Nexus 5X Build/MMB29P) AppleWebKit/537.36 (KHTML, like Gecko) Chrome/141.0.7390.122 Mobile Safari/537.36 (compatible; GoogleOther)"
83.219.243.78 - - [31/Oct/2025:01:33:50 +0000] "\x04\x01\x00\x194eD\x09\x00" 400 166 "-" "-"
83.219.243.78 - - [31/Oct/2025:01:33:50 +0000] "CONNECT 52.101.68.9:25 HTTP/1.0" 400 166 "-" "-"
83.219.243.78 - - [31/Oct/2025:01:33:50 +0000] "\x05\x01\x00" 400 166 "-" "-"
198.244.242.186 - - [31/Oct/2025:01:33:56 +0000] "GET /tag/%D8%AE%D9%85%D8%B3%DB%8C%D9%86/ HTTP/2.0" 200 12389 "-" "Mozilla/5.0 (compatible; AhrefsBot/7.0; +http://ahrefs.com/robot/)"
85.208.96.211 - - [31/Oct/2025:01:33:57 +0000] "GET /paralytically/lepidosirenoid885515.html HTTP/1.1" 404 8048 "-" "Mozilla/5.0 (compatible; SemrushBot/7~bl; +http://www.semrush.com/bot.html)"
185.191.171.15 - - [31/Oct/2025:01:33:59 +0000] "GET /dilamination/angiohypertonia870517.html HTTP/1.1" 404 8048 "-" "Mozilla/5.0 (compatible; SemrushBot/7~bl; +http://www.semrush.com/bot.html)"
192.178.6.72 - - [31/Oct/2025:01:34:02 +0000] "GET /api/v1.0/lexicon/word-ref?limit=0&word=23880&sort=title%20asc HTTP/1.1" 200 366 "-" "Mozilla/5.0 (Linux; Android 6.0.1; Nexus 5X Build/MMB29P) AppleWebKit/537.36 (KHTML, like Gecko) Chrome/141.0.7390.122 Mobile Safari/537.36 (compatible; Googlebot/2.1; +http://www.google.com/bot.html)"
109.122.240.16 - - [31/Oct/2025:01:34:13 +0000] "GET /api/v1.0/lexicon/word/13223/rel|ref HTTP/1.1" 200 568 "-" "node"
109.122.240.16 - - [31/Oct/2025:01:34:13 +0000] "GET /api/v1.0/lexicon/word-ref?limit=0&word=13223&sort=title%20asc HTTP/1.1" 200 662 "-" "node"
85.208.96.210 - - [31/Oct/2025:01:34:15 +0000] "GET /lexicon/word/13223 HTTP/1.1" 200 35182 "-" "Mozilla/5.0 (compatible; SemrushBot/7~bl; +http://www.semrush.com/bot.html)"
192.178.6.70 - - [31/Oct/2025:01:34:20 +0000] "GET /api/v1.0/lexicon/word/1396/rel%7Cref HTTP/1.1" 200 530 "-" "Mozilla/5.0 (Linux; Android 6.0.1; Nexus 5X Build/MMB29P) AppleWebKit/537.36 (KHTML, like Gecko) Chrome/141.0.7390.122 Mobile Safari/537.36 (compatible; Googlebot/2.1; +http://www.google.com/bot.html)"
66.249.75.68 - - [31/Oct/2025:01:34:21 +0000] "GET /?fileloc=/var/www/qayyoomi.com/root/wp-content/backups-dup-lite/tmp/index.php&path=/var/www/qayyoomi.com/root/wp-content/backups-dup-lite/tmp HTTP/1.1" 200 3063 "-" "Mozilla/5.0 (Linux; Android 6.0.1; Nexus 5X Build/MMB29P) AppleWebKit/537.36 (KHTML, like Gecko) Chrome/141.0.7390.122 Mobile Safari/537.36 (compatible; Googlebot/2.1; +http://www.google.com/bot.html)"
66.249.77.200 - - [31/Oct/2025:01:34:21 +0000] "GET /travelogue/text/s3-t425-t242-n1564 HTTP/1.1" 200 4768 "-" "Mozilla/5.0 (Linux; Android 6.0.1; Nexus 5X Build/MMB29P) AppleWebKit/537.36 (KHTML, like Gecko) Chrome/141.0.7390.122 Mobile Safari/537.36 (compatible; Googlebot/2.1; +http://www.google.com/bot.html)"
92.222.108.96 - - [31/Oct/2025:01:34:26 +0000] "GET /category/uncategorized/page/20/?path=//proc/320 HTTP/2.0" 200 5629 "-" "Mozilla/5.0 (compatible; AhrefsBot/7.0; +http://ahrefs.com/robot/)"
192.178.6.70 - - [31/Oct/2025:01:34:29 +0000] "GET /api/v1.0/lexicon/word-ref?limit=0&word=29670&sort=title%20asc HTTP/1.1" 200 365 "-" "Mozilla/5.0 (Linux; Android 6.0.1; Nexus 5X Build/MMB29P) AppleWebKit/537.36 (KHTML, like Gecko) Chrome/141.0.7390.122 Mobile Safari/537.36 (compatible; Googlebot/2.1; +http://www.google.com/bot.html)"
109.122.240.16 - - [31/Oct/2025:01:34:39 +0000] "GET /api/v1.0/lexicon/word/19154/rel|ref HTTP/1.1" 200 667 "-" "node"
109.122.240.16 - - [31/Oct/2025:01:34:39 +0000] "GET /api/v1.0/lexicon/word-ref?limit=0&word=19154&sort=title%20asc HTTP/1.1" 200 446 "-" "node"
95.108.213.201 - - [31/Oct/2025:01:34:40 +0000] "GET /lexicon/word/19154 HTTP/1.1" 200 35687 "-" "Mozilla/5.0 (compatible; YandexBot/3.0; +http://yandex.com/bots)"
192.178.6.6 - - [31/Oct/2025:01:34:40 +0000] "GET /robots.txt HTTP/1.1" 301 178 "-" "Mozilla/5.0 (compatible; Googlebot/2.1; +http://www.google.com/bot.html)"
66.249.77.78 - - [31/Oct/2025:01:34:41 +0000] "GET /robots.txt HTTP/1.1" 404 149 "-" "Mozilla/5.0 (compatible; Googlebot/2.1; +http://www.google.com/bot.html)"
192.178.6.5 - - [31/Oct/2025:01:34:41 +0000] "GET / HTTP/1.1" 301 178 "-" "Mozilla/5.0 (Linux; Android 6.0.1; Nexus 5X Build/MMB29P) AppleWebKit/537.36 (KHTML, like Gecko) Chrome/141.0.7390.122 Mobile Safari/537.36 (compatible; Googlebot/2.1; +http://www.google.com/bot.html)"
66.249.77.78 - - [31/Oct/2025:01:34:41 +0000] "GET / HTTP/1.1" 200 490 "-" "Mozilla/5.0 (Linux; Android 6.0.1; Nexus 5X Build/MMB29P) AppleWebKit/537.36 (KHTML, like Gecko) Chrome/141.0.7390.122 Mobile Safari/537.36 (compatible; Googlebot/2.1; +http://www.google.com/bot.html)"
66.249.77.78 - - [31/Oct/2025:01:34:45 +0000] "GET /styles.css HTTP/1.1" 200 15291 "https://shahnamag.com/" "Mozilla/5.0 (Linux; Android 6.0.1; Nexus 5X Build/MMB29P) AppleWebKit/537.36 (KHTML, like Gecko) Chrome/141.0.7390.122 Mobile Safari/537.36 (compatible; Googlebot/2.1; +http://www.google.com/bot.html)"
66.249.77.78 - - [31/Oct/2025:01:34:46 +0000] "GET /@vite/client HTTP/1.1" 200 174871 "https://shahnamag.com/" "Mozilla/5.0 (Linux; Android 6.0.1; Nexus 5X Build/MMB29P) AppleWebKit/537.36 (KHTML, like Gecko) Chrome/141.0.7390.122 Mobile Safari/537.36 (compatible; Googlebot/2.1; +http://www.google.com/bot.html)"
66.249.77.77 - - [31/Oct/2025:01:34:46 +0000] "GET /main.js HTTP/1.1" 200 633425 "https://shahnamag.com/" "Mozilla/5.0 (Linux; Android 6.0.1; Nexus 5X Build/MMB29P) AppleWebKit/537.36 (KHTML, like Gecko) Chrome/141.0.7390.122 Mobile Safari/537.36 (compatible; Googlebot/2.1; +http://www.google.com/bot.html)"
66.249.77.78 - - [31/Oct/2025:01:34:46 +0000] "GET /polyfills.js HTTP/1.1" 200 348994 "https://shahnamag.com/" "Mozilla/5.0 (Linux; Android 6.0.1; Nexus 5X Build/MMB29P) AppleWebKit/537.36 (KHTML, like Gecko) Chrome/141.0.7390.122 Mobile Safari/537.36 (compatible; Googlebot/2.1; +http://www.google.com/bot.html)"
66.249.75.67 - - [31/Oct/2025:01:34:47 +0000] "GET /?path=/var/dev/math/ui/node_modules/@jridgewell/gen-mapping HTTP/1.1" 200 3762 "-" "Mozilla/5.0 (Linux; Android 6.0.1; Nexus 5X Build/MMB29P) AppleWebKit/537.36 (KHTML, like Gecko) Chrome/141.0.7390.122 Mobile Safari/537.36 (compatible; GoogleOther)"
66.249.77.77 - - [31/Oct/2025:01:34:47 +0000] "GET /vivagraph.js HTTP/1.1" 200 223552 "https://shahnamag.com/" "Mozilla/5.0 (Linux; Android 6.0.1; Nexus 5X Build/MMB29P) AppleWebKit/537.36 (KHTML, like Gecko) Chrome/141.0.7390.122 Mobile Safari/537.36 (compatible; Googlebot/2.1; +http://www.google.com/bot.html)"
66.249.75.68 - - [31/Oct/2025:01:34:49 +0000] "GET /?path=//lib/apt HTTP/1.1" 200 3589 "-" "Mozilla/5.0 (Linux; Android 6.0.1; Nexus 5X Build/MMB29P) AppleWebKit/537.36 (KHTML, like Gecko) Chrome/141.0.7390.122 Mobile Safari/537.36 (compatible; GoogleOther)"
104.251.172.72 - - [31/Oct/2025:01:34:49 +0000] "GET /chaharrah-depot/arthouse/latin-attachments/latin-book.pdf HTTP/2.0" 200 8069120 "-" "Mozilla/5.0 (iPhone; CPU iPhone OS 18_5 like Mac OS X) AppleWebKit/605.1.15 (KHTML, like Gecko) Version/18.5 Mobile/15E148 Safari/604.1"
192.178.6.70 - - [31/Oct/2025:01:34:49 +0000] "GET /api/v1.0/lexicon/word/18339/rel%7Cref HTTP/1.1" 200 570 "-" "Mozilla/5.0 (Linux; Android 6.0.1; Nexus 5X Build/MMB29P) AppleWebKit/537.36 (KHTML, like Gecko) Chrome/141.0.7390.122 Mobile Safari/537.36 (compatible; Googlebot/2.1; +http://www.google.com/bot.html)"
66.249.77.77 - - [31/Oct/2025:01:34:49 +0000] "GET /@fs/var/dev/shahnamag/front-end/node_modules/@angular/build/node_modules/vite/dist/client/env.mjs HTTP/1.1" 200 3861 "https://shahnamag.com/@vite/client" "Mozilla/5.0 (Linux; Android 6.0.1; Nexus 5X Build/MMB29P) AppleWebKit/537.36 (KHTML, like Gecko) Chrome/141.0.7390.122 Mobile Safari/537.36 (compatible; Googlebot/2.1; +http://www.google.com/bot.html)"
66.249.77.77 - - [31/Oct/2025:01:34:50 +0000] "GET /@fs/var/dev/shahnamag/front-end/.angular/cache/19.2.4/shahnameh-admin/vite/deps/@angular_material_progress-spinner.js?v=6d101d37 HTTP/1.1" 200 23336 "https://shahnamag.com/main.js" "Mozilla/5.0 (Linux; Android 6.0.1; Nexus 5X Build/MMB29P) AppleWebKit/537.36 (KHTML, like Gecko) Chrome/141.0.7390.122 Mobile Safari/537.36 (compatible; Googlebot/2.1; +http://www.google.com/bot.html)"
66.249.77.77 - - [31/Oct/2025:01:34:51 +0000] "GET /@fs/var/dev/shahnamag/front-end/.angular/cache/19.2.4/shahnameh-admin/vite/deps/@angular_cdk_text-field.js?v=6d101d37 HTTP/1.1" 200 5082 "https://shahnamag.com/main.js" "Mozilla/5.0 (Linux; Android 6.0.1; Nexus 5X Build/MMB29P) AppleWebKit/537.36 (KHTML, like Gecko) Chrome/141.0.7390.122 Mobile Safari/537.36 (compatible; Googlebot/2.1; +http://www.google.com/bot.html)"
66.249.77.77 - - [31/Oct/2025:01:34:52 +0000] "GET /@fs/var/dev/shahnamag/front-end/.angular/cache/19.2.4/shahnameh-admin/vite/deps/@angular_router.js?v=6d101d37 HTTP/1.1" 200 212864 "https://shahnamag.com/main.js" "Mozilla/5.0 (Linux; Android 6.0.1; Nexus 5X Build/MMB29P) AppleWebKit/537.36 (KHTML, like Gecko) Chrome/141.0.7390.122 Mobile Safari/537.36 (compatible; Googlebot/2.1; +http://www.google.com/bot.html)"
66.249.77.77 - - [31/Oct/2025:01:34:53 +0000] "GET /@fs/var/dev/shahnamag/front-end/.angular/cache/19.2.4/shahnameh-admin/vite/deps/@angular_common.js?v=6d101d37 HTTP/1.1" 200 18104 "https://shahnamag.com/main.js" "Mozilla/5.0 (Linux; Android 6.0.1; Nexus 5X Build/MMB29P) AppleWebKit/537.36 (KHTML, like Gecko) Chrome/141.0.7390.122 Mobile Safari/537.36 (compatible; Googlebot/2.1; +http://www.google.com/bot.html)"
66.249.77.77 - - [31/Oct/2025:01:34:53 +0000] "GET /@fs/var/dev/shahnamag/front-end/.angular/cache/19.2.4/shahnameh-admin/vite/deps/@angular_material_sort.js?v=6d101d37 HTTP/1.1" 200 36768 "https://shahnamag.com/main.js" "Mozilla/5.0 (Linux; Android 6.0.1; Nexus 5X Build/MMB29P) AppleWebKit/537.36 (KHTML, like Gecko) Chrome/141.0.7390.122 Mobile Safari/537.36 (compatible; Googlebot/2.1; +http://www.google.com/bot.html)"
66.249.77.77 - - [31/Oct/2025:01:34:54 +0000] "GET /@fs/var/dev/shahnamag/front-end/.angular/cache/19.2.4/shahnameh-admin/vite/deps/rxjs.js?v=6d101d37 HTTP/1.1" 200 22160 "https://shahnamag.com/main.js" "Mozilla/5.0 (Linux; Android 6.0.1; Nexus 5X Build/MMB29P) AppleWebKit/537.36 (KHTML, like Gecko) Chrome/141.0.7390.122 Mobile Safari/537.36 (compatible; Googlebot/2.1; +http://www.google.com/bot.html)"
66.249.77.77 - - [31/Oct/2025:01:34:55 +0000] "GET /@fs/var/dev/shahnamag/front-end/.angular/cache/19.2.4/shahnameh-admin/vite/deps/@angular_material_tooltip.js?v=6d101d37 HTTP/1.1" 200 4367 "https://shahnamag.com/main.js" "Mozilla/5.0 (Linux; Android 6.0.1; Nexus 5X Build/MMB29P) AppleWebKit/537.36 (KHTML, like Gecko) Chrome/141.0.7390.122 Mobile Safari/537.36 (compatible; Googlebot/2.1; +http://www.google.com/bot.html)"
66.249.77.77 - - [31/Oct/2025:01:34:56 +0000] "GET /@fs/var/dev/shahnamag/front-end/.angular/cache/19.2.4/shahnameh-admin/vite/deps/d3.js?v=6d101d37 HTTP/1.1" 200 573858 "https://shahnamag.com/main.js" "Mozilla/5.0 (Linux; Android 6.0.1; Nexus 5X Build/MMB29P) AppleWebKit/537.36 (KHTML, like Gecko) Chrome/141.0.7390.122 Mobile Safari/537.36 (compatible; Googlebot/2.1; +http://www.google.com/bot.html)"
66.249.77.77 - - [31/Oct/2025:01:34:56 +0000] "GET /@fs/var/dev/shahnamag/front-end/.angular/cache/19.2.4/shahnameh-admin/vite/deps/@angular_material_chips.js?v=6d101d37 HTTP/1.1" 200 191515 "https://shahnamag.com/main.js" "Mozilla/5.0 (Linux; Android 6.0.1; Nexus 5X Build/MMB29P) AppleWebKit/537.36 (KHTML, like Gecko) Chrome/141.0.7390.122 Mobile Safari/537.36 (compatible; Googlebot/2.1; +http://www.google.com/bot.html)"
66.249.77.77 - - [31/Oct/2025:01:34:57 +0000] "GET /@fs/var/dev/shahnamag/front-end/.angular/cache/19.2.4/shahnameh-admin/vite/deps/@angular_material_form-field.js?v=6d101d37 HTTP/1.1" 200 3775 "https://shahnamag.com/main.js" "Mozilla/5.0 (Linux; Android 6.0.1; Nexus 5X Build/MMB29P) AppleWebKit/537.36 (KHTML, like Gecko) Chrome/141.0.7390.122 Mobile Safari/537.36 (compatible; Googlebot/2.1; +http://www.google.com/bot.html)"
66.249.77.77 - - [31/Oct/2025:01:34:58 +0000] "GET /@fs/var/dev/shahnamag/front-end/.angular/cache/19.2.4/shahnameh-admin/vite/deps/chunk-P6U2JBMQ.js?v=6d101d37 HTTP/1.1" 200 173024 "https://shahnamag.com/@fs/var/dev/shahnamag/front-end/.angular/cache/19.2.4/shahnameh-admin/vite/deps/@angular_material_progress-spinner.js?v=6d101d37" "Mozilla/5.0 (Linux; Android 6.0.1; Nexus 5X Build/MMB29P) AppleWebKit/537.36 (KHTML, like Gecko) Chrome/141.0.7390.122 Mobile Safari/537.36 (compatible; Googlebot/2.1; +http://www.google.com/bot.html)"
66.249.77.77 - - [31/Oct/2025:01:34:58 +0000] "GET /@fs/var/dev/shahnamag/front-end/.angular/cache/19.2.4/shahnameh-admin/vite/deps/gsap.js?v=6d101d37 HTTP/1.1" 200 168945 "https://shahnamag.com/main.js" "Mozilla/5.0 (Linux; Android 6.0.1; Nexus 5X Build/MMB29P) AppleWebKit/537.36 (KHTML, like Gecko) Chrome/141.0.7390.122 Mobile Safari/537.36 (compatible; Googlebot/2.1; +http://www.google.com/bot.html)"
66.249.77.77 - - [31/Oct/2025:01:34:59 +0000] "GET /@fs/var/dev/shahnamag/front-end/.angular/cache/19.2.4/shahnameh-admin/vite/deps/@angular_material_dialog.js?v=6d101d37 HTTP/1.1" 200 81988 "https://shahnamag.com/main.js" "Mozilla/5.0 (Linux; Android 6.0.1; Nexus 5X Build/MMB29P) AppleWebKit/537.36 (KHTML, like Gecko) Chrome/141.0.7390.122 Mobile Safari/537.36 (compatible; Googlebot/2.1; +http://www.google.com/bot.html)"
66.249.77.77 - - [31/Oct/2025:01:35:01 +0000] "GET /@fs/var/dev/shahnamag/front-end/.angular/cache/19.2.4/shahnameh-admin/vite/deps/@angular_cdk_scrolling.js?v=6d101d37 HTTP/1.1" 200 8947 "https://shahnamag.com/main.js" "Mozilla/5.0 (Linux; Android 6.0.1; Nexus 5X Build/MMB29P) AppleWebKit/537.36 (KHTML, like Gecko) Chrome/141.0.7390.122 Mobile Safari/537.36 (compatible; Googlebot/2.1; +http://www.google.com/bot.html)"
66.249.77.199 - - [31/Oct/2025:01:35:01 +0000] "GET /travelogue/text/s14-t596-t4387-n14159 HTTP/1.1" 200 4768 "-" "Mozilla/5.0 (Linux; Android 6.0.1; Nexus 5X Build/MMB29P) AppleWebKit/537.36 (KHTML, like Gecko) Chrome/141.0.7390.122 Mobile Safari/537.36 (compatible; Googlebot/2.1; +http://www.google.com/bot.html)"
66.249.77.77 - - [31/Oct/2025:01:35:01 +0000] "GET /@fs/var/dev/shahnamag/front-end/.angular/cache/19.2.4/shahnameh-admin/vite/deps/@angular_material_button.js?v=6d101d37 HTTP/1.1" 200 12878 "https://shahnamag.com/main.js" "Mozilla/5.0 (Linux; Android 6.0.1; Nexus 5X Build/MMB29P) AppleWebKit/537.36 (KHTML, like Gecko) Chrome/141.0.7390.122 Mobile Safari/537.36 (compatible; Googlebot/2.1; +http://www.google.com/bot.html)"
66.249.77.77 - - [31/Oct/2025:01:35:02 +0000] "GET /@fs/var/dev/shahnamag/front-end/.angular/cache/19.2.4/shahnameh-admin/vite/deps/@angular_material_checkbox.js?v=6d101d37 HTTP/1.1" 200 66603 "https://shahnamag.com/main.js" "Mozilla/5.0 (Linux; Android 6.0.1; Nexus 5X Build/MMB29P) AppleWebKit/537.36 (KHTML, like Gecko) Chrome/141.0.7390.122 Mobile Safari/537.36 (compatible; Googlebot/2.1; +http://www.google.com/bot.html)"
66.249.77.77 - - [31/Oct/2025:01:35:03 +0000] "GET /@fs/var/dev/shahnamag/front-end/.angular/cache/19.2.4/shahnameh-admin/vite/deps/chunk-AVLNXB5U.js?v=6d101d37 HTTP/1.1" 200 17873 "https://shahnamag.com/@fs/var/dev/shahnamag/front-end/.angular/cache/19.2.4/shahnameh-admin/vite/deps/@angular_cdk_text-field.js?v=6d101d37" "Mozilla/5.0 (Linux; Android 6.0.1; Nexus 5X Build/MMB29P) AppleWebKit/537.36 (KHTML, like Gecko) Chrome/141.0.7390.122 Mobile Safari/537.36 (compatible; Googlebot/2.1; +http://www.google.com/bot.html)"
66.249.77.77 - - [31/Oct/2025:01:35:03 +0000] "GET /@fs/var/dev/shahnamag/front-end/.angular/cache/19.2.4/shahnameh-admin/vite/deps/@angular_material_input.js?v=6d101d37 HTTP/1.1" 200 21932 "https://shahnamag.com/main.js" "Mozilla/5.0 (Linux; Android 6.0.1; Nexus 5X Build/MMB29P) AppleWebKit/537.36 (KHTML, like Gecko) Chrome/141.0.7390.122 Mobile Safari/537.36 (compatible; Googlebot/2.1; +http://www.google.com/bot.html)"
66.249.77.77 - - [31/Oct/2025:01:35:05 +0000] "GET /@fs/var/dev/shahnamag/front-end/.angular/cache/19.2.4/shahnameh-admin/vite/deps/chunk-BJWEDLTQ.js?v=6d101d37 HTTP/1.1" 200 17174 "https://shahnamag.com/@fs/var/dev/shahnamag/front-end/.angular/cache/19.2.4/shahnameh-admin/vite/deps/@angular_material_progress-spinner.js?v=6d101d37" "Mozilla/5.0 (Linux; Android 6.0.1; Nexus 5X Build/MMB29P) AppleWebKit/537.36 (KHTML, like Gecko) Chrome/141.0.7390.122 Mobile Safari/537.36 (compatible; Googlebot/2.1; +http://www.google.com/bot.html)"
66.249.77.77 - - [31/Oct/2025:01:35:05 +0000] "GET /@fs/var/dev/shahnamag/front-end/.angular/cache/19.2.4/shahnameh-admin/vite/deps/chunk-EXTB7WJR.js?v=6d101d37 HTTP/1.1" 200 85381 "https://shahnamag.com/@fs/var/dev/shahnamag/front-end/.angular/cache/19.2.4/shahnameh-admin/vite/deps/@angular_router.js?v=6d101d37" "Mozilla/5.0 (Linux; Android 6.0.1; Nexus 5X Build/MMB29P) AppleWebKit/537.36 (KHTML, like Gecko) Chrome/141.0.7390.122 Mobile Safari/537.36 (compatible; Googlebot/2.1; +http://www.google.com/bot.html)"
