195.2.71.225 - - [31/Oct/2025:02:18:08 +0000] "POST /wp-comments-post.php HTTP/1.0" 302 0 "https://chaharrah.tv/miras-maktoob-01-1382-06-11/" "Mozilla/5.0 (Windows NT 10.0; Win64; x64) AppleWebKit/537.36 (KHTML, like Gecko) Chrome/131.0.0.0 Safari/537.36"
216.73.216.107 - - [31/Oct/2025:02:18:09 +0000] "GET /?fileloc=%2F%2Flib%2Fgit-core%2Fgit-revert&path=%2F%2Flib%2Fgit-core HTTP/2.0" 200 2131212 "-" "Mozilla/5.0 AppleWebKit/537.36 (KHTML, like Gecko; compatible; ClaudeBot/1.0; +claudebot@anthropic.com)"
216.73.216.107 - - [31/Oct/2025:02:18:09 +0000] "GET /?fileloc=%2F%2Flib%2Fx86_64-linux-gnu%2Flibchromaprint.so.1.5.1&path=%2F%2Flib%2Fx86_64-linux-gnu HTTP/2.0" 200 30653 "-" "Mozilla/5.0 AppleWebKit/537.36 (KHTML, like Gecko; compatible; ClaudeBot/1.0; +claudebot@anthropic.com)"
195.2.71.225 - - [31/Oct/2025:02:18:09 +0000] "GET /miras-maktoob-01-1382-06-11/?unapproved=528414&moderation-hash=0e5316d2e71058f68a837f4eba4d2a7b HTTP/1.0" 200 49346 "https://chaharrah.tv/miras-maktoob-01-1382-06-11/?unapproved=528414&moderation-hash=0e5316d2e71058f68a837f4eba4d2a7b#comment-528414" "Mozilla/5.0 (Windows NT 10.0; Win64; x64) AppleWebKit/537.36 (KHTML, like Gecko) Chrome/131.0.0.0 Safari/537.36"
66.249.75.67 - - [31/Oct/2025:02:18:10 +0000] "GET /?fileloc=/var/dev/nowruzgan/vazhgar/node_modules/promise-retry/.travis.yml&path=/var/dev/nowruzgan/vazhgar/node_modules/promise-retry HTTP/1.1" 200 3072 "-" "Mozilla/5.0 (Linux; Android 6.0.1; Nexus 5X Build/MMB29P) AppleWebKit/537.36 (KHTML, like Gecko) Chrome/141.0.7390.122 Mobile Safari/537.36 (compatible; Googlebot/2.1; +http://www.google.com/bot.html)"
216.73.216.107 - - [31/Oct/2025:02:18:11 +0000] "GET /?fileloc=%2F%2Fusr%2Fsbin%2Ftcpconnlat-bpfcc&path=%2F%2Fusr%2Fsbin HTTP/2.0" 200 6236 "-" "Mozilla/5.0 AppleWebKit/537.36 (KHTML, like Gecko; compatible; ClaudeBot/1.0; +claudebot@anthropic.com)"
216.73.216.107 - - [31/Oct/2025:02:18:11 +0000] "GET /?fileloc=%2Fvar%2Fwww%2Fqayyoomi.com%2Froot%2Fwp-includes%2Fjs%2Fdist%2Fedit-post.min.js&path=%2Fvar%2Fwww%2Fqayyoomi.com%2Froot%2Fwp-includes%2Fjs%2Fdist HTTP/2.0" 200 19192 "-" "Mozilla/5.0 AppleWebKit/537.36 (KHTML, like Gecko; compatible; ClaudeBot/1.0; +claudebot@anthropic.com)"
216.73.216.107 - - [31/Oct/2025:02:18:12 +0000] "GET /?fileloc=%2Fvar%2Fwww%2Fschool%2Fwp-includes%2Ferror-protection.php&path=%2Fvar%2Fwww%2Fschool%2Fwp-includes HTTP/2.0" 200 4554 "-" "Mozilla/5.0 AppleWebKit/537.36 (KHTML, like Gecko; compatible; ClaudeBot/1.0; +claudebot@anthropic.com)"
216.73.216.107 - - [31/Oct/2025:02:18:12 +0000] "GET /?fileloc=%2Fvar%2Fwww%2Fschool%2Fwp-includes%2Fformatting.php&path=%2Fvar%2Fwww%2Fschool%2Fwp-includes HTTP/2.0" 200 92441 "-" "Mozilla/5.0 AppleWebKit/537.36 (KHTML, like Gecko; compatible; ClaudeBot/1.0; +claudebot@anthropic.com)"
216.73.216.107 - - [31/Oct/2025:02:18:13 +0000] "GET /?path=%2F%2Fusr%2Fshare%2Fapplications HTTP/2.0" 200 3803 "-" "Mozilla/5.0 AppleWebKit/537.36 (KHTML, like Gecko; compatible; ClaudeBot/1.0; +claudebot@anthropic.com)"
216.73.216.107 - - [31/Oct/2025:02:18:13 +0000] "GET /?path=%2Fvar%2Flib%2Fphp%2Fmodules HTTP/2.0" 200 3338 "-" "Mozilla/5.0 AppleWebKit/537.36 (KHTML, like Gecko; compatible; ClaudeBot/1.0; +claudebot@anthropic.com)"
216.73.216.107 - - [31/Oct/2025:02:18:14 +0000] "GET /?fileloc=%2F%2Flib%2Fx86_64-linux-gnu%2Flibzip.so.4&path=%2F%2Flib%2Fx86_64-linux-gnu HTTP/2.0" 200 57290 "-" "Mozilla/5.0 AppleWebKit/537.36 (KHTML, like Gecko; compatible; ClaudeBot/1.0; +claudebot@anthropic.com)"
216.73.216.107 - - [31/Oct/2025:02:18:14 +0000] "GET /?path=%2Fvar%2Fwww%2Fqayyoomi.com%2Froot%2Fwp-content%2Fplugins%2Fcontact-form-7%2Fmodules HTTP/2.0" 200 4613 "-" "Mozilla/5.0 AppleWebKit/537.36 (KHTML, like Gecko; compatible; ClaudeBot/1.0; +claudebot@anthropic.com)"
216.73.216.107 - - [31/Oct/2025:02:18:15 +0000] "GET /?fileloc=%2F%2Fusr%2Fsbin%2Frtmon&path=%2F%2Fusr%2Fsbin HTTP/2.0" 200 48834 "-" "Mozilla/5.0 AppleWebKit/537.36 (KHTML, like Gecko; compatible; ClaudeBot/1.0; +claudebot@anthropic.com)"
216.73.216.107 - - [31/Oct/2025:02:18:15 +0000] "GET /?fileloc=%2F%2Flib%2Fx86_64-linux-gnu%2Flibwbclient.so.0.16&path=%2F%2Flib%2Fx86_64-linux-gnu HTTP/2.0" 200 31399 "-" "Mozilla/5.0 AppleWebKit/537.36 (KHTML, like Gecko; compatible; ClaudeBot/1.0; +claudebot@anthropic.com)"
216.73.216.107 - - [31/Oct/2025:02:18:16 +0000] "GET /?fileloc=%2F%2Fusr%2Fsbin%2Fsetcap&path=%2F%2Fusr%2Fsbin HTTP/2.0" 200 7593 "-" "Mozilla/5.0 AppleWebKit/537.36 (KHTML, like Gecko; compatible; ClaudeBot/1.0; +claudebot@anthropic.com)"
216.73.216.107 - - [31/Oct/2025:02:18:16 +0000] "GET /?fileloc=%2F%2Flib%2Fx86_64-linux-gnu%2Flibbrotlicommon.so.1.1.0&path=%2F%2Flib%2Fx86_64-linux-gnu HTTP/2.0" 200 74500 "-" "Mozilla/5.0 AppleWebKit/537.36 (KHTML, like Gecko; compatible; ClaudeBot/1.0; +claudebot@anthropic.com)"
216.73.216.107 - - [31/Oct/2025:02:18:16 +0000] "GET /?fileloc=%2F%2Flib%2Fx86_64-linux-gnu%2FlibGLdispatch.so.0&path=%2F%2Flib%2Fx86_64-linux-gnu HTTP/2.0" 200 86509 "-" "Mozilla/5.0 AppleWebKit/537.36 (KHTML, like Gecko; compatible; ClaudeBot/1.0; +claudebot@anthropic.com)"
216.73.216.107 - - [31/Oct/2025:02:18:16 +0000] "GET /?fileloc=%2F%2Flib%2Fx86_64-linux-gnu%2FlibXpm.so.4.11.0&path=%2F%2Flib%2Fx86_64-linux-gnu HTTP/2.0" 200 38721 "-" "Mozilla/5.0 AppleWebKit/537.36 (KHTML, like Gecko; compatible; ClaudeBot/1.0; +claudebot@anthropic.com)"
216.73.216.107 - - [31/Oct/2025:02:18:17 +0000] "GET /?fileloc=%2F%2Flib%2Fx86_64-linux-gnu%2Flibbpf.so.1.3.0&path=%2F%2Flib%2Fx86_64-linux-gnu HTTP/2.0" 200 185604 "-" "Mozilla/5.0 AppleWebKit/537.36 (KHTML, like Gecko; compatible; ClaudeBot/1.0; +claudebot@anthropic.com)"
216.73.216.107 - - [31/Oct/2025:02:18:17 +0000] "GET /?fileloc=%2F%2Flib%2Fx86_64-linux-gnu%2Flibsndio.so.7&path=%2F%2Flib%2Fx86_64-linux-gnu HTTP/2.0" 200 30998 "-" "Mozilla/5.0 AppleWebKit/537.36 (KHTML, like Gecko; compatible; ClaudeBot/1.0; +claudebot@anthropic.com)"
216.73.216.107 - - [31/Oct/2025:02:18:17 +0000] "GET /?fileloc=%2F%2Flib%2Fx86_64-linux-gnu%2Flibproc2.so.0&path=%2F%2Flib%2Fx86_64-linux-gnu HTTP/2.0" 200 63659 "-" "Mozilla/5.0 AppleWebKit/537.36 (KHTML, like Gecko; compatible; ClaudeBot/1.0; +claudebot@anthropic.com)"
216.73.216.107 - - [31/Oct/2025:02:18:17 +0000] "GET /?path=%2F%2Fusr%2Fshare%2Fapport HTTP/2.0" 200 4376 "-" "Mozilla/5.0 AppleWebKit/537.36 (KHTML, like Gecko; compatible; ClaudeBot/1.0; +claudebot@anthropic.com)"
216.73.216.107 - - [31/Oct/2025:02:18:18 +0000] "GET /?fileloc=%2Fvar%2Fwww%2Fschool%2Fwp-includes%2Fdeprecated.php&path=%2Fvar%2Fwww%2Fschool%2Fwp-includes HTTP/2.0" 200 57739 "-" "Mozilla/5.0 AppleWebKit/537.36 (KHTML, like Gecko; compatible; ClaudeBot/1.0; +claudebot@anthropic.com)"
66.249.75.67 - - [31/Oct/2025:02:18:18 +0000] "GET /?fileloc=/var/dev/nowruzgan/vazhgar/node_modules/spdx-license-ids/README.md&path=/var/dev/nowruzgan/vazhgar/node_modules/spdx-license-ids HTTP/1.1" 200 3742 "-" "Mozilla/5.0 (Linux; Android 6.0.1; Nexus 5X Build/MMB29P) AppleWebKit/537.36 (KHTML, like Gecko) Chrome/141.0.7390.122 Mobile Safari/537.36 (compatible; Googlebot/2.1; +http://www.google.com/bot.html)"
216.73.216.107 - - [31/Oct/2025:02:18:18 +0000] "GET /?fileloc=%2Fvar%2Fwww%2Fschool%2Fwp-includes%2Fclass-walker-nav-menu.php&path=%2Fvar%2Fwww%2Fschool%2Fwp-includes HTTP/2.0" 200 6298 "-" "Mozilla/5.0 AppleWebKit/537.36 (KHTML, like Gecko; compatible; ClaudeBot/1.0; +claudebot@anthropic.com)"
216.73.216.107 - - [31/Oct/2025:02:18:18 +0000] "GET /?fileloc=%2F%2Flib%2Fx86_64-linux-gnu%2Flibnss_compat.so&path=%2F%2Flib%2Fx86_64-linux-gnu HTTP/2.0" 200 20949 "-" "Mozilla/5.0 AppleWebKit/537.36 (KHTML, like Gecko; compatible; ClaudeBot/1.0; +claudebot@anthropic.com)"
216.73.216.107 - - [31/Oct/2025:02:18:20 +0000] "GET /?fileloc=%2Fvar%2Fwww%2Fschool%2Fwp-includes%2Fadmin-bar.php&path=%2Fvar%2Fwww%2Fschool%2Fwp-includes HTTP/2.0" 200 14050 "-" "Mozilla/5.0 AppleWebKit/537.36 (KHTML, like Gecko; compatible; ClaudeBot/1.0; +claudebot@anthropic.com)"
216.73.216.107 - - [31/Oct/2025:02:18:20 +0000] "GET /?fileloc=%2F%2Flib%2Fx86_64-linux-gnu%2FlibXv.so.1.0.0&path=%2F%2Flib%2Fx86_64-linux-gnu HTTP/2.0" 200 10924 "-" "Mozilla/5.0 AppleWebKit/537.36 (KHTML, like Gecko; compatible; ClaudeBot/1.0; +claudebot@anthropic.com)"
216.73.216.107 - - [31/Oct/2025:02:18:21 +0000] "GET /?fileloc=%2F%2Flib%2Fx86_64-linux-gnu%2Flibpanel.so.6.4&path=%2F%2Flib%2Fx86_64-linux-gnu HTTP/2.0" 200 9115 "-" "Mozilla/5.0 AppleWebKit/537.36 (KHTML, like Gecko; compatible; ClaudeBot/1.0; +claudebot@anthropic.com)"
216.73.216.107 - - [31/Oct/2025:02:18:23 +0000] "GET /?path=%2F%2Flib%2Fx86_64-linux-gnu%2Fpulseaudio HTTP/2.0" 200 3363 "-" "Mozilla/5.0 AppleWebKit/537.36 (KHTML, like Gecko; compatible; ClaudeBot/1.0; +claudebot@anthropic.com)"
66.249.75.67 - - [31/Oct/2025:02:18:24 +0000] "GET /?fileloc=/var/dev/math/ui/node_modules/ua-parser-js/license.md&path=/var/dev/math/ui/node_modules/ua-parser-js HTTP/1.1" 200 3752 "-" "Mozilla/5.0 (Linux; Android 6.0.1; Nexus 5X Build/MMB29P) AppleWebKit/537.36 (KHTML, like Gecko) Chrome/141.0.7390.122 Mobile Safari/537.36 (compatible; GoogleOther)"
216.73.216.107 - - [31/Oct/2025:02:18:25 +0000] "GET /?fileloc=%2Fvar%2Fwww%2Fschool%2Fwp-includes%2Fclass-wp-walker.php&path=%2Fvar%2Fwww%2Fschool%2Fwp-includes HTTP/2.0" 200 6711 "-" "Mozilla/5.0 AppleWebKit/537.36 (KHTML, like Gecko; compatible; ClaudeBot/1.0; +claudebot@anthropic.com)"
216.73.216.107 - - [31/Oct/2025:02:18:25 +0000] "GET /?fileloc=%2F%2Fusr%2Fsbin%2Fethtool&path=%2F%2Fusr%2Fsbin HTTP/2.0" 200 240006 "-" "Mozilla/5.0 AppleWebKit/537.36 (KHTML, like Gecko; compatible; ClaudeBot/1.0; +claudebot@anthropic.com)"
216.73.216.107 - - [31/Oct/2025:02:18:25 +0000] "GET /?fileloc=%2F%2Flib%2Fgit-core%2Fgit-bugreport&path=%2F%2Flib%2Fgit-core HTTP/2.0" 200 2131220 "-" "Mozilla/5.0 AppleWebKit/537.36 (KHTML, like Gecko; compatible; ClaudeBot/1.0; +claudebot@anthropic.com)"
216.73.216.107 - - [31/Oct/2025:02:18:26 +0000] "GET /?fileloc=%2F%2Fusr%2Fsbin%2Flvcreate&path=%2F%2Fusr%2Fsbin HTTP/2.0" 200 1157479 "-" "Mozilla/5.0 AppleWebKit/537.36 (KHTML, like Gecko; compatible; ClaudeBot/1.0; +claudebot@anthropic.com)"
109.122.240.16 - - [31/Oct/2025:02:18:29 +0000] "POST /wp-cron.php?doing_wp_cron=1761877109.4378240108489990234375 HTTP/1.1" 200 31 "-" "WordPress/6.8.3; https://chaharrah.tv"
216.73.216.107 - - [31/Oct/2025:02:18:29 +0000] "GET /?path=%2F%2Fusr%2Finclude%2Fiproute2 HTTP/2.0" 200 3343 "-" "Mozilla/5.0 AppleWebKit/537.36 (KHTML, like Gecko; compatible; ClaudeBot/1.0; +claudebot@anthropic.com)"
123.28.128.152 - - [31/Oct/2025:02:18:29 +0000] "GET /tag/%D8%B9%D9%84%DB%8C%D8%B1%D8%B6%D8%A7-%D8%B3%D8%B1%D8%AF%D8%A7%D8%B1%DB%8C/ HTTP/1.1" 200 11534 "-" "Mozilla/5.0 (Macintosh; Intel Mac OS X 10_16_0) AppleWebKit/537.36 (KHTML, like Gecko) Chrome/84.0.4147.89 Safari/537.36"
216.73.216.107 - - [31/Oct/2025:02:18:31 +0000] "GET /?fileloc=%2F%2Fusr%2Fsbin%2Fvgcreate&path=%2F%2Fusr%2Fsbin HTTP/2.0" 200 1157479 "-" "Mozilla/5.0 AppleWebKit/537.36 (KHTML, like Gecko; compatible; ClaudeBot/1.0; +claudebot@anthropic.com)"
216.73.216.107 - - [31/Oct/2025:02:18:31 +0000] "GET /?fileloc=%2F%2Fusr%2Fsbin%2Fntfsclone&path=%2F%2Fusr%2Fsbin HTTP/2.0" 200 23511 "-" "Mozilla/5.0 AppleWebKit/537.36 (KHTML, like Gecko; compatible; ClaudeBot/1.0; +claudebot@anthropic.com)"
66.249.75.67 - - [31/Oct/2025:02:18:33 +0000] "GET /?path=/var/www/qayyoomi.com/root/wp-content/plugins/polylang/admin HTTP/1.1" 200 4444 "-" "Mozilla/5.0 (Linux; Android 6.0.1; Nexus 5X Build/MMB29P) AppleWebKit/537.36 (KHTML, like Gecko) Chrome/141.0.7390.122 Mobile Safari/537.36 (compatible; Googlebot/2.1; +http://www.google.com/bot.html)"
216.73.216.107 - - [31/Oct/2025:02:18:33 +0000] "GET /?fileloc=%2F%2Flib%2Fx86_64-linux-gnu%2FlibGLX_mesa.so.0&path=%2F%2Flib%2Fx86_64-linux-gnu HTTP/2.0" 200 155179 "-" "Mozilla/5.0 AppleWebKit/537.36 (KHTML, like Gecko; compatible; ClaudeBot/1.0; +claudebot@anthropic.com)"
216.73.216.107 - - [31/Oct/2025:02:18:33 +0000] "GET /?fileloc=%2F%2Flib%2Fx86_64-linux-gnu%2Flibhwy_test.so.1&path=%2F%2Flib%2Fx86_64-linux-gnu HTTP/2.0" 200 5887 "-" "Mozilla/5.0 AppleWebKit/537.36 (KHTML, like Gecko; compatible; ClaudeBot/1.0; +claudebot@anthropic.com)"
216.73.216.107 - - [31/Oct/2025:02:18:34 +0000] "GET /?fileloc=%2F%2Flib%2Fx86_64-linux-gnu%2Flibwayland-client.so.0&path=%2F%2Flib%2Fx86_64-linux-gnu HTTP/2.0" 200 26287 "-" "Mozilla/5.0 AppleWebKit/537.36 (KHTML, like Gecko; compatible; ClaudeBot/1.0; +claudebot@anthropic.com)"
216.73.216.107 - - [31/Oct/2025:02:18:35 +0000] "GET /?fileloc=%2F%2Flib%2Fx86_64-linux-gnu%2Flibmpg123.so.0&path=%2F%2Flib%2Fx86_64-linux-gnu HTTP/2.0" 200 176404 "-" "Mozilla/5.0 AppleWebKit/537.36 (KHTML, like Gecko; compatible; ClaudeBot/1.0; +claudebot@anthropic.com)"
216.73.216.107 - - [31/Oct/2025:02:18:36 +0000] "GET /?fileloc=%2Fvar%2Fwww%2Fqayyoomi.com%2Froot%2Fwp-content%2Fthemes%2Ftwentytwentyfive%2Ffunctions.php&path=%2Fvar%2Fwww%2Fqayyoomi.com%2Froot%2Fwp-content%2Fthemes%2Ftwentytwentyfive HTTP/2.0" 200 4238 "-" "Mozilla/5.0 AppleWebKit/537.36 (KHTML, like Gecko; compatible; ClaudeBot/1.0; +claudebot@anthropic.com)"
216.73.216.107 - - [31/Oct/2025:02:18:36 +0000] "GET /?fileloc=%2F%2Flib%2Fupdate-notifier%2Fpackage-data-downloader&path=%2F%2Flib%2Fupdate-notifier HTTP/2.0" 200 7267 "-" "Mozilla/5.0 AppleWebKit/537.36 (KHTML, like Gecko; compatible; ClaudeBot/1.0; +claudebot@anthropic.com)"
216.73.216.107 - - [31/Oct/2025:02:18:36 +0000] "GET /?fileloc=%2F%2Fusr%2Fsbin%2Fstart-statd&path=%2F%2Fusr%2Fsbin HTTP/2.0" 200 3525 "-" "Mozilla/5.0 AppleWebKit/537.36 (KHTML, like Gecko; compatible; ClaudeBot/1.0; +claudebot@anthropic.com)"
216.73.216.107 - - [31/Oct/2025:02:18:37 +0000] "GET /?fileloc=%2F%2Fusr%2Fsbin%2Fusb_modeswitch&path=%2F%2Fusr%2Fsbin HTTP/2.0" 200 25552 "-" "Mozilla/5.0 AppleWebKit/537.36 (KHTML, like Gecko; compatible; ClaudeBot/1.0; +claudebot@anthropic.com)"
216.73.216.107 - - [31/Oct/2025:02:18:37 +0000] "GET /?fileloc=%2F%2Fhome%2Fgit%2F.bash_history&path=%2F%2Fhome%2Fgit HTTP/2.0" 200 2952 "-" "Mozilla/5.0 AppleWebKit/537.36 (KHTML, like Gecko; compatible; ClaudeBot/1.0; +claudebot@anthropic.com)"
216.73.216.107 - - [31/Oct/2025:02:18:38 +0000] "GET /?fileloc=%2F%2Fusr%2Fsbin%2Fneedrestart&path=%2F%2Fusr%2Fsbin HTTP/2.0" 200 16956 "-" "Mozilla/5.0 AppleWebKit/537.36 (KHTML, like Gecko; compatible; ClaudeBot/1.0; +claudebot@anthropic.com)"
45.61.184.130 - - [31/Oct/2025:02:18:40 +0000] "GET /wp-login.php HTTP/1.1" 200 7854 "-" "Mozilla/5.0 (Macintosh; Intel Mac OS X 10_9_4 AppleWebKit/537.36 (KHTML, like Gecko) Chrome/36.0.1985.125 Safari/537.36"
216.73.216.107 - - [31/Oct/2025:02:18:40 +0000] "GET /?fileloc=%2F%2Fusr%2Fsbin%2Fupdate-info-dir&path=%2F%2Fusr%2Fsbin HTTP/2.0" 200 3847 "-" "Mozilla/5.0 AppleWebKit/537.36 (KHTML, like Gecko; compatible; ClaudeBot/1.0; +claudebot@anthropic.com)"
66.249.75.67 - - [31/Oct/2025:02:18:40 +0000] "GET /?path=/var/www/qayyoomi.com/root/wp-content/plugins/polylang/js HTTP/1.1" 200 3552 "-" "Mozilla/5.0 (Linux; Android 6.0.1; Nexus 5X Build/MMB29P) AppleWebKit/537.36 (KHTML, like Gecko) Chrome/141.0.7390.122 Mobile Safari/537.36 (compatible; Googlebot/2.1; +http://www.google.com/bot.html)"
109.122.240.16 - - [31/Oct/2025:02:18:41 +0000] "POST /wp-cron.php?doing_wp_cron=1761877121.8200271129608154296875 HTTP/1.1" 200 31 "-" "WordPress/6.8.3; https://chaharrah.tv"
113.161.89.88 - - [31/Oct/2025:02:18:42 +0000] "GET /tag/%D8%A7%DB%8C%D8%B1%D8%A7%D9%86%E2%80%8C%D8%B4%D9%86%D8%A7%D8%B3%DB%8C/ HTTP/1.1" 404 11390 "-" "Mozilla/5.0 (Macintosh; Intel Mac OS X 10_13_6) AppleWebKit/537.36 (KHTML, like Gecko) Chrome/94.0.4606.71 Safari/537.36"
216.73.216.107 - - [31/Oct/2025:02:18:44 +0000] "GET /?fileloc=%2F%2Flib%2Fx86_64-linux-gnu%2Flibflite_cmu_us_awb.so.1&path=%2F%2Flib%2Fx86_64-linux-gnu HTTP/2.0" 200 2262292 "-" "Mozilla/5.0 AppleWebKit/537.36 (KHTML, like Gecko; compatible; ClaudeBot/1.0; +claudebot@anthropic.com)"
216.73.216.107 - - [31/Oct/2025:02:18:44 +0000] "GET /?fileloc=%2Fvar%2Fwww%2Fschool%2Fwp-admin%2Flink-parse-opml.php&path=%2Fvar%2Fwww%2Fschool%2Fwp-admin HTTP/2.0" 200 4083 "-" "Mozilla/5.0 AppleWebKit/537.36 (KHTML, like Gecko; compatible; ClaudeBot/1.0; +claudebot@anthropic.com)"
216.73.216.107 - - [31/Oct/2025:02:18:44 +0000] "GET /?fileloc=%2F%2Fusr%2Fsbin%2Fmount.nfs&path=%2F%2Fusr%2Fsbin HTTP/2.0" 200 45624 "-" "Mozilla/5.0 AppleWebKit/537.36 (KHTML, like Gecko; compatible; ClaudeBot/1.0; +claudebot@anthropic.com)"
216.73.216.107 - - [31/Oct/2025:02:18:47 +0000] "GET /?fileloc=%2F%2Fusr%2Fsbin%2Fupdate-pciids&path=%2F%2Fusr%2Fsbin HTTP/2.0" 200 3780 "-" "Mozilla/5.0 AppleWebKit/537.36 (KHTML, like Gecko; compatible; ClaudeBot/1.0; +claudebot@anthropic.com)"
66.249.75.67 - - [31/Oct/2025:02:18:48 +0000] "GET /?fileloc=/var/dev/math/ui/node_modules/d3-dispatch/package.json&path=/var/dev/math/ui/node_modules/d3-dispatch HTTP/1.1" 200 3731 "-" "Mozilla/5.0 (Linux; Android 6.0.1; Nexus 5X Build/MMB29P) AppleWebKit/537.36 (KHTML, like Gecko) Chrome/141.0.7390.122 Mobile Safari/537.36 (compatible; GoogleOther)"
31.40.198.102 - - [31/Oct/2025:02:18:48 +0000] "GET /tandis-51-ghobad-shiva-94-08-18/ HTTP/1.1" 200 35169 "-" "-"
66.249.75.67 - - [31/Oct/2025:02:18:48 +0000] "GET /?path=/var/dev/nowruzgan/cronus-log/.git/objects/fa HTTP/1.1" 200 3440 "-" "Mozilla/5.0 (Linux; Android 6.0.1; Nexus 5X Build/MMB29P) AppleWebKit/537.36 (KHTML, like Gecko) Chrome/141.0.7390.122 Mobile Safari/537.36 (compatible; Googlebot/2.1; +http://www.google.com/bot.html)"
66.249.77.198 - - [31/Oct/2025:02:18:49 +0000] "GET /travelogue/text/s5-t1571-t178-n1502 HTTP/1.1" 200 4768 "-" "Mozilla/5.0 (Linux; Android 6.0.1; Nexus 5X Build/MMB29P) AppleWebKit/537.36 (KHTML, like Gecko) Chrome/141.0.7390.122 Mobile Safari/537.36 (compatible; Googlebot/2.1; +http://www.google.com/bot.html)"
66.249.77.199 - - [31/Oct/2025:02:18:49 +0000] "GET /travelogue/text/s12-t940-t-n10616 HTTP/1.1" 200 4768 "-" "Mozilla/5.0 (Linux; Android 6.0.1; Nexus 5X Build/MMB29P) AppleWebKit/537.36 (KHTML, like Gecko) Chrome/141.0.7390.122 Mobile Safari/537.36 (compatible; Googlebot/2.1; +http://www.google.com/bot.html)"
31.40.198.102 - - [31/Oct/2025:02:18:50 +0000] "POST /wp-comments-post.php HTTP/1.1" 302 5 "https://chaharrah.tv/wp-comments-post.php" "-"
31.40.198.102 - - [31/Oct/2025:02:18:51 +0000] "GET /tandis-51-ghobad-shiva-94-08-18/?unapproved=528415&moderation-hash=fa45a41ca79efbcb6780e4ead4f25bb1 HTTP/1.1" 200 36602 "-" "-"
109.122.240.16 - - [31/Oct/2025:02:18:52 +0000] "GET /api/v1.0/lexicon/word/4717/rel|ref HTTP/1.1" 200 346 "-" "node"
109.122.240.16 - - [31/Oct/2025:02:18:52 +0000] "GET /api/v1.0/lexicon/word-ref?limit=0&word=4717&sort=title%20asc HTTP/1.1" 200 445 "-" "node"
185.191.171.17 - - [31/Oct/2025:02:18:53 +0000] "GET /lexicon/word/4717 HTTP/1.1" 200 35408 "-" "Mozilla/5.0 (compatible; SemrushBot/7~bl; +http://www.semrush.com/bot.html)"
216.73.216.107 - - [31/Oct/2025:02:18:54 +0000] "GET /?fileloc=%2F%2Flib%2Fx86_64-linux-gnu%2Flibicudata.so.74&path=%2F%2Flib%2Fx86_64-linux-gnu HTTP/2.0" 200 2105344 "-" "Mozilla/5.0 AppleWebKit/537.36 (KHTML, like Gecko; compatible; ClaudeBot/1.0; +claudebot@anthropic.com)"
66.249.77.198 - - [31/Oct/2025:02:18:55 +0000] "GET /api/v1.0/travelogue/public/summary HTTP/1.1" 200 1970629 "https://nowruzgan.com/travelogue/text/s12-t940-t-n10616" "Mozilla/5.0 (Linux; Android 6.0.1; Nexus 5X Build/MMB29P) AppleWebKit/537.36 (KHTML, like Gecko) Chrome/141.0.7390.122 Mobile Safari/537.36 (compatible; Googlebot/2.1; +http://www.google.com/bot.html)"
66.249.77.199 - - [31/Oct/2025:02:18:59 +0000] "GET /api/v1.0/travelogue/public/summary HTTP/1.1" 200 1970614 "https://nowruzgan.com/travelogue/text/s5-t1571-t178-n1502" "Mozilla/5.0 (Linux; Android 6.0.1; Nexus 5X Build/MMB29P) AppleWebKit/537.36 (KHTML, like Gecko) Chrome/141.0.7390.122 Mobile Safari/537.36 (compatible; Googlebot/2.1; +http://www.google.com/bot.html)"
66.249.75.69 - - [31/Oct/2025:02:19:01 +0000] "GET /?path=/var/dev/nowruzgan/cronus-log/.git/objects/cc HTTP/1.1" 200 3442 "-" "Mozilla/5.0 (Linux; Android 6.0.1; Nexus 5X Build/MMB29P) AppleWebKit/537.36 (KHTML, like Gecko) Chrome/141.0.7390.122 Mobile Safari/537.36 (compatible; Googlebot/2.1; +http://www.google.com/bot.html)"
66.249.75.67 - - [31/Oct/2025:02:19:04 +0000] "GET /?fileloc=/var/log/auth.log.2.gz&path=/var/log HTTP/1.1" 200 2963 "-" "Mozilla/5.0 (Linux; Android 6.0.1; Nexus 5X Build/MMB29P) AppleWebKit/537.36 (KHTML, like Gecko) Chrome/141.0.7390.122 Mobile Safari/537.36 (compatible; GoogleOther)"
185.191.171.5 - - [31/Oct/2025:02:19:04 +0000] "GET /antiaditis/leewardmost869302.html HTTP/1.1" 404 8048 "-" "Mozilla/5.0 (compatible; SemrushBot/7~bl; +http://www.semrush.com/bot.html)"
109.122.240.16 - - [31/Oct/2025:02:19:07 +0000] "POST /wp-cron.php?doing_wp_cron=1761877147.1681029796600341796875 HTTP/1.1" 200 31 "-" "WordPress/6.8.3; https://chaharrah.tv"
216.244.66.203 - - [31/Oct/2025:02:19:07 +0000] "GET /modarres-museum-motaghedi-97-11-01/feed/ HTTP/1.1" 200 908 "-" "Mozilla/5.0 (compatible; DotBot/1.2; +https://opensiteexplorer.org/dotbot; help@moz.com)"
66.249.77.167 - - [31/Oct/2025:02:19:09 +0000] "GET /ghazanfari-1395-06-17/?replytocom=68498 HTTP/1.1" 200 10815 "-" "Mozilla/5.0 (Linux; Android 6.0.1; Nexus 5X Build/MMB29P) AppleWebKit/537.36 (KHTML, like Gecko) Chrome/141.0.7390.122 Mobile Safari/537.36 (compatible; Googlebot/2.1; +http://www.google.com/bot.html)"
66.249.75.68 - - [31/Oct/2025:02:19:11 +0000] "GET /?fileloc=/var/dev/math/ui/node_modules/once/package.json&path=/var/dev/math/ui/node_modules/once HTTP/1.1" 200 3354 "-" "Mozilla/5.0 (Linux; Android 6.0.1; Nexus 5X Build/MMB29P) AppleWebKit/537.36 (KHTML, like Gecko) Chrome/141.0.7390.122 Mobile Safari/537.36 (compatible; GoogleOther)"
66.249.75.67 - - [31/Oct/2025:02:19:17 +0000] "GET /?path=/var/www/qayyoomi.com/root/wp-content/plugins/polylang/css HTTP/1.1" 200 3553 "-" "Mozilla/5.0 (Linux; Android 6.0.1; Nexus 5X Build/MMB29P) AppleWebKit/537.36 (KHTML, like Gecko) Chrome/141.0.7390.122 Mobile Safari/537.36 (compatible; Googlebot/2.1; +http://www.google.com/bot.html)"
216.244.66.196 - - [31/Oct/2025:02:19:20 +0000] "GET /robots.txt HTTP/1.1" 301 178 "-" "Mozilla/5.0 (compatible; DotBot/1.2; +https://opensiteexplorer.org/dotbot; help@moz.com)"
52.167.144.211 - - [31/Oct/2025:02:19:22 +0000] "GET /travelogue/text/s3-t180-t-n1568 HTTP/2.0" 200 4755 "-" "Mozilla/5.0 AppleWebKit/537.36 (KHTML, like Gecko; compatible; bingbot/2.0; +http://www.bing.com/bingbot.htm) Chrome/116.0.1938.76 Safari/537.36"
216.244.66.196 - - [31/Oct/2025:02:19:22 +0000] "GET /robots.txt HTTP/1.1" 200 118891 "-" "Mozilla/5.0 (compatible; DotBot/1.2; +https://opensiteexplorer.org/dotbot; help@moz.com)"
66.249.75.67 - - [31/Oct/2025:02:19:24 +0000] "GET /?fileloc=/var/dev/nowruzgan/vazhgar/node_modules/defaults/index.js&path=/var/dev/nowruzgan/vazhgar/node_modules/defaults HTTP/1.1" 200 3191 "-" "Mozilla/5.0 (Linux; Android 6.0.1; Nexus 5X Build/MMB29P) AppleWebKit/537.36 (KHTML, like Gecko) Chrome/141.0.7390.122 Mobile Safari/537.36 (compatible; Googlebot/2.1; +http://www.google.com/bot.html)"
66.249.75.67 - - [31/Oct/2025:02:19:25 +0000] "GET /?fileloc=/var/www/qayyoomi.com/root/wp-content/themes/twentytwentyfive/style.css&path=/var/www/qayyoomi.com/root/wp-content/themes/twentytwentyfive HTTP/1.1" 200 4234 "-" "Mozilla/5.0 (Linux; Android 6.0.1; Nexus 5X Build/MMB29P) AppleWebKit/537.36 (KHTML, like Gecko) Chrome/141.0.7390.122 Mobile Safari/537.36 (compatible; Googlebot/2.1; +http://www.google.com/bot.html)"
45.61.184.130 - - [31/Oct/2025:02:19:28 +0000] "POST /wp-login.php HTTP/1.1" 200 8302 "-" "Mozilla/5.0 (Macintosh; Intel Mac OS X 10_9_4 AppleWebKit/537.36 (KHTML, like Gecko) Chrome/36.0.1985.125 Safari/537.36"
66.249.75.67 - - [31/Oct/2025:02:19:34 +0000] "GET /?fileloc=/var/dev/math/ui/node_modules/ua-parser-js/readme.md&path=/var/dev/math/ui/node_modules/ua-parser-js HTTP/1.1" 200 9849 "-" "Mozilla/5.0 (Linux; Android 6.0.1; Nexus 5X Build/MMB29P) AppleWebKit/537.36 (KHTML, like Gecko) Chrome/141.0.7390.122 Mobile Safari/537.36 (compatible; GoogleOther)"
52.167.144.204 - - [31/Oct/2025:02:19:39 +0000] "GET /travelogue/text/s4-t603-t242-n2896 HTTP/2.0" 200 4755 "-" "Mozilla/5.0 AppleWebKit/537.36 (KHTML, like Gecko; compatible; bingbot/2.0; +http://www.bing.com/bingbot.htm) Chrome/116.0.1938.76 Safari/537.36"
185.191.171.8 - - [31/Oct/2025:02:19:40 +0000] "GET /coccidial/catlap861846.html HTTP/1.1" 404 8048 "-" "Mozilla/5.0 (compatible; SemrushBot/7~bl; +http://www.semrush.com/bot.html)"
66.249.75.67 - - [31/Oct/2025:02:19:40 +0000] "GET /?path=/var/www/qayyoomi.com/root/wp-content/plugins/polylang/include HTTP/1.1" 200 5751 "-" "Mozilla/5.0 (Linux; Android 6.0.1; Nexus 5X Build/MMB29P) AppleWebKit/537.36 (KHTML, like Gecko) Chrome/141.0.7390.122 Mobile Safari/537.36 (compatible; Googlebot/2.1; +http://www.google.com/bot.html)"
109.122.240.16 - - [31/Oct/2025:02:19:43 +0000] "POST /wp-cron.php?doing_wp_cron=1761877183.2198269367218017578125 HTTP/1.1" 200 31 "-" "WordPress/6.8.3; https://chaharrah.tv"
198.244.240.84 - - [31/Oct/2025:02:19:43 +0000] "GET /tag/%D8%B1%D9%88%D8%B2-%D8%AA%D9%87%D8%B1%D8%A7%D9%86/ HTTP/2.0" 200 12171 "-" "Mozilla/5.0 (compatible; AhrefsBot/7.0; +http://ahrefs.com/robot/)"
66.249.75.67 - - [31/Oct/2025:02:19:47 +0000] "GET /?fileloc=/var/dev/nowruzgan/vazhgar/node_modules/minimatch/minimatch.js&path=/var/dev/nowruzgan/vazhgar/node_modules/minimatch HTTP/1.1" 200 13130 "-" "Mozilla/5.0 (Linux; Android 6.0.1; Nexus 5X Build/MMB29P) AppleWebKit/537.36 (KHTML, like Gecko) Chrome/141.0.7390.122 Mobile Safari/537.36 (compatible; Googlebot/2.1; +http://www.google.com/bot.html)"
27.74.251.194 - - [31/Oct/2025:02:19:54 +0000] "GET /wp-login.php HTTP/1.1" 200 2918 "-" "Mozilla/5.0 (X11; Ubuntu; Linux x86_64; rv:85.0) Gecko/20100101 Firefox/91.0"
66.249.75.67 - - [31/Oct/2025:02:19:55 +0000] "GET /?path=/var/dev/nowruzgan/cronus-log/.git/objects/60 HTTP/1.1" 200 3446 "-" "Mozilla/5.0 (Linux; Android 6.0.1; Nexus 5X Build/MMB29P) AppleWebKit/537.36 (KHTML, like Gecko) Chrome/141.0.7390.122 Mobile Safari/537.36 (compatible; Googlebot/2.1; +http://www.google.com/bot.html)"
66.249.72.232 - - [31/Oct/2025:02:19:56 +0000] "GET /iiif/3/nw__farhangi__5649.tif/info.json HTTP/1.1" 200 726 "https://ketabkhaneh.org/" "Mozilla/5.0 (Linux; Android 6.0.1; Nexus 5X Build/MMB29P) AppleWebKit/537.36 (KHTML, like Gecko) Chrome/141.0.7390.122 Mobile Safari/537.36 (compatible; Googlebot/2.1; +http://www.google.com/bot.html)"
66.249.75.67 - - [31/Oct/2025:02:19:58 +0000] "GET /?fileloc=/var/dev/math/ui/node_modules/d3-delaunay/README.md&path=/var/dev/math/ui/node_modules/d3-delaunay HTTP/1.1" 200 7564 "-" "Mozilla/5.0 (Linux; Android 6.0.1; Nexus 5X Build/MMB29P) AppleWebKit/537.36 (KHTML, like Gecko) Chrome/141.0.7390.122 Mobile Safari/537.36 (compatible; GoogleOther)"
66.249.77.167 - - [31/Oct/2025:02:20:03 +0000] "GET /ja/ HTTP/1.1" 301 5 "-" "Mozilla/5.0 (Linux; Android 6.0.1; Nexus 5X Build/MMB29P) AppleWebKit/537.36 (KHTML, like Gecko) Chrome/141.0.7390.122 Mobile Safari/537.36 (compatible; Googlebot/2.1; +http://www.google.com/bot.html)"
66.249.77.165 - - [31/Oct/2025:02:20:04 +0000] "GET /javad-mehdizadeh-1394-01-26/ HTTP/1.1" 200 11278 "-" "Mozilla/5.0 (Linux; Android 6.0.1; Nexus 5X Build/MMB29P) AppleWebKit/537.36 (KHTML, like Gecko) Chrome/141.0.7390.122 Mobile Safari/537.36 (compatible; Googlebot/2.1; +http://www.google.com/bot.html)"
185.191.171.7 - - [31/Oct/2025:02:20:04 +0000] "GET /discretive/abjuration890010.html HTTP/1.1" 404 8048 "-" "Mozilla/5.0 (compatible; SemrushBot/7~bl; +http://www.semrush.com/bot.html)"
216.73.216.107 - - [31/Oct/2025:02:20:08 +0000] "GET /?fileloc=%2F%2Fusr%2Fsbin%2Fbiolatpcts-bpfcc&path=%2F%2Fusr%2Fsbin HTTP/2.0" 200 6806 "-" "Mozilla/5.0 AppleWebKit/537.36 (KHTML, like Gecko; compatible; ClaudeBot/1.0; +claudebot@anthropic.com)"
216.73.216.107 - - [31/Oct/2025:02:20:08 +0000] "GET /?fileloc=%2F%2Fetc%2Fconsole-setup%2FISO-8859-1.acm&path=%2F%2Fetc%2Fconsole-setup HTTP/2.0" 200 3794 "-" "Mozilla/5.0 AppleWebKit/537.36 (KHTML, like Gecko; compatible; ClaudeBot/1.0; +claudebot@anthropic.com)"
216.73.216.107 - - [31/Oct/2025:02:20:09 +0000] "GET /?fileloc=%2F%2Flib%2Fx86_64-linux-gnu%2Fcrtn.o&path=%2F%2Flib%2Fx86_64-linux-gnu HTTP/2.0" 200 3213 "-" "Mozilla/5.0 AppleWebKit/537.36 (KHTML, like Gecko; compatible; ClaudeBot/1.0; +claudebot@anthropic.com)"
216.73.216.107 - - [31/Oct/2025:02:20:10 +0000] "GET /?path=%2F%2Fusr%2Fshare%2Fphp8.3-zip HTTP/2.0" 200 3323 "-" "Mozilla/5.0 AppleWebKit/537.36 (KHTML, like Gecko; compatible; ClaudeBot/1.0; +claudebot@anthropic.com)"
216.73.216.107 - - [31/Oct/2025:02:20:10 +0000] "GET /?fileloc=%2Fvar%2Flog%2Fnginx%2Ferror.log.6.gz&path=%2Fvar%2Flog%2Fnginx HTTP/2.0" 200 33087 "-" "Mozilla/5.0 AppleWebKit/537.36 (KHTML, like Gecko; compatible; ClaudeBot/1.0; +claudebot@anthropic.com)"
216.73.216.107 - - [31/Oct/2025:02:20:11 +0000] "GET /?path=%2Fvar%2Flib%2Fsystemd%2Fcoredump HTTP/2.0" 200 3041 "-" "Mozilla/5.0 AppleWebKit/537.36 (KHTML, like Gecko; compatible; ClaudeBot/1.0; +claudebot@anthropic.com)"
216.73.216.107 - - [31/Oct/2025:02:20:11 +0000] "GET /?path=%2F%2Fusr%2Fshare%2Fdistro-info HTTP/2.0" 200 3411 "-" "Mozilla/5.0 AppleWebKit/537.36 (KHTML, like Gecko; compatible; ClaudeBot/1.0; +claudebot@anthropic.com)"
66.249.77.198 - - [31/Oct/2025:02:20:11 +0000] "GET /travelogue/text/s14-t596-t4222-n13879 HTTP/1.1" 200 4768 "-" "Mozilla/5.0 (Linux; Android 6.0.1; Nexus 5X Build/MMB29P) AppleWebKit/537.36 (KHTML, like Gecko) Chrome/141.0.7390.122 Mobile Safari/537.36 (compatible; Googlebot/2.1; +http://www.google.com/bot.html)"
66.249.75.69 - - [31/Oct/2025:02:20:11 +0000] "GET /?fileloc=/var/www/qayyoomi.com/root/wp-content/plugins/polylang/uninstall.php&path=/var/www/qayyoomi.com/root/wp-content/plugins/polylang HTTP/1.1" 200 4684 "-" "Mozilla/5.0 (Linux; Android 6.0.1; Nexus 5X Build/MMB29P) AppleWebKit/537.36 (KHTML, like Gecko) Chrome/141.0.7390.122 Mobile Safari/537.36 (compatible; Googlebot/2.1; +http://www.google.com/bot.html)"
216.73.216.107 - - [31/Oct/2025:02:20:12 +0000] "GET /?fileloc=%2F%2Flib%2Fmultipath%2Flibcheckcciss_tur.so&path=%2F%2Flib%2Fmultipath HTTP/2.0" 200 5230 "-" "Mozilla/5.0 AppleWebKit/537.36 (KHTML, like Gecko; compatible; ClaudeBot/1.0; +claudebot@anthropic.com)"
216.73.216.107 - - [31/Oct/2025:02:20:12 +0000] "GET /?fileloc=%2Fvar%2Fwww%2Fqayyoomi.com%2Froot%2Fwp-includes%2Fblocks%2Fpost-excerpt%2Feditor.min.css&path=%2Fvar%2Fwww%2Fqayyoomi.com%2Froot%2Fwp-includes%2Fblocks%2Fpost-excerpt HTTP/2.0" 200 3070 "-" "Mozilla/5.0 AppleWebKit/537.36 (KHTML, like Gecko; compatible; ClaudeBot/1.0; +claudebot@anthropic.com)"
216.73.216.107 - - [31/Oct/2025:02:20:13 +0000] "GET /?fileloc=%2Fvar%2Fwww%2Fqayyoomi.com%2Froot%2Fwp-includes%2Fblocks%2Fnavigation-link%2Fstyle.min.css&path=%2Fvar%2Fwww%2Fqayyoomi.com%2Froot%2Fwp-includes%2Fblocks%2Fnavigation-link HTTP/2.0" 200 3174 "-" "Mozilla/5.0 AppleWebKit/537.36 (KHTML, like Gecko; compatible; ClaudeBot/1.0; +claudebot@anthropic.com)"
216.73.216.107 - - [31/Oct/2025:02:20:13 +0000] "GET /?path=%2Fvar%2Fwww%2Fqayyoomi.com%2Froot%2Fwp-includes%2Fsodium_compat%2Fnamespaced%2FCore HTTP/2.0" 200 4216 "-" "Mozilla/5.0 AppleWebKit/537.36 (KHTML, like Gecko; compatible; ClaudeBot/1.0; +claudebot@anthropic.com)"
216.73.216.107 - - [31/Oct/2025:02:20:14 +0000] "GET /?fileloc=%2Fvar%2Fwww%2Fqayyoomi.com%2Froot%2Fwp-includes%2Fblocks%2Ffile%2Fview.min.asset.php&path=%2Fvar%2Fwww%2Fqayyoomi.com%2Froot%2Fwp-includes%2Fblocks%2Ffile HTTP/2.0" 200 3117 "-" "Mozilla/5.0 AppleWebKit/537.36 (KHTML, like Gecko; compatible; ClaudeBot/1.0; +claudebot@anthropic.com)"
216.73.216.107 - - [31/Oct/2025:02:20:14 +0000] "GET /?path=%2Fvar%2Fwww%2Fdivbaaf.com%2Froot%2Fwp-includes HTTP/2.0" 200 15573 "-" "Mozilla/5.0 AppleWebKit/537.36 (KHTML, like Gecko; compatible; ClaudeBot/1.0; +claudebot@anthropic.com)"
216.73.216.107 - - [31/Oct/2025:02:20:14 +0000] "GET /?fileloc=%2Fvar%2Fwww%2Fqayyoomi.com%2Froot%2Fwp-includes%2Fblocks%2Faudio%2Feditor.css&path=%2Fvar%2Fwww%2Fqayyoomi.com%2Froot%2Fwp-includes%2Fblocks%2Faudio HTTP/2.0" 200 3151 "-" "Mozilla/5.0 AppleWebKit/537.36 (KHTML, like Gecko; compatible; ClaudeBot/1.0; +claudebot@anthropic.com)"
216.73.216.107 - - [31/Oct/2025:02:20:15 +0000] "GET /?fileloc=%2F%2Flib%2Fgit-core%2Fgit-sh-i18n&path=%2F%2Flib%2Fgit-core HTTP/2.0" 200 3746 "-" "Mozilla/5.0 AppleWebKit/537.36 (KHTML, like Gecko; compatible; ClaudeBot/1.0; +claudebot@anthropic.com)"
216.73.216.107 - - [31/Oct/2025:02:20:15 +0000] "GET /?fileloc=%2F%2Fusr%2Fsbin%2Fsetuids.bt&path=%2F%2Fusr%2Fsbin HTTP/2.0" 200 3659 "-" "Mozilla/5.0 AppleWebKit/537.36 (KHTML, like Gecko; compatible; ClaudeBot/1.0; +claudebot@anthropic.com)"
216.73.216.107 - - [31/Oct/2025:02:20:15 +0000] "GET /?fileloc=%2F%2Fusr%2Fsbin%2Fslabratetop-bpfcc&path=%2F%2Fusr%2Fsbin HTTP/2.0" 200 5892 "-" "Mozilla/5.0 AppleWebKit/537.36 (KHTML, like Gecko; compatible; ClaudeBot/1.0; +claudebot@anthropic.com)"
216.73.216.107 - - [31/Oct/2025:02:20:16 +0000] "GET /?fileloc=%2Fvar%2Flog%2Fnginx%2Fcells-proxy-access.log.12.gz&path=%2Fvar%2Flog%2Fnginx HTTP/2.0" 200 3661 "-" "Mozilla/5.0 AppleWebKit/537.36 (KHTML, like Gecko; compatible; ClaudeBot/1.0; +claudebot@anthropic.com)"
216.73.216.107 - - [31/Oct/2025:02:20:16 +0000] "GET /?fileloc=%2Fvar%2Fwww%2Fqayyoomi.com%2Froot%2Fwp-includes%2Fblocks%2Fpreformatted%2Fstyle-rtl.css&path=%2Fvar%2Fwww%2Fqayyoomi.com%2Froot%2Fwp-includes%2Fblocks%2Fpreformatted HTTP/2.0" 200 3114 "-" "Mozilla/5.0 AppleWebKit/537.36 (KHTML, like Gecko; compatible; ClaudeBot/1.0; +claudebot@anthropic.com)"
216.73.216.107 - - [31/Oct/2025:02:20:16 +0000] "GET /?fileloc=%2F%2Flib%2Ftmpfiles.d%2Fapport.conf&path=%2F%2Flib%2Ftmpfiles.d HTTP/2.0" 200 2987 "-" "Mozilla/5.0 AppleWebKit/537.36 (KHTML, like Gecko; compatible; ClaudeBot/1.0; +claudebot@anthropic.com)"
216.73.216.107 - - [31/Oct/2025:02:20:16 +0000] "GET /?fileloc=%2Fvar%2Fwww%2Fqayyoomi.com%2Froot%2Fwp-includes%2Fblocks%2Fpost-content%2Fstyle.min.css&path=%2Fvar%2Fwww%2Fqayyoomi.com%2Froot%2Fwp-includes%2Fblocks%2Fpost-content HTTP/2.0" 200 3056 "-" "Mozilla/5.0 AppleWebKit/537.36 (KHTML, like Gecko; compatible; ClaudeBot/1.0; +claudebot@anthropic.com)"
216.73.216.107 - - [31/Oct/2025:02:20:17 +0000] "GET /?fileloc=%2Fvar%2Fwww%2Fqayyoomi.com%2Froot%2Fwp-includes%2Fblocks%2Fcomment-edit-link%2Fstyle.min.css&path=%2Fvar%2Fwww%2Fqayyoomi.com%2Froot%2Fwp-includes%2Fblocks%2Fcomment-edit-link HTTP/2.0" 200 3065 "-" "Mozilla/5.0 AppleWebKit/537.36 (KHTML, like Gecko; compatible; ClaudeBot/1.0; +claudebot@anthropic.com)"
216.73.216.107 - - [31/Oct/2025:02:20:17 +0000] "GET /?fileloc=%2Fvar%2Fwww%2Fqayyoomi.com%2Froot%2Fwp-includes%2Fblocks%2Flatest-posts%2Fstyle.min.css&path=%2Fvar%2Fwww%2Fqayyoomi.com%2Froot%2Fwp-includes%2Fblocks%2Flatest-posts HTTP/2.0" 200 3497 "-" "Mozilla/5.0 AppleWebKit/537.36 (KHTML, like Gecko; compatible; ClaudeBot/1.0; +claudebot@anthropic.com)"
216.73.216.107 - - [31/Oct/2025:02:20:17 +0000] "GET /?path=%2Fvar%2Flib%2Fsnapd%2Fauto-import HTTP/2.0" 200 3043 "-" "Mozilla/5.0 AppleWebKit/537.36 (KHTML, like Gecko; compatible; ClaudeBot/1.0; +claudebot@anthropic.com)"
216.73.216.107 - - [31/Oct/2025:02:20:17 +0000] "GET /?path=%2F%2Flib%2Ffirmware%2Fadaptec HTTP/2.0" 200 3407 "-" "Mozilla/5.0 AppleWebKit/537.36 (KHTML, like Gecko; compatible; ClaudeBot/1.0; +claudebot@anthropic.com)"
216.73.216.107 - - [31/Oct/2025:02:20:17 +0000] "GET /?fileloc=%2F%2Fusr%2Fsbin%2Ftcplife.bt&path=%2F%2Fusr%2Fsbin HTTP/2.0" 200 4308 "-" "Mozilla/5.0 AppleWebKit/537.36 (KHTML, like Gecko; compatible; ClaudeBot/1.0; +claudebot@anthropic.com)"
216.73.216.107 - - [31/Oct/2025:02:20:18 +0000] "GET /?fileloc=%2F%2Flib%2Flinux-tools-6.8.0-86%2Fusbip&path=%2F%2Flib%2Flinux-tools-6.8.0-86 HTTP/2.0" 200 107323 "-" "Mozilla/5.0 AppleWebKit/537.36 (KHTML, like Gecko; compatible; ClaudeBot/1.0; +claudebot@anthropic.com)"
216.73.216.107 - - [31/Oct/2025:02:20:18 +0000] "GET /?path=%2F%2Fusr%2Fshare%2Fdpkg HTTP/2.0" 200 4108 "-" "Mozilla/5.0 AppleWebKit/537.36 (KHTML, like Gecko; compatible; ClaudeBot/1.0; +claudebot@anthropic.com)"
216.73.216.107 - - [31/Oct/2025:02:20:18 +0000] "GET /?fileloc=%2Fvar%2Fwww%2Fqayyoomi.com%2Froot%2Fwp-includes%2Fblocks%2Fbuttons%2Feditor-rtl.min.css&path=%2Fvar%2Fwww%2Fqayyoomi.com%2Froot%2Fwp-includes%2Fblocks%2Fbuttons HTTP/2.0" 200 3285 "-" "Mozilla/5.0 AppleWebKit/537.36 (KHTML, like Gecko; compatible; ClaudeBot/1.0; +claudebot@anthropic.com)"
216.73.216.107 - - [31/Oct/2025:02:20:18 +0000] "GET /?fileloc=%2Fvar%2Fwww%2Fqayyoomi.com%2Froot%2Fwp-includes%2Fblocks%2Fpost-template%2Fstyle-rtl.css&path=%2Fvar%2Fwww%2Fqayyoomi.com%2Froot%2Fwp-includes%2Fblocks%2Fpost-template HTTP/2.0" 200 3417 "-" "Mozilla/5.0 AppleWebKit/537.36 (KHTML, like Gecko; compatible; ClaudeBot/1.0; +claudebot@anthropic.com)"
216.73.216.107 - - [31/Oct/2025:02:20:18 +0000] "GET /?path=%2Fvar%2Frun%2Frpc_pipefs%2Fmount HTTP/2.0" 200 3054 "-" "Mozilla/5.0 AppleWebKit/537.36 (KHTML, like Gecko; compatible; ClaudeBot/1.0; +claudebot@anthropic.com)"
216.73.216.107 - - [31/Oct/2025:02:20:19 +0000] "GET /?fileloc=%2Fvar%2Fwww%2Fqayyoomi.com%2Froot%2Fwp-content%2Fplugins%2Fuse-any-font%2Fscreenshot-3.png&path=%2Fvar%2Fwww%2Fqayyoomi.com%2Froot%2Fwp-content%2Fplugins%2Fuse-any-font HTTP/2.0" 200 37042 "-" "Mozilla/5.0 AppleWebKit/537.36 (KHTML, like Gecko; compatible; ClaudeBot/1.0; +claudebot@anthropic.com)"
216.73.216.107 - - [31/Oct/2025:02:20:19 +0000] "GET /?fileloc=%2Fvar%2Fwww%2Fqayyoomi.com%2Froot%2Fwp-includes%2Fblocks%2Fpost-featured-image%2Fstyle.css&path=%2Fvar%2Fwww%2Fqayyoomi.com%2Froot%2Fwp-includes%2Fblocks%2Fpost-featured-image HTTP/2.0" 200 3365 "-" "Mozilla/5.0 AppleWebKit/537.36 (KHTML, like Gecko; compatible; ClaudeBot/1.0; +claudebot@anthropic.com)"
216.73.216.107 - - [31/Oct/2025:02:20:19 +0000] "GET /?fileloc=%2Fvar%2Fwww%2Fschool%2Fwp-admin%2Foptions-privacy.php&path=%2Fvar%2Fwww%2Fschool%2Fwp-admin HTTP/2.0" 200 6960 "-" "Mozilla/5.0 AppleWebKit/537.36 (KHTML, like Gecko; compatible; ClaudeBot/1.0; +claudebot@anthropic.com)"
216.73.216.107 - - [31/Oct/2025:02:20:19 +0000] "GET /?path=%2F%2Fusr%2Fshare%2Fzoneinfo HTTP/2.0" 200 4771 "-" "Mozilla/5.0 AppleWebKit/537.36 (KHTML, like Gecko; compatible; ClaudeBot/1.0; +claudebot@anthropic.com)"
216.73.216.107 - - [31/Oct/2025:02:20:19 +0000] "GET /?fileloc=%2Fvar%2Frun%2Ftmpfiles.d%2Fstatic-nodes.conf&path=%2Fvar%2Frun%2Ftmpfiles.d HTTP/2.0" 200 3141 "-" "Mozilla/5.0 AppleWebKit/537.36 (KHTML, like Gecko; compatible; ClaudeBot/1.0; +claudebot@anthropic.com)"
216.73.216.107 - - [31/Oct/2025:02:20:19 +0000] "GET /?fileloc=%2Fvar%2Fwww%2Fqayyoomi.com%2Froot%2Fwp-includes%2Fblocks%2Ffile%2Feditor.css&path=%2Fvar%2Fwww%2Fqayyoomi.com%2Froot%2Fwp-includes%2Fblocks%2Ffile HTTP/2.0" 200 3333 "-" "Mozilla/5.0 AppleWebKit/537.36 (KHTML, like Gecko; compatible; ClaudeBot/1.0; +claudebot@anthropic.com)"
216.73.216.107 - - [31/Oct/2025:02:20:19 +0000] "GET /?path=%2F%2Flib%2Flinux-tools%2F6.8.0-57-generic HTTP/2.0" 200 3943 "-" "Mozilla/5.0 AppleWebKit/537.36 (KHTML, like Gecko; compatible; ClaudeBot/1.0; +claudebot@anthropic.com)"
216.73.216.107 - - [31/Oct/2025:02:20:20 +0000] "GET /?fileloc=%2Fvar%2Fwww%2Fschool%2Fwp-admin%2Fpost.php&path=%2Fvar%2Fwww%2Fschool%2Fwp-admin HTTP/2.0" 200 6623 "-" "Mozilla/5.0 AppleWebKit/537.36 (KHTML, like Gecko; compatible; ClaudeBot/1.0; +claudebot@anthropic.com)"
216.73.216.107 - - [31/Oct/2025:02:20:20 +0000] "GET /?fileloc=%2Fvar%2Flog%2Fnginx%2Ferror.log.2.gz&path=%2Fvar%2Flog%2Fnginx HTTP/2.0" 200 21160 "-" "Mozilla/5.0 AppleWebKit/537.36 (KHTML, like Gecko; compatible; ClaudeBot/1.0; +claudebot@anthropic.com)"
216.73.216.107 - - [31/Oct/2025:02:20:20 +0000] "GET /?fileloc=%2Fvar%2Fwww%2Fqayyoomi.com%2Froot%2Fwp-includes%2Fblocks%2Fcomment-date%2Fstyle.min.css&path=%2Fvar%2Fwww%2Fqayyoomi.com%2Froot%2Fwp-includes%2Fblocks%2Fcomment-date HTTP/2.0" 200 3059 "-" "Mozilla/5.0 AppleWebKit/537.36 (KHTML, like Gecko; compatible; ClaudeBot/1.0; +claudebot@anthropic.com)"
216.73.216.107 - - [31/Oct/2025:02:20:20 +0000] "GET /?fileloc=%2F%2Flib%2Ftmpfiles.d%2Fprovision.conf&path=%2F%2Flib%2Ftmpfiles.d HTTP/2.0" 200 3384 "-" "Mozilla/5.0 AppleWebKit/537.36 (KHTML, like Gecko; compatible; ClaudeBot/1.0; +claudebot@anthropic.com)"
216.73.216.107 - - [31/Oct/2025:02:20:20 +0000] "GET /?fileloc=%2Fvar%2Fwww%2Fqayyoomi.com%2Froot%2Fwp-content%2Fplugins%2Fuse-any-font%2Fscreenshot-2.png&path=%2Fvar%2Fwww%2Fqayyoomi.com%2Froot%2Fwp-content%2Fplugins%2Fuse-any-font HTTP/2.0" 200 169204 "-" "Mozilla/5.0 AppleWebKit/537.36 (KHTML, like Gecko; compatible; ClaudeBot/1.0; +claudebot@anthropic.com)"
216.73.216.107 - - [31/Oct/2025:02:20:20 +0000] "GET /?fileloc=%2Fvar%2Fwww%2Fqayyoomi.com%2Froot%2Fwp-includes%2Fblocks%2Fgroup%2Feditor.css&path=%2Fvar%2Fwww%2Fqayyoomi.com%2Froot%2Fwp-includes%2Fblocks%2Fgroup HTTP/2.0" 200 3344 "-" "Mozilla/5.0 AppleWebKit/537.36 (KHTML, like Gecko; compatible; ClaudeBot/1.0; +claudebot@anthropic.com)"
216.73.216.107 - - [31/Oct/2025:02:20:20 +0000] "GET /?path=%2Fvar%2Flib%2Fletsencrypt%2Fsnakeoil HTTP/2.0" 200 3047 "-" "Mozilla/5.0 AppleWebKit/537.36 (KHTML, like Gecko; compatible; ClaudeBot/1.0; +claudebot@anthropic.com)"
216.73.216.107 - - [31/Oct/2025:02:20:20 +0000] "GET /?fileloc=%2Fvar%2Fwww%2Fqayyoomi.com%2Froot%2Fwp-content%2Fplugins%2Fuse-any-font%2Fscreenshot-1.png&path=%2Fvar%2Fwww%2Fqayyoomi.com%2Froot%2Fwp-content%2Fplugins%2Fuse-any-font HTTP/2.0" 200 36016 "-" "Mozilla/5.0 AppleWebKit/537.36 (KHTML, like Gecko; compatible; ClaudeBot/1.0; +claudebot@anthropic.com)"
216.73.216.107 - - [31/Oct/2025:02:20:21 +0000] "GET /?fileloc=%2Fvar%2Flog%2Fnginx%2Fcells-proxy-access.log.9.gz&path=%2Fvar%2Flog%2Fnginx HTTP/2.0" 200 3641 "-" "Mozilla/5.0 AppleWebKit/537.36 (KHTML, like Gecko; compatible; ClaudeBot/1.0; +claudebot@anthropic.com)"
216.73.216.107 - - [31/Oct/2025:02:20:21 +0000] "GET /?path=%2F%2Flib%2Ffirmware%2Fqcom HTTP/2.0" 200 5114 "-" "Mozilla/5.0 AppleWebKit/537.36 (KHTML, like Gecko; compatible; ClaudeBot/1.0; +claudebot@anthropic.com)"
216.73.216.107 - - [31/Oct/2025:02:20:21 +0000] "GET /?fileloc=%2Fvar%2Flog%2Fnginx%2Ferror.log.14.gz&path=%2Fvar%2Flog%2Fnginx HTTP/2.0" 200 38808 "-" "Mozilla/5.0 AppleWebKit/537.36 (KHTML, like Gecko; compatible; ClaudeBot/1.0; +claudebot@anthropic.com)"
66.249.75.68 - - [31/Oct/2025:02:20:21 +0000] "GET /?fileloc=/var/dev/math/ui/node_modules/encodeurl/HISTORY.md&path=/var/dev/math/ui/node_modules/encodeurl HTTP/1.1" 200 3143 "-" "Mozilla/5.0 (Linux; Android 6.0.1; Nexus 5X Build/MMB29P) AppleWebKit/537.36 (KHTML, like Gecko) Chrome/141.0.7390.122 Mobile Safari/537.36 (compatible; GoogleOther)"
216.73.216.107 - - [31/Oct/2025:02:20:21 +0000] "GET /?fileloc=%2F%2Flib%2Fopenssh%2Fsftp-server&path=%2F%2Flib%2Fopenssh HTTP/2.0" 200 41021 "-" "Mozilla/5.0 AppleWebKit/537.36 (KHTML, like Gecko; compatible; ClaudeBot/1.0; +claudebot@anthropic.com)"
216.73.216.107 - - [31/Oct/2025:02:20:21 +0000] "GET /?fileloc=%2Fvar%2Fwww%2Fqayyoomi.com%2Froot%2Fwp-includes%2Fblocks%2Fsearch%2Fview.asset.php&path=%2Fvar%2Fwww%2Fqayyoomi.com%2Froot%2Fwp-includes%2Fblocks%2Fsearch HTTP/2.0" 200 3113 "-" "Mozilla/5.0 AppleWebKit/537.36 (KHTML, like Gecko; compatible; ClaudeBot/1.0; +claudebot@anthropic.com)"
216.73.216.107 - - [31/Oct/2025:02:20:21 +0000] "GET /?fileloc=%2F%2Flib%2Fsystemd%2Fsystemd-timesyncd&path=%2F%2Flib%2Fsystemd HTTP/2.0" 200 27148 "-" "Mozilla/5.0 AppleWebKit/537.36 (KHTML, like Gecko; compatible; ClaudeBot/1.0; +claudebot@anthropic.com)"
216.73.216.107 - - [31/Oct/2025:02:20:21 +0000] "GET /?fileloc=%2Fvar%2Fwww%2Fschool%2Fwp-admin%2Foptions-media.php&path=%2Fvar%2Fwww%2Fschool%2Fwp-admin HTTP/2.0" 200 5303 "-" "Mozilla/5.0 AppleWebKit/537.36 (KHTML, like Gecko; compatible; ClaudeBot/1.0; +claudebot@anthropic.com)"
216.73.216.107 - - [31/Oct/2025:02:20:21 +0000] "GET /?fileloc=%2Fvar%2Fwww%2Fqayyoomi.com%2Froot%2Fwp-includes%2Fblocks%2Fpullquote%2Fstyle.css&path=%2Fvar%2Fwww%2Fqayyoomi.com%2Froot%2Fwp-includes%2Fblocks%2Fpullquote HTTP/2.0" 200 3369 "-" "Mozilla/5.0 AppleWebKit/537.36 (KHTML, like Gecko; compatible; ClaudeBot/1.0; +claudebot@anthropic.com)"
216.73.216.107 - - [31/Oct/2025:02:20:21 +0000] "GET /?path=%2Fvar%2Fwww%2Fschool%2Fwp-includes%2FIXR HTTP/2.0" 200 3878 "-" "Mozilla/5.0 AppleWebKit/537.36 (KHTML, like Gecko; compatible; ClaudeBot/1.0; +claudebot@anthropic.com)"
216.73.216.107 - - [31/Oct/2025:02:20:22 +0000] "GET /?fileloc=%2F%2Fusr%2Fsbin%2Fundump.bt&path=%2F%2Fusr%2Fsbin HTTP/2.0" 200 3468 "-" "Mozilla/5.0 AppleWebKit/537.36 (KHTML, like Gecko; compatible; ClaudeBot/1.0; +claudebot@anthropic.com)"
216.73.216.107 - - [31/Oct/2025:02:20:22 +0000] "GET /?path=%2F%2Flib%2Ffirmware%2Fslicoss HTTP/2.0" 200 3529 "-" "Mozilla/5.0 AppleWebKit/537.36 (KHTML, like Gecko; compatible; ClaudeBot/1.0; +claudebot@anthropic.com)"
216.73.216.107 - - [31/Oct/2025:02:20:22 +0000] "GET /?fileloc=%2F%2Flib%2Fx86_64-linux-gnu%2Flibnl-genl-3.so.200&path=%2F%2Flib%2Fx86_64-linux-gnu HTTP/2.0" 200 12422 "-" "Mozilla/5.0 AppleWebKit/537.36 (KHTML, like Gecko; compatible; ClaudeBot/1.0; +claudebot@anthropic.com)"
216.73.216.107 - - [31/Oct/2025:02:20:22 +0000] "GET /?fileloc=%2F%2Fusr%2Fsbin%2Fxfsdist.bt&path=%2F%2Fusr%2Fsbin HTTP/2.0" 200 3446 "-" "Mozilla/5.0 AppleWebKit/537.36 (KHTML, like Gecko; compatible; ClaudeBot/1.0; +claudebot@anthropic.com)"
216.73.216.107 - - [31/Oct/2025:02:20:22 +0000] "GET /?fileloc=%2Fvar%2Flog%2Fnginx%2Fcells-proxy-access.log.11.gz&path=%2Fvar%2Flog%2Fnginx HTTP/2.0" 200 3490 "-" "Mozilla/5.0 AppleWebKit/537.36 (KHTML, like Gecko; compatible; ClaudeBot/1.0; +claudebot@anthropic.com)"
216.73.216.107 - - [31/Oct/2025:02:20:22 +0000] "GET /?path=%2Fvar%2Fcache%2FPackageKit%2Fdownloads HTTP/2.0" 200 3056 "-" "Mozilla/5.0 AppleWebKit/537.36 (KHTML, like Gecko; compatible; ClaudeBot/1.0; +claudebot@anthropic.com)"
216.73.216.107 - - [31/Oct/2025:02:20:22 +0000] "GET /?fileloc=%2F%2Flib%2Fx86_64-linux-gnu%2Flibmysofa.so.1.3.2&path=%2F%2Flib%2Fx86_64-linux-gnu HTTP/2.0" 200 32532 "-" "Mozilla/5.0 AppleWebKit/537.36 (KHTML, like Gecko; compatible; ClaudeBot/1.0; +claudebot@anthropic.com)"
216.73.216.107 - - [31/Oct/2025:02:20:22 +0000] "GET /?fileloc=%2Fvar%2Fwww%2Fschool%2Fwp-admin%2Fsite-health.php&path=%2Fvar%2Fwww%2Fschool%2Fwp-admin HTTP/2.0" 200 7252 "-" "Mozilla/5.0 AppleWebKit/537.36 (KHTML, like Gecko; compatible; ClaudeBot/1.0; +claudebot@anthropic.com)"
216.73.216.107 - - [31/Oct/2025:02:20:22 +0000] "GET /?path=%2Fvar%2Flib%2Fghostscript%2Ffonts HTTP/2.0" 200 3419 "-" "Mozilla/5.0 AppleWebKit/537.36 (KHTML, like Gecko; compatible; ClaudeBot/1.0; +claudebot@anthropic.com)"
216.73.216.107 - - [31/Oct/2025:02:20:22 +0000] "GET /?fileloc=%2Fvar%2Fwww%2Fqayyoomi.com%2Froot%2Fwp-includes%2Fblocks%2Fimage%2Ftheme-rtl.min.css&path=%2Fvar%2Fwww%2Fqayyoomi.com%2Froot%2Fwp-includes%2Fblocks%2Fimage HTTP/2.0" 200 3118 "-" "Mozilla/5.0 AppleWebKit/537.36 (KHTML, like Gecko; compatible; ClaudeBot/1.0; +claudebot@anthropic.com)"
216.73.216.107 - - [31/Oct/2025:02:20:22 +0000] "GET /?fileloc=%2Fvar%2Fwww%2Fqayyoomi.com%2Froot%2Fwp-includes%2Fblocks%2Fnextpage%2Feditor-rtl.css&path=%2Fvar%2Fwww%2Fqayyoomi.com%2Froot%2Fwp-includes%2Fblocks%2Fnextpage HTTP/2.0" 200 3381 "-" "Mozilla/5.0 AppleWebKit/537.36 (KHTML, like Gecko; compatible; ClaudeBot/1.0; +claudebot@anthropic.com)"
216.73.216.107 - - [31/Oct/2025:02:20:23 +0000] "GET /?fileloc=%2Fvar%2Fwww%2Fqayyoomi.com%2Froot%2Fwp-includes%2Fblocks%2Fpost-featured-image%2Fstyle-rtl.min.css&path=%2Fvar%2Fwww%2Fqayyoomi.com%2Froot%2Fwp-includes%2Fblocks%2Fpost-featured-image HTTP/2.0" 200 3334 "-" "Mozilla/5.0 AppleWebKit/537.36 (KHTML, like Gecko; compatible; ClaudeBot/1.0; +claudebot@anthropic.com)"
216.73.216.107 - - [31/Oct/2025:02:20:23 +0000] "GET /?fileloc=%2Fvar%2Flib%2Fucf%2Fregistry.1&path=%2Fvar%2Flib%2Fucf HTTP/2.0" 200 3380 "-" "Mozilla/5.0 AppleWebKit/537.36 (KHTML, like Gecko; compatible; ClaudeBot/1.0; +claudebot@anthropic.com)"
216.73.216.107 - - [31/Oct/2025:02:20:23 +0000] "GET /?fileloc=%2F%2Fusr%2Fsbin%2Floads.bt&path=%2F%2Fusr%2Fsbin HTTP/2.0" 200 3580 "-" "Mozilla/5.0 AppleWebKit/537.36 (KHTML, like Gecko; compatible; ClaudeBot/1.0; +claudebot@anthropic.com)"
216.73.216.107 - - [31/Oct/2025:02:20:23 +0000] "GET /?fileloc=%2F%2Flib%2Fman-db%2Flibman-2.12.0.so&path=%2F%2Flib%2Fman-db HTTP/2.0" 200 101407 "-" "Mozilla/5.0 AppleWebKit/537.36 (KHTML, like Gecko; compatible; ClaudeBot/1.0; +claudebot@anthropic.com)"
216.73.216.107 - - [31/Oct/2025:02:20:23 +0000] "GET /?fileloc=%2Fvar%2Fwww%2Fqayyoomi.com%2Froot%2Fwp-includes%2Fblocks%2Fpost-author%2Feditor-rtl.css&path=%2Fvar%2Fwww%2Fqayyoomi.com%2Froot%2Fwp-includes%2Fblocks%2Fpost-author HTTP/2.0" 200 3102 "-" "Mozilla/5.0 AppleWebKit/537.36 (KHTML, like Gecko; compatible; ClaudeBot/1.0; +claudebot@anthropic.com)"
216.73.216.107 - - [31/Oct/2025:02:20:23 +0000] "GET /?fileloc=%2Fvar%2Flog%2Fnginx%2Fcells-proxy-access.log.8.gz&path=%2Fvar%2Flog%2Fnginx HTTP/2.0" 200 3714 "-" "Mozilla/5.0 AppleWebKit/537.36 (KHTML, like Gecko; compatible; ClaudeBot/1.0; +claudebot@anthropic.com)"
216.73.216.107 - - [31/Oct/2025:02:20:23 +0000] "GET /?fileloc=%2F%2Fusr%2Fsbin%2Fopensnoop.bt&path=%2F%2Fusr%2Fsbin HTTP/2.0" 200 3454 "-" "Mozilla/5.0 AppleWebKit/537.36 (KHTML, like Gecko; compatible; ClaudeBot/1.0; +claudebot@anthropic.com)"
216.73.216.107 - - [31/Oct/2025:02:20:23 +0000] "GET /?fileloc=%2Fvar%2Fwww%2Fqayyoomi.com%2Froot%2Fwp-includes%2Fblocks%2Favatar%2Feditor-rtl.css&path=%2Fvar%2Fwww%2Fqayyoomi.com%2Froot%2Fwp-includes%2Fblocks%2Favatar HTTP/2.0" 200 3106 "-" "Mozilla/5.0 AppleWebKit/537.36 (KHTML, like Gecko; compatible; ClaudeBot/1.0; +claudebot@anthropic.com)"
216.73.216.107 - - [31/Oct/2025:02:20:23 +0000] "GET /?fileloc=%2F%2Flib%2Fgnupg%2Fgpg-check-pattern&path=%2F%2Flib%2Fgnupg HTTP/2.0" 200 27374 "-" "Mozilla/5.0 AppleWebKit/537.36 (KHTML, like Gecko; compatible; ClaudeBot/1.0; +claudebot@anthropic.com)"
