66.249.75.67 - - [31/Oct/2025:00:43:41 +0000] "GET /?path=/var/dev/nowruzgan/vazhgar/node_modules/karma-coverage/lib HTTP/1.1" 200 3795 "-" "Mozilla/5.0 (Linux; Android 6.0.1; Nexus 5X Build/MMB29P) AppleWebKit/537.36 (KHTML, like Gecko) Chrome/141.0.7390.122 Mobile Safari/537.36 (compatible; Googlebot/2.1; +http://www.google.com/bot.html)"
104.210.140.128 - - [31/Oct/2025:00:43:47 +0000] "GET /robots.txt HTTP/2.0" 404 185 "-" "Mozilla/5.0 (Macintosh; Intel Mac OS X 10_15_7) AppleWebKit/537.36 (KHTML, like Gecko) Chrome/131.0.0.0 Safari/537.36; compatible; OAI-SearchBot/1.0; +https://openai.com/searchbot"
104.210.140.134 - - [31/Oct/2025:00:43:48 +0000] "GET /robots.txt HTTP/1.1" 301 178 "-" "Mozilla/5.0 (Macintosh; Intel Mac OS X 10_15_7) AppleWebKit/537.36 (KHTML, like Gecko) Chrome/131.0.0.0 Safari/537.36; compatible; OAI-SearchBot/1.0; +https://openai.com/searchbot"
104.210.140.128 - - [31/Oct/2025:00:43:48 +0000] "GET /robots.txt HTTP/2.0" 404 185 "-" "Mozilla/5.0 (Macintosh; Intel Mac OS X 10_15_7) AppleWebKit/537.36 (KHTML, like Gecko) Chrome/131.0.0.0 Safari/537.36; compatible; OAI-SearchBot/1.0; +https://openai.com/searchbot"
40.77.167.38 - - [31/Oct/2025:00:43:58 +0000] "GET /travelogue/text/s4-t242-t-n2953 HTTP/2.0" 200 4755 "-" "Mozilla/5.0 AppleWebKit/537.36 (KHTML, like Gecko; compatible; bingbot/2.0; +http://www.bing.com/bingbot.htm) Chrome/116.0.1938.76 Safari/537.36"
51.195.183.149 - - [31/Oct/2025:00:44:07 +0000] "GET /tag/%D9%86%DA%AF%D8%A7%D8%B1%D8%B3%D8%AA%D8%A7%D9%86/ HTTP/2.0" 200 12907 "-" "Mozilla/5.0 (compatible; AhrefsBot/7.0; +http://ahrefs.com/robot/)"
109.122.240.16 - - [31/Oct/2025:00:44:09 +0000] "POST /wp-cron.php?doing_wp_cron=1761871448.9434831142425537109375 HTTP/1.1" 200 31 "-" "WordPress/6.8.3; https://chaharrah.tv"
74.113.250.38 - - [31/Oct/2025:00:44:09 +0000] "GET /wp-login.php HTTP/1.1" 200 3496 "-" "Mozilla/5.0 (X11; Ubuntu; Linux x86_64; rv:85.0) Gecko/20100101 Firefox/91.0"
74.113.250.38 - - [31/Oct/2025:00:44:10 +0000] "POST /wp-login.php HTTP/1.1" 200 3654 "-" "Mozilla/5.0 (X11; Ubuntu; Linux x86_64; rv:85.0) Gecko/20100101 Firefox/91.0"
66.249.75.68 - - [31/Oct/2025:00:44:17 +0000] "GET /?path=/var/dev/nowruzgan/vazhgar/node_modules/karma-coverage/docs HTTP/1.1" 200 3436 "-" "Mozilla/5.0 (Linux; Android 6.0.1; Nexus 5X Build/MMB29P) AppleWebKit/537.36 (KHTML, like Gecko) Chrome/141.0.7390.122 Mobile Safari/537.36 (compatible; Googlebot/2.1; +http://www.google.com/bot.html)"
52.167.144.150 - - [31/Oct/2025:00:44:22 +0000] "GET /travelogue/text/s4-t1804-t-n2087 HTTP/2.0" 200 4755 "-" "Mozilla/5.0 AppleWebKit/537.36 (KHTML, like Gecko; compatible; bingbot/2.0; +http://www.bing.com/bingbot.htm) Chrome/116.0.1938.76 Safari/537.36"
109.122.240.16 - - [31/Oct/2025:00:44:23 +0000] "GET /api/v1.0/lexicon/word/18315/rel|ref HTTP/1.1" 200 481 "-" "node"
109.122.240.16 - - [31/Oct/2025:00:44:23 +0000] "GET /api/v1.0/lexicon/word-ref?limit=0&word=18315&sort=title%20asc HTTP/1.1" 200 665 "-" "node"
109.122.240.16 - - [31/Oct/2025:00:44:23 +0000] "GET /api/v1.0/lexicon/word/?sortable=lane&lang=en HTTP/1.1" 200 788 "-" "node"
109.122.240.16 - - [31/Oct/2025:00:44:23 +0000] "GET /api/v1.0/lexicon/word/18313/rel|ref HTTP/1.1" 200 961 "-" "node"
109.122.240.16 - - [31/Oct/2025:00:44:23 +0000] "GET /api/v1.0/lexicon/word-ref?limit=0&word=18313&sort=title%20asc HTTP/1.1" 200 562 "-" "node"
109.122.240.16 - - [31/Oct/2025:00:44:23 +0000] "GET /api/v1.0/lexicon/word/18319/rel|ref HTTP/1.1" 200 408 "-" "node"
109.122.240.16 - - [31/Oct/2025:00:44:23 +0000] "GET /api/v1.0/lexicon/word-ref?limit=0&word=18319&sort=title%20asc HTTP/1.1" 200 576 "-" "node"
109.122.240.16 - - [31/Oct/2025:00:44:23 +0000] "GET /api/v1.0/lexicon/word/18321/rel|ref HTTP/1.1" 200 552 "-" "node"
109.122.240.16 - - [31/Oct/2025:00:44:23 +0000] "GET /api/v1.0/lexicon/word-ref?limit=0&word=18321&sort=title%20asc HTTP/1.1" 200 587 "-" "node"
109.122.240.16 - - [31/Oct/2025:00:44:23 +0000] "GET /api/v1.0/lexicon/word/18322/rel|ref HTTP/1.1" 200 491 "-" "node"
109.122.240.16 - - [31/Oct/2025:00:44:23 +0000] "GET /api/v1.0/lexicon/word-ref?limit=0&word=18322&sort=title%20asc HTTP/1.1" 200 554 "-" "node"
66.249.75.68 - - [31/Oct/2025:00:44:24 +0000] "GET /?path=/var/dev/math/ui/node_modules/resolve HTTP/1.1" 200 4107 "-" "Mozilla/5.0 (Linux; Android 6.0.1; Nexus 5X Build/MMB29P) AppleWebKit/537.36 (KHTML, like Gecko) Chrome/141.0.7390.122 Mobile Safari/537.36 (compatible; GoogleOther)"
95.108.213.122 - - [31/Oct/2025:00:44:25 +0000] "GET /lexicon/word/18315 HTTP/1.1" 200 37515 "-" "Mozilla/5.0 (compatible; YandexBot/3.0; +http://yandex.com/bots)"
109.122.240.16 - - [31/Oct/2025:00:44:25 +0000] "GET /api/v1.0/lexicon/word/16240/rel|ref HTTP/1.1" 200 809 "-" "node"
109.122.240.16 - - [31/Oct/2025:00:44:25 +0000] "GET /api/v1.0/lexicon/word-ref?limit=0&word=16240&sort=title%20asc HTTP/1.1" 200 502 "-" "node"
192.178.6.70 - - [31/Oct/2025:00:44:26 +0000] "GET /lexicon/word/16240 HTTP/1.1" 200 35234 "-" "Mozilla/5.0 (Linux; Android 6.0.1; Nexus 5X Build/MMB29P) AppleWebKit/537.36 (KHTML, like Gecko) Chrome/141.0.7390.122 Mobile Safari/537.36 (compatible; Googlebot/2.1; +http://www.google.com/bot.html)"
109.122.240.16 - - [31/Oct/2025:00:44:27 +0000] "GET /api/v1.0/lexicon/word/14940/rel|ref HTTP/1.1" 200 639 "-" "node"
109.122.240.16 - - [31/Oct/2025:00:44:27 +0000] "GET /api/v1.0/lexicon/word-ref?limit=0&word=14940&sort=title%20asc HTTP/1.1" 200 264 "-" "node"
87.250.224.134 - - [31/Oct/2025:00:44:28 +0000] "GET /lexicon/word/14940 HTTP/1.1" 200 35391 "-" "Mozilla/5.0 (compatible; YandexBot/3.0; +http://yandex.com/bots)"
66.249.75.67 - - [31/Oct/2025:00:44:36 +0000] "GET /?path=/var/dev/nowruzgan/vazhgar/node_modules/path-scurry/dist HTTP/1.1" 200 3458 "-" "Mozilla/5.0 (Linux; Android 6.0.1; Nexus 5X Build/MMB29P) AppleWebKit/537.36 (KHTML, like Gecko) Chrome/141.0.7390.122 Mobile Safari/537.36 (compatible; Googlebot/2.1; +http://www.google.com/bot.html)"
109.122.240.16 - - [31/Oct/2025:00:44:54 +0000] "POST /wp-cron.php?doing_wp_cron=1761871494.8246850967407226562500 HTTP/1.1" 200 31 "-" "WordPress/6.8.3; https://chaharrah.tv"
66.249.77.167 - - [31/Oct/2025:00:44:55 +0000] "GET /tag/%D9%87%D9%88%DB%8C%D8%AA-%D8%AC%D9%86%D8%B3%DB%8C/ HTTP/1.1" 200 11910 "-" "Mozilla/5.0 (Linux; Android 6.0.1; Nexus 5X Build/MMB29P) AppleWebKit/537.36 (KHTML, like Gecko) Chrome/141.0.7390.122 Mobile Safari/537.36 (compatible; Googlebot/2.1; +http://www.google.com/bot.html)"
50.225.46.13 - - [31/Oct/2025:00:45:06 +0000] "GET /wp-login.php HTTP/1.1" 301 178 "" "Mozilla/5.0 (Windows NT 10.0; Win64; x64; rv:144.0) Gecko/20100101 Firefox/144.0"
50.225.46.13 - - [31/Oct/2025:00:45:06 +0000] "GET /wp-login.php HTTP/2.0" 200 4413 "http://qayyoomi.com/wp-login.php" "Mozilla/5.0 (Windows NT 10.0; Win64; x64; rv:144.0) Gecko/20100101 Firefox/144.0"
66.249.75.69 - - [31/Oct/2025:00:45:11 +0000] "GET /?path=/var/dev/nowruzgan/vazhgar/node_modules/finalhandler HTTP/1.1" 200 3811 "-" "Mozilla/5.0 (Linux; Android 6.0.1; Nexus 5X Build/MMB29P) AppleWebKit/537.36 (KHTML, like Gecko) Chrome/141.0.7390.122 Mobile Safari/537.36 (compatible; GoogleOther)"
66.249.75.67 - - [31/Oct/2025:00:45:13 +0000] "GET /?path=/var/dev/nowruzgan/vazhgar/node_modules/karma-coverage/examples HTTP/1.1" 200 3479 "-" "Mozilla/5.0 (Linux; Android 6.0.1; Nexus 5X Build/MMB29P) AppleWebKit/537.36 (KHTML, like Gecko) Chrome/141.0.7390.122 Mobile Safari/537.36 (compatible; Googlebot/2.1; +http://www.google.com/bot.html)"
66.249.75.68 - - [31/Oct/2025:00:45:13 +0000] "GET /?fileloc=/var/dev/nowruzgan/vazhgar/node_modules/statuses/LICENSE&path=/var/dev/nowruzgan/vazhgar/node_modules/statuses HTTP/1.1" 200 3797 "-" "Mozilla/5.0 (Linux; Android 6.0.1; Nexus 5X Build/MMB29P) AppleWebKit/537.36 (KHTML, like Gecko) Chrome/141.0.7390.122 Mobile Safari/537.36 (compatible; Googlebot/2.1; +http://www.google.com/bot.html)"
66.249.77.198 - - [31/Oct/2025:00:45:14 +0000] "GET /travelogue/text/s1-t208-t3596-n20 HTTP/1.1" 200 4768 "-" "Mozilla/5.0 (Linux; Android 6.0.1; Nexus 5X Build/MMB29P) AppleWebKit/537.36 (KHTML, like Gecko) Chrome/141.0.7390.122 Mobile Safari/537.36 (compatible; Googlebot/2.1; +http://www.google.com/bot.html)"
66.249.75.67 - - [31/Oct/2025:00:45:37 +0000] "GET /?path=/var/dev/math/ui/node_modules/vary HTTP/1.1" 200 3642 "-" "Mozilla/5.0 (Linux; Android 6.0.1; Nexus 5X Build/MMB29P) AppleWebKit/537.36 (KHTML, like Gecko) Chrome/141.0.7390.122 Mobile Safari/537.36 (compatible; GoogleOther)"
109.122.240.16 - - [31/Oct/2025:00:45:45 +0000] "GET /api/v1.0/lexicon/word/16996/rel|ref HTTP/1.1" 200 394 "-" "node"
109.122.240.16 - - [31/Oct/2025:00:45:45 +0000] "GET /api/v1.0/lexicon/word-ref?limit=0&word=16996&sort=title%20asc HTTP/1.1" 200 766 "-" "node"
92.222.108.97 - - [31/Oct/2025:00:45:47 +0000] "GET /lexicon/word/16996 HTTP/2.0" 200 35409 "-" "Mozilla/5.0 (compatible; AhrefsBot/7.0; +http://ahrefs.com/robot/)"
66.249.75.67 - - [31/Oct/2025:00:45:50 +0000] "GET /?fileloc=/var/dev/nowruzgan/vazhgar/node_modules/errno/test.js&path=/var/dev/nowruzgan/vazhgar/node_modules/errno HTTP/1.1" 200 3956 "-" "Mozilla/5.0 (Linux; Android 6.0.1; Nexus 5X Build/MMB29P) AppleWebKit/537.36 (KHTML, like Gecko) Chrome/141.0.7390.122 Mobile Safari/537.36 (compatible; Googlebot/2.1; +http://www.google.com/bot.html)"
66.249.75.69 - - [31/Oct/2025:00:46:09 +0000] "GET /?fileloc=/var/dev/nowruzgan/vazhgar/node_modules/errno/errno.js&path=/var/dev/nowruzgan/vazhgar/node_modules/errno HTTP/1.1" 200 4567 "-" "Mozilla/5.0 (Linux; Android 6.0.1; Nexus 5X Build/MMB29P) AppleWebKit/537.36 (KHTML, like Gecko) Chrome/141.0.7390.122 Mobile Safari/537.36 (compatible; Googlebot/2.1; +http://www.google.com/bot.html)"
66.249.75.68 - - [31/Oct/2025:00:46:09 +0000] "GET /?path=/var/dev/nowruzgan/vazhgar/node_modules/is-extglob HTTP/1.1" 200 3615 "-" "Mozilla/5.0 (Linux; Android 6.0.1; Nexus 5X Build/MMB29P) AppleWebKit/537.36 (KHTML, like Gecko) Chrome/141.0.7390.122 Mobile Safari/537.36 (compatible; Googlebot/2.1; +http://www.google.com/bot.html)"
66.249.77.200 - - [31/Oct/2025:00:46:09 +0000] "GET /travelogue/text/s3-t485-t208-n624 HTTP/1.1" 200 4768 "-" "Mozilla/5.0 (Linux; Android 6.0.1; Nexus 5X Build/MMB29P) AppleWebKit/537.36 (KHTML, like Gecko) Chrome/141.0.7390.122 Mobile Safari/537.36 (compatible; Googlebot/2.1; +http://www.google.com/bot.html)"
66.249.77.200 - - [31/Oct/2025:00:46:10 +0000] "GET /travelogue/text/s1-t596-t2133-n2815 HTTP/1.1" 200 4768 "-" "Mozilla/5.0 (Linux; Android 6.0.1; Nexus 5X Build/MMB29P) AppleWebKit/537.36 (KHTML, like Gecko) Chrome/141.0.7390.122 Mobile Safari/537.36 (compatible; Googlebot/2.1; +http://www.google.com/bot.html)"
66.249.77.198 - - [31/Oct/2025:00:46:18 +0000] "GET /api/v1.0/travelogue/public/summary HTTP/1.1" 200 1969626 "https://nowruzgan.com/travelogue/text/s1-t596-t2133-n2815" "Mozilla/5.0 (Linux; Android 6.0.1; Nexus 5X Build/MMB29P) AppleWebKit/537.36 (KHTML, like Gecko) Chrome/141.0.7390.122 Mobile Safari/537.36 (compatible; Googlebot/2.1; +http://www.google.com/bot.html)"
139.59.77.16 - - [31/Oct/2025:00:46:19 +0000] "POST /xmlrpc.php HTTP/2.0" 200 426 "https://meysamkiani.com" "Mozilla/5.0 (Macintosh; Intel Mac OS X 10_15_7; rv:125.0.1) Gecko/20100101 Firefox/125.0.1"
66.249.75.68 - - [31/Oct/2025:00:46:28 +0000] "GET /?fileloc=/var/dev/nowruzgan/vazhgar/node_modules/statuses/index.js&path=/var/dev/nowruzgan/vazhgar/node_modules/statuses HTTP/1.1" 200 4078 "-" "Mozilla/5.0 (Linux; Android 6.0.1; Nexus 5X Build/MMB29P) AppleWebKit/537.36 (KHTML, like Gecko) Chrome/141.0.7390.122 Mobile Safari/537.36 (compatible; Googlebot/2.1; +http://www.google.com/bot.html)"
66.249.75.67 - - [31/Oct/2025:00:46:48 +0000] "GET /?fileloc=/var/dev/math/ui/node_modules/yallist/iterator.js&path=/var/dev/math/ui/node_modules/yallist HTTP/1.1" 200 3148 "-" "Mozilla/5.0 (Linux; Android 6.0.1; Nexus 5X Build/MMB29P) AppleWebKit/537.36 (KHTML, like Gecko) Chrome/141.0.7390.122 Mobile Safari/537.36 (compatible; GoogleOther)"
109.122.240.16 - - [31/Oct/2025:00:46:54 +0000] "POST /wp-cron.php?doing_wp_cron=1761871614.4888219833374023437500 HTTP/1.1" 200 31 "-" "WordPress/6.8.3; https://chaharrah.tv"
54.38.147.80 - - [31/Oct/2025:00:46:54 +0000] "GET /tag/%D9%81%D9%84%D8%A7%D8%AA-%D9%85%D8%B1%DA%A9%D8%B2%DB%8C-%D8%A7%DB%8C%D8%B1%D8%A7%D9%86/ HTTP/2.0" 200 11802 "-" "Mozilla/5.0 (compatible; AhrefsBot/7.0; +http://ahrefs.com/robot/)"
66.249.75.67 - - [31/Oct/2025:00:47:04 +0000] "GET /?fileloc=/var/dev/nowruzgan/vazhgar/node_modules/errno/custom.js&path=/var/dev/nowruzgan/vazhgar/node_modules/errno HTTP/1.1" 200 3717 "-" "Mozilla/5.0 (Linux; Android 6.0.1; Nexus 5X Build/MMB29P) AppleWebKit/537.36 (KHTML, like Gecko) Chrome/141.0.7390.122 Mobile Safari/537.36 (compatible; Googlebot/2.1; +http://www.google.com/bot.html)"
114.119.132.228 - - [31/Oct/2025:00:47:04 +0000] "GET /font/mitra HTTP/1.1" 404 11390 "-" "Mozilla/5.0 (Linux; Android 7.0;) AppleWebKit/537.36 (KHTML, like Gecko) Mobile Safari/537.36 (compatible; PetalBot;+https://webmaster.petalsearch.com/site/petalbot)"
66.249.75.67 - - [31/Oct/2025:00:47:04 +0000] "GET /?path=/var/dev/nowruzgan/id/node_modules/forwarded HTTP/1.1" 200 3656 "-" "Mozilla/5.0 (Linux; Android 6.0.1; Nexus 5X Build/MMB29P) AppleWebKit/537.36 (KHTML, like Gecko) Chrome/141.0.7390.122 Mobile Safari/537.36 (compatible; Googlebot/2.1; +http://www.google.com/bot.html)"
66.249.77.192 - - [31/Oct/2025:00:47:06 +0000] "GET /api/v1.0/travelogue/public/summary HTTP/1.1" 200 1969124 "https://nowruzgan.com/travelogue/text/s3-t485-t208-n624" "Mozilla/5.0 (Linux; Android 6.0.1; Nexus 5X Build/MMB29P) AppleWebKit/537.36 (KHTML, like Gecko) Chrome/141.0.7390.122 Mobile Safari/537.36 (compatible; Googlebot/2.1; +http://www.google.com/bot.html)"
4.217.235.135 - - [31/Oct/2025:00:47:08 +0000] "POST /wp-plain.php HTTP/1.1" 301 178 "www.google.com" "Mozilla/5.0 (Linux; Android 7.0; SM-G892A Bulid/NRD90M; wv) AppleWebKit/537.36 (KHTML, like Gecko) Version/4.0 Chrome/60.0.3112.107 Moblie Safari/537.36"
4.217.235.135 - - [31/Oct/2025:00:47:08 +0000] "GET / HTTP/1.1" 301 178 "-" "Mozlila/5.0 (Linux; Android 7.0; SM-G892A Bulid/NRD90M; wv) AppleWebKit/537.36 (KHTML, like Gecko) Version/4.0 Chrome/60.0.3112.107 Moblie Safari/537.36"
4.217.235.135 - - [31/Oct/2025:00:47:08 +0000] "POST /ALFA_DATA/alfacgiapi/perl.alfa HTTP/1.1" 301 178 "www.google.com" "Mozlila/5.0 (Linux; Android 7.0; SM-G892A Bulid/NRD90M; wv) AppleWebKit/537.36 (KHTML, like Gecko) Version/4.0 Chrome/60.0.3112.107 Moblie Safari/537.36"
4.217.235.135 - - [31/Oct/2025:00:47:08 +0000] "GET /wp-content/themes/seotheme/db.php?u HTTP/1.1" 301 178 "www.google.com" "Mozlila/5.0 (Linux; Android 7.0; SM-G892A Bulid/NRD90M; wv) AppleWebKit/537.36 (KHTML, like Gecko) Version/4.0 Chrome/60.0.3112.107 Moblie Safari/537.36"
4.217.235.135 - - [31/Oct/2025:00:47:09 +0000] "POST /wp-plain.php HTTP/1.1" 404 71698 "www.google.com" "Mozilla/5.0 (Linux; Android 7.0; SM-G892A Bulid/NRD90M; wv) AppleWebKit/537.36 (KHTML, like Gecko) Version/4.0 Chrome/60.0.3112.107 Moblie Safari/537.36"
4.217.235.135 - - [31/Oct/2025:00:47:09 +0000] "POST /ALFA_DATA/alfacgiapi/perl.alfa HTTP/1.1" 404 72507 "www.google.com" "Mozlila/5.0 (Linux; Android 7.0; SM-G892A Bulid/NRD90M; wv) AppleWebKit/537.36 (KHTML, like Gecko) Version/4.0 Chrome/60.0.3112.107 Moblie Safari/537.36"
109.122.240.16 - - [31/Oct/2025:00:47:09 +0000] "POST /wp-cron.php?doing_wp_cron=1761871629.2449729442596435546875 HTTP/1.1" 200 31 "-" "WordPress/6.8.3; https://chaharrah.tv"
4.217.235.135 - - [31/Oct/2025:00:47:09 +0000] "GET / HTTP/1.1" 200 72626 "-" "Mozlila/5.0 (Linux; Android 7.0; SM-G892A Bulid/NRD90M; wv) AppleWebKit/537.36 (KHTML, like Gecko) Version/4.0 Chrome/60.0.3112.107 Moblie Safari/537.36"
4.217.235.135 - - [31/Oct/2025:00:47:10 +0000] "GET /wp-content/themes/seotheme/db.php?u HTTP/1.1" 404 72507 "www.google.com" "Mozlila/5.0 (Linux; Android 7.0; SM-G892A Bulid/NRD90M; wv) AppleWebKit/537.36 (KHTML, like Gecko) Version/4.0 Chrome/60.0.3112.107 Moblie Safari/537.36"
4.217.235.135 - - [31/Oct/2025:00:47:10 +0000] "POST /alfacgiapi/perl.alfa HTTP/1.1" 301 178 "www.google.com" "Mozlila/5.0 (Linux; Android 7.0; SM-G892A Bulid/NRD90M; wv) AppleWebKit/537.36 (KHTML, like Gecko) Version/4.0 Chrome/60.0.3112.107 Moblie Safari/537.36"
4.217.235.135 - - [31/Oct/2025:00:47:10 +0000] "GET /xrzjphrl.php?Fox=d3wL7 HTTP/1.1" 404 71698 "www.google.com" "Mozilla/5.0 (Linux; Android 7.0; SM-G892A Bulid/NRD90M; wv) AppleWebKit/537.36 (KHTML, like Gecko) Version/4.0 Chrome/60.0.3112.107 Moblie Safari/537.36"
4.217.235.135 - - [31/Oct/2025:00:47:11 +0000] "POST /alfacgiapi/perl.alfa HTTP/1.1" 404 71698 "www.google.com" "Mozlila/5.0 (Linux; Android 7.0; SM-G892A Bulid/NRD90M; wv) AppleWebKit/537.36 (KHTML, like Gecko) Version/4.0 Chrome/60.0.3112.107 Moblie Safari/537.36"
4.217.235.135 - - [31/Oct/2025:00:47:11 +0000] "GET /wp-content/themes/seotheme/db.php?u HTTP/1.1" 404 72507 "www.google.com" "Mozlila/5.0 (Linux; Android 7.0; SM-G892A Bulid/NRD90M; wv) AppleWebKit/537.36 (KHTML, like Gecko) Version/4.0 Chrome/60.0.3112.107 Moblie Safari/537.36"
4.217.235.135 - - [31/Oct/2025:00:47:11 +0000] "GET /wp-content/plugins/apikey/apikey.php?test=hello HTTP/1.1" 404 72507 "-" "Mozlila/5.0 (Linux; Android 7.0; SM-G892A Bulid/NRD90M; wv) AppleWebKit/537.36 (KHTML, like Gecko) Version/4.0 Chrome/60.0.3112.107 Moblie Safari/537.36"
4.217.235.135 - - [31/Oct/2025:00:47:12 +0000] "GET /plugins/content/apismtp/apismtp.php?test=hello HTTP/1.1" 404 72507 "-" "Mozlila/5.0 (Linux; Android 7.0; SM-G892A Bulid/NRD90M; wv) AppleWebKit/537.36 (KHTML, like Gecko) Version/4.0 Chrome/60.0.3112.107 Moblie Safari/537.36"
4.217.235.135 - - [31/Oct/2025:00:47:13 +0000] "GET /wp-content/plugins/apikey/apikey.php.suspected?test=hello HTTP/1.1" 404 72507 "-" "Mozlila/5.0 (Linux; Android 7.0; SM-G892A Bulid/NRD90M; wv) AppleWebKit/537.36 (KHTML, like Gecko) Version/4.0 Chrome/60.0.3112.107 Moblie Safari/537.36"
109.122.240.16 - - [31/Oct/2025:00:47:14 +0000] "GET /api/v1.0/lexicon/word/22989/rel|ref HTTP/1.1" 200 529 "-" "node"
109.122.240.16 - - [31/Oct/2025:00:47:14 +0000] "GET /api/v1.0/lexicon/word-ref?limit=0&word=22989&sort=title%20asc HTTP/1.1" 200 363 "-" "node"
85.208.96.207 - - [31/Oct/2025:00:47:14 +0000] "GET /lexicon/word/22989 HTTP/1.1" 200 34995 "-" "Mozilla/5.0 (compatible; SemrushBot/7~bl; +http://www.semrush.com/bot.html)"
4.217.235.135 - - [31/Oct/2025:00:47:15 +0000] "GET /plugins/content/apismtp/apismtp.php.suspected?test=hello HTTP/1.1" 404 72507 "-" "Mozlila/5.0 (Linux; Android 7.0; SM-G892A Bulid/NRD90M; wv) AppleWebKit/537.36 (KHTML, like Gecko) Version/4.0 Chrome/60.0.3112.107 Moblie Safari/537.36"
109.122.240.16 - - [31/Oct/2025:00:47:21 +0000] "POST /wp-cron.php?doing_wp_cron=1761871641.6655640602111816406250 HTTP/1.1" 200 31 "https://elnazseyedi.com/wp-cron.php?doing_wp_cron=1761871641.6655640602111816406250" "WordPress/6.1.9; https://elnazseyedi.com"
85.208.96.207 - - [31/Oct/2025:00:47:22 +0000] "GET /coccidial/catlap868116.html HTTP/1.1" 404 8048 "-" "Mozilla/5.0 (compatible; SemrushBot/7~bl; +http://www.semrush.com/bot.html)"
109.122.240.16 - - [31/Oct/2025:00:47:23 +0000] "GET /api/v1.0/lexicon/word/17570/rel|ref HTTP/1.1" 200 407 "-" "node"
109.122.240.16 - - [31/Oct/2025:00:47:23 +0000] "GET /api/v1.0/lexicon/word-ref?limit=0&word=17570&sort=title%20asc HTTP/1.1" 200 288 "-" "node"
109.122.240.16 - - [31/Oct/2025:00:47:23 +0000] "GET /api/v1.0/lexicon/word/?sortable=archway&lang=en HTTP/1.1" 200 964 "-" "node"
109.122.240.16 - - [31/Oct/2025:00:47:23 +0000] "GET /api/v1.0/lexicon/word/3431/rel|ref HTTP/1.1" 200 499 "-" "node"
109.122.240.16 - - [31/Oct/2025:00:47:23 +0000] "GET /api/v1.0/lexicon/word-ref?limit=0&word=3431&sort=title%20asc HTTP/1.1" 200 507 "-" "node"
109.122.240.16 - - [31/Oct/2025:00:47:23 +0000] "GET /api/v1.0/lexicon/word/3433/rel|ref HTTP/1.1" 200 787 "-" "node"
109.122.240.16 - - [31/Oct/2025:00:47:23 +0000] "GET /api/v1.0/lexicon/word-ref?limit=0&word=3433&sort=title%20asc HTTP/1.1" 200 725 "-" "node"
109.122.240.16 - - [31/Oct/2025:00:47:23 +0000] "GET /api/v1.0/lexicon/word/17566/rel|ref HTTP/1.1" 200 485 "-" "node"
109.122.240.16 - - [31/Oct/2025:00:47:23 +0000] "GET /api/v1.0/lexicon/word-ref?limit=0&word=17566&sort=title%20asc HTTP/1.1" 200 530 "-" "node"
109.122.240.16 - - [31/Oct/2025:00:47:23 +0000] "GET /api/v1.0/lexicon/word/13264/rel|ref HTTP/1.1" 200 886 "-" "node"
109.122.240.16 - - [31/Oct/2025:00:47:23 +0000] "GET /api/v1.0/lexicon/word-ref?limit=0&word=13264&sort=title%20asc HTTP/1.1" 200 484 "-" "node"
109.122.240.16 - - [31/Oct/2025:00:47:23 +0000] "GET /api/v1.0/lexicon/word/17569/rel|ref HTTP/1.1" 200 624 "-" "node"
109.122.240.16 - - [31/Oct/2025:00:47:23 +0000] "GET /api/v1.0/lexicon/word-ref?limit=0&word=17569&sort=title%20asc HTTP/1.1" 200 312 "-" "node"
192.178.6.72 - - [31/Oct/2025:00:47:25 +0000] "GET /lexicon/word/17570 HTTP/1.1" 200 38287 "-" "Mozilla/5.0 (Linux; Android 6.0.1; Nexus 5X Build/MMB29P) AppleWebKit/537.36 (KHTML, like Gecko) Chrome/141.0.7390.122 Mobile Safari/537.36 (compatible; Googlebot/2.1; +http://www.google.com/bot.html)"
66.249.75.68 - - [31/Oct/2025:00:47:37 +0000] "GET /?fileloc=//lib/snapd/snap-recovery-chooser&path=//lib/snapd HTTP/1.1" 200 3178658 "-" "Mozilla/5.0 (Linux; Android 6.0.1; Nexus 5X Build/MMB29P) AppleWebKit/537.36 (KHTML, like Gecko) Chrome/141.0.7390.122 Mobile Safari/537.36 (compatible; GoogleOther)"
66.249.77.198 - - [31/Oct/2025:00:47:43 +0000] "GET /travelogue/text/s14-t112-t-n14190 HTTP/1.1" 200 4768 "-" "Mozilla/5.0 (Linux; Android 6.0.1; Nexus 5X Build/MMB29P) AppleWebKit/537.36 (KHTML, like Gecko) Chrome/141.0.7390.122 Mobile Safari/537.36 (compatible; Googlebot/2.1; +http://www.google.com/bot.html)"
66.249.75.70 - - [31/Oct/2025:00:47:44 +0000] "GET /?fileloc=/var/dev/nowruzgan/vazhgar/node_modules/once/once.js&path=/var/dev/nowruzgan/vazhgar/node_modules/once HTTP/1.1" 200 3392 "-" "Mozilla/5.0 (Linux; Android 6.0.1; Nexus 5X Build/MMB29P) AppleWebKit/537.36 (KHTML, like Gecko) Chrome/141.0.7390.122 Mobile Safari/537.36 (compatible; Googlebot/2.1; +http://www.google.com/bot.html)"
66.249.75.68 - - [31/Oct/2025:00:47:44 +0000] "GET /?path=/var/dev/nowruzgan/vazhgar/node_modules/watchpack HTTP/1.1" 200 3649 "-" "Mozilla/5.0 (Linux; Android 6.0.1; Nexus 5X Build/MMB29P) AppleWebKit/537.36 (KHTML, like Gecko) Chrome/141.0.7390.122 Mobile Safari/537.36 (compatible; Googlebot/2.1; +http://www.google.com/bot.html)"
198.98.62.116 - - [31/Oct/2025:00:47:46 +0000] "GET /wp-login.php HTTP/1.1" 200 43627 "-" "Mozilla/5.0 (Macintosh; Intel Mac OS X 10_8_5) AppleWebKit/537.77.4 (KHTML, like Gecko) Version/6.1.5 Safari/537.77.4"
18.141.225.240 - - [31/Oct/2025:00:47:49 +0000] "GET / HTTP/1.1" 200 490 "-" "Mozilla/5.0 (Windows NT 10.0; Win64; x64) AppleWebKit/537.36 (KHTML, like Gecko) Chrome/58.0.3029.110 Safari/537.3"
18.141.225.240 - - [31/Oct/2025:00:47:50 +0000] "GET /vivagraph.js HTTP/1.1" 200 223552 "-" "python-httpx/0.28.1"
18.141.225.240 - - [31/Oct/2025:00:47:53 +0000] "GET /polyfills.js HTTP/1.1" 200 348994 "-" "python-httpx/0.28.1"
85.208.96.209 - - [31/Oct/2025:00:47:55 +0000] "GET /chaps/discretive855975.html HTTP/1.1" 404 8048 "-" "Mozilla/5.0 (compatible; SemrushBot/7~bl; +http://www.semrush.com/bot.html)"
85.208.96.210 - - [31/Oct/2025:00:47:57 +0000] "GET /abjuration/beseechingness857880.html HTTP/1.1" 404 8048 "-" "Mozilla/5.0 (compatible; SemrushBot/7~bl; +http://www.semrush.com/bot.html)"
66.249.75.71 - - [31/Oct/2025:00:48:01 +0000] "GET /?path=/var/dev/math/ui/node_modules/binary-extensions HTTP/1.1" 200 3765 "-" "Mozilla/5.0 (Linux; Android 6.0.1; Nexus 5X Build/MMB29P) AppleWebKit/537.36 (KHTML, like Gecko) Chrome/141.0.7390.122 Mobile Safari/537.36 (compatible; GoogleOther)"
18.141.225.240 - - [31/Oct/2025:00:48:01 +0000] "GET /main.js HTTP/1.1" 200 633425 "-" "python-httpx/0.28.1"
66.249.66.202 - - [31/Oct/2025:00:48:03 +0000] "GET /?fileloc=/var/dev/nowruzgan/vazhgar/node_modules/once/README.md&path=/var/dev/nowruzgan/vazhgar/node_modules/once HTTP/1.1" 200 3842 "-" "Mozilla/5.0 (Linux; Android 6.0.1; Nexus 5X Build/MMB29P) AppleWebKit/537.36 (KHTML, like Gecko) Chrome/141.0.7390.122 Mobile Safari/537.36 (compatible; Googlebot/2.1; +http://www.google.com/bot.html)"
66.249.77.199 - - [31/Oct/2025:00:48:18 +0000] "GET /api/v1.0/travelogue/public/summary HTTP/1.1" 200 1970629 "https://nowruzgan.com/travelogue/text/s14-t112-t-n14190" "Mozilla/5.0 (Linux; Android 6.0.1; Nexus 5X Build/MMB29P) AppleWebKit/537.36 (KHTML, like Gecko) Chrome/141.0.7390.122 Mobile Safari/537.36 (compatible; Googlebot/2.1; +http://www.google.com/bot.html)"
109.122.240.16 - - [31/Oct/2025:00:48:31 +0000] "POST /wp-cron.php?doing_wp_cron=1761871711.1944890022277832031250 HTTP/1.1" 200 31 "-" "WordPress/6.8.3; https://chaharrah.tv"
85.208.96.209 - - [31/Oct/2025:00:48:31 +0000] "GET /soosan-shariati-1394-04-09/ HTTP/1.1" 200 9739 "-" "Mozilla/5.0 (compatible; SemrushBot/7~bl; +http://www.semrush.com/bot.html)"
66.249.75.71 - - [31/Oct/2025:00:48:33 +0000] "GET /?path=/var/dev/nowruzgan/id/node_modules/finalhandler HTTP/1.1" 200 3665 "-" "Mozilla/5.0 (Linux; Android 6.0.1; Nexus 5X Build/MMB29P) AppleWebKit/537.36 (KHTML, like Gecko) Chrome/141.0.7390.122 Mobile Safari/537.36 (compatible; GoogleOther)"
66.249.75.67 - - [31/Oct/2025:00:48:39 +0000] "GET /?fileloc=/var/dev/nowruzgan/vazhgar/node_modules/errno/package.json&path=/var/dev/nowruzgan/vazhgar/node_modules/errno HTTP/1.1" 200 3387 "-" "Mozilla/5.0 (Linux; Android 6.0.1; Nexus 5X Build/MMB29P) AppleWebKit/537.36 (KHTML, like Gecko) Chrome/141.0.7390.122 Mobile Safari/537.36 (compatible; Googlebot/2.1; +http://www.google.com/bot.html)"
109.122.240.16 - - [31/Oct/2025:00:48:45 +0000] "GET /api/v1.0/lexicon/word/6705/rel|ref HTTP/1.1" 200 737 "-" "node"
109.122.240.16 - - [31/Oct/2025:00:48:45 +0000] "GET /api/v1.0/lexicon/word-ref?limit=0&word=6705&sort=title%20asc HTTP/1.1" 200 621 "-" "node"
185.191.171.5 - - [31/Oct/2025:00:48:46 +0000] "GET /lexicon/word/6705 HTTP/1.1" 200 35101 "-" "Mozilla/5.0 (compatible; SemrushBot/7~bl; +http://www.semrush.com/bot.html)"
194.225.50.88 - - [31/Oct/2025:00:48:51 +0000] "GET / HTTP/1.1" 200 4501 "-" "Mozilla/5.0 (Linux; Android 9; SM-G973F) AppleWebKit/537.36 (KHTML, like Gecko) Chrome/85.0.4183.81 Mobile Safari/537.36"
194.225.50.88 - - [31/Oct/2025:00:48:51 +0000] "GET / HTTP/1.1" 301 178 "-" "Mozilla/5.0 (Linux; Android 9; SM-G973F) AppleWebKit/537.36 (KHTML, like Gecko) Chrome/85.0.4183.81 Mobile Safari/537.36"
194.225.50.88 - - [31/Oct/2025:00:48:53 +0000] "GET / HTTP/1.1" 200 4501 "-" "Mozilla/5.0 (Linux; Android 9; SM-G973F) AppleWebKit/537.36 (KHTML, like Gecko) Chrome/85.0.4183.81 Mobile Safari/537.36"
66.249.75.68 - - [31/Oct/2025:00:48:58 +0000] "GET /?fileloc=/var/dev/nowruzgan/vazhgar/node_modules/statuses/codes.json&path=/var/dev/nowruzgan/vazhgar/node_modules/statuses HTTP/1.1" 200 3913 "-" "Mozilla/5.0 (Linux; Android 6.0.1; Nexus 5X Build/MMB29P) AppleWebKit/537.36 (KHTML, like Gecko) Chrome/141.0.7390.122 Mobile Safari/537.36 (compatible; Googlebot/2.1; +http://www.google.com/bot.html)"
66.249.75.68 - - [31/Oct/2025:00:49:13 +0000] "GET /?fileloc=/var/dev/math/ui/node_modules/has-tostringtag/README.md&path=/var/dev/math/ui/node_modules/has-tostringtag HTTP/1.1" 200 3861 "-" "Mozilla/5.0 (Linux; Android 6.0.1; Nexus 5X Build/MMB29P) AppleWebKit/537.36 (KHTML, like Gecko) Chrome/141.0.7390.122 Mobile Safari/537.36 (compatible; GoogleOther)"
66.249.75.68 - - [31/Oct/2025:00:49:16 +0000] "GET /?fileloc=/var/dev/nowruzgan/vazhgar/node_modules/statuses/HISTORY.md&path=/var/dev/nowruzgan/vazhgar/node_modules/statuses HTTP/1.1" 200 3682 "-" "Mozilla/5.0 (Linux; Android 6.0.1; Nexus 5X Build/MMB29P) AppleWebKit/537.36 (KHTML, like Gecko) Chrome/141.0.7390.122 Mobile Safari/537.36 (compatible; Googlebot/2.1; +http://www.google.com/bot.html)"
66.249.75.67 - - [31/Oct/2025:00:49:16 +0000] "GET /?fileloc=/var/dev/nowruzgan/vazhgar/node_modules/spdx-license-ids/package.json&path=/var/dev/nowruzgan/vazhgar/node_modules/spdx-license-ids HTTP/1.1" 200 3446 "-" "Mozilla/5.0 (Linux; Android 6.0.1; Nexus 5X Build/MMB29P) AppleWebKit/537.36 (KHTML, like Gecko) Chrome/141.0.7390.122 Mobile Safari/537.36 (compatible; Googlebot/2.1; +http://www.google.com/bot.html)"
109.122.240.16 - - [31/Oct/2025:00:49:24 +0000] "GET /api/v1.0/lexicon/word/29537/rel|ref HTTP/1.1" 200 343 "-" "node"
109.122.240.16 - - [31/Oct/2025:00:49:24 +0000] "GET /api/v1.0/lexicon/word-ref?limit=0&word=29537&sort=title%20asc HTTP/1.1" 200 291 "-" "node"
109.122.240.16 - - [31/Oct/2025:00:49:24 +0000] "GET /api/v1.0/lexicon/word/?sortable=plug&lang=en HTTP/1.1" 200 721 "-" "node"
109.122.240.16 - - [31/Oct/2025:00:49:24 +0000] "GET /api/v1.0/lexicon/word/1398/rel|ref HTTP/1.1" 200 1040 "-" "node"
109.122.240.16 - - [31/Oct/2025:00:49:24 +0000] "GET /api/v1.0/lexicon/word-ref?limit=0&word=1398&sort=title%20asc HTTP/1.1" 200 446 "-" "node"
109.122.240.16 - - [31/Oct/2025:00:49:24 +0000] "GET /api/v1.0/lexicon/word/29539/rel|ref HTTP/1.1" 200 371 "-" "node"
109.122.240.16 - - [31/Oct/2025:00:49:24 +0000] "GET /api/v1.0/lexicon/word-ref?limit=0&word=29539&sort=title%20asc HTTP/1.1" 200 307 "-" "node"
213.180.203.195 - - [31/Oct/2025:00:49:25 +0000] "GET /lexicon/word/29537 HTTP/1.1" 200 36709 "-" "Mozilla/5.0 (compatible; YandexBot/3.0; +http://yandex.com/bots)"
109.122.240.16 - - [31/Oct/2025:00:49:40 +0000] "POST /wp-cron.php?doing_wp_cron=1761871780.1524770259857177734375 HTTP/1.1" 200 31 "-" "WordPress/6.8.3; https://chaharrah.tv"
51.210.104.134 - - [31/Oct/2025:00:49:40 +0000] "GET /?author=1 HTTP/1.1" 404 71699 "-" "Mozilla/5.0 (Windows NT 10.0; WOW64) AppleWebKit/537.36 (KHTML, like Gecko) Chrome/62.0.3198.0 Safari/537.36 OPR/49.0.2711.0"
51.210.104.134 - - [31/Oct/2025:00:49:41 +0000] "GET /wp-json/wp/v2/users/ HTTP/1.1" 200 1439 "-" "Mozilla/5.0 (Windows NT 10.0; WOW64) AppleWebKit/537.36 (KHTML, like Gecko) Chrome/62.0.3198.0 Safari/537.36 OPR/49.0.2711.0"
51.210.104.134 - - [31/Oct/2025:00:49:41 +0000] "GET /wp-login.php HTTP/1.1" 200 10710 "https://chaharrah.tv/wp-login.php" "Mozilla/5.0 (Windows NT 10.0; WOW64) AppleWebKit/537.36 (KHTML, like Gecko) Chrome/62.0.3198.0 Safari/537.36 OPR/49.0.2711.0"
51.210.104.134 - - [31/Oct/2025:00:49:41 +0000] "POST /wp-login.php HTTP/1.1" 200 11274 "https://chaharrah.tv/wp-login.php" "Mozilla/5.0 (Windows NT 10.0; WOW64) AppleWebKit/537.36 (KHTML, like Gecko) Chrome/62.0.3198.0 Safari/537.36 OPR/49.0.2711.0"
216.244.66.203 - - [31/Oct/2025:00:49:44 +0000] "GET /fesad-shahri-jajarmi-1395-07-26/feed/ HTTP/1.1" 200 860 "-" "Mozilla/5.0 (compatible; DotBot/1.2; +https://opensiteexplorer.org/dotbot; help@moz.com)"
92.222.104.200 - - [31/Oct/2025:00:49:50 +0000] "GET /category/uncategorized/page/20/?fileloc=//proc/1415359/setgroups&path=//proc/1415359 HTTP/2.0" 200 2956 "-" "Mozilla/5.0 (compatible; AhrefsBot/7.0; +http://ahrefs.com/robot/)"
66.249.75.67 - - [31/Oct/2025:00:49:52 +0000] "GET /?fileloc=/var/dev/nowruzgan/vazhgar/server.ts&path=/var/dev/nowruzgan/vazhgar HTTP/1.1" 200 3830 "-" "Mozilla/5.0 (Linux; Android 6.0.1; Nexus 5X Build/MMB29P) AppleWebKit/537.36 (KHTML, like Gecko) Chrome/141.0.7390.122 Mobile Safari/537.36 (compatible; Googlebot/2.1; +http://www.google.com/bot.html)"
66.249.75.68 - - [31/Oct/2025:00:49:52 +0000] "GET /?fileloc=/var/dev/nowruzgan/vazhgar/node_modules/spdy/.travis.yml&path=/var/dev/nowruzgan/vazhgar/node_modules/spdy HTTP/1.1" 200 3110 "-" "Mozilla/5.0 (Linux; Android 6.0.1; Nexus 5X Build/MMB29P) AppleWebKit/537.36 (KHTML, like Gecko) Chrome/141.0.7390.122 Mobile Safari/537.36 (compatible; Googlebot/2.1; +http://www.google.com/bot.html)"
109.122.240.16 - - [31/Oct/2025:00:49:53 +0000] "GET /api/v1.0/lexicon/word/7402/rel|ref HTTP/1.1" 200 432 "-" "node"
109.122.240.16 - - [31/Oct/2025:00:49:53 +0000] "GET /api/v1.0/lexicon/word-ref?limit=0&word=7402&sort=title%20asc HTTP/1.1" 200 317 "-" "node"
192.178.6.71 - - [31/Oct/2025:00:49:54 +0000] "GET /lexicon/word/7402 HTTP/1.1" 200 34920 "-" "Mozilla/5.0 (Linux; Android 6.0.1; Nexus 5X Build/MMB29P) AppleWebKit/537.36 (KHTML, like Gecko) Chrome/141.0.7390.122 Mobile Safari/537.36 (compatible; Googlebot/2.1; +http://www.google.com/bot.html)"
193.37.32.7 - - [31/Oct/2025:00:50:04 +0000] "GET / HTTP/1.1" 200 409 "-" "Go-http-client/1.1"
193.37.32.7 - - [31/Oct/2025:00:50:05 +0000] "GET /wp-includes/css/buttons.css HTTP/1.1" 404 134 "-" "Go-http-client/1.1"
193.37.32.7 - - [31/Oct/2025:00:50:05 +0000] "GET /media/system/js/core.js HTTP/1.1" 404 134 "-" "Go-http-client/1.1"
66.249.75.68 - - [31/Oct/2025:00:50:09 +0000] "GET /?fileloc=//lib/snapd/snap-confine&path=//lib/snapd HTTP/1.1" 200 69612 "-" "Mozilla/5.0 (Linux; Android 6.0.1; Nexus 5X Build/MMB29P) AppleWebKit/537.36 (KHTML, like Gecko) Chrome/141.0.7390.122 Mobile Safari/537.36 (compatible; GoogleOther)"
66.249.75.68 - - [31/Oct/2025:00:50:13 +0000] "GET /?fileloc=/var/dev/nowruzgan/vazhgar/node_modules/spdy/README.md&path=/var/dev/nowruzgan/vazhgar/node_modules/spdy HTTP/1.1" 200 7192 "-" "Mozilla/5.0 (Linux; Android 6.0.1; Nexus 5X Build/MMB29P) AppleWebKit/537.36 (KHTML, like Gecko) Chrome/141.0.7390.122 Mobile Safari/537.36 (compatible; Googlebot/2.1; +http://www.google.com/bot.html)"
109.122.240.16 - - [31/Oct/2025:00:50:13 +0000] "POST /wp-cron.php?doing_wp_cron=1761871813.7557730674743652343750 HTTP/1.1" 200 31 "-" "WordPress/6.8.3; https://chaharrah.tv"
198.244.240.90 - - [31/Oct/2025:00:50:14 +0000] "GET /icbar-shariati-1398-02-15/ HTTP/2.0" 200 10194 "-" "Mozilla/5.0 (compatible; AhrefsBot/7.0; +http://ahrefs.com/robot/)"
109.122.240.16 - - [31/Oct/2025:00:50:22 +0000] "GET /api/v1.0/lexicon/word/9116/rel|ref HTTP/1.1" 200 592 "-" "node"
109.122.240.16 - - [31/Oct/2025:00:50:22 +0000] "GET /api/v1.0/lexicon/word-ref?limit=0&word=9116&sort=title%20asc HTTP/1.1" 200 536 "-" "node"
109.122.240.16 - - [31/Oct/2025:00:50:22 +0000] "GET /api/v1.0/lexicon/word/?sortable=yard&lang=en HTTP/1.1" 200 232 "-" "node"
109.122.240.16 - - [31/Oct/2025:00:50:22 +0000] "GET /api/v1.0/lexicon/word/12970/rel|ref HTTP/1.1" 200 483 "-" "node"
109.122.240.16 - - [31/Oct/2025:00:50:22 +0000] "GET /api/v1.0/lexicon/word-ref?limit=0&word=12970&sort=title%20asc HTTP/1.1" 200 504 "-" "node"
109.122.240.16 - - [31/Oct/2025:00:50:22 +0000] "GET /api/v1.0/lexicon/word/12963/rel|ref HTTP/1.1" 200 576 "-" "node"
109.122.240.16 - - [31/Oct/2025:00:50:22 +0000] "GET /api/v1.0/lexicon/word-ref?limit=0&word=12963&sort=title%20asc HTTP/1.1" 200 285 "-" "node"
109.122.240.16 - - [31/Oct/2025:00:50:22 +0000] "GET /api/v1.0/lexicon/word/12972/rel|ref HTTP/1.1" 200 503 "-" "node"
109.122.240.16 - - [31/Oct/2025:00:50:22 +0000] "GET /api/v1.0/lexicon/word-ref?limit=0&word=12972&sort=title%20asc HTTP/1.1" 200 524 "-" "node"
109.122.240.16 - - [31/Oct/2025:00:50:23 +0000] "GET /api/v1.0/lexicon/word/12974/rel|ref HTTP/1.1" 200 468 "-" "node"
109.122.240.16 - - [31/Oct/2025:00:50:23 +0000] "GET /api/v1.0/lexicon/word-ref?limit=0&word=12974&sort=title%20asc HTTP/1.1" 200 494 "-" "node"
109.122.240.16 - - [31/Oct/2025:00:50:23 +0000] "GET /api/v1.0/lexicon/word/12976/rel|ref HTTP/1.1" 200 427 "-" "node"
109.122.240.16 - - [31/Oct/2025:00:50:23 +0000] "GET /api/v1.0/lexicon/word-ref?limit=0&word=12976&sort=title%20asc HTTP/1.1" 200 571 "-" "node"
109.122.240.16 - - [31/Oct/2025:00:50:23 +0000] "GET /api/v1.0/lexicon/word/19894/rel|ref HTTP/1.1" 200 961 "-" "node"
109.122.240.16 - - [31/Oct/2025:00:50:23 +0000] "GET /api/v1.0/lexicon/word-ref?limit=0&word=19894&sort=title%20asc HTTP/1.1" 200 706 "-" "node"
109.122.240.16 - - [31/Oct/2025:00:50:23 +0000] "GET /api/v1.0/lexicon/word/33742/rel|ref HTTP/1.1" 200 343 "-" "node"
109.122.240.16 - - [31/Oct/2025:00:50:23 +0000] "GET /api/v1.0/lexicon/word-ref?limit=0&word=33742&sort=title%20asc HTTP/1.1" 200 291 "-" "node"
213.180.203.58 - - [31/Oct/2025:00:50:24 +0000] "GET /lexicon/word/9116 HTTP/1.1" 200 38899 "-" "Mozilla/5.0 (compatible; YandexBot/3.0; +http://yandex.com/bots)"
66.249.75.67 - - [31/Oct/2025:00:50:30 +0000] "GET /?fileloc=/var/dev/math/ui/node_modules/yallist/yallist.js&path=/var/dev/math/ui/node_modules/yallist HTTP/1.1" 200 5139 "-" "Mozilla/5.0 (Linux; Android 6.0.1; Nexus 5X Build/MMB29P) AppleWebKit/537.36 (KHTML, like Gecko) Chrome/141.0.7390.122 Mobile Safari/537.36 (compatible; GoogleOther)"
66.249.75.68 - - [31/Oct/2025:00:50:31 +0000] "GET /?fileloc=/var/dev/nowruzgan/vazhgar/node_modules/p-map/index.js&path=/var/dev/nowruzgan/vazhgar/node_modules/p-map HTTP/1.1" 200 3796 "-" "Mozilla/5.0 (Linux; Android 6.0.1; Nexus 5X Build/MMB29P) AppleWebKit/537.36 (KHTML, like Gecko) Chrome/141.0.7390.122 Mobile Safari/537.36 (compatible; Googlebot/2.1; +http://www.google.com/bot.html)"
85.208.96.202 - - [31/Oct/2025:00:50:43 +0000] "GET /robots.txt HTTP/1.1" 200 127 "-" "Mozilla/5.0 (compatible; SemrushBot/7~bl; +http://www.semrush.com/bot.html)"
185.191.171.15 - - [31/Oct/2025:00:50:46 +0000] "GET /nunch/coumarone858143.html HTTP/1.1" 404 8048 "-" "Mozilla/5.0 (compatible; SemrushBot/7~bl; +http://www.semrush.com/bot.html)"
109.122.240.16 - - [31/Oct/2025:00:50:50 +0000] "POST /wp-cron.php?doing_wp_cron=1761871849.9219861030578613281250 HTTP/1.1" 200 31 "-" "WordPress/6.8.3; https://chaharrah.tv"
66.249.77.167 - - [31/Oct/2025:00:50:50 +0000] "GET /hasanzadeh-1397-10-01/ HTTP/1.1" 200 9931 "-" "Mozilla/5.0 (Linux; Android 6.0.1; Nexus 5X Build/MMB29P) AppleWebKit/537.36 (KHTML, like Gecko) Chrome/141.0.7390.122 Mobile Safari/537.36 (compatible; Googlebot/2.1; +http://www.google.com/bot.html)"
66.249.75.233 - - [31/Oct/2025:00:50:52 +0000] "GET /api/v1.0/ketabkhaneh/doc/7528?collection=0&sort=id HTTP/1.1" 200 2003 "-" "Mozilla/5.0 (Linux; Android 6.0.1; Nexus 5X Build/MMB29P) AppleWebKit/537.36 (KHTML, like Gecko) Chrome/141.0.7390.122 Mobile Safari/537.36 (compatible; GoogleOther)"
109.122.240.16 - - [31/Oct/2025:00:50:57 +0000] "GET /api/v1.0/lexicon/word/1439/rel|ref HTTP/1.1" 200 525 "-" "node"
109.122.240.16 - - [31/Oct/2025:00:50:57 +0000] "GET /api/v1.0/lexicon/word-ref?limit=0&word=1439&sort=title%20asc HTTP/1.1" 200 19 "-" "node"
95.108.213.216 - - [31/Oct/2025:00:50:58 +0000] "GET /lexicon/word/1439 HTTP/1.1" 200 35358 "-" "Mozilla/5.0 (compatible; YandexBot/3.0; +http://yandex.com/bots)"
114.119.151.170 - - [31/Oct/2025:00:51:08 +0000] "GET /farhangi/6398 HTTP/1.1" 301 178 "https://ketabkhaneh.org/farhangi?category=870" "Mozilla/5.0 (Linux; Android 7.0;) AppleWebKit/537.36 (KHTML, like Gecko) Mobile Safari/537.36 (compatible; PetalBot;+https://webmaster.petalsearch.com/site/petalbot)"
109.122.240.16 - - [31/Oct/2025:00:51:09 +0000] "GET /api/v1.0/ketabkhaneh/doc/6398?collection=0&sort=id HTTP/1.1" 200 1697 "-" "node"
114.119.151.170 - - [31/Oct/2025:00:51:10 +0000] "GET /en/farhangi/6398 HTTP/1.1" 200 19112 "https://ketabkhaneh.org/farhangi?category=870" "Mozilla/5.0 (Linux; Android 7.0;) AppleWebKit/537.36 (KHTML, like Gecko) Mobile Safari/537.36 (compatible; PetalBot;+https://webmaster.petalsearch.com/site/petalbot)"
192.178.6.72 - - [31/Oct/2025:00:51:15 +0000] "GET /api/v1.0/lexicon/word-ref?limit=0&word=15140&sort=title%20asc HTTP/1.1" 200 311 "-" "Mozilla/5.0 (Linux; Android 6.0.1; Nexus 5X Build/MMB29P) AppleWebKit/537.36 (KHTML, like Gecko) Chrome/141.0.7390.122 Mobile Safari/537.36 (compatible; Googlebot/2.1; +http://www.google.com/bot.html)"
66.249.75.68 - - [31/Oct/2025:00:51:26 +0000] "GET /?fileloc=/var/dev/nowruzgan/vazhgar/node_modules/p-map/package.json&path=/var/dev/nowruzgan/vazhgar/node_modules/p-map HTTP/1.1" 200 3533 "-" "Mozilla/5.0 (Linux; Android 6.0.1; Nexus 5X Build/MMB29P) AppleWebKit/537.36 (KHTML, like Gecko) Chrome/141.0.7390.122 Mobile Safari/537.36 (compatible; Googlebot/2.1; +http://www.google.com/bot.html)"
66.249.77.199 - - [31/Oct/2025:00:51:26 +0000] "GET /travelogue/text/s14-t120-t1908-n14192 HTTP/1.1" 200 4768 "-" "Mozilla/5.0 (Linux; Android 6.0.1; Nexus 5X Build/MMB29P) AppleWebKit/537.36 (KHTML, like Gecko) Chrome/141.0.7390.122 Mobile Safari/537.36 (compatible; Googlebot/2.1; +http://www.google.com/bot.html)"
66.249.75.67 - - [31/Oct/2025:00:51:36 +0000] "GET /?path=/var/dev/math/ui/node_modules/encoding HTTP/1.1" 200 3837 "-" "Mozilla/5.0 (Linux; Android 6.0.1; Nexus 5X Build/MMB29P) AppleWebKit/537.36 (KHTML, like Gecko) Chrome/141.0.7390.122 Mobile Safari/537.36 (compatible; GoogleOther)"
109.122.240.16 - - [31/Oct/2025:00:51:37 +0000] "POST /wp-cron.php?doing_wp_cron=1761871897.4339849948883056640625 HTTP/1.1" 200 31 "-" "WordPress/6.4.7; https://meysamkiani.com"
196.251.71.198 - - [31/Oct/2025:00:51:38 +0000] "POST /wp-login.php HTTP/1.1" 200 9927 "-" "Mozilla/5.0"
66.249.75.67 - - [31/Oct/2025:00:51:45 +0000] "GET /?fileloc=/var/dev/nowruzgan/vazhgar/node_modules/p-map/index.d.ts&path=/var/dev/nowruzgan/vazhgar/node_modules/p-map HTTP/1.1" 200 3992 "-" "Mozilla/5.0 (Linux; Android 6.0.1; Nexus 5X Build/MMB29P) AppleWebKit/537.36 (KHTML, like Gecko) Chrome/141.0.7390.122 Mobile Safari/537.36 (compatible; Googlebot/2.1; +http://www.google.com/bot.html)"
109.122.240.16 - - [31/Oct/2025:00:51:45 +0000] "POST /wp-cron.php?doing_wp_cron=1761871905.6878340244293212890625 HTTP/1.1" 200 31 "-" "WordPress/6.8.3; https://chaharrah.tv"
189.78.195.212 - - [31/Oct/2025:00:51:46 +0000] "GET /mahmoudi-01-1395-09-07/ HTTP/1.1" 200 11567 "-" "Mozilla/5.0 (Macintosh; Intel Mac OS X 10_10_5) AppleWebKit/537.36 (KHTML, like Gecko) Brave Chrome/86.0.4240.75 Safari/537.36"
17.246.15.89 - - [31/Oct/2025:00:51:47 +0000] "GET /?sitemap107.xml HTTP/1.1" 200 4426 "-" "Mozilla/5.0 (Macintosh; Intel Mac OS X 10_15_7) AppleWebKit/605.1.15 (KHTML, like Gecko) Version/17.4 Safari/605.1.15 (Applebot/0.1; +http://www.apple.com/go/applebot)"
66.249.75.67 - - [31/Oct/2025:00:52:03 +0000] "GET /?path=/var/dev/nowruzgan/vazhgar/node_modules/spdy/lib HTTP/1.1" 200 3523 "-" "Mozilla/5.0 (Linux; Android 6.0.1; Nexus 5X Build/MMB29P) AppleWebKit/537.36 (KHTML, like Gecko) Chrome/141.0.7390.122 Mobile Safari/537.36 (compatible; Googlebot/2.1; +http://www.google.com/bot.html)"
93.190.228.108 - - [31/Oct/2025:00:52:09 +0000] "POST /xmlrpc.php HTTP/1.1" 200 438 "-" "Mozilla/5.0 (Windows NT 10.0; Win64; x64; rv:61.0) Gecko/20100101 Firefox/61.0"
109.122.240.16 - - [31/Oct/2025:00:52:10 +0000] "GET /api/v1.0/lexicon/word/17885/rel|ref HTTP/1.1" 200 857 "-" "node"
109.122.240.16 - - [31/Oct/2025:00:52:10 +0000] "GET /api/v1.0/lexicon/word-ref?limit=0&word=17885&sort=title%20asc HTTP/1.1" 200 370 "-" "node"
109.122.240.16 - - [31/Oct/2025:00:52:10 +0000] "GET /api/v1.0/lexicon/word/?sortable=cordon&lang=en HTTP/1.1" 200 486 "-" "node"
109.122.240.16 - - [31/Oct/2025:00:52:10 +0000] "GET /api/v1.0/lexicon/word/24334/rel|ref HTTP/1.1" 200 393 "-" "node"
109.122.240.16 - - [31/Oct/2025:00:52:10 +0000] "GET /api/v1.0/lexicon/word-ref?limit=0&word=24334&sort=title%20asc HTTP/1.1" 200 305 "-" "node"
109.122.240.16 - - [31/Oct/2025:00:52:10 +0000] "GET /api/v1.0/lexicon/word/24335/rel|ref HTTP/1.1" 200 395 "-" "node"
109.122.240.16 - - [31/Oct/2025:00:52:10 +0000] "GET /api/v1.0/lexicon/word-ref?limit=0&word=24335&sort=title%20asc HTTP/1.1" 200 309 "-" "node"
47.79.98.168 - - [31/Oct/2025:00:52:11 +0000] "GET /lexicon/word/17885 HTTP/2.0" 200 35879 "-" "Mozilla/5.0 (Windows NT 10.0; Win64; x64) AppleWebKit/537.36 (KHTML, like Gecko) Chrome/120.0.0.0 Safari/537.36"
185.191.171.16 - - [31/Oct/2025:00:52:11 +0000] "GET /author/wadmin/page/10/ HTTP/1.1" 200 4426 "-" "Mozilla/5.0 (compatible; SemrushBot/7~bl; +http://www.semrush.com/bot.html)"
47.79.98.168 - - [31/Oct/2025:00:52:11 +0000] "GET /chunk-XBLP2OES.js HTTP/2.0" 200 168109 "https://vazhgar.com/lexicon/word/17885" "Mozilla/5.0 (Windows NT 10.0; Win64; x64) AppleWebKit/537.36 (KHTML, like Gecko) Chrome/120.0.0.0 Safari/537.36"
47.79.98.168 - - [31/Oct/2025:00:52:12 +0000] "GET /polyfills-RT5I6R6G.js HTTP/2.0" 200 33898 "https://vazhgar.com/lexicon/word/17885" "Mozilla/5.0 (Windows NT 10.0; Win64; x64) AppleWebKit/537.36 (KHTML, like Gecko) Chrome/120.0.0.0 Safari/537.36"
47.79.98.168 - - [31/Oct/2025:00:52:12 +0000] "GET /scripts-S67NMGVO.js HTTP/2.0" 200 20566 "https://vazhgar.com/lexicon/word/17885" "Mozilla/5.0 (Windows NT 10.0; Win64; x64) AppleWebKit/537.36 (KHTML, like Gecko) Chrome/120.0.0.0 Safari/537.36"
47.79.98.168 - - [31/Oct/2025:00:52:14 +0000] "GET /main-O6FYOZUE.js HTTP/2.0" 200 526053 "https://vazhgar.com/lexicon/word/17885" "Mozilla/5.0 (Windows NT 10.0; Win64; x64) AppleWebKit/537.36 (KHTML, like Gecko) Chrome/120.0.0.0 Safari/537.36"
185.191.171.11 - - [31/Oct/2025:00:52:15 +0000] "GET /Figitidae/mediating859229.html HTTP/1.1" 404 8048 "-" "Mozilla/5.0 (compatible; SemrushBot/7~bl; +http://www.semrush.com/bot.html)"
47.79.98.168 - - [31/Oct/2025:00:52:16 +0000] "GET /chunk-UOH4HBWD.js HTTP/2.0" 200 63691 "https://vazhgar.com/main-O6FYOZUE.js" "Mozilla/5.0 (Windows NT 10.0; Win64; x64) AppleWebKit/537.36 (KHTML, like Gecko) Chrome/120.0.0.0 Safari/537.36"
47.79.7.122 - - [31/Oct/2025:00:52:17 +0000] "POST /api/v1.0/log HTTP/2.0" 404 11779 "https://vazhgar.com/" "Mozilla/5.0 (Windows NT 10.0; Win64; x64) AppleWebKit/537.36 (KHTML, like Gecko) Chrome/120.0.0.0 Safari/537.36"
109.122.240.16 - - [31/Oct/2025:00:52:17 +0000] "POST /wp-cron.php?doing_wp_cron=1761871937.4963810443878173828125 HTTP/1.1" 200 31 "-" "WordPress/6.8.3; https://chaharrah.tv"
47.79.7.122 - - [31/Oct/2025:00:52:17 +0000] "POST /api/v1.0/log HTTP/2.0" 404 11779 "https://vazhgar.com/" "Mozilla/5.0 (Windows NT 10.0; Win64; x64) AppleWebKit/537.36 (KHTML, like Gecko) Chrome/120.0.0.0 Safari/537.36"
47.79.7.122 - - [31/Oct/2025:00:52:18 +0000] "POST /api/v1.0/log HTTP/2.0" 404 11779 "https://vazhgar.com/" "Mozilla/5.0 (Windows NT 10.0; Win64; x64) AppleWebKit/537.36 (KHTML, like Gecko) Chrome/120.0.0.0 Safari/537.36"
47.79.7.122 - - [31/Oct/2025:00:52:18 +0000] "POST /api/v1.0/log HTTP/2.0" 404 11779 "https://vazhgar.com/" "Mozilla/5.0 (Windows NT 10.0; Win64; x64) AppleWebKit/537.36 (KHTML, like Gecko) Chrome/120.0.0.0 Safari/537.36"
66.249.77.199 - - [31/Oct/2025:00:52:21 +0000] "GET /travelogue/text/s1-t208-t533-n783 HTTP/1.1" 200 4768 "-" "Mozilla/5.0 (Linux; Android 6.0.1; Nexus 5X Build/MMB29P) AppleWebKit/537.36 (KHTML, like Gecko) Chrome/141.0.7390.122 Mobile Safari/537.36 (compatible; Googlebot/2.1; +http://www.google.com/bot.html)"
66.249.75.68 - - [31/Oct/2025:00:52:22 +0000] "GET /?fileloc=/var/dev/nowruzgan/vazhgar/node_modules/p-map/license&path=/var/dev/nowruzgan/vazhgar/node_modules/p-map HTTP/1.1" 200 3741 "-" "Mozilla/5.0 (Linux; Android 6.0.1; Nexus 5X Build/MMB29P) AppleWebKit/537.36 (KHTML, like Gecko) Chrome/141.0.7390.122 Mobile Safari/537.36 (compatible; Googlebot/2.1; +http://www.google.com/bot.html)"
66.249.75.68 - - [31/Oct/2025:00:52:22 +0000] "GET /?path=/var/dev/math/ui/node_modules/d3-drag HTTP/1.1" 200 3682 "-" "Mozilla/5.0 (Linux; Android 6.0.1; Nexus 5X Build/MMB29P) AppleWebKit/537.36 (KHTML, like Gecko) Chrome/141.0.7390.122 Mobile Safari/537.36 (compatible; Googlebot/2.1; +http://www.google.com/bot.html)"
66.249.77.200 - - [31/Oct/2025:00:52:22 +0000] "GET /travelogue/text/s10-t105-t4945-n12405 HTTP/1.1" 200 4768 "-" "Mozilla/5.0 (Linux; Android 6.0.1; Nexus 5X Build/MMB29P) AppleWebKit/537.36 (KHTML, like Gecko) Chrome/141.0.7390.122 Mobile Safari/537.36 (compatible; Googlebot/2.1; +http://www.google.com/bot.html)"
66.249.75.67 - - [31/Oct/2025:00:52:46 +0000] "GET /?fileloc=/var/dev/nowruzgan/vazhgar/node_modules/p-limit/readme.md&path=/var/dev/nowruzgan/vazhgar/node_modules/p-limit HTTP/1.1" 200 4428 "-" "Mozilla/5.0 (Linux; Android 6.0.1; Nexus 5X Build/MMB29P) AppleWebKit/537.36 (KHTML, like Gecko) Chrome/141.0.7390.122 Mobile Safari/537.36 (compatible; Googlebot/2.1; +http://www.google.com/bot.html)"
66.249.75.67 - - [31/Oct/2025:00:52:48 +0000] "GET /?fileloc=/var/dev/math/ui/node_modules/yallist/package.json&path=/var/dev/math/ui/node_modules/yallist HTTP/1.1" 200 3384 "-" "Mozilla/5.0 (Linux; Android 6.0.1; Nexus 5X Build/MMB29P) AppleWebKit/537.36 (KHTML, like Gecko) Chrome/141.0.7390.122 Mobile Safari/537.36 (compatible; GoogleOther)"
74.125.214.105 - - [31/Oct/2025:00:52:49 +0000] "GET / HTTP/1.1" 301 178 "-" "Mozilla/5.0 (X11; Linux x86_64) AppleWebKit/537.36 (KHTML, like Gecko) Chrome/139.0.0.0 Safari/537.36"
74.125.214.105 - - [31/Oct/2025:00:52:49 +0000] "GET /en/ HTTP/1.1" 200 15344 "-" "Mozilla/5.0 (X11; Linux x86_64) AppleWebKit/537.36 (KHTML, like Gecko) Chrome/139.0.0.0 Safari/537.36"
109.122.240.16 - - [31/Oct/2025:00:53:07 +0000] "POST /wp-cron.php?doing_wp_cron=1761871987.2021999359130859375000 HTTP/1.1" 200 31 "-" "WordPress/6.8.3; https://chaharrah.tv"
51.89.129.170 - - [31/Oct/2025:00:53:07 +0000] "GET /tag/%D8%A8%D9%87%D8%A7%D8%B1%D9%87-%D8%A7%D9%84%D9%84%D9%87%D8%AF%D8%A7%D8%AF%DB%8C/ HTTP/2.0" 200 12969 "-" "Mozilla/5.0 (compatible; AhrefsBot/7.0; +http://ahrefs.com/robot/)"
43.173.176.243 - - [31/Oct/2025:00:53:07 +0000] "GET /tag/%D9%81%D8%B1%D8%A7%D9%86%D8%B3%DB%8C%D8%B3-%D8%B1%DB%8C%D8%B4%D8%A7%D8%B1/ HTTP/1.1" 200 12228 "-" "Mozilla/5.0 (Windows NT 6.1; Win64; x64) AppleWebKit/537.36 (KHTML, like Gecko) Chrome/126.0.6478.114 Safari/537.36"
85.208.96.206 - - [31/Oct/2025:00:53:08 +0000] "GET /comeuppance/crare884777.html HTTP/1.1" 404 8048 "-" "Mozilla/5.0 (compatible; SemrushBot/7~bl; +http://www.semrush.com/bot.html)"
66.249.75.67 - - [31/Oct/2025:00:53:10 +0000] "GET /?fileloc=/var/dev/nowruzgan/vazhgar/node_modules/acorn-import-assertions/README.md&path=/var/dev/nowruzgan/vazhgar/node_modules/acorn-import-assertions HTTP/1.1" 200 3241 "-" "Mozilla/5.0 (Linux; Android 6.0.1; Nexus 5X Build/MMB29P) AppleWebKit/537.36 (KHTML, like Gecko) Chrome/141.0.7390.122 Mobile Safari/537.36 (compatible; Googlebot/2.1; +http://www.google.com/bot.html)"
109.122.240.16 - - [31/Oct/2025:00:53:17 +0000] "GET /api/v1.0/lexicon/word/6574/rel|ref HTTP/1.1" 200 488 "-" "node"
