216.73.216.107 - - [31/Oct/2025:02:21:22 +0000] "GET /?path=%2F%2Flib%2Ffirmware%2Facenic HTTP/2.0" 200 3411 "-" "Mozilla/5.0 AppleWebKit/537.36 (KHTML, like Gecko; compatible; ClaudeBot/1.0; +claudebot@anthropic.com)"
216.73.216.107 - - [31/Oct/2025:02:21:23 +0000] "GET /?fileloc=%2Fvar%2Fwww%2Fqayyoomi.com%2Froot%2F_wp-content%2Fthemes%2Ftwentytwentythree%2Ftheme.json&path=%2Fvar%2Fwww%2Fqayyoomi.com%2Froot%2F_wp-content%2Fthemes%2Ftwentytwentythree HTTP/2.0" 200 6316 "-" "Mozilla/5.0 AppleWebKit/537.36 (KHTML, like Gecko; compatible; ClaudeBot/1.0; +claudebot@anthropic.com)"
216.73.216.107 - - [31/Oct/2025:02:21:23 +0000] "GET /?fileloc=%2F%2Flib%2Ffirmware%2Fqat_c62x.bin.zst&path=%2F%2Flib%2Ffirmware HTTP/2.0" 200 46387 "-" "Mozilla/5.0 AppleWebKit/537.36 (KHTML, like Gecko; compatible; ClaudeBot/1.0; +claudebot@anthropic.com)"
216.73.216.107 - - [31/Oct/2025:02:21:23 +0000] "GET /?fileloc=%2Fvar%2Fwww%2Fqayyoomi.com%2Froot%2Fwp-includes%2Fblocks%2Fspacer%2Fstyle.min.css&path=%2Fvar%2Fwww%2Fqayyoomi.com%2Froot%2Fwp-includes%2Fblocks%2Fspacer HTTP/2.0" 200 3053 "-" "Mozilla/5.0 AppleWebKit/537.36 (KHTML, like Gecko; compatible; ClaudeBot/1.0; +claudebot@anthropic.com)"
216.73.216.107 - - [31/Oct/2025:02:21:23 +0000] "GET /?fileloc=%2Fvar%2Fwww%2Fqayyoomi.com%2Froot%2Fwp-includes%2Fblocks%2Fsocial-links%2Fstyle.min.css&path=%2Fvar%2Fwww%2Fqayyoomi.com%2Froot%2Fwp-includes%2Fblocks%2Fsocial-links HTTP/2.0" 200 4722 "-" "Mozilla/5.0 AppleWebKit/537.36 (KHTML, like Gecko; compatible; ClaudeBot/1.0; +claudebot@anthropic.com)"
216.73.216.107 - - [31/Oct/2025:02:21:23 +0000] "GET /?fileloc=%2F%2Flib%2Ffirmware%2Fmt7650.bin.zst&path=%2F%2Flib%2Ffirmware HTTP/2.0" 200 197055 "-" "Mozilla/5.0 AppleWebKit/537.36 (KHTML, like Gecko; compatible; ClaudeBot/1.0; +claudebot@anthropic.com)"
216.73.216.107 - - [31/Oct/2025:02:21:23 +0000] "GET /?fileloc=%2Fvar%2Flib%2Fsnapd%2Fstate.lock&path=%2Fvar%2Flib%2Fsnapd HTTP/2.0" 200 2959 "-" "Mozilla/5.0 AppleWebKit/537.36 (KHTML, like Gecko; compatible; ClaudeBot/1.0; +claudebot@anthropic.com)"
216.73.216.107 - - [31/Oct/2025:02:21:23 +0000] "GET /?fileloc=%2F%2Flib%2Ffirmware%2Fiwlwifi-9000-pu-b0-jf-b0-34.ucode.zst&path=%2F%2Flib%2Ffirmware HTTP/2.0" 200 407269 "-" "Mozilla/5.0 AppleWebKit/537.36 (KHTML, like Gecko; compatible; ClaudeBot/1.0; +claudebot@anthropic.com)"
216.73.216.107 - - [31/Oct/2025:02:21:23 +0000] "GET /?fileloc=%2F%2Flib%2Ffirmware%2Fiwlwifi-9260-th-b0-jf-b0-46.ucode.zst&path=%2F%2Flib%2Ffirmware HTTP/2.0" 200 422713 "-" "Mozilla/5.0 AppleWebKit/537.36 (KHTML, like Gecko; compatible; ClaudeBot/1.0; +claudebot@anthropic.com)"
216.73.216.107 - - [31/Oct/2025:02:21:23 +0000] "GET /?fileloc=%2F%2Flib%2Ffirmware%2Fqat_895xcc.bin.zst&path=%2F%2Flib%2Ffirmware HTTP/2.0" 200 33993 "-" "Mozilla/5.0 AppleWebKit/537.36 (KHTML, like Gecko; compatible; ClaudeBot/1.0; +claudebot@anthropic.com)"
216.73.216.107 - - [31/Oct/2025:02:21:23 +0000] "GET /?path=%2Fvar%2Fwww%2Fschool%2Fwp-admin%2Fimages HTTP/2.0" 200 7182 "-" "Mozilla/5.0 AppleWebKit/537.36 (KHTML, like Gecko; compatible; ClaudeBot/1.0; +claudebot@anthropic.com)"
216.73.216.107 - - [31/Oct/2025:02:21:23 +0000] "GET /?path=%2F%2Flib%2Fsystemd%2Fcatalog HTTP/2.0" 200 4058 "-" "Mozilla/5.0 AppleWebKit/537.36 (KHTML, like Gecko; compatible; ClaudeBot/1.0; +claudebot@anthropic.com)"
216.73.216.107 - - [31/Oct/2025:02:21:24 +0000] "GET /?fileloc=%2F%2Flib%2Ffirmware%2Fiwlwifi-ma-b0-gf-a0.pnvm.zst&path=%2F%2Flib%2Ffirmware HTTP/2.0" 200 10139 "-" "Mozilla/5.0 AppleWebKit/537.36 (KHTML, like Gecko; compatible; ClaudeBot/1.0; +claudebot@anthropic.com)"
216.73.216.107 - - [31/Oct/2025:02:21:24 +0000] "GET /?fileloc=%2Fvar%2Fwww%2Fqayyoomi.com%2Froot%2Fwp-includes%2Fblocks%2Flist-item%2Fblock.json&path=%2Fvar%2Fwww%2Fqayyoomi.com%2Froot%2Fwp-includes%2Fblocks%2Flist-item HTTP/2.0" 200 3642 "-" "Mozilla/5.0 AppleWebKit/537.36 (KHTML, like Gecko; compatible; ClaudeBot/1.0; +claudebot@anthropic.com)"
216.73.216.107 - - [31/Oct/2025:02:21:24 +0000] "GET /?fileloc=%2Fvar%2Fwww%2Fqayyoomi.com%2Froot%2Fwp-includes%2Fblocks%2Fverse%2Fblock.json&path=%2Fvar%2Fwww%2Fqayyoomi.com%2Froot%2Fwp-includes%2Fblocks%2Fverse HTTP/2.0" 200 3707 "-" "Mozilla/5.0 AppleWebKit/537.36 (KHTML, like Gecko; compatible; ClaudeBot/1.0; +claudebot@anthropic.com)"
216.73.216.107 - - [31/Oct/2025:02:21:24 +0000] "GET /?fileloc=%2Fvar%2Fwww%2Fqayyoomi.com%2Froot%2Fwp-includes%2Fblocks%2Fsearch%2Fstyle.min.css&path=%2Fvar%2Fwww%2Fqayyoomi.com%2Froot%2Fwp-includes%2Fblocks%2Fsearch HTTP/2.0" 200 3644 "-" "Mozilla/5.0 AppleWebKit/537.36 (KHTML, like Gecko; compatible; ClaudeBot/1.0; +claudebot@anthropic.com)"
216.73.216.107 - - [31/Oct/2025:02:21:25 +0000] "GET /?fileloc=%2Fvar%2Fwww%2Fqayyoomi.com%2Froot%2Fwp-includes%2Fblocks%2Fheading%2Fblock.json&path=%2Fvar%2Fwww%2Fqayyoomi.com%2Froot%2Fwp-includes%2Fblocks%2Fheading HTTP/2.0" 200 3806 "-" "Mozilla/5.0 AppleWebKit/537.36 (KHTML, like Gecko; compatible; ClaudeBot/1.0; +claudebot@anthropic.com)"
216.73.216.107 - - [31/Oct/2025:02:21:25 +0000] "GET /?path=%2F%2Fdev%2Fdisk%2Fby-dname HTTP/2.0" 200 3033 "-" "Mozilla/5.0 AppleWebKit/537.36 (KHTML, like Gecko; compatible; ClaudeBot/1.0; +claudebot@anthropic.com)"
216.73.216.107 - - [31/Oct/2025:02:21:26 +0000] "GET /?fileloc=%2Fvar%2Fwww%2Fqayyoomi.com%2Froot%2Fwp-includes%2Fblocks%2Faudio%2Fblock.json&path=%2Fvar%2Fwww%2Fqayyoomi.com%2Froot%2Fwp-includes%2Fblocks%2Faudio HTTP/2.0" 200 3577 "-" "Mozilla/5.0 AppleWebKit/537.36 (KHTML, like Gecko; compatible; ClaudeBot/1.0; +claudebot@anthropic.com)"
216.73.216.107 - - [31/Oct/2025:02:21:26 +0000] "GET /?fileloc=%2F%2Fetc%2Fconsole-setup%2Fvtrgb.vga&path=%2F%2Fetc%2Fconsole-setup HTTP/2.0" 200 3001 "-" "Mozilla/5.0 AppleWebKit/537.36 (KHTML, like Gecko; compatible; ClaudeBot/1.0; +claudebot@anthropic.com)"
216.73.216.107 - - [31/Oct/2025:02:21:27 +0000] "GET /?fileloc=%2Fvar%2Fwww%2Fqayyoomi.com%2Froot%2Fwp-includes%2Fblocks%2Fcalendar%2Fstyle.min.css&path=%2Fvar%2Fwww%2Fqayyoomi.com%2Froot%2Fwp-includes%2Fblocks%2Fcalendar HTTP/2.0" 200 3216 "-" "Mozilla/5.0 AppleWebKit/537.36 (KHTML, like Gecko; compatible; ClaudeBot/1.0; +claudebot@anthropic.com)"
216.73.216.107 - - [31/Oct/2025:02:21:27 +0000] "GET /?fileloc=%2F%2Flib%2Ffirmware%2Fv4l-cx23885-avcore-01.fw.zst&path=%2F%2Flib%2Ffirmware HTTP/2.0" 200 10595 "-" "Mozilla/5.0 AppleWebKit/537.36 (KHTML, like Gecko; compatible; ClaudeBot/1.0; +claudebot@anthropic.com)"
216.73.216.107 - - [31/Oct/2025:02:21:27 +0000] "GET /?fileloc=%2F%2Flib%2Ffirmware%2FTAS2XXX38A5.bin.zst&path=%2F%2Flib%2Ffirmware HTTP/2.0" 200 7451 "-" "Mozilla/5.0 AppleWebKit/537.36 (KHTML, like Gecko; compatible; ClaudeBot/1.0; +claudebot@anthropic.com)"
216.73.216.107 - - [31/Oct/2025:02:21:27 +0000] "GET /?fileloc=%2F%2Flib%2Ffirmware%2FTAS2XXX38E0.bin.zst&path=%2F%2Flib%2Ffirmware HTTP/2.0" 200 7500 "-" "Mozilla/5.0 AppleWebKit/537.36 (KHTML, like Gecko; compatible; ClaudeBot/1.0; +claudebot@anthropic.com)"
216.73.216.107 - - [31/Oct/2025:02:21:27 +0000] "GET /?fileloc=%2F%2Flib%2Ffirmware%2Fiwlwifi-ma-b0-hr-b0-89.ucode.zst&path=%2F%2Flib%2Ffirmware HTTP/2.0" 200 501569 "-" "Mozilla/5.0 AppleWebKit/537.36 (KHTML, like Gecko; compatible; ClaudeBot/1.0; +claudebot@anthropic.com)"
216.73.216.107 - - [31/Oct/2025:02:21:27 +0000] "GET /?fileloc=%2F%2Flib%2Ffirmware%2Fql2322_fw.bin.zst&path=%2F%2Flib%2Ffirmware HTTP/2.0" 200 64513 "-" "Mozilla/5.0 AppleWebKit/537.36 (KHTML, like Gecko; compatible; ClaudeBot/1.0; +claudebot@anthropic.com)"
216.73.216.107 - - [31/Oct/2025:02:21:27 +0000] "GET /?fileloc=%2F%2Flib%2Ffirmware%2Fqat_895xcc_mmp.bin.zst&path=%2F%2Flib%2Ffirmware HTTP/2.0" 200 44356 "-" "Mozilla/5.0 AppleWebKit/537.36 (KHTML, like Gecko; compatible; ClaudeBot/1.0; +claudebot@anthropic.com)"
216.73.216.107 - - [31/Oct/2025:02:21:28 +0000] "GET /?fileloc=%2F%2Flib%2Ffirmware%2Fiwlwifi-bz-b0-fm-c0-94.ucode.zst&path=%2F%2Flib%2Ffirmware HTTP/2.0" 200 567393 "-" "Mozilla/5.0 AppleWebKit/537.36 (KHTML, like Gecko; compatible; ClaudeBot/1.0; +claudebot@anthropic.com)"
216.73.216.107 - - [31/Oct/2025:02:21:28 +0000] "GET /?fileloc=%2F%2Flib%2Ffirmware%2FTAS2XXX387F.bin.zst&path=%2F%2Flib%2Ffirmware HTTP/2.0" 200 7396 "-" "Mozilla/5.0 AppleWebKit/537.36 (KHTML, like Gecko; compatible; ClaudeBot/1.0; +claudebot@anthropic.com)"
216.73.216.107 - - [31/Oct/2025:02:21:28 +0000] "GET /?fileloc=%2Fvar%2Fwww%2Fqayyoomi.com%2Froot%2Fwp-includes%2Fblocks%2Ffile%2Fblock.json&path=%2Fvar%2Fwww%2Fqayyoomi.com%2Froot%2Fwp-includes%2Fblocks%2Ffile HTTP/2.0" 200 3735 "-" "Mozilla/5.0 AppleWebKit/537.36 (KHTML, like Gecko; compatible; ClaudeBot/1.0; +claudebot@anthropic.com)"
216.73.216.107 - - [31/Oct/2025:02:21:28 +0000] "GET /?path=%2F%2Flib%2Ffirmware%2Fttusb-budget HTTP/2.0" 200 3357 "-" "Mozilla/5.0 AppleWebKit/537.36 (KHTML, like Gecko; compatible; ClaudeBot/1.0; +claudebot@anthropic.com)"
216.73.216.107 - - [31/Oct/2025:02:21:28 +0000] "GET /?fileloc=%2Fvar%2Fwww%2Fqayyoomi.com%2Froot%2Fwp-includes%2Fblocks%2Fparagraph%2Fblock.json&path=%2Fvar%2Fwww%2Fqayyoomi.com%2Froot%2Fwp-includes%2Fblocks%2Fparagraph HTTP/2.0" 200 3731 "-" "Mozilla/5.0 AppleWebKit/537.36 (KHTML, like Gecko; compatible; ClaudeBot/1.0; +claudebot@anthropic.com)"
216.73.216.107 - - [31/Oct/2025:02:21:28 +0000] "GET /?path=%2Fvar%2Fwww%2Fschool%2Fwp-includes%2Ffonts HTTP/2.0" 200 3870 "-" "Mozilla/5.0 AppleWebKit/537.36 (KHTML, like Gecko; compatible; ClaudeBot/1.0; +claudebot@anthropic.com)"
216.73.216.107 - - [31/Oct/2025:02:21:28 +0000] "GET /?fileloc=%2F%2Flib%2Ffirmware%2FTAS2XXX103C8DE81.bin.zst&path=%2F%2Flib%2Ffirmware HTTP/2.0" 200 9662 "-" "Mozilla/5.0 AppleWebKit/537.36 (KHTML, like Gecko; compatible; ClaudeBot/1.0; +claudebot@anthropic.com)"
216.73.216.107 - - [31/Oct/2025:02:21:28 +0000] "GET /?path=%2Fvar%2Flib%2Fapp-info%2Fyaml HTTP/2.0" 200 4171 "-" "Mozilla/5.0 AppleWebKit/537.36 (KHTML, like Gecko; compatible; ClaudeBot/1.0; +claudebot@anthropic.com)"
216.73.216.107 - - [31/Oct/2025:02:21:29 +0000] "GET /?fileloc=%2F%2Flib%2Ffirmware%2Fiwlwifi-bz-b0-hr-b0-96.ucode.zst&path=%2F%2Flib%2Ffirmware HTTP/2.0" 200 458550 "-" "Mozilla/5.0 AppleWebKit/537.36 (KHTML, like Gecko; compatible; ClaudeBot/1.0; +claudebot@anthropic.com)"
66.249.75.67 - - [31/Oct/2025:02:21:29 +0000] "GET /?path=/var/dev/nowruzgan/cronus-log/.git/objects/08 HTTP/1.1" 200 3443 "-" "Mozilla/5.0 (Linux; Android 6.0.1; Nexus 5X Build/MMB29P) AppleWebKit/537.36 (KHTML, like Gecko) Chrome/141.0.7390.122 Mobile Safari/537.36 (compatible; Googlebot/2.1; +http://www.google.com/bot.html)"
216.73.216.107 - - [31/Oct/2025:02:21:30 +0000] "GET /?fileloc=%2Fvar%2Fwww%2Fqayyoomi.com%2Froot%2Fwp-includes%2Fblocks%2Farchives%2Fstyle.min.css&path=%2Fvar%2Fwww%2Fqayyoomi.com%2Froot%2Fwp-includes%2Fblocks%2Farchives HTTP/2.0" 200 3075 "-" "Mozilla/5.0 AppleWebKit/537.36 (KHTML, like Gecko; compatible; ClaudeBot/1.0; +claudebot@anthropic.com)"
216.73.216.107 - - [31/Oct/2025:02:21:30 +0000] "GET /?fileloc=%2F%2Flib%2Fshim%2Fshimx64.efi.signed.latest&path=%2F%2Flib%2Fshim HTTP/2.0" 200 414465 "-" "Mozilla/5.0 AppleWebKit/537.36 (KHTML, like Gecko; compatible; ClaudeBot/1.0; +claudebot@anthropic.com)"
216.73.216.107 - - [31/Oct/2025:02:21:30 +0000] "GET /?fileloc=%2Fvar%2Fwww%2Fqayyoomi.com%2Froot%2Fwp-includes%2Fblocks%2Flist%2Fstyle.min.css&path=%2Fvar%2Fwww%2Fqayyoomi.com%2Froot%2Fwp-includes%2Fblocks%2Flist HTTP/2.0" 200 3084 "-" "Mozilla/5.0 AppleWebKit/537.36 (KHTML, like Gecko; compatible; ClaudeBot/1.0; +claudebot@anthropic.com)"
216.73.216.107 - - [31/Oct/2025:02:21:31 +0000] "GET /?fileloc=%2F%2Flib%2Ffirmware%2FTAS2XXX0C94.bin.zst&path=%2F%2Flib%2Ffirmware HTTP/2.0" 200 7203 "-" "Mozilla/5.0 AppleWebKit/537.36 (KHTML, like Gecko; compatible; ClaudeBot/1.0; +claudebot@anthropic.com)"
216.73.216.107 - - [31/Oct/2025:02:21:31 +0000] "GET /?fileloc=%2F%2Flib%2Ffirmware%2FTAS2XXX103C8DE91.bin.zst&path=%2F%2Flib%2Ffirmware HTTP/2.0" 200 9549 "-" "Mozilla/5.0 AppleWebKit/537.36 (KHTML, like Gecko; compatible; ClaudeBot/1.0; +claudebot@anthropic.com)"
216.73.216.107 - - [31/Oct/2025:02:21:31 +0000] "GET /?path=%2Fvar%2Flib%2Fapt%2Fperiodic HTTP/2.0" 200 3542 "-" "Mozilla/5.0 AppleWebKit/537.36 (KHTML, like Gecko; compatible; ClaudeBot/1.0; +claudebot@anthropic.com)"
216.73.216.107 - - [31/Oct/2025:02:21:31 +0000] "GET /?fileloc=%2F%2Flib%2Ffirmware%2FTAS2XXX8DE8.bin.zst&path=%2F%2Flib%2Ffirmware HTTP/2.0" 200 9658 "-" "Mozilla/5.0 AppleWebKit/537.36 (KHTML, like Gecko; compatible; ClaudeBot/1.0; +claudebot@anthropic.com)"
66.249.75.67 - - [31/Oct/2025:02:21:31 +0000] "GET /?fileloc=/var/dev/math/ui/node_modules/htmlparser2/package.json&path=/var/dev/math/ui/node_modules/htmlparser2 HTTP/1.1" 200 4204 "-" "Mozilla/5.0 (Linux; Android 6.0.1; Nexus 5X Build/MMB29P) AppleWebKit/537.36 (KHTML, like Gecko) Chrome/141.0.7390.122 Mobile Safari/537.36 (compatible; GoogleOther)"
216.73.216.107 - - [31/Oct/2025:02:21:31 +0000] "GET /?fileloc=%2F%2Flib%2Fudev%2Fprobe-bcache&path=%2F%2Flib%2Fudev HTTP/2.0" 200 5876 "-" "Mozilla/5.0 AppleWebKit/537.36 (KHTML, like Gecko; compatible; ClaudeBot/1.0; +claudebot@anthropic.com)"
216.73.216.107 - - [31/Oct/2025:02:21:31 +0000] "GET /?fileloc=%2F%2Flib%2Ffirmware%2Fiwlwifi-9260-th-b0-jf-b0-34.ucode.zst&path=%2F%2Flib%2Ffirmware HTTP/2.0" 200 407070 "-" "Mozilla/5.0 AppleWebKit/537.36 (KHTML, like Gecko; compatible; ClaudeBot/1.0; +claudebot@anthropic.com)"
216.73.216.107 - - [31/Oct/2025:02:21:31 +0000] "GET /?fileloc=%2F%2Flib%2Ffirmware%2FTAS2XXX8DE81.bin.zst&path=%2F%2Flib%2Ffirmware HTTP/2.0" 200 9659 "-" "Mozilla/5.0 AppleWebKit/537.36 (KHTML, like Gecko; compatible; ClaudeBot/1.0; +claudebot@anthropic.com)"
216.73.216.107 - - [31/Oct/2025:02:21:32 +0000] "GET /?fileloc=%2F%2Fetc%2Fconsole-setup%2Fvtrgb&path=%2F%2Fetc%2Fconsole-setup HTTP/2.0" 200 3035 "-" "Mozilla/5.0 AppleWebKit/537.36 (KHTML, like Gecko; compatible; ClaudeBot/1.0; +claudebot@anthropic.com)"
216.73.216.107 - - [31/Oct/2025:02:21:32 +0000] "GET /?fileloc=%2F%2Flib%2Ffirmware%2FTAS2XXX391F.bin.zst&path=%2F%2Flib%2Ffirmware HTTP/2.0" 200 10186 "-" "Mozilla/5.0 AppleWebKit/537.36 (KHTML, like Gecko; compatible; ClaudeBot/1.0; +claudebot@anthropic.com)"
216.73.216.107 - - [31/Oct/2025:02:21:33 +0000] "GET /?fileloc=%2F%2Flib%2Ffirmware%2Fql2200_fw.bin.zst&path=%2F%2Flib%2Ffirmware HTTP/2.0" 200 41108 "-" "Mozilla/5.0 AppleWebKit/537.36 (KHTML, like Gecko; compatible; ClaudeBot/1.0; +claudebot@anthropic.com)"
216.73.216.107 - - [31/Oct/2025:02:21:33 +0000] "GET /?fileloc=%2F%2Fetc%2Fconsole-setup%2Fcached_UTF-8_del.kmap.gz&path=%2F%2Fetc%2Fconsole-setup HTTP/2.0" 200 7530 "-" "Mozilla/5.0 AppleWebKit/537.36 (KHTML, like Gecko; compatible; ClaudeBot/1.0; +claudebot@anthropic.com)"
216.73.216.107 - - [31/Oct/2025:02:21:33 +0000] "GET /?fileloc=%2F%2Flib%2Fshim%2Ffbx64.efi&path=%2F%2Flib%2Fshim HTTP/2.0" 200 44348 "-" "Mozilla/5.0 AppleWebKit/537.36 (KHTML, like Gecko; compatible; ClaudeBot/1.0; +claudebot@anthropic.com)"
216.73.216.107 - - [31/Oct/2025:02:21:33 +0000] "GET /?path=%2F%2Ftmp%2Fnode-compile-cache%2Fv22.17.1-x64-efe9a9df-1000 HTTP/2.0" 200 129114 "-" "Mozilla/5.0 AppleWebKit/537.36 (KHTML, like Gecko; compatible; ClaudeBot/1.0; +claudebot@anthropic.com)"
216.73.216.107 - - [31/Oct/2025:02:21:33 +0000] "GET /?fileloc=%2F%2Flib%2Ffirmware%2FTXNW2781RCA1.bin.zst&path=%2F%2Flib%2Ffirmware HTTP/2.0" 200 3234 "-" "Mozilla/5.0 AppleWebKit/537.36 (KHTML, like Gecko; compatible; ClaudeBot/1.0; +claudebot@anthropic.com)"
216.73.216.107 - - [31/Oct/2025:02:21:33 +0000] "GET /?fileloc=%2Fvar%2Fdev%2Fmap%2Fnohup.out&path=%2Fvar%2Fdev%2Fmap HTTP/2.0" 200 2960 "-" "Mozilla/5.0 AppleWebKit/537.36 (KHTML, like Gecko; compatible; ClaudeBot/1.0; +claudebot@anthropic.com)"
216.73.216.107 - - [31/Oct/2025:02:21:34 +0000] "GET /?fileloc=%2F%2Flib%2Ffirmware%2FTAS2XXX103C8DE80.bin.zst&path=%2F%2Flib%2Ffirmware HTTP/2.0" 200 9662 "-" "Mozilla/5.0 AppleWebKit/537.36 (KHTML, like Gecko; compatible; ClaudeBot/1.0; +claudebot@anthropic.com)"
216.73.216.107 - - [31/Oct/2025:02:21:34 +0000] "GET /?fileloc=%2F%2Flib%2Ffirmware%2Fiwlwifi-bz-b0-fm-c0-96.ucode.zst&path=%2F%2Flib%2Ffirmware HTTP/2.0" 200 569712 "-" "Mozilla/5.0 AppleWebKit/537.36 (KHTML, like Gecko; compatible; ClaudeBot/1.0; +claudebot@anthropic.com)"
216.73.216.107 - - [31/Oct/2025:02:21:34 +0000] "GET /?fileloc=%2F%2Flib%2Ffirmware%2FTAS2XXX103C8DE9-1.bin.zst&path=%2F%2Flib%2Ffirmware HTTP/2.0" 200 9550 "-" "Mozilla/5.0 AppleWebKit/537.36 (KHTML, like Gecko; compatible; ClaudeBot/1.0; +claudebot@anthropic.com)"
216.73.216.107 - - [31/Oct/2025:02:21:35 +0000] "GET /?path=%2Fvar%2Flib%2Fsnapd%2Fdbus-1 HTTP/2.0" 200 3396 "-" "Mozilla/5.0 AppleWebKit/537.36 (KHTML, like Gecko; compatible; ClaudeBot/1.0; +claudebot@anthropic.com)"
216.73.216.107 - - [31/Oct/2025:02:21:35 +0000] "GET /?fileloc=%2F%2Flib%2Ffirmware%2FTAS2XXX8DE91.bin.zst&path=%2F%2Flib%2Ffirmware HTTP/2.0" 200 9545 "-" "Mozilla/5.0 AppleWebKit/537.36 (KHTML, like Gecko; compatible; ClaudeBot/1.0; +claudebot@anthropic.com)"
216.73.216.107 - - [31/Oct/2025:02:21:35 +0000] "GET /?fileloc=%2F%2Flib%2Ffirmware%2Fqat_c62x_mmp.bin.zst&path=%2F%2Flib%2Ffirmware HTTP/2.0" 200 44924 "-" "Mozilla/5.0 AppleWebKit/537.36 (KHTML, like Gecko; compatible; ClaudeBot/1.0; +claudebot@anthropic.com)"
216.73.216.107 - - [31/Oct/2025:02:21:35 +0000] "GET /?fileloc=%2F%2Fetc%2Fmysql%2Fmy.cnf&path=%2F%2Fetc%2Fmysql HTTP/2.0" 200 3365 "-" "Mozilla/5.0 AppleWebKit/537.36 (KHTML, like Gecko; compatible; ClaudeBot/1.0; +claudebot@anthropic.com)"
216.73.216.107 - - [31/Oct/2025:02:21:35 +0000] "GET /?fileloc=%2F%2Flib%2Ffirmware%2Fvpu_d.bin.zst&path=%2F%2Flib%2Ffirmware HTTP/2.0" 200 22465 "-" "Mozilla/5.0 AppleWebKit/537.36 (KHTML, like Gecko; compatible; ClaudeBot/1.0; +claudebot@anthropic.com)"
216.73.216.107 - - [31/Oct/2025:02:21:35 +0000] "GET /?fileloc=%2Fvar%2Fwww%2Fqayyoomi.com%2Froot%2Fwp-includes%2Fblocks%2Fgroup%2Fblock.json&path=%2Fvar%2Fwww%2Fqayyoomi.com%2Froot%2Fwp-includes%2Fblocks%2Fgroup HTTP/2.0" 200 3882 "-" "Mozilla/5.0 AppleWebKit/537.36 (KHTML, like Gecko; compatible; ClaudeBot/1.0; +claudebot@anthropic.com)"
216.73.216.107 - - [31/Oct/2025:02:21:35 +0000] "GET /?fileloc=%2F%2Flib%2Ffirmware%2FTAS2XXX387E.bin.zst&path=%2F%2Flib%2Ffirmware HTTP/2.0" 200 7796 "-" "Mozilla/5.0 AppleWebKit/537.36 (KHTML, like Gecko; compatible; ClaudeBot/1.0; +claudebot@anthropic.com)"
216.73.216.107 - - [31/Oct/2025:02:21:36 +0000] "GET /?fileloc=%2F%2Flib%2Fmultipath%2Flibprioalua.so&path=%2F%2Flib%2Fmultipath HTTP/2.0" 200 6014 "-" "Mozilla/5.0 AppleWebKit/537.36 (KHTML, like Gecko; compatible; ClaudeBot/1.0; +claudebot@anthropic.com)"
216.73.216.107 - - [31/Oct/2025:02:21:37 +0000] "GET /?fileloc=%2F%2Flib%2Ffirmware%2Fiwlwifi-Qu-b0-hr-b0-50.ucode.zst&path=%2F%2Flib%2Ffirmware HTTP/2.0" 200 382932 "-" "Mozilla/5.0 AppleWebKit/537.36 (KHTML, like Gecko; compatible; ClaudeBot/1.0; +claudebot@anthropic.com)"
66.249.75.67 - - [31/Oct/2025:02:21:37 +0000] "GET /?path=/var/www/qayyoomi.com/root/wp-content/plugins/polylang/install HTTP/1.1" 200 3723 "-" "Mozilla/5.0 (Linux; Android 6.0.1; Nexus 5X Build/MMB29P) AppleWebKit/537.36 (KHTML, like Gecko) Chrome/141.0.7390.122 Mobile Safari/537.36 (compatible; Googlebot/2.1; +http://www.google.com/bot.html)"
216.73.216.107 - - [31/Oct/2025:02:21:37 +0000] "GET /?fileloc=%2F%2Flib%2Ffirmware%2FTAS2XXX8DE9.bin.zst&path=%2F%2Flib%2Ffirmware HTTP/2.0" 200 9544 "-" "Mozilla/5.0 AppleWebKit/537.36 (KHTML, like Gecko; compatible; ClaudeBot/1.0; +claudebot@anthropic.com)"
216.73.216.107 - - [31/Oct/2025:02:21:37 +0000] "GET /?fileloc=%2F%2Flib%2Ffirmware%2Fwil6210.brd.zst&path=%2F%2Flib%2Ffirmware HTTP/2.0" 200 4593 "-" "Mozilla/5.0 AppleWebKit/537.36 (KHTML, like Gecko; compatible; ClaudeBot/1.0; +claudebot@anthropic.com)"
66.249.75.67 - - [31/Oct/2025:02:21:37 +0000] "GET /?path=/var/dev/math/ui/node_modules/spdx-exceptions HTTP/1.1" 200 3604 "-" "Mozilla/5.0 (Linux; Android 6.0.1; Nexus 5X Build/MMB29P) AppleWebKit/537.36 (KHTML, like Gecko) Chrome/141.0.7390.122 Mobile Safari/537.36 (compatible; Googlebot/2.1; +http://www.google.com/bot.html)"
216.73.216.107 - - [31/Oct/2025:02:21:38 +0000] "GET /?fileloc=%2Fvar%2Flog%2Fnginx%2Faccess.log.12.gz&path=%2Fvar%2Flog%2Fnginx HTTP/2.0" 200 877357 "-" "Mozilla/5.0 AppleWebKit/537.36 (KHTML, like Gecko; compatible; ClaudeBot/1.0; +claudebot@anthropic.com)"
216.73.216.107 - - [31/Oct/2025:02:21:38 +0000] "GET /?fileloc=%2F%2Flib%2Fman-db%2Fman&path=%2F%2Flib%2Fman-db HTTP/2.0" 200 56377 "-" "Mozilla/5.0 AppleWebKit/537.36 (KHTML, like Gecko; compatible; ClaudeBot/1.0; +claudebot@anthropic.com)"
216.73.216.107 - - [31/Oct/2025:02:21:38 +0000] "GET /?fileloc=%2F%2Flib%2Ffirmware%2FTAS2XXX0C97.bin.zst&path=%2F%2Flib%2Ffirmware HTTP/2.0" 200 7189 "-" "Mozilla/5.0 AppleWebKit/537.36 (KHTML, like Gecko; compatible; ClaudeBot/1.0; +claudebot@anthropic.com)"
216.73.216.107 - - [31/Oct/2025:02:21:38 +0000] "GET /?fileloc=%2F%2Flib%2Fsysctl.d%2F50-pid-max.conf&path=%2F%2Flib%2Fsysctl.d HTTP/2.0" 200 3356 "-" "Mozilla/5.0 AppleWebKit/537.36 (KHTML, like Gecko; compatible; ClaudeBot/1.0; +claudebot@anthropic.com)"
216.73.216.107 - - [31/Oct/2025:02:21:38 +0000] "GET /?fileloc=%2F%2Flib%2Fdbus-1.0%2Fdbus-daemon-launch-helper&path=%2F%2Flib%2Fdbus-1.0 HTTP/2.0" 200 14603 "-" "Mozilla/5.0 AppleWebKit/537.36 (KHTML, like Gecko; compatible; ClaudeBot/1.0; +claudebot@anthropic.com)"
216.73.216.107 - - [31/Oct/2025:02:21:38 +0000] "GET /?fileloc=%2F%2Flib%2Ffirmware%2Fv4l-cx231xx-avcore-01.fw.zst&path=%2F%2Flib%2Ffirmware HTTP/2.0" 200 10533 "-" "Mozilla/5.0 AppleWebKit/537.36 (KHTML, like Gecko; compatible; ClaudeBot/1.0; +claudebot@anthropic.com)"
216.73.216.107 - - [31/Oct/2025:02:21:38 +0000] "GET /?fileloc=%2F%2Flib%2Ffirmware%2FTAS2XXX8DE80.bin.zst&path=%2F%2Flib%2Ffirmware HTTP/2.0" 200 9659 "-" "Mozilla/5.0 AppleWebKit/537.36 (KHTML, like Gecko; compatible; ClaudeBot/1.0; +claudebot@anthropic.com)"
216.73.216.107 - - [31/Oct/2025:02:21:38 +0000] "GET /?fileloc=%2F%2Flib%2Fpam.d%2Fpolkit-1&path=%2F%2Flib%2Fpam.d HTTP/2.0" 200 3074 "-" "Mozilla/5.0 AppleWebKit/537.36 (KHTML, like Gecko; compatible; ClaudeBot/1.0; +claudebot@anthropic.com)"
216.73.216.107 - - [31/Oct/2025:02:21:41 +0000] "GET /?fileloc=%2F%2Flib%2Ffirmware%2Fiwlwifi-bz-b0-fm-c0-92.ucode.zst&path=%2F%2Flib%2Ffirmware HTTP/2.0" 200 562291 "-" "Mozilla/5.0 AppleWebKit/537.36 (KHTML, like Gecko; compatible; ClaudeBot/1.0; +claudebot@anthropic.com)"
216.73.216.107 - - [31/Oct/2025:02:21:41 +0000] "GET /?fileloc=%2F%2Frun%2Fconsole-setup%2Fboot_completed&path=%2F%2Frun%2Fconsole-setup HTTP/2.0" 200 2959 "-" "Mozilla/5.0 AppleWebKit/537.36 (KHTML, like Gecko; compatible; ClaudeBot/1.0; +claudebot@anthropic.com)"
216.73.216.107 - - [31/Oct/2025:02:21:41 +0000] "GET /?path=%2F%2Flib%2Ffirmware%2Fcavium HTTP/2.0" 200 3415 "-" "Mozilla/5.0 AppleWebKit/537.36 (KHTML, like Gecko; compatible; ClaudeBot/1.0; +claudebot@anthropic.com)"
216.73.216.107 - - [31/Oct/2025:02:21:41 +0000] "GET /?path=%2F%2Fetc%2Fmysql%2Fconf.d HTTP/2.0" 200 3403 "-" "Mozilla/5.0 AppleWebKit/537.36 (KHTML, like Gecko; compatible; ClaudeBot/1.0; +claudebot@anthropic.com)"
216.73.216.107 - - [31/Oct/2025:02:21:42 +0000] "GET /?fileloc=%2F%2Flib%2Ffirmware%2FTAS2XXX3F001.bin.zst&path=%2F%2Flib%2Ffirmware HTTP/2.0" 200 9992 "-" "Mozilla/5.0 AppleWebKit/537.36 (KHTML, like Gecko; compatible; ClaudeBot/1.0; +claudebot@anthropic.com)"
216.73.216.107 - - [31/Oct/2025:02:21:42 +0000] "GET /?fileloc=%2F%2Flib%2Ffirmware%2FTAS2XXX103C8DE8-1.bin.zst&path=%2F%2Flib%2Ffirmware HTTP/2.0" 200 9663 "-" "Mozilla/5.0 AppleWebKit/537.36 (KHTML, like Gecko; compatible; ClaudeBot/1.0; +claudebot@anthropic.com)"
216.73.216.107 - - [31/Oct/2025:02:21:42 +0000] "GET /?fileloc=%2F%2Flib%2Ffirmware%2Fmyri10ge_rss_ethp_z8e.dat.zst&path=%2F%2Flib%2Ffirmware HTTP/2.0" 200 99925 "-" "Mozilla/5.0 AppleWebKit/537.36 (KHTML, like Gecko; compatible; ClaudeBot/1.0; +claudebot@anthropic.com)"
216.73.216.107 - - [31/Oct/2025:02:21:42 +0000] "GET /?fileloc=%2Fvar%2Flog%2Fnginx%2Faccess.log.9.gz&path=%2Fvar%2Flog%2Fnginx HTTP/2.0" 200 683347 "-" "Mozilla/5.0 AppleWebKit/537.36 (KHTML, like Gecko; compatible; ClaudeBot/1.0; +claudebot@anthropic.com)"
216.73.216.107 - - [31/Oct/2025:02:21:43 +0000] "GET /?fileloc=%2Fvar%2Fwww%2Fqayyoomi.com%2Froot%2Fwp-includes%2Fblocks%2Fcomments%2Fblock.json&path=%2Fvar%2Fwww%2Fqayyoomi.com%2Froot%2Fwp-includes%2Fblocks%2Fcomments HTTP/2.0" 200 3628 "-" "Mozilla/5.0 AppleWebKit/537.36 (KHTML, like Gecko; compatible; ClaudeBot/1.0; +claudebot@anthropic.com)"
216.73.216.107 - - [31/Oct/2025:02:21:44 +0000] "GET /?fileloc=%2F%2Flib%2Ffirmware%2Fiwlwifi-Qu-b0-hr-b0-59.ucode.zst&path=%2F%2Flib%2Ffirmware HTTP/2.0" 200 434258 "-" "Mozilla/5.0 AppleWebKit/537.36 (KHTML, like Gecko; compatible; ClaudeBot/1.0; +claudebot@anthropic.com)"
216.73.216.107 - - [31/Oct/2025:02:21:44 +0000] "GET /?fileloc=%2Fvar%2Fwww%2Fqayyoomi.com%2Froot%2Fwp-includes%2Fblocks%2Fpost-author%2Fblock.json&path=%2Fvar%2Fwww%2Fqayyoomi.com%2Froot%2Fwp-includes%2Fblocks%2Fpost-author HTTP/2.0" 200 3739 "-" "Mozilla/5.0 AppleWebKit/537.36 (KHTML, like Gecko; compatible; ClaudeBot/1.0; +claudebot@anthropic.com)"
216.73.216.107 - - [31/Oct/2025:02:21:44 +0000] "GET /?fileloc=%2Fvar%2Fwww%2Fqayyoomi.com%2Froot%2Fwp-includes%2Fblocks%2Favatar%2Fblock.json&path=%2Fvar%2Fwww%2Fqayyoomi.com%2Froot%2Fwp-includes%2Fblocks%2Favatar HTTP/2.0" 200 3601 "-" "Mozilla/5.0 AppleWebKit/537.36 (KHTML, like Gecko; compatible; ClaudeBot/1.0; +claudebot@anthropic.com)"
216.73.216.107 - - [31/Oct/2025:02:21:44 +0000] "GET /?fileloc=%2F%2Flib%2Ffirmware%2Fiwlwifi-Qu-b0-hr-b0-66.ucode.zst&path=%2F%2Flib%2Ffirmware HTTP/2.0" 200 449276 "-" "Mozilla/5.0 AppleWebKit/537.36 (KHTML, like Gecko; compatible; ClaudeBot/1.0; +claudebot@anthropic.com)"
216.73.216.107 - - [31/Oct/2025:02:21:44 +0000] "GET /?fileloc=%2F%2Flib%2Ffirmware%2Fiwlwifi-ma-b0-hr-b0-83.ucode.zst&path=%2F%2Flib%2Ffirmware HTTP/2.0" 200 493074 "-" "Mozilla/5.0 AppleWebKit/537.36 (KHTML, like Gecko; compatible; ClaudeBot/1.0; +claudebot@anthropic.com)"
216.73.216.107 - - [31/Oct/2025:02:21:44 +0000] "GET /?fileloc=%2Fvar%2Fwww%2Fqayyoomi.com%2Froot%2Fwp-includes%2Fblocks%2Fcategories%2Fblock.json&path=%2Fvar%2Fwww%2Fqayyoomi.com%2Froot%2Fwp-includes%2Fblocks%2Fcategories HTTP/2.0" 200 3748 "-" "Mozilla/5.0 AppleWebKit/537.36 (KHTML, like Gecko; compatible; ClaudeBot/1.0; +claudebot@anthropic.com)"
216.73.216.107 - - [31/Oct/2025:02:21:44 +0000] "GET /?fileloc=%2F%2Flib%2Ffirmware%2FTAS2XXX38C3.bin.zst&path=%2F%2Flib%2Ffirmware HTTP/2.0" 200 7501 "-" "Mozilla/5.0 AppleWebKit/537.36 (KHTML, like Gecko; compatible; ClaudeBot/1.0; +claudebot@anthropic.com)"
216.73.216.107 - - [31/Oct/2025:02:21:44 +0000] "GET /?fileloc=%2F%2Flib%2Ffirmware%2FTAS2XXX0C96.bin.zst&path=%2F%2Flib%2Ffirmware HTTP/2.0" 200 7165 "-" "Mozilla/5.0 AppleWebKit/537.36 (KHTML, like Gecko; compatible; ClaudeBot/1.0; +claudebot@anthropic.com)"
216.73.216.107 - - [31/Oct/2025:02:21:44 +0000] "GET /?path=%2F%2Flib%2Ffirmware%2Ftehuti HTTP/2.0" 200 3345 "-" "Mozilla/5.0 AppleWebKit/537.36 (KHTML, like Gecko; compatible; ClaudeBot/1.0; +claudebot@anthropic.com)"
66.249.75.67 - - [31/Oct/2025:02:21:45 +0000] "GET /?fileloc=/var/dev/nowruzgan/vazhgar/node_modules/webpack-merge/package.json&path=/var/dev/nowruzgan/vazhgar/node_modules/webpack-merge HTTP/1.1" 200 3704 "-" "Mozilla/5.0 (Linux; Android 6.0.1; Nexus 5X Build/MMB29P) AppleWebKit/537.36 (KHTML, like Gecko) Chrome/141.0.7390.122 Mobile Safari/537.36 (compatible; Googlebot/2.1; +http://www.google.com/bot.html)"
216.73.216.107 - - [31/Oct/2025:02:21:46 +0000] "GET /?fileloc=%2Fvar%2Flog%2Fnginx%2Faccess.log.11.gz&path=%2Fvar%2Flog%2Fnginx HTTP/2.0" 200 240754 "-" "Mozilla/5.0 AppleWebKit/537.36 (KHTML, like Gecko; compatible; ClaudeBot/1.0; +claudebot@anthropic.com)"
216.73.216.107 - - [31/Oct/2025:02:21:46 +0000] "GET /?fileloc=%2F%2Flib%2Ffirmware%2Fv4l-cx25840.fw.zst&path=%2F%2Flib%2Ffirmware HTTP/2.0" 200 10411 "-" "Mozilla/5.0 AppleWebKit/537.36 (KHTML, like Gecko; compatible; ClaudeBot/1.0; +claudebot@anthropic.com)"
216.73.216.107 - - [31/Oct/2025:02:21:46 +0000] "GET /?fileloc=%2F%2Flib%2Ffirmware%2FTAS2XXX3884.bin.zst&path=%2F%2Flib%2Ffirmware HTTP/2.0" 200 7560 "-" "Mozilla/5.0 AppleWebKit/537.36 (KHTML, like Gecko; compatible; ClaudeBot/1.0; +claudebot@anthropic.com)"
216.73.216.107 - - [31/Oct/2025:02:21:46 +0000] "GET /?fileloc=%2F%2Flib%2Ffirmware%2Fmt7662_rom_patch.bin.zst&path=%2F%2Flib%2Ffirmware HTTP/2.0" 200 19508 "-" "Mozilla/5.0 AppleWebKit/537.36 (KHTML, like Gecko; compatible; ClaudeBot/1.0; +claudebot@anthropic.com)"
216.73.216.107 - - [31/Oct/2025:02:21:46 +0000] "GET /?fileloc=%2F%2Flib%2Ffirmware%2Fiwlwifi-Qu-b0-hr-b0-77.ucode.zst&path=%2F%2Flib%2Ffirmware HTTP/2.0" 200 469593 "-" "Mozilla/5.0 AppleWebKit/537.36 (KHTML, like Gecko; compatible; ClaudeBot/1.0; +claudebot@anthropic.com)"
216.73.216.107 - - [31/Oct/2025:02:21:46 +0000] "GET /?fileloc=%2Fvar%2Fwww%2Fqayyoomi.com%2Froot%2Fwp-includes%2Fblocks%2Fpost-author-name%2Fstyle.min.css&path=%2Fvar%2Fwww%2Fqayyoomi.com%2Froot%2Fwp-includes%2Fblocks%2Fpost-author-name HTTP/2.0" 200 3059 "-" "Mozilla/5.0 AppleWebKit/537.36 (KHTML, like Gecko; compatible; ClaudeBot/1.0; +claudebot@anthropic.com)"
216.73.216.107 - - [31/Oct/2025:02:21:46 +0000] "GET /?fileloc=%2Fvar%2Fwww%2Fqayyoomi.com%2Froot%2Fwp-includes%2Fblocks%2Fnextpage%2Fblock.json&path=%2Fvar%2Fwww%2Fqayyoomi.com%2Froot%2Fwp-includes%2Fblocks%2Fnextpage HTTP/2.0" 200 3351 "-" "Mozilla/5.0 AppleWebKit/537.36 (KHTML, like Gecko; compatible; ClaudeBot/1.0; +claudebot@anthropic.com)"
109.122.240.16 - - [31/Oct/2025:02:21:46 +0000] "POST /wp-cron.php?doing_wp_cron=1761877306.7400560379028320312500 HTTP/1.1" 200 31 "-" "WordPress/6.8.3; https://chaharrah.tv"
40.77.167.49 - - [31/Oct/2025:02:21:47 +0000] "GET /diplomatize/2107964 HTTP/2.0" 404 11377 "-" "Mozilla/5.0 AppleWebKit/537.36 (KHTML, like Gecko; compatible; bingbot/2.0; +http://www.bing.com/bingbot.htm) Chrome/116.0.1938.76 Safari/537.36"
216.73.216.107 - - [31/Oct/2025:02:21:47 +0000] "GET /?path=%2Fvar%2Fwww%2Fqayyoomi.com%2Froot%2Fwp-admin%2Fcss%2Fcolors%2Fsunrise HTTP/2.0" 200 3655 "-" "Mozilla/5.0 AppleWebKit/537.36 (KHTML, like Gecko; compatible; ClaudeBot/1.0; +claudebot@anthropic.com)"
216.73.216.107 - - [31/Oct/2025:02:21:47 +0000] "GET /?fileloc=%2F%2Fetc%2Fmysql%2Fmy.cnf.fallback&path=%2F%2Fetc%2Fmysql HTTP/2.0" 200 3458 "-" "Mozilla/5.0 AppleWebKit/537.36 (KHTML, like Gecko; compatible; ClaudeBot/1.0; +claudebot@anthropic.com)"
216.73.216.107 - - [31/Oct/2025:02:21:48 +0000] "GET /?fileloc=%2F%2Flib%2Ffirmware%2Fmyri10ge_rss_eth_big_z8e.dat.zst&path=%2F%2Flib%2Ffirmware HTTP/2.0" 200 99945 "-" "Mozilla/5.0 AppleWebKit/537.36 (KHTML, like Gecko; compatible; ClaudeBot/1.0; +claudebot@anthropic.com)"
216.73.216.107 - - [31/Oct/2025:02:21:48 +0000] "GET /?fileloc=%2F%2Flib%2Ffirmware%2Fdvb-fe-xc5000c-4.1.30.7.fw.zst&path=%2F%2Flib%2Ffirmware HTTP/2.0" 200 14280 "-" "Mozilla/5.0 AppleWebKit/537.36 (KHTML, like Gecko; compatible; ClaudeBot/1.0; +claudebot@anthropic.com)"
216.73.216.107 - - [31/Oct/2025:02:21:48 +0000] "GET /?fileloc=%2F%2Flib%2Ffirmware%2FTAS2XXX0C95.bin.zst&path=%2F%2Flib%2Ffirmware HTTP/2.0" 200 7116 "-" "Mozilla/5.0 AppleWebKit/537.36 (KHTML, like Gecko; compatible; ClaudeBot/1.0; +claudebot@anthropic.com)"
216.73.216.107 - - [31/Oct/2025:02:21:49 +0000] "GET /?fileloc=%2Fvar%2Flog%2Fnginx%2Faccess.log.8.gz&path=%2Fvar%2Flog%2Fnginx HTTP/2.0" 200 909312 "-" "Mozilla/5.0 AppleWebKit/537.36 (KHTML, like Gecko; compatible; ClaudeBot/1.0; +claudebot@anthropic.com)"
216.73.216.107 - - [31/Oct/2025:02:21:49 +0000] "GET /?fileloc=%2F%2Flib%2Ffirmware%2Fmt7662.bin.zst&path=%2F%2Flib%2Ffirmware HTTP/2.0" 200 49211 "-" "Mozilla/5.0 AppleWebKit/537.36 (KHTML, like Gecko; compatible; ClaudeBot/1.0; +claudebot@anthropic.com)"
216.73.216.107 - - [31/Oct/2025:02:21:49 +0000] "GET /?fileloc=%2F%2Flib%2Ffirmware%2FTAS2XXX12041.bin.zst&path=%2F%2Flib%2Ffirmware HTTP/2.0" 200 10024 "-" "Mozilla/5.0 AppleWebKit/537.36 (KHTML, like Gecko; compatible; ClaudeBot/1.0; +claudebot@anthropic.com)"
216.73.216.107 - - [31/Oct/2025:02:21:49 +0000] "GET /?fileloc=%2F%2Flib%2Ffirmware%2Fiwlwifi-Qu-b0-hr-b0-73.ucode.zst&path=%2F%2Flib%2Ffirmware HTTP/2.0" 200 456865 "-" "Mozilla/5.0 AppleWebKit/537.36 (KHTML, like Gecko; compatible; ClaudeBot/1.0; +claudebot@anthropic.com)"
66.249.75.67 - - [31/Oct/2025:02:21:54 +0000] "GET /?fileloc=/var/dev/math/ui/node_modules/yallist/README.md&path=/var/dev/math/ui/node_modules/yallist HTTP/1.1" 200 4998 "-" "Mozilla/5.0 (Linux; Android 6.0.1; Nexus 5X Build/MMB29P) AppleWebKit/537.36 (KHTML, like Gecko) Chrome/141.0.7390.122 Mobile Safari/537.36 (compatible; GoogleOther)"
66.249.75.67 - - [31/Oct/2025:02:21:55 +0000] "GET /?path=/var/www/qayyoomi.com/root/wp-content/plugins/polylang/flags HTTP/1.1" 200 12137 "-" "Mozilla/5.0 (Linux; Android 6.0.1; Nexus 5X Build/MMB29P) AppleWebKit/537.36 (KHTML, like Gecko) Chrome/141.0.7390.122 Mobile Safari/537.36 (compatible; Googlebot/2.1; +http://www.google.com/bot.html)"
37.139.53.80 - - [31/Oct/2025:02:21:57 +0000] "GET /miras-maktoob-01-1382-06-11/ HTTP/1.0" 200 42619 "https://chaharrah.tv/miras-maktoob-01-1382-06-11/#comment-16343/" "Mozilla/5.0 (Windows NT 10.0; Win64; x64) AppleWebKit/537.36 (KHTML, like Gecko) Chrome/103.0.5060.66 Safari/537.36"
66.249.77.198 - - [31/Oct/2025:02:21:57 +0000] "GET /travelogue/text/s10-t1798-t208-n5511 HTTP/1.1" 200 4768 "-" "Mozilla/5.0 (Linux; Android 6.0.1; Nexus 5X Build/MMB29P) AppleWebKit/537.36 (KHTML, like Gecko) Chrome/141.0.7390.122 Mobile Safari/537.36 (compatible; Googlebot/2.1; +http://www.google.com/bot.html)"
37.139.53.80 - - [31/Oct/2025:02:21:57 +0000] "POST /wp-comments-post.php HTTP/1.0" 499 0 "https://chaharrah.tv/miras-maktoob-01-1382-06-11/#comment-16343/" "Mozilla/5.0 (Windows NT 10.0; Win64; x64) AppleWebKit/537.36 (KHTML, like Gecko) Chrome/103.0.5060.66 Safari/537.36"
185.209.28.214 - - [31/Oct/2025:02:21:59 +0000] "GET /miras-maktoob-01-1382-06-11/ HTTP/1.0" 200 42618 "https://chaharrah.tv/miras-maktoob-01-1382-06-11/" "Mozilla/5.0 (Windows NT 10.0; Win64; x64) AppleWebKit/537.36 (KHTML, like Gecko) Chrome/131.0.0.0 Safari/537.36 Avast/131.0.0.0"
216.73.216.107 - - [31/Oct/2025:02:22:01 +0000] "GET /?path=%2F%2Fusr%2Finclude%2Fdrm HTTP/2.0" 200 4546 "-" "Mozilla/5.0 AppleWebKit/537.36 (KHTML, like Gecko; compatible; ClaudeBot/1.0; +claudebot@anthropic.com)"
216.73.216.107 - - [31/Oct/2025:02:22:01 +0000] "GET /?fileloc=%2F%2Fusr%2Fsbin%2Ffsck.ext3&path=%2F%2Fusr%2Fsbin HTTP/2.0" 200 171132 "-" "Mozilla/5.0 AppleWebKit/537.36 (KHTML, like Gecko; compatible; ClaudeBot/1.0; +claudebot@anthropic.com)"
185.209.28.214 - - [31/Oct/2025:02:22:01 +0000] "POST /wp-comments-post.php HTTP/1.0" 302 0 "https://chaharrah.tv/miras-maktoob-01-1382-06-11/" "Mozilla/5.0 (Windows NT 10.0; Win64; x64) AppleWebKit/537.36 (KHTML, like Gecko) Chrome/131.0.0.0 Safari/537.36 Avast/131.0.0.0"
216.73.216.107 - - [31/Oct/2025:02:22:01 +0000] "GET /?fileloc=%2F%2Flib%2Fx86_64-linux-gnu%2Flibgstcheck-1.0.so.0.2402.0&path=%2F%2Flib%2Fx86_64-linux-gnu HTTP/2.0" 200 63192 "-" "Mozilla/5.0 AppleWebKit/537.36 (KHTML, like Gecko; compatible; ClaudeBot/1.0; +claudebot@anthropic.com)"
216.73.216.107 - - [31/Oct/2025:02:22:01 +0000] "GET /?fileloc=%2F%2Fusr%2Fsbin%2Fupdate-fonts-scale&path=%2F%2Fusr%2Fsbin HTTP/2.0" 200 5518 "-" "Mozilla/5.0 AppleWebKit/537.36 (KHTML, like Gecko; compatible; ClaudeBot/1.0; +claudebot@anthropic.com)"
216.73.216.107 - - [31/Oct/2025:02:22:01 +0000] "GET /?path=%2F%2Fusr%2Fshare%2Fcmake HTTP/2.0" 200 3328 "-" "Mozilla/5.0 AppleWebKit/537.36 (KHTML, like Gecko; compatible; ClaudeBot/1.0; +claudebot@anthropic.com)"
216.73.216.107 - - [31/Oct/2025:02:22:01 +0000] "GET /?fileloc=%2Fvar%2Fwww%2Fqayyoomi.com%2Froot%2Fwp-content%2Fplugins%2Fwp-file-upload%2Fscreenshot-5.jpg&path=%2Fvar%2Fwww%2Fqayyoomi.com%2Froot%2Fwp-content%2Fplugins%2Fwp-file-upload HTTP/2.0" 200 26219 "-" "Mozilla/5.0 AppleWebKit/537.36 (KHTML, like Gecko; compatible; ClaudeBot/1.0; +claudebot@anthropic.com)"
216.73.216.107 - - [31/Oct/2025:02:22:01 +0000] "GET /?fileloc=%2F%2Flib%2Fx86_64-linux-gnu%2FlibX11-xcb.so.1.0.0&path=%2F%2Flib%2Fx86_64-linux-gnu HTTP/2.0" 200 4549 "-" "Mozilla/5.0 AppleWebKit/537.36 (KHTML, like Gecko; compatible; ClaudeBot/1.0; +claudebot@anthropic.com)"
216.73.216.107 - - [31/Oct/2025:02:22:01 +0000] "GET /?fileloc=%2F%2Flib%2Fx86_64-linux-gnu%2Flibcups.so.2&path=%2F%2Flib%2Fx86_64-linux-gnu HTTP/2.0" 200 283455 "-" "Mozilla/5.0 AppleWebKit/537.36 (KHTML, like Gecko; compatible; ClaudeBot/1.0; +claudebot@anthropic.com)"
216.73.216.107 - - [31/Oct/2025:02:22:01 +0000] "GET /?fileloc=%2F%2Fusr%2Fsbin%2Foffcputime-bpfcc&path=%2F%2Fusr%2Fsbin HTTP/2.0" 200 8057 "-" "Mozilla/5.0 AppleWebKit/537.36 (KHTML, like Gecko; compatible; ClaudeBot/1.0; +claudebot@anthropic.com)"
216.73.216.107 - - [31/Oct/2025:02:22:01 +0000] "GET /?fileloc=%2F%2Flib%2Fx86_64-linux-gnu%2Flibssl3.so&path=%2F%2Flib%2Fx86_64-linux-gnu HTTP/2.0" 200 200692 "-" "Mozilla/5.0 AppleWebKit/537.36 (KHTML, like Gecko; compatible; ClaudeBot/1.0; +claudebot@anthropic.com)"
216.73.216.107 - - [31/Oct/2025:02:22:02 +0000] "GET /?path=%2F%2Fusr%2Flib%2Fmime HTTP/2.0" 200 3322 "-" "Mozilla/5.0 AppleWebKit/537.36 (KHTML, like Gecko; compatible; ClaudeBot/1.0; +claudebot@anthropic.com)"
185.209.28.214 - - [31/Oct/2025:02:22:02 +0000] "GET /miras-maktoob-01-1382-06-11/?unapproved=528417&moderation-hash=235c8ffced8437f8d03e542ced0d0dc8 HTTP/1.0" 200 43841 "https://chaharrah.tv/miras-maktoob-01-1382-06-11/?unapproved=528417&moderation-hash=235c8ffced8437f8d03e542ced0d0dc8#comment-528417" "Mozilla/5.0 (Windows NT 10.0; Win64; x64) AppleWebKit/537.36 (KHTML, like Gecko) Chrome/131.0.0.0 Safari/537.36 Avast/131.0.0.0"
216.73.216.107 - - [31/Oct/2025:02:22:02 +0000] "GET /?fileloc=%2F%2Flib%2Fx86_64-linux-gnu%2FlibVkLayer_MESA_overlay.so&path=%2F%2Flib%2Fx86_64-linux-gnu HTTP/2.0" 200 391677 "-" "Mozilla/5.0 AppleWebKit/537.36 (KHTML, like Gecko; compatible; ClaudeBot/1.0; +claudebot@anthropic.com)"
216.73.216.107 - - [31/Oct/2025:02:22:02 +0000] "GET /?fileloc=%2F%2Flib%2Fx86_64-linux-gnu%2Flibunwind.so.8&path=%2F%2Flib%2Fx86_64-linux-gnu HTTP/2.0" 200 30535 "-" "Mozilla/5.0 AppleWebKit/537.36 (KHTML, like Gecko; compatible; ClaudeBot/1.0; +claudebot@anthropic.com)"
216.73.216.107 - - [31/Oct/2025:02:22:02 +0000] "GET /?path=%2F%2Flib%2Fx86_64-linux-gnu%2Fblas HTTP/2.0" 200 3422 "-" "Mozilla/5.0 AppleWebKit/537.36 (KHTML, like Gecko; compatible; ClaudeBot/1.0; +claudebot@anthropic.com)"
216.73.216.107 - - [31/Oct/2025:02:22:03 +0000] "GET /?fileloc=%2F%2Flib%2Fx86_64-linux-gnu%2Flibcairo.so.2.11800.0&path=%2F%2Flib%2Fx86_64-linux-gnu HTTP/2.0" 200 639017 "-" "Mozilla/5.0 AppleWebKit/537.36 (KHTML, like Gecko; compatible; ClaudeBot/1.0; +claudebot@anthropic.com)"
216.73.216.107 - - [31/Oct/2025:02:22:03 +0000] "GET /?fileloc=%2Fvar%2Fwww%2Fqayyoomi.com%2Froot%2Fwp-includes%2Fblocks%2Fcode%2Fstyle.css&path=%2Fvar%2Fwww%2Fqayyoomi.com%2Froot%2Fwp-includes%2Fblocks%2Fcode HTTP/2.0" 200 3121 "-" "Mozilla/5.0 AppleWebKit/537.36 (KHTML, like Gecko; compatible; ClaudeBot/1.0; +claudebot@anthropic.com)"
216.73.216.107 - - [31/Oct/2025:02:22:03 +0000] "GET /?fileloc=%2F%2Fusr%2Fsbin%2Fgrub-mkconfig&path=%2F%2Fusr%2Fsbin HTTP/2.0" 200 6813 "-" "Mozilla/5.0 AppleWebKit/537.36 (KHTML, like Gecko; compatible; ClaudeBot/1.0; +claudebot@anthropic.com)"
216.73.216.107 - - [31/Oct/2025:02:22:03 +0000] "GET /?fileloc=%2Fvar%2Fwww%2Fschool%2Fwp-includes%2Fms-load.php&path=%2Fvar%2Fwww%2Fschool%2Fwp-includes HTTP/2.0" 200 10402 "-" "Mozilla/5.0 AppleWebKit/537.36 (KHTML, like Gecko; compatible; ClaudeBot/1.0; +claudebot@anthropic.com)"
216.73.216.107 - - [31/Oct/2025:02:22:03 +0000] "GET /?fileloc=%2F%2Fusr%2Fsbin%2Fmdadm&path=%2F%2Fusr%2Fsbin HTTP/2.0" 200 323912 "-" "Mozilla/5.0 AppleWebKit/537.36 (KHTML, like Gecko; compatible; ClaudeBot/1.0; +claudebot@anthropic.com)"
216.73.216.107 - - [31/Oct/2025:02:22:03 +0000] "GET /?path=%2F%2Fusr%2Flib%2Fgnupg2 HTTP/2.0" 200 3424 "-" "Mozilla/5.0 AppleWebKit/537.36 (KHTML, like Gecko; compatible; ClaudeBot/1.0; +claudebot@anthropic.com)"
216.73.216.107 - - [31/Oct/2025:02:22:04 +0000] "GET /?fileloc=%2F%2Flib%2Fx86_64-linux-gnu%2Flibbd_swap.so.3&path=%2F%2Flib%2Fx86_64-linux-gnu HTTP/2.0" 200 8832 "-" "Mozilla/5.0 AppleWebKit/537.36 (KHTML, like Gecko; compatible; ClaudeBot/1.0; +claudebot@anthropic.com)"
216.73.216.107 - - [31/Oct/2025:02:22:04 +0000] "GET /?fileloc=%2F%2Flib%2Fx86_64-linux-gnu%2Flibutempter.so.0&path=%2F%2Flib%2Fx86_64-linux-gnu HTTP/2.0" 200 5748 "-" "Mozilla/5.0 AppleWebKit/537.36 (KHTML, like Gecko; compatible; ClaudeBot/1.0; +claudebot@anthropic.com)"
216.73.216.107 - - [31/Oct/2025:02:22:04 +0000] "GET /?fileloc=%2F%2Flib%2Fx86_64-linux-gnu%2Flibavutil.so.58&path=%2F%2Flib%2Fx86_64-linux-gnu HTTP/2.0" 200 445401 "-" "Mozilla/5.0 AppleWebKit/537.36 (KHTML, like Gecko; compatible; ClaudeBot/1.0; +claudebot@anthropic.com)"
216.73.216.107 - - [31/Oct/2025:02:22:04 +0000] "GET /?fileloc=%2F%2Flib%2Fx86_64-linux-gnu%2Flibip4tc.so.2&path=%2F%2Flib%2Fx86_64-linux-gnu HTTP/2.0" 200 16332 "-" "Mozilla/5.0 AppleWebKit/537.36 (KHTML, like Gecko; compatible; ClaudeBot/1.0; +claudebot@anthropic.com)"
216.73.216.107 - - [31/Oct/2025:02:22:04 +0000] "GET /?path=%2F%2Flib%2Fllvm-18%2Flib HTTP/2.0" 200 3593 "-" "Mozilla/5.0 AppleWebKit/537.36 (KHTML, like Gecko; compatible; ClaudeBot/1.0; +claudebot@anthropic.com)"
216.73.216.107 - - [31/Oct/2025:02:22:05 +0000] "GET /?fileloc=%2F%2Flib%2Fneedrestart%2Fiucode-scan-versions&path=%2F%2Flib%2Fneedrestart HTTP/2.0" 200 4221 "-" "Mozilla/5.0 AppleWebKit/537.36 (KHTML, like Gecko; compatible; ClaudeBot/1.0; +claudebot@anthropic.com)"
216.73.216.107 - - [31/Oct/2025:02:22:05 +0000] "GET /?fileloc=%2F%2Flib%2Fx86_64-linux-gnu%2Flibpcap.so.1.10.4&path=%2F%2Flib%2Fx86_64-linux-gnu HTTP/2.0" 200 135547 "-" "Mozilla/5.0 AppleWebKit/537.36 (KHTML, like Gecko; compatible; ClaudeBot/1.0; +claudebot@anthropic.com)"
66.249.75.69 - - [31/Oct/2025:02:22:05 +0000] "GET /?fileloc=/var/dev/nowruzgan/vazhgar/node_modules/spdx-license-ids/index.json&path=/var/dev/nowruzgan/vazhgar/node_modules/spdx-license-ids HTTP/1.1" 200 6930 "-" "Mozilla/5.0 (Linux; Android 6.0.1; Nexus 5X Build/MMB29P) AppleWebKit/537.36 (KHTML, like Gecko) Chrome/141.0.7390.122 Mobile Safari/537.36 (compatible; Googlebot/2.1; +http://www.google.com/bot.html)"
216.73.216.107 - - [31/Oct/2025:02:22:06 +0000] "GET /?fileloc=%2Fvar%2Fwww%2Fschool%2Fwp-includes%2Fclass-wp-admin-bar.php&path=%2Fvar%2Fwww%2Fschool%2Fwp-includes HTTP/2.0" 200 9135 "-" "Mozilla/5.0 AppleWebKit/537.36 (KHTML, like Gecko; compatible; ClaudeBot/1.0; +claudebot@anthropic.com)"
216.73.216.107 - - [31/Oct/2025:02:22:06 +0000] "GET /?fileloc=%2F%2Flib%2Fx86_64-linux-gnu%2Flibutempter.so.1.2.1&path=%2F%2Flib%2Fx86_64-linux-gnu HTTP/2.0" 200 5750 "-" "Mozilla/5.0 AppleWebKit/537.36 (KHTML, like Gecko; compatible; ClaudeBot/1.0; +claudebot@anthropic.com)"
216.73.216.107 - - [31/Oct/2025:02:22:06 +0000] "GET /?fileloc=%2F%2Flib%2Fx86_64-linux-gnu%2Flibzstd.so.1&path=%2F%2Flib%2Fx86_64-linux-gnu HTTP/2.0" 200 352173 "-" "Mozilla/5.0 AppleWebKit/537.36 (KHTML, like Gecko; compatible; ClaudeBot/1.0; +claudebot@anthropic.com)"
216.73.216.107 - - [31/Oct/2025:02:22:07 +0000] "GET /?fileloc=%2F%2Flib%2Fx86_64-linux-gnu%2Flibncurses.so.6&path=%2F%2Flib%2Fx86_64-linux-gnu HTTP/2.0" 200 79238 "-" "Mozilla/5.0 AppleWebKit/537.36 (KHTML, like Gecko; compatible; ClaudeBot/1.0; +claudebot@anthropic.com)"
216.73.216.107 - - [31/Oct/2025:02:22:07 +0000] "GET /?fileloc=%2F%2Flib%2Fx86_64-linux-gnu%2Flibftdi1.so.2.5.0&path=%2F%2Flib%2Fx86_64-linux-gnu HTTP/2.0" 200 28927 "-" "Mozilla/5.0 AppleWebKit/537.36 (KHTML, like Gecko; compatible; ClaudeBot/1.0; +claudebot@anthropic.com)"
216.73.216.107 - - [31/Oct/2025:02:22:07 +0000] "GET /?fileloc=%2F%2Fusr%2Fsbin%2Fxfsdist-bpfcc&path=%2F%2Fusr%2Fsbin HTTP/2.0" 200 4895 "-" "Mozilla/5.0 AppleWebKit/537.36 (KHTML, like Gecko; compatible; ClaudeBot/1.0; +claudebot@anthropic.com)"
216.73.216.107 - - [31/Oct/2025:02:22:07 +0000] "GET /?fileloc=%2F%2Flib%2Fx86_64-linux-gnu%2Flibmlx5.so.1&path=%2F%2Flib%2Fx86_64-linux-gnu HTTP/2.0" 200 242928 "-" "Mozilla/5.0 AppleWebKit/537.36 (KHTML, like Gecko; compatible; ClaudeBot/1.0; +claudebot@anthropic.com)"
216.73.216.107 - - [31/Oct/2025:02:22:08 +0000] "GET /?fileloc=%2Fvar%2Fdev%2Fimage-server%2Frun.sh&path=%2Fvar%2Fdev%2Fimage-server HTTP/2.0" 200 3039 "-" "Mozilla/5.0 AppleWebKit/537.36 (KHTML, like Gecko; compatible; ClaudeBot/1.0; +claudebot@anthropic.com)"
216.73.216.107 - - [31/Oct/2025:02:22:08 +0000] "GET /?fileloc=%2F%2Fopt%2FuFTP%2FREADME.md&path=%2F%2Fopt%2FuFTP HTTP/2.0" 200 5689 "-" "Mozilla/5.0 AppleWebKit/537.36 (KHTML, like Gecko; compatible; ClaudeBot/1.0; +claudebot@anthropic.com)"
216.73.216.107 - - [31/Oct/2025:02:22:08 +0000] "GET /?fileloc=%2F%2Fusr%2Fsbin%2Fblkid&path=%2F%2Fusr%2Fsbin HTTP/2.0" 200 23357 "-" "Mozilla/5.0 AppleWebKit/537.36 (KHTML, like Gecko; compatible; ClaudeBot/1.0; +claudebot@anthropic.com)"
216.73.216.107 - - [31/Oct/2025:02:22:08 +0000] "GET /?fileloc=%2F%2Flib%2Fx86_64-linux-gnu%2Fliburcu-signal.so.8&path=%2F%2Flib%2Fx86_64-linux-gnu HTTP/2.0" 200 17745 "-" "Mozilla/5.0 AppleWebKit/537.36 (KHTML, like Gecko; compatible; ClaudeBot/1.0; +claudebot@anthropic.com)"
216.73.216.107 - - [31/Oct/2025:02:22:09 +0000] "GET /?fileloc=%2F%2Flib%2Fx86_64-linux-gnu%2Flibgraphite2.so.3&path=%2F%2Flib%2Fx86_64-linux-gnu HTTP/2.0" 200 75198 "-" "Mozilla/5.0 AppleWebKit/537.36 (KHTML, like Gecko; compatible; ClaudeBot/1.0; +claudebot@anthropic.com)"
216.73.216.107 - - [31/Oct/2025:02:22:09 +0000] "GET /?fileloc=%2F%2Flib%2Fsystemd%2Fsystemd-initctl&path=%2F%2Flib%2Fsystemd HTTP/2.0" 200 9387 "-" "Mozilla/5.0 AppleWebKit/537.36 (KHTML, like Gecko; compatible; ClaudeBot/1.0; +claudebot@anthropic.com)"
216.73.216.107 - - [31/Oct/2025:02:22:09 +0000] "GET /?fileloc=%2F%2Flib%2Fx86_64-linux-gnu%2Flibpocketsphinx.so.3&path=%2F%2Flib%2Fx86_64-linux-gnu HTTP/2.0" 200 147160 "-" "Mozilla/5.0 AppleWebKit/537.36 (KHTML, like Gecko; compatible; ClaudeBot/1.0; +claudebot@anthropic.com)"
109.122.240.16 - - [31/Oct/2025:02:22:10 +0000] "POST /wp-cron.php?doing_wp_cron=1761877330.4468929767608642578125 HTTP/1.1" 200 31 "-" "WordPress/6.8.3; https://chaharrah.tv"
185.191.171.19 - - [31/Oct/2025:02:22:10 +0000] "GET /tag/%D8%AA%D8%B1%D8%A7%DA%A9%D9%85-%D9%81%D8%B1%D9%88%D8%B4%DB%8C/ HTTP/1.1" 200 12778 "-" "Mozilla/5.0 (compatible; SemrushBot/7~bl; +http://www.semrush.com/bot.html)"
216.73.216.107 - - [31/Oct/2025:02:22:11 +0000] "GET /?fileloc=%2F%2Fusr%2Fsbin%2Fsetvesablank&path=%2F%2Fusr%2Fsbin HTTP/2.0" 200 6271 "-" "Mozilla/5.0 AppleWebKit/537.36 (KHTML, like Gecko; compatible; ClaudeBot/1.0; +claudebot@anthropic.com)"
216.73.216.107 - - [31/Oct/2025:02:22:11 +0000] "GET /?fileloc=%2F%2Fusr%2Fsbin%2Ftcpconnect.bt&path=%2F%2Fusr%2Fsbin HTTP/2.0" 200 3753 "-" "Mozilla/5.0 AppleWebKit/537.36 (KHTML, like Gecko; compatible; ClaudeBot/1.0; +claudebot@anthropic.com)"
216.73.216.107 - - [31/Oct/2025:02:22:12 +0000] "GET /?fileloc=%2F%2Flib%2Fx86_64-linux-gnu%2Flibbs2b.so.0&path=%2F%2Flib%2Fx86_64-linux-gnu HTTP/2.0" 200 10129 "-" "Mozilla/5.0 AppleWebKit/537.36 (KHTML, like Gecko; compatible; ClaudeBot/1.0; +claudebot@anthropic.com)"
216.73.216.107 - - [31/Oct/2025:02:22:12 +0000] "GET /?fileloc=%2Fvar%2Fwww%2Fdivbaaf.com%2Froot%2Fxmlrpc.php&path=%2Fvar%2Fwww%2Fdivbaaf.com%2Froot HTTP/2.0" 200 4545 "-" "Mozilla/5.0 AppleWebKit/537.36 (KHTML, like Gecko; compatible; ClaudeBot/1.0; +claudebot@anthropic.com)"
216.73.216.107 - - [31/Oct/2025:02:22:12 +0000] "GET /?fileloc=%2F%2Flib%2Fx86_64-linux-gnu%2Flibsnmp.so.40.2.1&path=%2F%2Flib%2Fx86_64-linux-gnu HTTP/2.0" 200 416156 "-" "Mozilla/5.0 AppleWebKit/537.36 (KHTML, like Gecko; compatible; ClaudeBot/1.0; +claudebot@anthropic.com)"
66.249.77.198 - - [31/Oct/2025:02:22:13 +0000] "GET /travelogue/text/s1-t2392-t-n3626 HTTP/1.1" 200 4768 "-" "Mozilla/5.0 (Linux; Android 6.0.1; Nexus 5X Build/MMB29P) AppleWebKit/537.36 (KHTML, like Gecko) Chrome/141.0.7390.122 Mobile Safari/537.36 (compatible; Googlebot/2.1; +http://www.google.com/bot.html)"
66.249.75.67 - - [31/Oct/2025:02:22:13 +0000] "GET /?fileloc=/var/dev/math/ui/node_modules/lmdb/native.js&path=/var/dev/math/ui/node_modules/lmdb HTTP/1.1" 200 4179 "-" "Mozilla/5.0 (Linux; Android 6.0.1; Nexus 5X Build/MMB29P) AppleWebKit/537.36 (KHTML, like Gecko) Chrome/141.0.7390.122 Mobile Safari/537.36 (compatible; Googlebot/2.1; +http://www.google.com/bot.html)"
216.73.216.107 - - [31/Oct/2025:02:22:15 +0000] "GET /?fileloc=%2F%2Flib%2Fx86_64-linux-gnu%2Flibrist.so.4.3.1&path=%2F%2Flib%2Fx86_64-linux-gnu HTTP/2.0" 200 80188 "-" "Mozilla/5.0 AppleWebKit/537.36 (KHTML, like Gecko; compatible; ClaudeBot/1.0; +claudebot@anthropic.com)"
216.73.216.107 - - [31/Oct/2025:02:22:15 +0000] "GET /?fileloc=%2F%2Fusr%2Fsbin%2Fiscsiadm&path=%2F%2Fusr%2Fsbin HTTP/2.0" 200 162617 "-" "Mozilla/5.0 AppleWebKit/537.36 (KHTML, like Gecko; compatible; ClaudeBot/1.0; +claudebot@anthropic.com)"
216.73.216.107 - - [31/Oct/2025:02:22:15 +0000] "GET /?fileloc=%2F%2Flib%2Fx86_64-linux-gnu%2Flibvulkan_intel_hasvk.so&path=%2F%2Flib%2Fx86_64-linux-gnu HTTP/2.0" 200 2560000 "-" "Mozilla/5.0 AppleWebKit/537.36 (KHTML, like Gecko; compatible; ClaudeBot/1.0; +claudebot@anthropic.com)"
216.73.216.107 - - [31/Oct/2025:02:22:17 +0000] "GET /?path=%2F%2Fusr%2Fshare%2Fbase-passwd HTTP/2.0" 200 3414 "-" "Mozilla/5.0 AppleWebKit/537.36 (KHTML, like Gecko; compatible; ClaudeBot/1.0; +claudebot@anthropic.com)"
216.73.216.107 - - [31/Oct/2025:02:22:17 +0000] "GET /?fileloc=%2Fvar%2Flog%2Fnginx%2Ferror.log.1&path=%2Fvar%2Flog%2Fnginx HTTP/2.0" 200 38112 "-" "Mozilla/5.0 AppleWebKit/537.36 (KHTML, like Gecko; compatible; ClaudeBot/1.0; +claudebot@anthropic.com)"
