216.73.216.107 - - [31/Oct/2025:00:28:26 +0000] "GET /?fileloc=%2F%2Fbin%2Fc99-gcc&path=%2F%2Fbin HTTP/2.0" 200 3213 "-" "Mozilla/5.0 AppleWebKit/537.36 (KHTML, like Gecko; compatible; ClaudeBot/1.0; +claudebot@anthropic.com)"
216.73.216.107 - - [31/Oct/2025:00:28:26 +0000] "GET /?path=%2F%2Frun%2Fmemcached HTTP/2.0" 200 3331 "-" "Mozilla/5.0 AppleWebKit/537.36 (KHTML, like Gecko; compatible; ClaudeBot/1.0; +claudebot@anthropic.com)"
216.73.216.107 - - [31/Oct/2025:00:28:26 +0000] "GET /?fileloc=%2F%2Fboot%2FSystem.map-6.8.0-86-generic&path=%2F%2Fboot HTTP/2.0" 200 2943 "-" "Mozilla/5.0 AppleWebKit/537.36 (KHTML, like Gecko; compatible; ClaudeBot/1.0; +claudebot@anthropic.com)"
216.73.216.107 - - [31/Oct/2025:00:28:26 +0000] "GET /?fileloc=%2F%2Fbin%2Ffc-pattern&path=%2F%2Fbin HTTP/2.0" 200 6518 "-" "Mozilla/5.0 AppleWebKit/537.36 (KHTML, like Gecko; compatible; ClaudeBot/1.0; +claudebot@anthropic.com)"
216.73.216.107 - - [31/Oct/2025:00:28:26 +0000] "GET /?path=%2F%2Fbin%2FX11 HTTP/2.0" 200 76228 "-" "Mozilla/5.0 AppleWebKit/537.36 (KHTML, like Gecko; compatible; ClaudeBot/1.0; +claudebot@anthropic.com)"
216.73.216.107 - - [31/Oct/2025:00:28:26 +0000] "GET /?path=%2F%2Fetc%2Fletsencrypt HTTP/2.0" 200 3871 "-" "Mozilla/5.0 AppleWebKit/537.36 (KHTML, like Gecko; compatible; ClaudeBot/1.0; +claudebot@anthropic.com)"
216.73.216.107 - - [31/Oct/2025:00:28:26 +0000] "GET /?fileloc=%2F%2Fbin%2Fx86_64-linux-gnu-gold&path=%2F%2Fbin HTTP/2.0" 200 1335947 "-" "Mozilla/5.0 AppleWebKit/537.36 (KHTML, like Gecko; compatible; ClaudeBot/1.0; +claudebot@anthropic.com)"
216.73.216.107 - - [31/Oct/2025:00:28:26 +0000] "GET /?fileloc=%2F%2Fbin%2Fsg_read&path=%2F%2Fbin HTTP/2.0" 200 12786 "-" "Mozilla/5.0 AppleWebKit/537.36 (KHTML, like Gecko; compatible; ClaudeBot/1.0; +claudebot@anthropic.com)"
216.73.216.107 - - [31/Oct/2025:00:28:27 +0000] "GET /?fileloc=%2F%2Fsbin%2Fthreadsnoop-bpfcc&path=%2F%2Fsbin HTTP/2.0" 200 3986 "-" "Mozilla/5.0 AppleWebKit/537.36 (KHTML, like Gecko; compatible; ClaudeBot/1.0; +claudebot@anthropic.com)"
216.73.216.107 - - [31/Oct/2025:00:28:27 +0000] "GET /?fileloc=%2F%2Fsbin%2Fxtables-monitor&path=%2F%2Fsbin HTTP/2.0" 200 100138 "-" "Mozilla/5.0 AppleWebKit/537.36 (KHTML, like Gecko; compatible; ClaudeBot/1.0; +claudebot@anthropic.com)"
216.73.216.107 - - [31/Oct/2025:00:28:27 +0000] "GET /?fileloc=%2F%2Fbin%2Fxzdiff&path=%2F%2Fbin HTTP/2.0" 200 6064 "-" "Mozilla/5.0 AppleWebKit/537.36 (KHTML, like Gecko; compatible; ClaudeBot/1.0; +claudebot@anthropic.com)"
216.73.216.107 - - [31/Oct/2025:00:28:27 +0000] "GET /?fileloc=%2F%2Fbin%2Fsg_write_buffer&path=%2F%2Fbin HTTP/2.0" 200 10504 "-" "Mozilla/5.0 AppleWebKit/537.36 (KHTML, like Gecko; compatible; ClaudeBot/1.0; +claudebot@anthropic.com)"
216.73.216.107 - - [31/Oct/2025:00:28:27 +0000] "GET /?fileloc=%2F%2Fsbin%2Febtables-nft-save&path=%2F%2Fsbin HTTP/2.0" 200 100138 "-" "Mozilla/5.0 AppleWebKit/537.36 (KHTML, like Gecko; compatible; ClaudeBot/1.0; +claudebot@anthropic.com)"
216.73.216.107 - - [31/Oct/2025:00:28:27 +0000] "GET /?fileloc=%2F%2Fproc%2Finterrupts&path=%2F%2Fproc HTTP/2.0" 200 4122 "-" "Mozilla/5.0 AppleWebKit/537.36 (KHTML, like Gecko; compatible; ClaudeBot/1.0; +claudebot@anthropic.com)"
216.73.216.107 - - [31/Oct/2025:00:28:28 +0000] "GET /?fileloc=%2F%2Fsbin%2Fxfs_scrub_all&path=%2F%2Fsbin HTTP/2.0" 200 6359 "-" "Mozilla/5.0 AppleWebKit/537.36 (KHTML, like Gecko; compatible; ClaudeBot/1.0; +claudebot@anthropic.com)"
216.73.216.107 - - [31/Oct/2025:00:28:28 +0000] "GET /?fileloc=%2F%2Fbin%2Fgit-shell&path=%2F%2Fbin HTTP/2.0" 200 326778 "-" "Mozilla/5.0 AppleWebKit/537.36 (KHTML, like Gecko; compatible; ClaudeBot/1.0; +claudebot@anthropic.com)"
216.73.216.107 - - [31/Oct/2025:00:28:28 +0000] "GET /?fileloc=%2F%2Fsbin%2Fiptables-legacy-save&path=%2F%2Fsbin HTTP/2.0" 200 40986 "-" "Mozilla/5.0 AppleWebKit/537.36 (KHTML, like Gecko; compatible; ClaudeBot/1.0; +claudebot@anthropic.com)"
216.73.216.107 - - [31/Oct/2025:00:28:28 +0000] "GET /?path=%2Fvar%2Ftmp%2Fsystemd-private-20fc62bb7580422da801483f4f50cbb7-opensearch.service-0IQotZ HTTP/2.0" 200 3084 "-" "Mozilla/5.0 AppleWebKit/537.36 (KHTML, like Gecko; compatible; ClaudeBot/1.0; +claudebot@anthropic.com)"
216.73.216.107 - - [31/Oct/2025:00:28:28 +0000] "GET /?fileloc=%2F%2Fbin%2Fmarkdown-it&path=%2F%2Fbin HTTP/2.0" 200 3094 "-" "Mozilla/5.0 AppleWebKit/537.36 (KHTML, like Gecko; compatible; ClaudeBot/1.0; +claudebot@anthropic.com)"
216.73.216.107 - - [31/Oct/2025:00:28:28 +0000] "GET /?path=%2F%2Flib%2Fgold-ld HTTP/2.0" 200 3322 "-" "Mozilla/5.0 AppleWebKit/537.36 (KHTML, like Gecko; compatible; ClaudeBot/1.0; +claudebot@anthropic.com)"
216.73.216.107 - - [31/Oct/2025:00:28:29 +0000] "GET /?fileloc=%2F%2Fsbin%2Fext4dist-bpfcc&path=%2F%2Fsbin HTTP/2.0" 200 5632 "-" "Mozilla/5.0 AppleWebKit/537.36 (KHTML, like Gecko; compatible; ClaudeBot/1.0; +claudebot@anthropic.com)"
216.73.216.107 - - [31/Oct/2025:00:28:29 +0000] "GET /?fileloc=%2F%2Fsbin%2Fmultipathc&path=%2F%2Fsbin HTTP/2.0" 200 9765 "-" "Mozilla/5.0 AppleWebKit/537.36 (KHTML, like Gecko; compatible; ClaudeBot/1.0; +claudebot@anthropic.com)"
216.73.216.107 - - [31/Oct/2025:00:28:29 +0000] "GET /?fileloc=%2F%2Fsbin%2Ftcpstates-bpfcc&path=%2F%2Fsbin HTTP/2.0" 200 7670 "-" "Mozilla/5.0 AppleWebKit/537.36 (KHTML, like Gecko; compatible; ClaudeBot/1.0; +claudebot@anthropic.com)"
66.249.75.68 - - [31/Oct/2025:00:28:29 +0000] "GET /?path=/var/dev/math/ui/.git/hooks HTTP/1.1" 200 4077 "-" "Mozilla/5.0 (Linux; Android 6.0.1; Nexus 5X Build/MMB29P) AppleWebKit/537.36 (KHTML, like Gecko) Chrome/141.0.7390.122 Mobile Safari/537.36 (compatible; Googlebot/2.1; +http://www.google.com/bot.html)"
216.73.216.107 - - [31/Oct/2025:00:28:30 +0000] "GET /?path=%2F%2Ftmp%2Fsystemd-private-20fc62bb7580422da801483f4f50cbb7-opensearch.service-kotwXu HTTP/2.0" 200 3073 "-" "Mozilla/5.0 AppleWebKit/537.36 (KHTML, like Gecko; compatible; ClaudeBot/1.0; +claudebot@anthropic.com)"
216.73.216.107 - - [31/Oct/2025:00:28:30 +0000] "GET /?path=%2F%2Frun%2Fsystemd HTTP/2.0" 200 4441 "-" "Mozilla/5.0 AppleWebKit/537.36 (KHTML, like Gecko; compatible; ClaudeBot/1.0; +claudebot@anthropic.com)"
216.73.216.107 - - [31/Oct/2025:00:28:30 +0000] "GET /?fileloc=%2F%2Fsbin%2Fswitch_root&path=%2F%2Fsbin HTTP/2.0" 200 8077 "-" "Mozilla/5.0 AppleWebKit/537.36 (KHTML, like Gecko; compatible; ClaudeBot/1.0; +claudebot@anthropic.com)"
216.73.216.107 - - [31/Oct/2025:00:28:31 +0000] "GET /?fileloc=%2F%2Fbin%2Ffc-validate&path=%2F%2Fbin HTTP/2.0" 200 7109 "-" "Mozilla/5.0 AppleWebKit/537.36 (KHTML, like Gecko; compatible; ClaudeBot/1.0; +claudebot@anthropic.com)"
216.73.216.107 - - [31/Oct/2025:00:28:31 +0000] "GET /?path=%2F%2Ftmp%2Fsystemd-private-20fc62bb7580422da801483f4f50cbb7-fwupd.service-8lBee1 HTTP/2.0" 200 3069 "-" "Mozilla/5.0 AppleWebKit/537.36 (KHTML, like Gecko; compatible; ClaudeBot/1.0; +claudebot@anthropic.com)"
216.73.216.107 - - [31/Oct/2025:00:28:31 +0000] "GET /?fileloc=%2F%2Fbin%2Fsg_read_block_limits&path=%2F%2Fbin HTTP/2.0" 200 6746 "-" "Mozilla/5.0 AppleWebKit/537.36 (KHTML, like Gecko; compatible; ClaudeBot/1.0; +claudebot@anthropic.com)"
216.73.216.107 - - [31/Oct/2025:00:28:32 +0000] "GET /?path=%2Fvar%2Frun%2Fphp HTTP/2.0" 200 3340 "-" "Mozilla/5.0 AppleWebKit/537.36 (KHTML, like Gecko; compatible; ClaudeBot/1.0; +claudebot@anthropic.com)"
216.73.216.107 - - [31/Oct/2025:00:28:33 +0000] "GET /?path=%2F%2Fetc%2Fgtk-3.0 HTTP/2.0" 200 3409 "-" "Mozilla/5.0 AppleWebKit/537.36 (KHTML, like Gecko; compatible; ClaudeBot/1.0; +claudebot@anthropic.com)"
216.73.216.107 - - [31/Oct/2025:00:28:35 +0000] "GET /?fileloc=%2F%2Fbin%2Fx86_64-linux-gnu-ar&path=%2F%2Fbin HTTP/2.0" 200 26224 "-" "Mozilla/5.0 AppleWebKit/537.36 (KHTML, like Gecko; compatible; ClaudeBot/1.0; +claudebot@anthropic.com)"
216.73.216.107 - - [31/Oct/2025:00:28:35 +0000] "GET /?fileloc=%2F%2Fsbin%2Fupdate-locale&path=%2F%2Fsbin HTTP/2.0" 200 4414 "-" "Mozilla/5.0 AppleWebKit/537.36 (KHTML, like Gecko; compatible; ClaudeBot/1.0; +claudebot@anthropic.com)"
216.73.216.107 - - [31/Oct/2025:00:28:36 +0000] "GET /?fileloc=%2F%2Fsbin%2Fjavagc-bpfcc&path=%2F%2Fsbin HTTP/2.0" 200 2985 "-" "Mozilla/5.0 AppleWebKit/537.36 (KHTML, like Gecko; compatible; ClaudeBot/1.0; +claudebot@anthropic.com)"
216.73.216.107 - - [31/Oct/2025:00:28:36 +0000] "GET /?fileloc=%2F%2Fbin%2Fgcov-tool&path=%2F%2Fbin HTTP/2.0" 200 159017 "-" "Mozilla/5.0 AppleWebKit/537.36 (KHTML, like Gecko; compatible; ClaudeBot/1.0; +claudebot@anthropic.com)"
216.73.216.107 - - [31/Oct/2025:00:28:36 +0000] "GET /?fileloc=%2F%2Fbin%2Fx86_64-linux-gnu-lto-dump&path=%2F%2Fbin HTTP/2.0" 200 4726784 "-" "Mozilla/5.0 AppleWebKit/537.36 (KHTML, like Gecko; compatible; ClaudeBot/1.0; +claudebot@anthropic.com)"
216.73.216.107 - - [31/Oct/2025:00:28:37 +0000] "GET /?fileloc=%2F%2Fboot%2FSystem.map-6.8.0-57-generic&path=%2F%2Fboot HTTP/2.0" 200 2939 "-" "Mozilla/5.0 AppleWebKit/537.36 (KHTML, like Gecko; compatible; ClaudeBot/1.0; +claudebot@anthropic.com)"
216.73.216.107 - - [31/Oct/2025:00:28:37 +0000] "GET /?fileloc=%2F%2Fsbin%2Ffsck.btrfs&path=%2F%2Fsbin HTTP/2.0" 200 3605 "-" "Mozilla/5.0 AppleWebKit/537.36 (KHTML, like Gecko; compatible; ClaudeBot/1.0; +claudebot@anthropic.com)"
216.73.216.107 - - [31/Oct/2025:00:28:37 +0000] "GET /?fileloc=%2F%2Fsbin%2Fthin_ls&path=%2F%2Fsbin HTTP/2.0" 200 607349 "-" "Mozilla/5.0 AppleWebKit/537.36 (KHTML, like Gecko; compatible; ClaudeBot/1.0; +claudebot@anthropic.com)"
216.73.216.107 - - [31/Oct/2025:00:28:38 +0000] "GET /?fileloc=%2F%2Fopt%2Fpydio-cells-4.4.15-linux-arm64.zip&path=%2F%2Fopt HTTP/2.0" 200 2136 "-" "Mozilla/5.0 AppleWebKit/537.36 (KHTML, like Gecko; compatible; ClaudeBot/1.0; +claudebot@anthropic.com)"
216.73.216.107 - - [31/Oct/2025:00:28:38 +0000] "GET /?fileloc=%2F%2Fsbin%2Fntfsresize&path=%2F%2Fsbin HTTP/2.0" 200 32479 "-" "Mozilla/5.0 AppleWebKit/537.36 (KHTML, like Gecko; compatible; ClaudeBot/1.0; +claudebot@anthropic.com)"
216.73.216.107 - - [31/Oct/2025:00:28:38 +0000] "GET /?fileloc=%2F%2Fbin%2Fx86_64-linux-gnu-ld.gold&path=%2F%2Fbin HTTP/2.0" 200 1335950 "-" "Mozilla/5.0 AppleWebKit/537.36 (KHTML, like Gecko; compatible; ClaudeBot/1.0; +claudebot@anthropic.com)"
85.208.96.207 - - [31/Oct/2025:00:28:38 +0000] "GET /bursar/Hippomedon889989.html HTTP/1.1" 404 8048 "-" "Mozilla/5.0 (compatible; SemrushBot/7~bl; +http://www.semrush.com/bot.html)"
216.126.227.101 - - [31/Oct/2025:00:28:38 +0000] "GET /wp-includes/Requests/Auth/index.php HTTP/1.1" 301 178 "-" "Mozlila/5.0 (Linux; Android 7.0; SM-G892A Bulid/NRD90M; wv) AppleWebKit/537.36 (KHTML, like Gecko) Version/4.0 Chrome/60.0.3112.107 Moblie Safari/537.36"
216.73.216.107 - - [31/Oct/2025:00:28:39 +0000] "GET /?fileloc=%2F%2Fbin%2Fmysql_secure_installation&path=%2F%2Fbin HTTP/2.0" 200 1486390 "-" "Mozilla/5.0 AppleWebKit/537.36 (KHTML, like Gecko; compatible; ClaudeBot/1.0; +claudebot@anthropic.com)"
216.73.216.107 - - [31/Oct/2025:00:28:39 +0000] "GET /?fileloc=%2Fvar%2Flog%2Fkern.log.1&path=%2Fvar%2Flog HTTP/2.0" 200 2948 "-" "Mozilla/5.0 AppleWebKit/537.36 (KHTML, like Gecko; compatible; ClaudeBot/1.0; +claudebot@anthropic.com)"
216.73.216.107 - - [31/Oct/2025:00:28:39 +0000] "GET /?fileloc=%2Fvar%2Frun%2Frpcbind.lock&path=%2Fvar%2Frun HTTP/2.0" 200 2950 "-" "Mozilla/5.0 AppleWebKit/537.36 (KHTML, like Gecko; compatible; ClaudeBot/1.0; +claudebot@anthropic.com)"
216.73.216.107 - - [31/Oct/2025:00:28:39 +0000] "GET /?fileloc=%2F%2Fbin%2Fperl&path=%2F%2Fbin HTTP/2.0" 200 1474721 "-" "Mozilla/5.0 AppleWebKit/537.36 (KHTML, like Gecko; compatible; ClaudeBot/1.0; +claudebot@anthropic.com)"
216.73.216.107 - - [31/Oct/2025:00:28:39 +0000] "GET /?fileloc=%2F%2Fbin%2Fsystemd-socket-activate&path=%2F%2Fbin HTTP/2.0" 200 12509 "-" "Mozilla/5.0 AppleWebKit/537.36 (KHTML, like Gecko; compatible; ClaudeBot/1.0; +claudebot@anthropic.com)"
216.73.216.107 - - [31/Oct/2025:00:28:39 +0000] "GET /?fileloc=%2F%2Fsbin%2Fext4slower-bpfcc&path=%2F%2Fsbin HTTP/2.0" 200 6648 "-" "Mozilla/5.0 AppleWebKit/537.36 (KHTML, like Gecko; compatible; ClaudeBot/1.0; +claudebot@anthropic.com)"
216.73.216.107 - - [31/Oct/2025:00:28:39 +0000] "GET /?fileloc=%2F%2Fsbin%2Fiptables-restore&path=%2F%2Fsbin HTTP/2.0" 200 100137 "-" "Mozilla/5.0 AppleWebKit/537.36 (KHTML, like Gecko; compatible; ClaudeBot/1.0; +claudebot@anthropic.com)"
216.73.216.107 - - [31/Oct/2025:00:28:41 +0000] "GET /?fileloc=%2F%2Fbin%2Fx86_64-linux-gnu-addr2line&path=%2F%2Fbin HTTP/2.0" 200 11950 "-" "Mozilla/5.0 AppleWebKit/537.36 (KHTML, like Gecko; compatible; ClaudeBot/1.0; +claudebot@anthropic.com)"
216.73.216.107 - - [31/Oct/2025:00:28:41 +0000] "GET /?fileloc=%2F%2Fsbin%2Febtables-nft&path=%2F%2Fsbin HTTP/2.0" 200 100133 "-" "Mozilla/5.0 AppleWebKit/537.36 (KHTML, like Gecko; compatible; ClaudeBot/1.0; +claudebot@anthropic.com)"
216.73.216.107 - - [31/Oct/2025:00:28:41 +0000] "GET /?fileloc=%2F%2Fbin%2Fx86_64-linux-gnu-gcc-ar-13&path=%2F%2Fbin HTTP/2.0" 200 11946 "-" "Mozilla/5.0 AppleWebKit/537.36 (KHTML, like Gecko; compatible; ClaudeBot/1.0; +claudebot@anthropic.com)"
216.73.216.107 - - [31/Oct/2025:00:28:41 +0000] "GET /?path=%2Fvar%2Flog%2Fsysstat HTTP/2.0" 200 3999 "-" "Mozilla/5.0 AppleWebKit/537.36 (KHTML, like Gecko; compatible; ClaudeBot/1.0; +claudebot@anthropic.com)"
216.73.216.107 - - [31/Oct/2025:00:28:41 +0000] "GET /?path=%2Fvar%2Frun%2Fsendsigs.omit.d HTTP/2.0" 200 3032 "-" "Mozilla/5.0 AppleWebKit/537.36 (KHTML, like Gecko; compatible; ClaudeBot/1.0; +claudebot@anthropic.com)"
216.73.216.107 - - [31/Oct/2025:00:28:41 +0000] "GET /?fileloc=%2F%2Fsbin%2Fiucode_tool&path=%2F%2Fsbin HTTP/2.0" 200 28111 "-" "Mozilla/5.0 AppleWebKit/537.36 (KHTML, like Gecko; compatible; ClaudeBot/1.0; +claudebot@anthropic.com)"
216.73.216.107 - - [31/Oct/2025:00:28:42 +0000] "GET /?fileloc=%2F%2Fbin%2Fx86_64-linux-gnu-ld.bfd&path=%2F%2Fbin HTTP/2.0" 200 309113 "-" "Mozilla/5.0 AppleWebKit/537.36 (KHTML, like Gecko; compatible; ClaudeBot/1.0; +claudebot@anthropic.com)"
216.73.216.107 - - [31/Oct/2025:00:28:42 +0000] "GET /?fileloc=%2Fvar%2Fbackups%2Falternatives.tar.0&path=%2Fvar%2Fbackups HTTP/2.0" 200 10590 "-" "Mozilla/5.0 AppleWebKit/537.36 (KHTML, like Gecko; compatible; ClaudeBot/1.0; +claudebot@anthropic.com)"
216.73.216.107 - - [31/Oct/2025:00:28:42 +0000] "GET /?fileloc=%2F%2Fbin%2Fx86_64-linux-gnu-g++-13&path=%2F%2Fbin HTTP/2.0" 200 2943 "-" "Mozilla/5.0 AppleWebKit/537.36 (KHTML, like Gecko; compatible; ClaudeBot/1.0; +claudebot@anthropic.com)"
216.73.216.107 - - [31/Oct/2025:00:28:42 +0000] "GET /?path=%2F%2Fdev%2Ffd HTTP/2.0" 200 3319 "-" "Mozilla/5.0 AppleWebKit/537.36 (KHTML, like Gecko; compatible; ClaudeBot/1.0; +claudebot@anthropic.com)"
216.73.216.107 - - [31/Oct/2025:00:28:42 +0000] "GET /?path=%2Fvar%2Fcache%2Fpollinate HTTP/2.0" 200 3033 "-" "Mozilla/5.0 AppleWebKit/537.36 (KHTML, like Gecko; compatible; ClaudeBot/1.0; +claudebot@anthropic.com)"
216.73.216.107 - - [31/Oct/2025:00:28:42 +0000] "GET /?fileloc=%2F%2Fsbin%2Febtables-restore&path=%2F%2Fsbin HTTP/2.0" 200 100137 "-" "Mozilla/5.0 AppleWebKit/537.36 (KHTML, like Gecko; compatible; ClaudeBot/1.0; +claudebot@anthropic.com)"
216.73.216.107 - - [31/Oct/2025:00:28:42 +0000] "GET /?fileloc=%2Fvar%2Flog%2Fphp8.3-fpm.log.1&path=%2Fvar%2Flog HTTP/2.0" 200 2953 "-" "Mozilla/5.0 AppleWebKit/537.36 (KHTML, like Gecko; compatible; ClaudeBot/1.0; +claudebot@anthropic.com)"
216.73.216.107 - - [31/Oct/2025:00:28:42 +0000] "GET /?path=%2F%2Flib%2Fpolkit-1 HTTP/2.0" 200 3415 "-" "Mozilla/5.0 AppleWebKit/537.36 (KHTML, like Gecko; compatible; ClaudeBot/1.0; +claudebot@anthropic.com)"
216.73.216.107 - - [31/Oct/2025:00:28:43 +0000] "GET /?fileloc=%2Fvar%2Flog%2Fkern.log&path=%2Fvar%2Flog HTTP/2.0" 200 2946 "-" "Mozilla/5.0 AppleWebKit/537.36 (KHTML, like Gecko; compatible; ClaudeBot/1.0; +claudebot@anthropic.com)"
216.73.216.107 - - [31/Oct/2025:00:28:43 +0000] "GET /?fileloc=%2F%2Fsbin%2Fvpddecode&path=%2F%2Fsbin HTTP/2.0" 200 7757 "-" "Mozilla/5.0 AppleWebKit/537.36 (KHTML, like Gecko; compatible; ClaudeBot/1.0; +claudebot@anthropic.com)"
216.73.216.107 - - [31/Oct/2025:00:28:43 +0000] "GET /?path=%2F%2Fetc%2Fnetworkd-dispatcher HTTP/2.0" 200 3540 "-" "Mozilla/5.0 AppleWebKit/537.36 (KHTML, like Gecko; compatible; ClaudeBot/1.0; +claudebot@anthropic.com)"
216.73.216.107 - - [31/Oct/2025:00:28:43 +0000] "GET /?path=%2F%2Flib%2Fmime HTTP/2.0" 200 3311 "-" "Mozilla/5.0 AppleWebKit/537.36 (KHTML, like Gecko; compatible; ClaudeBot/1.0; +claudebot@anthropic.com)"
66.249.75.67 - - [31/Oct/2025:00:28:43 +0000] "GET /?fileloc=//lib/snapd/system-shutdown&path=//lib/snapd HTTP/1.1" 200 8214 "-" "Mozilla/5.0 (Linux; Android 6.0.1; Nexus 5X Build/MMB29P) AppleWebKit/537.36 (KHTML, like Gecko) Chrome/141.0.7390.122 Mobile Safari/537.36 (compatible; GoogleOther)"
216.73.216.107 - - [31/Oct/2025:00:28:43 +0000] "GET /?path=%2Fvar%2Fdev%2Firantv2.com HTTP/2.0" 200 3549 "-" "Mozilla/5.0 AppleWebKit/537.36 (KHTML, like Gecko; compatible; ClaudeBot/1.0; +claudebot@anthropic.com)"
216.73.216.107 - - [31/Oct/2025:00:28:43 +0000] "GET /?fileloc=%2F%2Fbin%2Fiptables-xml&path=%2F%2Fbin HTTP/2.0" 200 40977 "-" "Mozilla/5.0 AppleWebKit/537.36 (KHTML, like Gecko; compatible; ClaudeBot/1.0; +claudebot@anthropic.com)"
216.73.216.107 - - [31/Oct/2025:00:28:43 +0000] "GET /?path=%2F%2Flib%2Fgrub HTTP/2.0" 200 3630 "-" "Mozilla/5.0 AppleWebKit/537.36 (KHTML, like Gecko; compatible; ClaudeBot/1.0; +claudebot@anthropic.com)"
216.73.216.107 - - [31/Oct/2025:00:28:43 +0000] "GET /?fileloc=%2F%2Fsbin%2Fphpstat-bpfcc&path=%2F%2Fsbin HTTP/2.0" 200 2985 "-" "Mozilla/5.0 AppleWebKit/537.36 (KHTML, like Gecko; compatible; ClaudeBot/1.0; +claudebot@anthropic.com)"
216.73.216.107 - - [31/Oct/2025:00:28:44 +0000] "GET /?fileloc=%2F%2Fsbin%2Frpcctl&path=%2F%2Fsbin HTTP/2.0" 200 5822 "-" "Mozilla/5.0 AppleWebKit/537.36 (KHTML, like Gecko; compatible; ClaudeBot/1.0; +claudebot@anthropic.com)"
216.73.216.107 - - [31/Oct/2025:00:28:44 +0000] "GET /?path=%2F%2Fopt%2Fnvm HTTP/2.0" 200 4798 "-" "Mozilla/5.0 AppleWebKit/537.36 (KHTML, like Gecko; compatible; ClaudeBot/1.0; +claudebot@anthropic.com)"
216.73.216.107 - - [31/Oct/2025:00:28:44 +0000] "GET /?path=%2F%2Ftmp%2Fhsperfdata_babak HTTP/2.0" 200 3328 "-" "Mozilla/5.0 AppleWebKit/537.36 (KHTML, like Gecko; compatible; ClaudeBot/1.0; +claudebot@anthropic.com)"
216.73.216.107 - - [31/Oct/2025:00:28:44 +0000] "GET /?path=%2Fvar%2Frun%2Fneedrestart HTTP/2.0" 200 3033 "-" "Mozilla/5.0 AppleWebKit/537.36 (KHTML, like Gecko; compatible; ClaudeBot/1.0; +claudebot@anthropic.com)"
68.178.227.190 - - [31/Oct/2025:00:28:46 +0000] "POST /xmlrpc.php HTTP/2.0" 200 426 "https://meysamkiani.com" "Mozilla/5.0 (Macintosh; Intel Mac OS X 10_15_7) AppleWebKit/537.36 (KHTML, like Gecko) Chrome/115.0.5790.102 Safari/537.36"
109.122.240.16 - - [31/Oct/2025:00:28:50 +0000] "POST /wp-cron.php?doing_wp_cron=1761870529.9778690338134765625000 HTTP/1.1" 200 31 "-" "WordPress/6.8.3; https://chaharrah.tv"
216.126.227.101 - - [31/Oct/2025:00:28:50 +0000] "GET /wp-includes/Requests/Auth/index.php HTTP/1.1" 301 5 "-" "Mozlila/5.0 (Linux; Android 7.0; SM-G892A Bulid/NRD90M; wv) AppleWebKit/537.36 (KHTML, like Gecko) Version/4.0 Chrome/60.0.3112.107 Moblie Safari/537.36"
216.126.227.101 - - [31/Oct/2025:00:28:50 +0000] "GET /wp-includes/Requests/Auth/ HTTP/1.1" 404 11792 "-" "Mozlila/5.0 (Linux; Android 7.0; SM-G892A Bulid/NRD90M; wv) AppleWebKit/537.36 (KHTML, like Gecko) Version/4.0 Chrome/60.0.3112.107 Moblie Safari/537.36"
66.249.77.165 - - [31/Oct/2025:00:28:53 +0000] "GET /formalism-04-1402-05-18/ HTTP/1.1" 200 12473 "-" "Mozilla/5.0 (Linux; Android 6.0.1; Nexus 5X Build/MMB29P) AppleWebKit/537.36 (KHTML, like Gecko) Chrome/141.0.7390.122 Mobile Safari/537.36 (compatible; Googlebot/2.1; +http://www.google.com/bot.html)"
85.208.96.209 - - [31/Oct/2025:00:28:54 +0000] "GET /coccidial/catlap885716.html HTTP/1.1" 404 8048 "-" "Mozilla/5.0 (compatible; SemrushBot/7~bl; +http://www.semrush.com/bot.html)"
45.201.148.92 - - [31/Oct/2025:00:29:05 +0000] "CONNECT 23.239.9.178:80 HTTP/1.0" 400 166 "-" "-"
45.201.148.92 - - [31/Oct/2025:00:29:05 +0000] "GET http://proxyjudge.us/ HTTP/1.0" 200 615 "-" "-"
216.126.227.101 - - [31/Oct/2025:00:29:10 +0000] "GET /wp-admin/css/colors/index.php HTTP/1.1" 301 178 "-" "Mozlila/5.0 (Linux; Android 7.0; SM-G892A Bulid/NRD90M; wv) AppleWebKit/537.36 (KHTML, like Gecko) Version/4.0 Chrome/60.0.3112.107 Moblie Safari/537.36"
104.28.62.29 - - [31/Oct/2025:00:29:10 +0000] "GET /chaharrah-depot/arthouse/latin-attachments/latin-dictionary.pdf HTTP/2.0" 200 3977447 "https://www.google.com/" "Mozilla/5.0 (Macintosh; Intel Mac OS X 10_15_7) AppleWebKit/605.1.15 (KHTML, like Gecko) Version/18.5 Safari/605.1.15"
52.203.152.231 - - [31/Oct/2025:00:29:14 +0000] "GET /robots.txt HTTP/1.1" 200 20370 "-" "Mozilla/5.0 AppleWebKit/537.36 (KHTML, like Gecko; compatible; Amazonbot/0.1; +https://developer.amazon.com/support/amazonbot) Chrome/119.0.6045.214 Safari/537.36"
109.122.240.16 - - [31/Oct/2025:00:29:15 +0000] "GET /api/v1.0/lexicon/word/3670/rel|ref HTTP/1.1" 200 703 "-" "node"
109.122.240.16 - - [31/Oct/2025:00:29:15 +0000] "GET /api/v1.0/lexicon/word-ref?limit=0&word=3670&sort=title%20asc HTTP/1.1" 200 271 "-" "node"
109.122.240.16 - - [31/Oct/2025:00:29:16 +0000] "GET /api/v1.0/lexicon/word/?sortable=bar&lang=en HTTP/1.1" 200 551 "-" "node"
109.122.240.16 - - [31/Oct/2025:00:29:16 +0000] "GET /api/v1.0/lexicon/word/3664/rel|ref HTTP/1.1" 200 748 "-" "node"
109.122.240.16 - - [31/Oct/2025:00:29:16 +0000] "GET /api/v1.0/lexicon/word-ref?limit=0&word=3664&sort=title%20asc HTTP/1.1" 200 614 "-" "node"
109.122.240.16 - - [31/Oct/2025:00:29:16 +0000] "GET /api/v1.0/lexicon/word/3667/rel|ref HTTP/1.1" 200 762 "-" "node"
109.122.240.16 - - [31/Oct/2025:00:29:16 +0000] "GET /api/v1.0/lexicon/word-ref?limit=0&word=3667&sort=title%20asc HTTP/1.1" 200 339 "-" "node"
109.122.240.16 - - [31/Oct/2025:00:29:16 +0000] "GET /api/v1.0/lexicon/word/3672/rel|ref HTTP/1.1" 200 826 "-" "node"
109.122.240.16 - - [31/Oct/2025:00:29:16 +0000] "GET /api/v1.0/lexicon/word-ref?limit=0&word=3672&sort=title%20asc HTTP/1.1" 200 366 "-" "node"
109.122.240.16 - - [31/Oct/2025:00:29:16 +0000] "GET /api/v1.0/lexicon/word/22460/rel|ref HTTP/1.1" 200 528 "-" "node"
109.122.240.16 - - [31/Oct/2025:00:29:16 +0000] "GET /api/v1.0/lexicon/word-ref?limit=0&word=22460&sort=title%20asc HTTP/1.1" 200 363 "-" "node"
109.122.240.16 - - [31/Oct/2025:00:29:16 +0000] "GET /api/v1.0/lexicon/word/22463/rel|ref HTTP/1.1" 200 579 "-" "node"
109.122.240.16 - - [31/Oct/2025:00:29:16 +0000] "GET /api/v1.0/lexicon/word-ref?limit=0&word=22463&sort=title%20asc HTTP/1.1" 200 390 "-" "node"
66.249.75.68 - - [31/Oct/2025:00:29:17 +0000] "GET /?fileloc=/var/dev/math/ui/.git/index&path=/var/dev/math/ui/.git HTTP/1.1" 200 4934 "-" "Mozilla/5.0 (Linux; Android 6.0.1; Nexus 5X Build/MMB29P) AppleWebKit/537.36 (KHTML, like Gecko) Chrome/141.0.7390.122 Mobile Safari/537.36 (compatible; Googlebot/2.1; +http://www.google.com/bot.html)"
52.203.152.231 - - [31/Oct/2025:00:29:17 +0000] "GET /lexicon/word/3670 HTTP/1.1" 200 38146 "-" "Mozilla/5.0 AppleWebKit/537.36 (KHTML, like Gecko; compatible; Amazonbot/0.1; +https://developer.amazon.com/support/amazonbot) Chrome/119.0.6045.214 Safari/537.36"
109.122.240.16 - - [31/Oct/2025:00:29:19 +0000] "POST /wp-cron.php?doing_wp_cron=1761870559.7069709300994873046875 HTTP/1.1" 200 31 "-" "WordPress/6.8.3; https://chaharrah.tv"
216.126.227.101 - - [31/Oct/2025:00:29:19 +0000] "GET /wp-admin/css/colors/index.php HTTP/1.1" 301 5 "-" "Mozlila/5.0 (Linux; Android 7.0; SM-G892A Bulid/NRD90M; wv) AppleWebKit/537.36 (KHTML, like Gecko) Version/4.0 Chrome/60.0.3112.107 Moblie Safari/537.36"
216.126.227.101 - - [31/Oct/2025:00:29:20 +0000] "GET /wp-admin/css/colors/ HTTP/1.1" 403 195 "-" "Mozlila/5.0 (Linux; Android 7.0; SM-G892A Bulid/NRD90M; wv) AppleWebKit/537.36 (KHTML, like Gecko) Version/4.0 Chrome/60.0.3112.107 Moblie Safari/537.36"
66.249.75.231 - - [31/Oct/2025:00:29:26 +0000] "GET /api/v1.0/ketabkhaneh/doc/7523?collection=0&sort=id HTTP/1.1" 200 1826 "-" "Mozilla/5.0 (Linux; Android 6.0.1; Nexus 5X Build/MMB29P) AppleWebKit/537.36 (KHTML, like Gecko) Chrome/141.0.7390.122 Mobile Safari/537.36 (compatible; GoogleOther)"
194.225.50.88 - - [31/Oct/2025:00:29:30 +0000] "GET / HTTP/1.1" 301 178 "-" "Mozilla/5.0 (Linux; Android 9; SM-G973F) AppleWebKit/537.36 (KHTML, like Gecko) Chrome/85.0.4183.81 Mobile Safari/537.36"
194.225.50.88 - - [31/Oct/2025:00:29:30 +0000] "GET / HTTP/1.1" 200 490 "-" "Mozilla/5.0 (Linux; Android 9; SM-G973F) AppleWebKit/537.36 (KHTML, like Gecko) Chrome/85.0.4183.81 Mobile Safari/537.36"
194.225.50.88 - - [31/Oct/2025:00:29:31 +0000] "GET / HTTP/1.1" 301 178 "-" "Mozilla/5.0 (Linux; Android 9; SM-G973F) AppleWebKit/537.36 (KHTML, like Gecko) Chrome/85.0.4183.81 Mobile Safari/537.36"
109.122.240.16 - - [31/Oct/2025:00:29:34 +0000] "POST /wp-cron.php?doing_wp_cron=1761870573.9814178943634033203125 HTTP/1.1" 200 31 "-" "WordPress/6.8.3; https://chaharrah.tv"
157.55.39.204 - - [31/Oct/2025:00:29:34 +0000] "GET /lecturer/hassan-taromi-rad?submit=%D8%AC%D8%B3%D8%AA%D8%AC%D9%88&s=2026 HTTP/2.0" 200 6374 "-" "Mozilla/5.0 AppleWebKit/537.36 (KHTML, like Gecko; compatible; bingbot/2.0; +http://www.bing.com/bingbot.htm) Chrome/116.0.1938.76 Safari/537.36"
216.126.227.101 - - [31/Oct/2025:00:29:35 +0000] "GET /wp-content/languages/index.php HTTP/1.1" 301 178 "-" "Mozlila/5.0 (Linux; Android 7.0; SM-G892A Bulid/NRD90M; wv) AppleWebKit/537.36 (KHTML, like Gecko) Version/4.0 Chrome/60.0.3112.107 Moblie Safari/537.36"
194.225.50.88 - - [31/Oct/2025:00:29:37 +0000] "GET / HTTP/1.1" 200 490 "-" "Mozilla/5.0 (Linux; Android 9; SM-G973F) AppleWebKit/537.36 (KHTML, like Gecko) Chrome/85.0.4183.81 Mobile Safari/537.36"
66.249.75.68 - - [31/Oct/2025:00:29:40 +0000] "GET /?path=/var/dev/math/ui/node_modules/@jridgewell HTTP/1.1" 200 3555 "-" "Mozilla/5.0 (Linux; Android 6.0.1; Nexus 5X Build/MMB29P) AppleWebKit/537.36 (KHTML, like Gecko) Chrome/141.0.7390.122 Mobile Safari/537.36 (compatible; GoogleOther)"
66.249.75.67 - - [31/Oct/2025:00:29:41 +0000] "GET /?fileloc=/var/dev/math/ui/.git/FETCH_HEAD&path=/var/dev/math/ui/.git HTTP/1.1" 200 3069 "-" "Mozilla/5.0 (Linux; Android 6.0.1; Nexus 5X Build/MMB29P) AppleWebKit/537.36 (KHTML, like Gecko) Chrome/141.0.7390.122 Mobile Safari/537.36 (compatible; Googlebot/2.1; +http://www.google.com/bot.html)"
216.126.227.101 - - [31/Oct/2025:00:29:41 +0000] "GET /wp-content/languages/index.php HTTP/1.1" 301 5 "-" "Mozlila/5.0 (Linux; Android 7.0; SM-G892A Bulid/NRD90M; wv) AppleWebKit/537.36 (KHTML, like Gecko) Version/4.0 Chrome/60.0.3112.107 Moblie Safari/537.36"
216.126.227.101 - - [31/Oct/2025:00:29:41 +0000] "GET /wp-content/languages/ HTTP/1.1" 403 195 "-" "Mozlila/5.0 (Linux; Android 7.0; SM-G892A Bulid/NRD90M; wv) AppleWebKit/537.36 (KHTML, like Gecko) Version/4.0 Chrome/60.0.3112.107 Moblie Safari/537.36"
198.98.59.143 - - [31/Oct/2025:00:29:47 +0000] "GET /wp-login.php HTTP/1.1" 200 3112 "https://www.yahoo.com/" "Mozilla/5.0 (iPhone; CPU iPhone OS 17_0 like Mac OS X) AppleWebKit/605.1.15 (KHTML, like Gecko) Version/17.0 Mobile/15E148 Safari/604.1"
198.98.59.143 - - [31/Oct/2025:00:29:47 +0000] "POST /wp-login.php HTTP/1.1" 200 3279 "https://www.yahoo.com/" "Mozilla/5.0 (iPhone; CPU iPhone OS 17_0 like Mac OS X) AppleWebKit/605.1.15 (KHTML, like Gecko) Version/17.0 Mobile/15E148 Safari/604.1"
216.126.227.101 - - [31/Oct/2025:00:29:50 +0000] "GET /wp-content/upgrade/index.php HTTP/1.1" 301 178 "-" "Mozlila/5.0 (Linux; Android 7.0; SM-G892A Bulid/NRD90M; wv) AppleWebKit/537.36 (KHTML, like Gecko) Version/4.0 Chrome/60.0.3112.107 Moblie Safari/537.36"
216.126.227.101 - - [31/Oct/2025:00:29:57 +0000] "GET /wp-content/upgrade/index.php HTTP/1.1" 301 5 "-" "Mozlila/5.0 (Linux; Android 7.0; SM-G892A Bulid/NRD90M; wv) AppleWebKit/537.36 (KHTML, like Gecko) Version/4.0 Chrome/60.0.3112.107 Moblie Safari/537.36"
216.126.227.101 - - [31/Oct/2025:00:29:57 +0000] "GET /wp-content/upgrade/ HTTP/1.1" 403 195 "-" "Mozlila/5.0 (Linux; Android 7.0; SM-G892A Bulid/NRD90M; wv) AppleWebKit/537.36 (KHTML, like Gecko) Version/4.0 Chrome/60.0.3112.107 Moblie Safari/537.36"
66.249.75.68 - - [31/Oct/2025:00:30:01 +0000] "GET /?fileloc=/var/dev/math/ui/node_modules/finalhandler/node_modules/on-finished/package.json&path=/var/dev/math/ui/node_modules/finalhandler/node_modules/on-finished HTTP/1.1" 200 3536 "-" "Mozilla/5.0 (Linux; Android 6.0.1; Nexus 5X Build/MMB29P) AppleWebKit/537.36 (KHTML, like Gecko) Chrome/141.0.7390.122 Mobile Safari/537.36 (compatible; GoogleOther)"
66.249.75.67 - - [31/Oct/2025:00:30:04 +0000] "GET /?fileloc=/var/dev/math/ui/.git/HEAD&path=/var/dev/math/ui/.git HTTP/1.1" 200 3004 "-" "Mozilla/5.0 (Linux; Android 6.0.1; Nexus 5X Build/MMB29P) AppleWebKit/537.36 (KHTML, like Gecko) Chrome/141.0.7390.122 Mobile Safari/537.36 (compatible; Googlebot/2.1; +http://www.google.com/bot.html)"
95.91.110.210 - - [31/Oct/2025:00:30:16 +0000] "GET /robots.txt HTTP/1.1" 301 178 "-" "Mozilla/5.0 (compatible; MJ12bot/v1.4.8; http://mj12bot.com/)"
95.91.110.210 - - [31/Oct/2025:00:30:17 +0000] "GET /robots.txt HTTP/1.1" 301 5 "-" "Mozilla/5.0 (compatible; MJ12bot/v1.4.8; http://mj12bot.com/)"
95.91.110.210 - - [31/Oct/2025:00:30:18 +0000] "GET /robots.txt/ HTTP/1.1" 200 35706 "-" "Mozilla/5.0 (compatible; MJ12bot/v1.4.8; http://mj12bot.com/)"
95.91.110.210 - - [31/Oct/2025:00:30:20 +0000] "GET /%D8%B4%D9%85%D8%A7%D8%B1%D9%87-%DA%86%D9%87%D8%A7%D8%B1%D9%85-%D9%85%D8%AC%D9%84%D9%87-%D8%A7%D8%AF%D8%A8%D9%8A-%DA%AF%D9%8A%D9%88%D8%B1-%D8%B4%DB%8C%D9%88%D8%B9-%D8%B0%D9%87%D9%86%DB%8C%D8%AA/ HTTP/1.1" 301 178 "-" "Mozilla/5.0 (compatible; MJ12bot/v1.4.8; http://mj12bot.com/)"
95.91.110.210 - - [31/Oct/2025:00:30:21 +0000] "GET /%D8%B4%D9%85%D8%A7%D8%B1%D9%87-%DA%86%D9%87%D8%A7%D8%B1%D9%85-%D9%85%D8%AC%D9%84%D9%87-%D8%A7%D8%AF%D8%A8%D9%8A-%DA%AF%D9%8A%D9%88%D8%B1-%D8%B4%DB%8C%D9%88%D8%B9-%D8%B0%D9%87%D9%86%DB%8C%D8%AA/ HTTP/1.1" 200 36252 "-" "Mozilla/5.0 (compatible; MJ12bot/v1.4.8; http://mj12bot.com/)"
216.126.227.101 - - [31/Oct/2025:00:30:22 +0000] "GET /wp-content/IXR/index.php HTTP/1.1" 301 178 "-" "Mozlila/5.0 (Linux; Android 7.0; SM-G892A Bulid/NRD90M; wv) AppleWebKit/537.36 (KHTML, like Gecko) Version/4.0 Chrome/60.0.3112.107 Moblie Safari/537.36"
109.122.240.16 - - [31/Oct/2025:00:30:28 +0000] "POST /wp-cron.php?doing_wp_cron=1761870628.6998620033264160156250 HTTP/1.1" 200 31 "-" "WordPress/6.8.3; https://chaharrah.tv"
51.195.244.52 - - [31/Oct/2025:00:30:28 +0000] "GET /lecturer/mehrdad-malekzadeh/feed/ HTTP/2.0" 200 37601 "-" "Mozilla/5.0 (compatible; AhrefsBot/7.0; +http://ahrefs.com/robot/)"
109.122.240.16 - - [31/Oct/2025:00:30:34 +0000] "POST /wp-cron.php?doing_wp_cron=1761870634.7877531051635742187500 HTTP/1.1" 200 31 "-" "WordPress/6.8.3; https://chaharrah.tv"
216.126.227.101 - - [31/Oct/2025:00:30:34 +0000] "GET /wp-content/IXR/index.php HTTP/1.1" 301 5 "-" "Mozlila/5.0 (Linux; Android 7.0; SM-G892A Bulid/NRD90M; wv) AppleWebKit/537.36 (KHTML, like Gecko) Version/4.0 Chrome/60.0.3112.107 Moblie Safari/537.36"
216.126.227.101 - - [31/Oct/2025:00:30:35 +0000] "GET /wp-content/IXR/ HTTP/1.1" 404 11390 "-" "Mozlila/5.0 (Linux; Android 7.0; SM-G892A Bulid/NRD90M; wv) AppleWebKit/537.36 (KHTML, like Gecko) Version/4.0 Chrome/60.0.3112.107 Moblie Safari/537.36"
66.249.75.67 - - [31/Oct/2025:00:30:42 +0000] "GET /?path=/var/dev/math/ui/.git/branches HTTP/1.1" 200 3082 "-" "Mozilla/5.0 (Linux; Android 6.0.1; Nexus 5X Build/MMB29P) AppleWebKit/537.36 (KHTML, like Gecko) Chrome/141.0.7390.122 Mobile Safari/537.36 (compatible; Googlebot/2.1; +http://www.google.com/bot.html)"
109.122.240.16 - - [31/Oct/2025:00:30:45 +0000] "GET /api/v1.0/lexicon/word/1339/rel|ref HTTP/1.1" 200 918 "-" "node"
109.122.240.16 - - [31/Oct/2025:00:30:45 +0000] "GET /api/v1.0/lexicon/word-ref?limit=0&word=1339&sort=title%20asc HTTP/1.1" 200 369 "-" "node"
185.191.171.18 - - [31/Oct/2025:00:30:46 +0000] "GET /lexicon/word/1339 HTTP/1.1" 200 35193 "-" "Mozilla/5.0 (compatible; SemrushBot/7~bl; +http://www.semrush.com/bot.html)"
216.126.227.101 - - [31/Oct/2025:00:30:47 +0000] "GET /wp-content/plugins/about.php HTTP/1.1" 301 178 "-" "Mozlila/5.0 (Linux; Android 7.0; SM-G892A Bulid/NRD90M; wv) AppleWebKit/537.36 (KHTML, like Gecko) Version/4.0 Chrome/60.0.3112.107 Moblie Safari/537.36"
66.249.75.68 - - [31/Oct/2025:00:30:48 +0000] "GET /?fileloc=//lib/snapd/snap-failure&path=//lib/snapd HTTP/1.1" 200 1269569 "-" "Mozilla/5.0 (Linux; Android 6.0.1; Nexus 5X Build/MMB29P) AppleWebKit/537.36 (KHTML, like Gecko) Chrome/141.0.7390.122 Mobile Safari/537.36 (compatible; GoogleOther)"
216.126.227.101 - - [31/Oct/2025:00:30:50 +0000] "GET /wp-content/plugins/about.php HTTP/1.1" 404 11792 "-" "Mozlila/5.0 (Linux; Android 7.0; SM-G892A Bulid/NRD90M; wv) AppleWebKit/537.36 (KHTML, like Gecko) Version/4.0 Chrome/60.0.3112.107 Moblie Safari/537.36"
216.126.227.101 - - [31/Oct/2025:00:30:53 +0000] "GET /wp-content/plugins/about.php HTTP/1.1" 404 11792 "-" "Mozlila/5.0 (Linux; Android 7.0; SM-G892A Bulid/NRD90M; wv) AppleWebKit/537.36 (KHTML, like Gecko) Version/4.0 Chrome/60.0.3112.107 Moblie Safari/537.36"
216.126.227.101 - - [31/Oct/2025:00:30:54 +0000] "GET /geju.php HTTP/1.1" 301 178 "-" "Mozlila/5.0 (Linux; Android 7.0; SM-G892A Bulid/NRD90M; wv) AppleWebKit/537.36 (KHTML, like Gecko) Version/4.0 Chrome/60.0.3112.107 Moblie Safari/537.36"
85.208.96.202 - - [31/Oct/2025:00:30:54 +0000] "GET /tag/%D8%AF%D9%88%D8%B1%D9%87-%D8%AA%DB%8C%D9%85%D9%88%D8%B1%DB%8C%D8%A7%D9%86/ HTTP/1.1" 200 12781 "-" "Mozilla/5.0 (compatible; SemrushBot/7~bl; +http://www.semrush.com/bot.html)"
216.126.227.101 - - [31/Oct/2025:00:30:55 +0000] "GET /geju.php HTTP/1.1" 404 11390 "-" "Mozlila/5.0 (Linux; Android 7.0; SM-G892A Bulid/NRD90M; wv) AppleWebKit/537.36 (KHTML, like Gecko) Version/4.0 Chrome/60.0.3112.107 Moblie Safari/537.36"
216.126.227.101 - - [31/Oct/2025:00:30:58 +0000] "GET /geju.php HTTP/1.1" 404 11390 "-" "Mozlila/5.0 (Linux; Android 7.0; SM-G892A Bulid/NRD90M; wv) AppleWebKit/537.36 (KHTML, like Gecko) Version/4.0 Chrome/60.0.3112.107 Moblie Safari/537.36"
178.131.239.47 - - [31/Oct/2025:00:31:00 +0000] "GET /oil-timeline/ HTTP/2.0" 200 22304 "https://www.google.com/" "Mozilla/5.0 (Linux; Android 10; K) AppleWebKit/537.36 (KHTML, like Gecko) Chrome/141.0.0.0 Mobile Safari/537.36"
178.131.239.47 - - [31/Oct/2025:00:31:00 +0000] "GET /oil-timeline/styles/reset.css HTTP/2.0" 200 1093 "https://nowruzgan.com/oil-timeline/" "Mozilla/5.0 (Linux; Android 10; K) AppleWebKit/537.36 (KHTML, like Gecko) Chrome/141.0.0.0 Mobile Safari/537.36"
178.131.239.47 - - [31/Oct/2025:00:31:00 +0000] "GET /oil-timeline/styles/container.css HTTP/2.0" 200 3440 "https://nowruzgan.com/oil-timeline/" "Mozilla/5.0 (Linux; Android 10; K) AppleWebKit/537.36 (KHTML, like Gecko) Chrome/141.0.0.0 Mobile Safari/537.36"
178.131.239.47 - - [31/Oct/2025:00:31:00 +0000] "GET /oil-timeline/styles/images.css HTTP/2.0" 200 497 "https://nowruzgan.com/oil-timeline/" "Mozilla/5.0 (Linux; Android 10; K) AppleWebKit/537.36 (KHTML, like Gecko) Chrome/141.0.0.0 Mobile Safari/537.36"
178.131.239.47 - - [31/Oct/2025:00:31:00 +0000] "GET /oil-timeline/styles/timeline.css HTTP/2.0" 200 3443 "https://nowruzgan.com/oil-timeline/" "Mozilla/5.0 (Linux; Android 10; K) AppleWebKit/537.36 (KHTML, like Gecko) Chrome/141.0.0.0 Mobile Safari/537.36"
178.131.239.47 - - [31/Oct/2025:00:31:00 +0000] "GET /oil-timeline/styles/data.css HTTP/2.0" 200 2618 "https://nowruzgan.com/oil-timeline/" "Mozilla/5.0 (Linux; Android 10; K) AppleWebKit/537.36 (KHTML, like Gecko) Chrome/141.0.0.0 Mobile Safari/537.36"
178.131.239.47 - - [31/Oct/2025:00:31:00 +0000] "GET /oil-timeline/styles/jquery.mCustomScrollbar.css HTTP/2.0" 200 5042 "https://nowruzgan.com/oil-timeline/" "Mozilla/5.0 (Linux; Android 10; K) AppleWebKit/537.36 (KHTML, like Gecko) Chrome/141.0.0.0 Mobile Safari/537.36"
178.131.239.47 - - [31/Oct/2025:00:31:00 +0000] "GET /oil-timeline/scripts/jquery-1.7.0.min.js HTTP/2.0" 200 94840 "https://nowruzgan.com/oil-timeline/" "Mozilla/5.0 (Linux; Android 10; K) AppleWebKit/537.36 (KHTML, like Gecko) Chrome/141.0.0.0 Mobile Safari/537.36"
178.131.239.47 - - [31/Oct/2025:00:31:00 +0000] "GET /oil-timeline/scripts/jquery.mousewheel.min.js HTTP/2.0" 200 1172 "https://nowruzgan.com/oil-timeline/" "Mozilla/5.0 (Linux; Android 10; K) AppleWebKit/537.36 (KHTML, like Gecko) Chrome/141.0.0.0 Mobile Safari/537.36"
178.131.239.47 - - [31/Oct/2025:00:31:00 +0000] "GET /oil-timeline/scripts/jquery.mCustomScrollbar.js HTTP/2.0" 200 39878 "https://nowruzgan.com/oil-timeline/" "Mozilla/5.0 (Linux; Android 10; K) AppleWebKit/537.36 (KHTML, like Gecko) Chrome/141.0.0.0 Mobile Safari/537.36"
178.131.239.47 - - [31/Oct/2025:00:31:00 +0000] "GET /oil-timeline/scripts/oil-main.js HTTP/2.0" 200 4116 "https://nowruzgan.com/oil-timeline/" "Mozilla/5.0 (Linux; Android 10; K) AppleWebKit/537.36 (KHTML, like Gecko) Chrome/141.0.0.0 Mobile Safari/537.36"
178.131.239.47 - - [31/Oct/2025:00:31:00 +0000] "GET /oil-timeline/images/1891-1.jpg HTTP/2.0" 200 154225 "https://nowruzgan.com/oil-timeline/" "Mozilla/5.0 (Linux; Android 10; K) AppleWebKit/537.36 (KHTML, like Gecko) Chrome/141.0.0.0 Mobile Safari/537.36"
178.131.239.47 - - [31/Oct/2025:00:31:00 +0000] "GET /oil-timeline/scripts/jquery-ui.min.js HTTP/2.0" 200 200719 "https://nowruzgan.com/oil-timeline/" "Mozilla/5.0 (Linux; Android 10; K) AppleWebKit/537.36 (KHTML, like Gecko) Chrome/141.0.0.0 Mobile Safari/537.36"
178.131.239.47 - - [31/Oct/2025:00:31:00 +0000] "GET /oil-timeline/images/1891-2.jpg HTTP/2.0" 200 195786 "https://nowruzgan.com/oil-timeline/" "Mozilla/5.0 (Linux; Android 10; K) AppleWebKit/537.36 (KHTML, like Gecko) Chrome/141.0.0.0 Mobile Safari/537.36"
178.131.239.47 - - [31/Oct/2025:00:31:00 +0000] "GET /oil-timeline/images/1895-1.jpg HTTP/2.0" 200 144307 "https://nowruzgan.com/oil-timeline/" "Mozilla/5.0 (Linux; Android 10; K) AppleWebKit/537.36 (KHTML, like Gecko) Chrome/141.0.0.0 Mobile Safari/537.36"
178.131.239.47 - - [31/Oct/2025:00:31:00 +0000] "GET /oil-timeline/images/1895-2.jpg HTTP/2.0" 200 89548 "https://nowruzgan.com/oil-timeline/" "Mozilla/5.0 (Linux; Android 10; K) AppleWebKit/537.36 (KHTML, like Gecko) Chrome/141.0.0.0 Mobile Safari/537.36"
178.131.239.47 - - [31/Oct/2025:00:31:00 +0000] "GET /oil-timeline/styles/fonts/BYekan.woff HTTP/2.0" 200 25808 "https://nowruzgan.com/oil-timeline/styles/container.css" "Mozilla/5.0 (Linux; Android 10; K) AppleWebKit/537.36 (KHTML, like Gecko) Chrome/141.0.0.0 Mobile Safari/537.36"
178.131.239.47 - - [31/Oct/2025:00:31:00 +0000] "GET /oil-timeline/images/1908-1.jpg HTTP/2.0" 200 55361 "https://nowruzgan.com/oil-timeline/" "Mozilla/5.0 (Linux; Android 10; K) AppleWebKit/537.36 (KHTML, like Gecko) Chrome/141.0.0.0 Mobile Safari/537.36"
66.249.75.67 - - [31/Oct/2025:00:31:01 +0000] "GET /?fileloc=/var/dev/math/ui/.git/ORIG_HEAD&path=/var/dev/math/ui/.git HTTP/1.1" 200 3032 "-" "Mozilla/5.0 (Linux; Android 6.0.1; Nexus 5X Build/MMB29P) AppleWebKit/537.36 (KHTML, like Gecko) Chrome/141.0.7390.122 Mobile Safari/537.36 (compatible; Googlebot/2.1; +http://www.google.com/bot.html)"
178.131.239.47 - - [31/Oct/2025:00:31:01 +0000] "GET /oil-timeline/images/1933-1.jpg HTTP/2.0" 200 39524 "https://nowruzgan.com/oil-timeline/" "Mozilla/5.0 (Linux; Android 10; K) AppleWebKit/537.36 (KHTML, like Gecko) Chrome/141.0.0.0 Mobile Safari/537.36"
178.131.239.47 - - [31/Oct/2025:00:31:02 +0000] "GET /oil-timeline/images/1951-1.jpg HTTP/2.0" 200 50839 "https://nowruzgan.com/oil-timeline/" "Mozilla/5.0 (Linux; Android 10; K) AppleWebKit/537.36 (KHTML, like Gecko) Chrome/141.0.0.0 Mobile Safari/537.36"
178.131.239.47 - - [31/Oct/2025:00:31:02 +0000] "GET /oil-timeline/images/landing-logo.png HTTP/2.0" 200 6923 "https://nowruzgan.com/oil-timeline/" "Mozilla/5.0 (Linux; Android 10; K) AppleWebKit/537.36 (KHTML, like Gecko) Chrome/141.0.0.0 Mobile Safari/537.36"
178.131.239.47 - - [31/Oct/2025:00:31:02 +0000] "GET /oil-timeline/images/collapse.png HTTP/2.0" 200 1192 "https://nowruzgan.com/oil-timeline/styles/data.css" "Mozilla/5.0 (Linux; Android 10; K) AppleWebKit/537.36 (KHTML, like Gecko) Chrome/141.0.0.0 Mobile Safari/537.36"
178.131.239.47 - - [31/Oct/2025:00:31:02 +0000] "GET /oil-timeline/images/prev.png HTTP/2.0" 200 1316 "https://nowruzgan.com/oil-timeline/styles/timeline.css" "Mozilla/5.0 (Linux; Android 10; K) AppleWebKit/537.36 (KHTML, like Gecko) Chrome/141.0.0.0 Mobile Safari/537.36"
178.131.239.47 - - [31/Oct/2025:00:31:02 +0000] "GET /oil-timeline/images/timeline-bg.png HTTP/2.0" 200 3088 "https://nowruzgan.com/oil-timeline/styles/timeline.css" "Mozilla/5.0 (Linux; Android 10; K) AppleWebKit/537.36 (KHTML, like Gecko) Chrome/141.0.0.0 Mobile Safari/537.36"
178.131.239.47 - - [31/Oct/2025:00:31:02 +0000] "GET /oil-timeline/images/next.png HTTP/2.0" 200 1331 "https://nowruzgan.com/oil-timeline/styles/timeline.css" "Mozilla/5.0 (Linux; Android 10; K) AppleWebKit/537.36 (KHTML, like Gecko) Chrome/141.0.0.0 Mobile Safari/537.36"
178.131.239.47 - - [31/Oct/2025:00:31:02 +0000] "GET /oil-timeline/images/1898-1.jpg HTTP/2.0" 200 75504 "https://nowruzgan.com/oil-timeline/" "Mozilla/5.0 (Linux; Android 10; K) AppleWebKit/537.36 (KHTML, like Gecko) Chrome/141.0.0.0 Mobile Safari/537.36"
178.131.239.47 - - [31/Oct/2025:00:31:02 +0000] "GET /oil-timeline/images/1901-1.jpg HTTP/2.0" 200 93843 "https://nowruzgan.com/oil-timeline/" "Mozilla/5.0 (Linux; Android 10; K) AppleWebKit/537.36 (KHTML, like Gecko) Chrome/141.0.0.0 Mobile Safari/537.36"
178.131.239.47 - - [31/Oct/2025:00:31:02 +0000] "GET /oil-timeline/images/1901-2.jpg HTTP/2.0" 200 95919 "https://nowruzgan.com/oil-timeline/" "Mozilla/5.0 (Linux; Android 10; K) AppleWebKit/537.36 (KHTML, like Gecko) Chrome/141.0.0.0 Mobile Safari/537.36"
178.131.239.47 - - [31/Oct/2025:00:31:02 +0000] "GET /oil-timeline/images/1895-3.jpg HTTP/2.0" 200 147427 "https://nowruzgan.com/oil-timeline/" "Mozilla/5.0 (Linux; Android 10; K) AppleWebKit/537.36 (KHTML, like Gecko) Chrome/141.0.0.0 Mobile Safari/537.36"
178.131.239.47 - - [31/Oct/2025:00:31:02 +0000] "GET /oil-timeline/images/1908-2.jpg HTTP/2.0" 200 110478 "https://nowruzgan.com/oil-timeline/" "Mozilla/5.0 (Linux; Android 10; K) AppleWebKit/537.36 (KHTML, like Gecko) Chrome/141.0.0.0 Mobile Safari/537.36"
178.131.239.47 - - [31/Oct/2025:00:31:02 +0000] "GET /oil-timeline/images/1908-3.jpg HTTP/2.0" 200 120778 "https://nowruzgan.com/oil-timeline/" "Mozilla/5.0 (Linux; Android 10; K) AppleWebKit/537.36 (KHTML, like Gecko) Chrome/141.0.0.0 Mobile Safari/537.36"
178.131.239.47 - - [31/Oct/2025:00:31:02 +0000] "GET /oil-timeline/images/1909-1.jpg HTTP/2.0" 200 104135 "https://nowruzgan.com/oil-timeline/" "Mozilla/5.0 (Linux; Android 10; K) AppleWebKit/537.36 (KHTML, like Gecko) Chrome/141.0.0.0 Mobile Safari/537.36"
178.131.239.47 - - [31/Oct/2025:00:31:02 +0000] "GET /oil-timeline/images/1909-2.jpg HTTP/2.0" 200 130513 "https://nowruzgan.com/oil-timeline/" "Mozilla/5.0 (Linux; Android 10; K) AppleWebKit/537.36 (KHTML, like Gecko) Chrome/141.0.0.0 Mobile Safari/537.36"
178.131.239.47 - - [31/Oct/2025:00:31:03 +0000] "GET /oil-timeline/images/1912-2.jpg HTTP/2.0" 200 116841 "https://nowruzgan.com/oil-timeline/" "Mozilla/5.0 (Linux; Android 10; K) AppleWebKit/537.36 (KHTML, like Gecko) Chrome/141.0.0.0 Mobile Safari/537.36"
178.131.239.47 - - [31/Oct/2025:00:31:03 +0000] "GET /oil-timeline/images/1912-4.jpg HTTP/2.0" 200 105064 "https://nowruzgan.com/oil-timeline/" "Mozilla/5.0 (Linux; Android 10; K) AppleWebKit/537.36 (KHTML, like Gecko) Chrome/141.0.0.0 Mobile Safari/537.36"
178.131.239.47 - - [31/Oct/2025:00:31:03 +0000] "GET /oil-timeline/images/1912-3.jpg HTTP/2.0" 200 134163 "https://nowruzgan.com/oil-timeline/" "Mozilla/5.0 (Linux; Android 10; K) AppleWebKit/537.36 (KHTML, like Gecko) Chrome/141.0.0.0 Mobile Safari/537.36"
178.131.239.47 - - [31/Oct/2025:00:31:03 +0000] "GET /oil-timeline/images/1912-1.jpg HTTP/2.0" 200 210519 "https://nowruzgan.com/oil-timeline/" "Mozilla/5.0 (Linux; Android 10; K) AppleWebKit/537.36 (KHTML, like Gecko) Chrome/141.0.0.0 Mobile Safari/537.36"
178.131.239.47 - - [31/Oct/2025:00:31:03 +0000] "GET /oil-timeline/images/1913-1.jpg HTTP/2.0" 200 289588 "https://nowruzgan.com/oil-timeline/" "Mozilla/5.0 (Linux; Android 10; K) AppleWebKit/537.36 (KHTML, like Gecko) Chrome/141.0.0.0 Mobile Safari/537.36"
178.131.239.47 - - [31/Oct/2025:00:31:03 +0000] "GET /oil-timeline/images/1913-2.jpg HTTP/2.0" 200 278797 "https://nowruzgan.com/oil-timeline/" "Mozilla/5.0 (Linux; Android 10; K) AppleWebKit/537.36 (KHTML, like Gecko) Chrome/141.0.0.0 Mobile Safari/537.36"
178.131.239.47 - - [31/Oct/2025:00:31:03 +0000] "GET /oil-timeline/images/1913-3.jpg HTTP/2.0" 200 333573 "https://nowruzgan.com/oil-timeline/" "Mozilla/5.0 (Linux; Android 10; K) AppleWebKit/537.36 (KHTML, like Gecko) Chrome/141.0.0.0 Mobile Safari/537.36"
178.131.239.47 - - [31/Oct/2025:00:31:03 +0000] "GET /oil-timeline/images/1913-4.jpg HTTP/2.0" 200 265701 "https://nowruzgan.com/oil-timeline/" "Mozilla/5.0 (Linux; Android 10; K) AppleWebKit/537.36 (KHTML, like Gecko) Chrome/141.0.0.0 Mobile Safari/537.36"
178.131.239.47 - - [31/Oct/2025:00:31:03 +0000] "GET /oil-timeline/images/1914-1.jpg HTTP/2.0" 200 142567 "https://nowruzgan.com/oil-timeline/" "Mozilla/5.0 (Linux; Android 10; K) AppleWebKit/537.36 (KHTML, like Gecko) Chrome/141.0.0.0 Mobile Safari/537.36"
178.131.239.47 - - [31/Oct/2025:00:31:04 +0000] "GET /oil-timeline/images/1921-2.jpg HTTP/2.0" 200 173439 "https://nowruzgan.com/oil-timeline/" "Mozilla/5.0 (Linux; Android 10; K) AppleWebKit/537.36 (KHTML, like Gecko) Chrome/141.0.0.0 Mobile Safari/537.36"
178.131.239.47 - - [31/Oct/2025:00:31:04 +0000] "GET /oil-timeline/images/1921-3.jpg HTTP/2.0" 200 217931 "https://nowruzgan.com/oil-timeline/" "Mozilla/5.0 (Linux; Android 10; K) AppleWebKit/537.36 (KHTML, like Gecko) Chrome/141.0.0.0 Mobile Safari/537.36"
178.131.239.47 - - [31/Oct/2025:00:31:04 +0000] "GET /oil-timeline/images/1924-1.jpg HTTP/2.0" 200 110897 "https://nowruzgan.com/oil-timeline/" "Mozilla/5.0 (Linux; Android 10; K) AppleWebKit/537.36 (KHTML, like Gecko) Chrome/141.0.0.0 Mobile Safari/537.36"
178.131.239.47 - - [31/Oct/2025:00:31:04 +0000] "GET /oil-timeline/images/1921-1.jpg HTTP/2.0" 200 345472 "https://nowruzgan.com/oil-timeline/" "Mozilla/5.0 (Linux; Android 10; K) AppleWebKit/537.36 (KHTML, like Gecko) Chrome/141.0.0.0 Mobile Safari/537.36"
178.131.239.47 - - [31/Oct/2025:00:31:04 +0000] "GET /oil-timeline/images/1921-4.jpg HTTP/2.0" 200 199244 "https://nowruzgan.com/oil-timeline/" "Mozilla/5.0 (Linux; Android 10; K) AppleWebKit/537.36 (KHTML, like Gecko) Chrome/141.0.0.0 Mobile Safari/537.36"
178.131.239.47 - - [31/Oct/2025:00:31:04 +0000] "GET /oil-timeline/images/1924-2.jpg HTTP/2.0" 200 87244 "https://nowruzgan.com/oil-timeline/" "Mozilla/5.0 (Linux; Android 10; K) AppleWebKit/537.36 (KHTML, like Gecko) Chrome/141.0.0.0 Mobile Safari/537.36"
178.131.239.47 - - [31/Oct/2025:00:31:04 +0000] "GET /oil-timeline/images/1924-3.jpg HTTP/2.0" 200 110149 "https://nowruzgan.com/oil-timeline/" "Mozilla/5.0 (Linux; Android 10; K) AppleWebKit/537.36 (KHTML, like Gecko) Chrome/141.0.0.0 Mobile Safari/537.36"
178.131.239.47 - - [31/Oct/2025:00:31:04 +0000] "GET /oil-timeline/images/1924-4.jpg HTTP/2.0" 200 105083 "https://nowruzgan.com/oil-timeline/" "Mozilla/5.0 (Linux; Android 10; K) AppleWebKit/537.36 (KHTML, like Gecko) Chrome/141.0.0.0 Mobile Safari/537.36"
216.126.227.101 - - [31/Oct/2025:00:31:04 +0000] "GET /wp.php HTTP/1.1" 301 178 "-" "Mozlila/5.0 (Linux; Android 7.0; SM-G892A Bulid/NRD90M; wv) AppleWebKit/537.36 (KHTML, like Gecko) Version/4.0 Chrome/60.0.3112.107 Moblie Safari/537.36"
178.131.239.47 - - [31/Oct/2025:00:31:04 +0000] "GET /oil-timeline/images/1930-2.jpg HTTP/2.0" 200 129213 "https://nowruzgan.com/oil-timeline/" "Mozilla/5.0 (Linux; Android 10; K) AppleWebKit/537.36 (KHTML, like Gecko) Chrome/141.0.0.0 Mobile Safari/537.36"
178.131.239.47 - - [31/Oct/2025:00:31:04 +0000] "GET /oil-timeline/images/1930-3.jpg HTTP/2.0" 200 84238 "https://nowruzgan.com/oil-timeline/" "Mozilla/5.0 (Linux; Android 10; K) AppleWebKit/537.36 (KHTML, like Gecko) Chrome/141.0.0.0 Mobile Safari/537.36"
178.131.239.47 - - [31/Oct/2025:00:31:04 +0000] "GET /oil-timeline/images/1930-4.jpg HTTP/2.0" 200 96234 "https://nowruzgan.com/oil-timeline/" "Mozilla/5.0 (Linux; Android 10; K) AppleWebKit/537.36 (KHTML, like Gecko) Chrome/141.0.0.0 Mobile Safari/537.36"
178.131.239.47 - - [31/Oct/2025:00:31:04 +0000] "GET /oil-timeline/images/1930-5.jpg HTTP/2.0" 200 95415 "https://nowruzgan.com/oil-timeline/" "Mozilla/5.0 (Linux; Android 10; K) AppleWebKit/537.36 (KHTML, like Gecko) Chrome/141.0.0.0 Mobile Safari/537.36"
178.131.239.47 - - [31/Oct/2025:00:31:04 +0000] "GET /oil-timeline/images/1928-1.jpg HTTP/2.0" 200 223372 "https://nowruzgan.com/oil-timeline/" "Mozilla/5.0 (Linux; Android 10; K) AppleWebKit/537.36 (KHTML, like Gecko) Chrome/141.0.0.0 Mobile Safari/537.36"
178.131.239.47 - - [31/Oct/2025:00:31:04 +0000] "GET /oil-timeline/images/1933-2.jpg HTTP/2.0" 200 104215 "https://nowruzgan.com/oil-timeline/" "Mozilla/5.0 (Linux; Android 10; K) AppleWebKit/537.36 (KHTML, like Gecko) Chrome/141.0.0.0 Mobile Safari/537.36"
178.131.239.47 - - [31/Oct/2025:00:31:04 +0000] "GET /oil-timeline/images/1933-3.jpg HTTP/2.0" 200 109044 "https://nowruzgan.com/oil-timeline/" "Mozilla/5.0 (Linux; Android 10; K) AppleWebKit/537.36 (KHTML, like Gecko) Chrome/141.0.0.0 Mobile Safari/537.36"
178.131.239.47 - - [31/Oct/2025:00:31:04 +0000] "GET /oil-timeline/images/1930-1.jpg HTTP/2.0" 200 303475 "https://nowruzgan.com/oil-timeline/" "Mozilla/5.0 (Linux; Android 10; K) AppleWebKit/537.36 (KHTML, like Gecko) Chrome/141.0.0.0 Mobile Safari/537.36"
