216.73.216.107 - - [31/Oct/2025:00:25:45 +0000] "GET /?fileloc=%2F%2Fbin%2Fpbmclean&path=%2F%2Fbin HTTP/2.0" 200 8308 "-" "Mozilla/5.0 AppleWebKit/537.36 (KHTML, like Gecko; compatible; ClaudeBot/1.0; +claudebot@anthropic.com)"
216.73.216.107 - - [31/Oct/2025:00:25:45 +0000] "GET /?fileloc=%2F%2Fbin%2Fex&path=%2F%2Fbin HTTP/2.0" 200 2143825 "-" "Mozilla/5.0 AppleWebKit/537.36 (KHTML, like Gecko; compatible; ClaudeBot/1.0; +claudebot@anthropic.com)"
216.73.216.107 - - [31/Oct/2025:00:25:45 +0000] "GET /?fileloc=%2F%2Fsbin%2Fvipw&path=%2F%2Fsbin HTTP/2.0" 200 23922 "-" "Mozilla/5.0 AppleWebKit/537.36 (KHTML, like Gecko; compatible; ClaudeBot/1.0; +claudebot@anthropic.com)"
216.73.216.107 - - [31/Oct/2025:00:25:45 +0000] "GET /?fileloc=%2F%2Fbin%2Farch&path=%2F%2Fbin HTTP/2.0" 200 13793 "-" "Mozilla/5.0 AppleWebKit/537.36 (KHTML, like Gecko; compatible; ClaudeBot/1.0; +claudebot@anthropic.com)"
216.73.216.107 - - [31/Oct/2025:00:25:45 +0000] "GET /?path=%2F%2Fproc%2F41 HTTP/2.0" 200 5644 "-" "Mozilla/5.0 AppleWebKit/537.36 (KHTML, like Gecko; compatible; ClaudeBot/1.0; +claudebot@anthropic.com)"
216.73.216.107 - - [31/Oct/2025:00:25:45 +0000] "GET /?fileloc=%2F%2Fbin%2Fppmnorm&path=%2F%2Fbin HTTP/2.0" 200 9752 "-" "Mozilla/5.0 AppleWebKit/537.36 (KHTML, like Gecko; compatible; ClaudeBot/1.0; +claudebot@anthropic.com)"
216.73.216.107 - - [31/Oct/2025:00:25:45 +0000] "GET /?path=%2F%2Fproc%2F1449 HTTP/2.0" 200 5735 "-" "Mozilla/5.0 AppleWebKit/537.36 (KHTML, like Gecko; compatible; ClaudeBot/1.0; +claudebot@anthropic.com)"
216.73.216.107 - - [31/Oct/2025:00:25:45 +0000] "GET /?fileloc=%2F%2Fbin%2Ffold&path=%2F%2Fbin HTTP/2.0" 200 15897 "-" "Mozilla/5.0 AppleWebKit/537.36 (KHTML, like Gecko; compatible; ClaudeBot/1.0; +claudebot@anthropic.com)"
66.249.75.67 - - [31/Oct/2025:00:25:46 +0000] "GET /?path=/var/dev/nowruzgan/rest/cert HTTP/1.1" 200 3382 "-" "Mozilla/5.0 (Linux; Android 6.0.1; Nexus 5X Build/MMB29P) AppleWebKit/537.36 (KHTML, like Gecko) Chrome/141.0.7390.122 Mobile Safari/537.36 (compatible; Googlebot/2.1; +http://www.google.com/bot.html)"
66.249.75.232 - - [31/Oct/2025:00:25:46 +0000] "GET /api/v1.0/ketabkhaneh/doc/2208?collection=0&sort=id HTTP/1.1" 200 2122 "-" "Mozilla/5.0 (Linux; Android 6.0.1; Nexus 5X Build/MMB29P) AppleWebKit/537.36 (KHTML, like Gecko) Chrome/141.0.7390.122 Mobile Safari/537.36 (compatible; Googlebot/2.1; +http://www.google.com/bot.html)"
216.73.216.107 - - [31/Oct/2025:00:25:46 +0000] "GET /?path=%2F%2Fproc%2F1458813 HTTP/2.0" 200 5697 "-" "Mozilla/5.0 AppleWebKit/537.36 (KHTML, like Gecko; compatible; ClaudeBot/1.0; +claudebot@anthropic.com)"
216.73.216.107 - - [31/Oct/2025:00:25:46 +0000] "GET /?path=%2F%2Fproc%2F883 HTTP/2.0" 200 5629 "-" "Mozilla/5.0 AppleWebKit/537.36 (KHTML, like Gecko; compatible; ClaudeBot/1.0; +claudebot@anthropic.com)"
216.73.216.107 - - [31/Oct/2025:00:25:46 +0000] "GET /?fileloc=%2F%2Fbin%2Ftbl&path=%2F%2Fbin HTTP/2.0" 200 63092 "-" "Mozilla/5.0 AppleWebKit/537.36 (KHTML, like Gecko; compatible; ClaudeBot/1.0; +claudebot@anthropic.com)"
216.73.216.107 - - [31/Oct/2025:00:25:46 +0000] "GET /?path=%2F%2Fproc%2F1438260 HTTP/2.0" 200 5696 "-" "Mozilla/5.0 AppleWebKit/537.36 (KHTML, like Gecko; compatible; ClaudeBot/1.0; +claudebot@anthropic.com)"
216.73.216.107 - - [31/Oct/2025:00:25:46 +0000] "GET /?fileloc=%2F%2Fbin%2Fppmspread&path=%2F%2Fbin HTTP/2.0" 200 6300 "-" "Mozilla/5.0 AppleWebKit/537.36 (KHTML, like Gecko; compatible; ClaudeBot/1.0; +claudebot@anthropic.com)"
216.73.216.107 - - [31/Oct/2025:00:25:47 +0000] "GET /?fileloc=%2F%2Fsbin%2Fsetuids.bt&path=%2F%2Fsbin HTTP/2.0" 200 3648 "-" "Mozilla/5.0 AppleWebKit/537.36 (KHTML, like Gecko; compatible; ClaudeBot/1.0; +claudebot@anthropic.com)"
216.73.216.107 - - [31/Oct/2025:00:25:47 +0000] "GET /?fileloc=%2F%2Fbin%2Fpnmnorm&path=%2F%2Fbin HTTP/2.0" 200 9752 "-" "Mozilla/5.0 AppleWebKit/537.36 (KHTML, like Gecko; compatible; ClaudeBot/1.0; +claudebot@anthropic.com)"
216.73.216.107 - - [31/Oct/2025:00:25:47 +0000] "GET /?path=%2F%2Fetc%2Falternatives HTTP/2.0" 200 13845 "-" "Mozilla/5.0 AppleWebKit/537.36 (KHTML, like Gecko; compatible; ClaudeBot/1.0; +claudebot@anthropic.com)"
216.73.216.107 - - [31/Oct/2025:00:25:47 +0000] "GET /?fileloc=%2F%2Fsbin%2Ffixparts&path=%2F%2Fsbin HTTP/2.0" 200 29256 "-" "Mozilla/5.0 AppleWebKit/537.36 (KHTML, like Gecko; compatible; ClaudeBot/1.0; +claudebot@anthropic.com)"
216.73.216.107 - - [31/Oct/2025:00:25:47 +0000] "GET /?fileloc=%2F%2Fbin%2Feject&path=%2F%2Fbin HTTP/2.0" 200 18639 "-" "Mozilla/5.0 AppleWebKit/537.36 (KHTML, like Gecko; compatible; ClaudeBot/1.0; +claudebot@anthropic.com)"
216.73.216.107 - - [31/Oct/2025:00:25:47 +0000] "GET /?fileloc=%2F%2Fbin%2Fpbmtopk&path=%2F%2Fbin HTTP/2.0" 200 13312 "-" "Mozilla/5.0 AppleWebKit/537.36 (KHTML, like Gecko; compatible; ClaudeBot/1.0; +claudebot@anthropic.com)"
216.73.216.107 - - [31/Oct/2025:00:25:48 +0000] "GET /?fileloc=%2F%2Fbin%2Fvigpg&path=%2F%2Fbin HTTP/2.0" 200 4306 "-" "Mozilla/5.0 AppleWebKit/537.36 (KHTML, like Gecko; compatible; ClaudeBot/1.0; +claudebot@anthropic.com)"
216.73.216.107 - - [31/Oct/2025:00:25:48 +0000] "GET /?fileloc=%2F%2Fbin%2Fcol&path=%2F%2Fbin HTTP/2.0" 200 9976 "-" "Mozilla/5.0 AppleWebKit/537.36 (KHTML, like Gecko; compatible; ClaudeBot/1.0; +claudebot@anthropic.com)"
216.73.216.107 - - [31/Oct/2025:00:25:48 +0000] "GET /?fileloc=%2F%2Fbin%2Fmemccat&path=%2F%2Fbin HTTP/2.0" 200 20672 "-" "Mozilla/5.0 AppleWebKit/537.36 (KHTML, like Gecko; compatible; ClaudeBot/1.0; +claudebot@anthropic.com)"
216.73.216.107 - - [31/Oct/2025:00:25:48 +0000] "GET /?path=%2F%2Fproc%2F113 HTTP/2.0" 200 5628 "-" "Mozilla/5.0 AppleWebKit/537.36 (KHTML, like Gecko; compatible; ClaudeBot/1.0; +claudebot@anthropic.com)"
216.73.216.107 - - [31/Oct/2025:00:25:48 +0000] "GET /?fileloc=%2F%2Fbin%2Fpamtopfm&path=%2F%2Fbin HTTP/2.0" 200 6569 "-" "Mozilla/5.0 AppleWebKit/537.36 (KHTML, like Gecko; compatible; ClaudeBot/1.0; +claudebot@anthropic.com)"
216.73.216.107 - - [31/Oct/2025:00:25:48 +0000] "GET /?fileloc=%2F%2Fbin%2Ftrial3&path=%2F%2Fbin HTTP/2.0" 200 3090 "-" "Mozilla/5.0 AppleWebKit/537.36 (KHTML, like Gecko; compatible; ClaudeBot/1.0; +claudebot@anthropic.com)"
216.73.216.107 - - [31/Oct/2025:00:25:48 +0000] "GET /?fileloc=%2F%2Fbin%2Frlatopam&path=%2F%2Fbin HTTP/2.0" 200 7238 "-" "Mozilla/5.0 AppleWebKit/537.36 (KHTML, like Gecko; compatible; ClaudeBot/1.0; +claudebot@anthropic.com)"
216.73.216.107 - - [31/Oct/2025:00:25:48 +0000] "GET /?fileloc=%2F%2Fbin%2Flzmore&path=%2F%2Fbin HTTP/2.0" 200 4185 "-" "Mozilla/5.0 AppleWebKit/537.36 (KHTML, like Gecko; compatible; ClaudeBot/1.0; +claudebot@anthropic.com)"
216.73.216.107 - - [31/Oct/2025:00:25:50 +0000] "GET /?fileloc=%2F%2Fproc%2Fvmstat&path=%2F%2Fproc HTTP/2.0" 200 4601 "-" "Mozilla/5.0 AppleWebKit/537.36 (KHTML, like Gecko; compatible; ClaudeBot/1.0; +claudebot@anthropic.com)"
216.73.216.107 - - [31/Oct/2025:00:25:53 +0000] "GET /?fileloc=%2F%2Fbin%2Fgpgconf&path=%2F%2Fbin HTTP/2.0" 200 54315 "-" "Mozilla/5.0 AppleWebKit/537.36 (KHTML, like Gecko; compatible; ClaudeBot/1.0; +claudebot@anthropic.com)"
216.73.216.107 - - [31/Oct/2025:00:25:53 +0000] "GET /?fileloc=%2F%2Fsbin%2Ftcpsynbl.bt&path=%2F%2Fsbin HTTP/2.0" 200 3530 "-" "Mozilla/5.0 AppleWebKit/537.36 (KHTML, like Gecko; compatible; ClaudeBot/1.0; +claudebot@anthropic.com)"
216.73.216.107 - - [31/Oct/2025:00:25:53 +0000] "GET /?fileloc=%2F%2Fbin%2Ftput&path=%2F%2Fbin HTTP/2.0" 200 11720 "-" "Mozilla/5.0 AppleWebKit/537.36 (KHTML, like Gecko; compatible; ClaudeBot/1.0; +claudebot@anthropic.com)"
216.73.216.107 - - [31/Oct/2025:00:25:53 +0000] "GET /?fileloc=%2F%2Fbin%2Fps2epsi&path=%2F%2Fbin HTTP/2.0" 200 3605 "-" "Mozilla/5.0 AppleWebKit/537.36 (KHTML, like Gecko; compatible; ClaudeBot/1.0; +claudebot@anthropic.com)"
216.73.216.107 - - [31/Oct/2025:00:25:53 +0000] "GET /?path=%2F%2Fproc%2F1968552 HTTP/2.0" 200 3024 "-" "Mozilla/5.0 AppleWebKit/537.36 (KHTML, like Gecko; compatible; ClaudeBot/1.0; +claudebot@anthropic.com)"
216.73.216.107 - - [31/Oct/2025:00:25:53 +0000] "GET /?fileloc=%2F%2Fsbin%2Fdcsnoop.bt&path=%2F%2Fsbin HTTP/2.0" 200 3649 "-" "Mozilla/5.0 AppleWebKit/537.36 (KHTML, like Gecko; compatible; ClaudeBot/1.0; +claudebot@anthropic.com)"
216.73.216.107 - - [31/Oct/2025:00:25:53 +0000] "GET /?fileloc=%2F%2Fbin%2Fwdctl&path=%2F%2Fbin HTTP/2.0" 200 15492 "-" "Mozilla/5.0 AppleWebKit/537.36 (KHTML, like Gecko; compatible; ClaudeBot/1.0; +claudebot@anthropic.com)"
216.73.216.107 - - [31/Oct/2025:00:25:53 +0000] "GET /?fileloc=%2F%2Fbin%2Fcol8&path=%2F%2Fbin HTTP/2.0" 200 3534 "-" "Mozilla/5.0 AppleWebKit/537.36 (KHTML, like Gecko; compatible; ClaudeBot/1.0; +claudebot@anthropic.com)"
216.73.216.107 - - [31/Oct/2025:00:25:54 +0000] "GET /?path=%2F%2Fetc%2Fsysconfig HTTP/2.0" 200 3330 "-" "Mozilla/5.0 AppleWebKit/537.36 (KHTML, like Gecko; compatible; ClaudeBot/1.0; +claudebot@anthropic.com)"
216.73.216.107 - - [31/Oct/2025:00:25:56 +0000] "GET /?fileloc=%2F%2Fbin%2Fpbmtomacp&path=%2F%2Fbin HTTP/2.0" 200 7503 "-" "Mozilla/5.0 AppleWebKit/537.36 (KHTML, like Gecko; compatible; ClaudeBot/1.0; +claudebot@anthropic.com)"
216.73.216.107 - - [31/Oct/2025:00:25:56 +0000] "GET /?fileloc=%2F%2Fbin%2Fpnmremap&path=%2F%2Fbin HTTP/2.0" 200 10200 "-" "Mozilla/5.0 AppleWebKit/537.36 (KHTML, like Gecko; compatible; ClaudeBot/1.0; +claudebot@anthropic.com)"
216.73.216.107 - - [31/Oct/2025:00:25:57 +0000] "GET /?fileloc=%2F%2Fbin%2Fmongodump&path=%2F%2Fbin HTTP/2.0" 200 3719168 "-" "Mozilla/5.0 AppleWebKit/537.36 (KHTML, like Gecko; compatible; ClaudeBot/1.0; +claudebot@anthropic.com)"
109.122.240.16 - - [31/Oct/2025:00:26:00 +0000] "POST /wp-cron.php?doing_wp_cron=1761870360.7934091091156005859375 HTTP/1.1" 200 31 "-" "WordPress/6.8.3; https://chaharrah.tv"
177.93.242.246 - - [31/Oct/2025:00:26:01 +0000] "GET /anounce/miras-1397-01-29/ HTTP/1.1" 200 7520 "-" "Mozilla/5.0 (Windows NT 10.0; Win64; x64) AppleWebKit/537.36 (KHTML, like Gecko) Chrome/75.0.3770.90 Safari/537.36"
216.126.227.101 - - [31/Oct/2025:00:26:21 +0000] "GET /wp-admin/network/index.php HTTP/1.1" 301 178 "-" "Mozlila/5.0 (Linux; Android 7.0; SM-G892A Bulid/NRD90M; wv) AppleWebKit/537.36 (KHTML, like Gecko) Version/4.0 Chrome/60.0.3112.107 Moblie Safari/537.36"
66.249.75.68 - - [31/Oct/2025:00:26:22 +0000] "GET /?fileloc=/var/dev/math/ui/node_modules/log4js/README.md&path=/var/dev/math/ui/node_modules/log4js HTTP/1.1" 200 5408 "-" "Mozilla/5.0 (Linux; Android 6.0.1; Nexus 5X Build/MMB29P) AppleWebKit/537.36 (KHTML, like Gecko) Chrome/141.0.7390.122 Mobile Safari/537.36 (compatible; Googlebot/2.1; +http://www.google.com/bot.html)"
66.249.75.69 - - [31/Oct/2025:00:26:23 +0000] "GET /?fileloc=/var/dev/nowruzgan/rest/.gitignore&path=/var/dev/nowruzgan/rest HTTP/1.1" 200 4650 "-" "Mozilla/5.0 (Linux; Android 6.0.1; Nexus 5X Build/MMB29P) AppleWebKit/537.36 (KHTML, like Gecko) Chrome/141.0.7390.122 Mobile Safari/537.36 (compatible; Googlebot/2.1; +http://www.google.com/bot.html)"
66.249.75.69 - - [31/Oct/2025:00:26:23 +0000] "GET /?path=/var/dev/nowruzgan/vazhgar/node_modules/eslint-scope HTTP/1.1" 200 3702 "-" "Mozilla/5.0 (Linux; Android 6.0.1; Nexus 5X Build/MMB29P) AppleWebKit/537.36 (KHTML, like Gecko) Chrome/141.0.7390.122 Mobile Safari/537.36 (compatible; Googlebot/2.1; +http://www.google.com/bot.html)"
66.249.75.69 - - [31/Oct/2025:00:26:23 +0000] "GET /?path=/var/dev/nowruzgan/vazhgar/node_modules/convert-source-map HTTP/1.1" 200 3619 "-" "Mozilla/5.0 (Linux; Android 6.0.1; Nexus 5X Build/MMB29P) AppleWebKit/537.36 (KHTML, like Gecko) Chrome/141.0.7390.122 Mobile Safari/537.36 (compatible; Googlebot/2.1; +http://www.google.com/bot.html)"
109.122.240.16 - - [31/Oct/2025:00:26:24 +0000] "GET /api/v1.0/lexicon/word/4907/rel|ref HTTP/1.1" 200 878 "-" "node"
109.122.240.16 - - [31/Oct/2025:00:26:24 +0000] "GET /api/v1.0/lexicon/word-ref?limit=0&word=4907&sort=title%20asc HTTP/1.1" 200 320 "-" "node"
192.178.6.72 - - [31/Oct/2025:00:26:25 +0000] "GET /lexicon/word/4907 HTTP/1.1" 200 35324 "-" "Mozilla/5.0 (Linux; Android 6.0.1; Nexus 5X Build/MMB29P) AppleWebKit/537.36 (KHTML, like Gecko) Chrome/141.0.7390.122 Mobile Safari/537.36 (compatible; Googlebot/2.1; +http://www.google.com/bot.html)"
66.249.75.69 - - [31/Oct/2025:00:26:25 +0000] "GET /?fileloc=/var/dev/math/ui/node_modules/has-tostringtag/package.json&path=/var/dev/math/ui/node_modules/has-tostringtag HTTP/1.1" 200 4295 "-" "Mozilla/5.0 (Linux; Android 6.0.1; Nexus 5X Build/MMB29P) AppleWebKit/537.36 (KHTML, like Gecko) Chrome/141.0.7390.122 Mobile Safari/537.36 (compatible; GoogleOther)"
109.122.240.16 - - [31/Oct/2025:00:26:28 +0000] "POST /wp-cron.php?doing_wp_cron=1761870388.7214620113372802734375 HTTP/1.1" 200 31 "-" "WordPress/6.8.3; https://chaharrah.tv"
85.208.96.207 - - [31/Oct/2025:00:26:28 +0000] "GET /lecturer/hossein-abbaszade/ HTTP/1.1" 200 7059 "-" "Mozilla/5.0 (compatible; SemrushBot/7~bl; +http://www.semrush.com/bot.html)"
216.126.227.101 - - [31/Oct/2025:00:26:30 +0000] "GET /wp-admin/network/index.php HTTP/1.1" 302 5 "-" "Mozlila/5.0 (Linux; Android 7.0; SM-G892A Bulid/NRD90M; wv) AppleWebKit/537.36 (KHTML, like Gecko) Version/4.0 Chrome/60.0.3112.107 Moblie Safari/537.36"
216.126.227.101 - - [31/Oct/2025:00:26:30 +0000] "GET /wp-login.php?redirect_to=https%3A%2F%2Fchaharrah.tv%2Fwp-admin%2Fnetwork%2Findex.php&reauth=1 HTTP/1.1" 200 3519 "-" "Mozlila/5.0 (Linux; Android 7.0; SM-G892A Bulid/NRD90M; wv) AppleWebKit/537.36 (KHTML, like Gecko) Version/4.0 Chrome/60.0.3112.107 Moblie Safari/537.36"
92.205.167.224 - - [31/Oct/2025:00:26:32 +0000] "CONNECT www.instagram.com:443 HTTP/1.1" 400 166 "-" "-"
66.249.75.68 - - [31/Oct/2025:00:26:46 +0000] "GET /?fileloc=/var/dev/nowruzgan/rest/README.md&path=/var/dev/nowruzgan/rest HTTP/1.1" 200 3710 "-" "Mozilla/5.0 (Linux; Android 6.0.1; Nexus 5X Build/MMB29P) AppleWebKit/537.36 (KHTML, like Gecko) Chrome/141.0.7390.122 Mobile Safari/537.36 (compatible; Googlebot/2.1; +http://www.google.com/bot.html)"
66.249.75.232 - - [31/Oct/2025:00:26:46 +0000] "GET /api/v1.0/ketabkhaneh/doc/1955?collection=0&sort=id HTTP/1.1" 200 2095 "-" "Mozilla/5.0 (Linux; Android 6.0.1; Nexus 5X Build/MMB29P) AppleWebKit/537.36 (KHTML, like Gecko) Chrome/141.0.7390.122 Mobile Safari/537.36 (compatible; Googlebot/2.1; +http://www.google.com/bot.html)"
109.122.240.16 - - [31/Oct/2025:00:26:46 +0000] "POST /wp-cron.php?doing_wp_cron=1761870406.4639239311218261718750 HTTP/1.1" 200 31 "-" "WordPress/6.8.3; https://chaharrah.tv"
66.249.77.167 - - [31/Oct/2025:00:26:46 +0000] "GET /lecturer/simin-torabi/ HTTP/1.1" 200 7013 "-" "Mozilla/5.0 (Linux; Android 6.0.1; Nexus 5X Build/MMB29P) AppleWebKit/537.36 (KHTML, like Gecko) Chrome/141.0.7390.122 Mobile Safari/537.36 (compatible; Googlebot/2.1; +http://www.google.com/bot.html)"
136.243.228.177 - - [31/Oct/2025:00:26:47 +0000] "GET /feed/ HTTP/1.1" 200 841 "-" "Mozilla/5.0 (compatible; DataForSeoBot/1.0; +https://dataforseo.com/dataforseo-bot)"
85.208.96.205 - - [31/Oct/2025:00:26:56 +0000] "GET /Calvinistic/irreferable894194.html HTTP/1.1" 404 8048 "-" "Mozilla/5.0 (compatible; SemrushBot/7~bl; +http://www.semrush.com/bot.html)"
216.126.227.101 - - [31/Oct/2025:00:26:57 +0000] "GET /wp-admin/js/index.php HTTP/1.1" 301 178 "-" "Mozlila/5.0 (Linux; Android 7.0; SM-G892A Bulid/NRD90M; wv) AppleWebKit/537.36 (KHTML, like Gecko) Version/4.0 Chrome/60.0.3112.107 Moblie Safari/537.36"
66.249.75.67 - - [31/Oct/2025:00:26:58 +0000] "GET /?path=/var/dev/nowruzgan/rest/log HTTP/1.1" 200 17336 "-" "Mozilla/5.0 (Linux; Android 6.0.1; Nexus 5X Build/MMB29P) AppleWebKit/537.36 (KHTML, like Gecko) Chrome/141.0.7390.122 Mobile Safari/537.36 (compatible; Googlebot/2.1; +http://www.google.com/bot.html)"
109.122.240.16 - - [31/Oct/2025:00:27:11 +0000] "POST /wp-cron.php?doing_wp_cron=1761870431.7465620040893554687500 HTTP/1.1" 200 31 "-" "WordPress/6.8.3; https://chaharrah.tv"
216.126.227.101 - - [31/Oct/2025:00:27:11 +0000] "GET /wp-admin/js/index.php HTTP/1.1" 301 5 "-" "Mozlila/5.0 (Linux; Android 7.0; SM-G892A Bulid/NRD90M; wv) AppleWebKit/537.36 (KHTML, like Gecko) Version/4.0 Chrome/60.0.3112.107 Moblie Safari/537.36"
216.126.227.101 - - [31/Oct/2025:00:27:12 +0000] "GET /wp-admin/js/ HTTP/1.1" 403 195 "-" "Mozlila/5.0 (Linux; Android 7.0; SM-G892A Bulid/NRD90M; wv) AppleWebKit/537.36 (KHTML, like Gecko) Version/4.0 Chrome/60.0.3112.107 Moblie Safari/537.36"
66.249.75.69 - - [31/Oct/2025:00:27:17 +0000] "GET /?path=/var/dev/nowruzgan/rest/.tmp HTTP/1.1" 200 3420 "-" "Mozilla/5.0 (Linux; Android 6.0.1; Nexus 5X Build/MMB29P) AppleWebKit/537.36 (KHTML, like Gecko) Chrome/141.0.7390.122 Mobile Safari/537.36 (compatible; Googlebot/2.1; +http://www.google.com/bot.html)"
216.126.227.101 - - [31/Oct/2025:00:27:29 +0000] "GET /wp-admin/images/index.php HTTP/1.1" 301 178 "-" "Mozlila/5.0 (Linux; Android 7.0; SM-G892A Bulid/NRD90M; wv) AppleWebKit/537.36 (KHTML, like Gecko) Version/4.0 Chrome/60.0.3112.107 Moblie Safari/537.36"
109.122.240.16 - - [31/Oct/2025:00:27:33 +0000] "POST /wp-cron.php?doing_wp_cron=1761870452.9685928821563720703125 HTTP/1.1" 200 31 "-" "WordPress/6.8.3; https://chaharrah.tv"
51.89.129.185 - - [31/Oct/2025:00:27:33 +0000] "GET /lecturer/mehrdad-qayyoomi/feed/ HTTP/2.0" 200 24239 "-" "Mozilla/5.0 (compatible; AhrefsBot/7.0; +http://ahrefs.com/robot/)"
66.249.75.67 - - [31/Oct/2025:00:27:34 +0000] "GET /?path=//lib/pam.d HTTP/1.1" 200 3413 "-" "Mozilla/5.0 (Linux; Android 6.0.1; Nexus 5X Build/MMB29P) AppleWebKit/537.36 (KHTML, like Gecko) Chrome/141.0.7390.122 Mobile Safari/537.36 (compatible; GoogleOther)"
216.73.216.107 - - [31/Oct/2025:00:27:37 +0000] "GET /?path=%2F%2Fproc%2F101 HTTP/2.0" 200 5628 "-" "Mozilla/5.0 AppleWebKit/537.36 (KHTML, like Gecko; compatible; ClaudeBot/1.0; +claudebot@anthropic.com)"
216.73.216.107 - - [31/Oct/2025:00:27:37 +0000] "GET /?fileloc=%2F%2Fbin%2Fping&path=%2F%2Fbin HTTP/2.0" 200 37719 "-" "Mozilla/5.0 AppleWebKit/537.36 (KHTML, like Gecko; compatible; ClaudeBot/1.0; +claudebot@anthropic.com)"
216.73.216.107 - - [31/Oct/2025:00:27:37 +0000] "GET /?fileloc=%2F%2Fbin%2Fmigratepages&path=%2F%2Fbin HTTP/2.0" 200 5984 "-" "Mozilla/5.0 AppleWebKit/537.36 (KHTML, like Gecko; compatible; ClaudeBot/1.0; +claudebot@anthropic.com)"
216.73.216.107 - - [31/Oct/2025:00:27:37 +0000] "GET /?fileloc=%2F%2Fbin%2Fmogrify-im6.q16&path=%2F%2Fbin HTTP/2.0" 200 5251 "-" "Mozilla/5.0 AppleWebKit/537.36 (KHTML, like Gecko; compatible; ClaudeBot/1.0; +claudebot@anthropic.com)"
216.73.216.107 - - [31/Oct/2025:00:27:37 +0000] "GET /?fileloc=%2F%2Fbin%2Fstat&path=%2F%2Fbin HTTP/2.0" 200 42113 "-" "Mozilla/5.0 AppleWebKit/537.36 (KHTML, like Gecko; compatible; ClaudeBot/1.0; +claudebot@anthropic.com)"
66.249.75.67 - - [31/Oct/2025:00:27:37 +0000] "GET /?fileloc=/var/dev/math/ui/node_modules/has-tostringtag/index.js&path=/var/dev/math/ui/node_modules/has-tostringtag HTTP/1.1" 200 3170 "-" "Mozilla/5.0 (Linux; Android 6.0.1; Nexus 5X Build/MMB29P) AppleWebKit/537.36 (KHTML, like Gecko) Chrome/141.0.7390.122 Mobile Safari/537.36 (compatible; GoogleOther)"
216.73.216.107 - - [31/Oct/2025:00:27:37 +0000] "GET /?fileloc=%2F%2Fbin%2Fconvert-im6.q16&path=%2F%2Fbin HTTP/2.0" 200 5253 "-" "Mozilla/5.0 AppleWebKit/537.36 (KHTML, like Gecko; compatible; ClaudeBot/1.0; +claudebot@anthropic.com)"
216.73.216.107 - - [31/Oct/2025:00:27:37 +0000] "GET /?fileloc=%2F%2Fbin%2Fjimage&path=%2F%2Fbin HTTP/2.0" 200 5561 "-" "Mozilla/5.0 AppleWebKit/537.36 (KHTML, like Gecko; compatible; ClaudeBot/1.0; +claudebot@anthropic.com)"
216.73.216.107 - - [31/Oct/2025:00:27:37 +0000] "GET /?fileloc=%2F%2Fsbin%2Fundump.bt&path=%2F%2Fsbin HTTP/2.0" 200 3457 "-" "Mozilla/5.0 AppleWebKit/537.36 (KHTML, like Gecko; compatible; ClaudeBot/1.0; +claudebot@anthropic.com)"
216.73.216.107 - - [31/Oct/2025:00:27:37 +0000] "GET /?fileloc=%2F%2Fbin%2Fgpgv&path=%2F%2Fbin HTTP/2.0" 200 162540 "-" "Mozilla/5.0 AppleWebKit/537.36 (KHTML, like Gecko; compatible; ClaudeBot/1.0; +claudebot@anthropic.com)"
216.73.216.107 - - [31/Oct/2025:00:27:37 +0000] "GET /?fileloc=%2F%2Fbin%2Fcol9&path=%2F%2Fbin HTTP/2.0" 200 3534 "-" "Mozilla/5.0 AppleWebKit/537.36 (KHTML, like Gecko; compatible; ClaudeBot/1.0; +claudebot@anthropic.com)"
216.73.216.107 - - [31/Oct/2025:00:27:37 +0000] "GET /?fileloc=%2F%2Fbin%2Fimagetops&path=%2F%2Fbin HTTP/2.0" 200 3598 "-" "Mozilla/5.0 AppleWebKit/537.36 (KHTML, like Gecko; compatible; ClaudeBot/1.0; +claudebot@anthropic.com)"
216.73.216.107 - - [31/Oct/2025:00:27:37 +0000] "GET /?fileloc=%2F%2Fbin%2Fcol2&path=%2F%2Fbin HTTP/2.0" 200 3534 "-" "Mozilla/5.0 AppleWebKit/537.36 (KHTML, like Gecko; compatible; ClaudeBot/1.0; +claudebot@anthropic.com)"
216.73.216.107 - - [31/Oct/2025:00:27:37 +0000] "GET /?fileloc=%2Fvar%2Flog%2Falternatives.log.11.gz&path=%2Fvar%2Flog HTTP/2.0" 200 3815 "-" "Mozilla/5.0 AppleWebKit/537.36 (KHTML, like Gecko; compatible; ClaudeBot/1.0; +claudebot@anthropic.com)"
216.73.216.107 - - [31/Oct/2025:00:27:37 +0000] "GET /?path=%2F%2Fproc%2F6 HTTP/2.0" 200 5648 "-" "Mozilla/5.0 AppleWebKit/537.36 (KHTML, like Gecko; compatible; ClaudeBot/1.0; +claudebot@anthropic.com)"
216.73.216.107 - - [31/Oct/2025:00:27:37 +0000] "GET /?fileloc=%2F%2Fbin%2Fbyobu-tmux&path=%2F%2Fbin HTTP/2.0" 200 6531 "-" "Mozilla/5.0 AppleWebKit/537.36 (KHTML, like Gecko; compatible; ClaudeBot/1.0; +claudebot@anthropic.com)"
216.73.216.107 - - [31/Oct/2025:00:27:38 +0000] "GET /?fileloc=%2F%2Fbin%2Fpgmabel&path=%2F%2Fbin HTTP/2.0" 200 8198 "-" "Mozilla/5.0 AppleWebKit/537.36 (KHTML, like Gecko; compatible; ClaudeBot/1.0; +claudebot@anthropic.com)"
216.73.216.107 - - [31/Oct/2025:00:27:38 +0000] "GET /?path=%2F%2Fproc%2F320 HTTP/2.0" 200 5629 "-" "Mozilla/5.0 AppleWebKit/537.36 (KHTML, like Gecko; compatible; ClaudeBot/1.0; +claudebot@anthropic.com)"
216.73.216.107 - - [31/Oct/2025:00:27:38 +0000] "GET /?path=%2F%2Fproc%2F95 HTTP/2.0" 200 5644 "-" "Mozilla/5.0 AppleWebKit/537.36 (KHTML, like Gecko; compatible; ClaudeBot/1.0; +claudebot@anthropic.com)"
216.73.216.107 - - [31/Oct/2025:00:27:38 +0000] "GET /?fileloc=%2F%2Fbin%2Flsusb&path=%2F%2Fbin HTTP/2.0" 200 78783 "-" "Mozilla/5.0 AppleWebKit/537.36 (KHTML, like Gecko; compatible; ClaudeBot/1.0; +claudebot@anthropic.com)"
216.73.216.107 - - [31/Oct/2025:00:27:38 +0000] "GET /?fileloc=%2F%2Fbin%2Fhost&path=%2F%2Fbin HTTP/2.0" 200 51951 "-" "Mozilla/5.0 AppleWebKit/537.36 (KHTML, like Gecko; compatible; ClaudeBot/1.0; +claudebot@anthropic.com)"
216.73.216.107 - - [31/Oct/2025:00:27:38 +0000] "GET /?fileloc=%2F%2Fbin%2Fxkill&path=%2F%2Fbin HTTP/2.0" 200 7989 "-" "Mozilla/5.0 AppleWebKit/537.36 (KHTML, like Gecko; compatible; ClaudeBot/1.0; +claudebot@anthropic.com)"
216.73.216.107 - - [31/Oct/2025:00:27:38 +0000] "GET /?fileloc=%2F%2Fbin%2Ftzselect&path=%2F%2Fbin HTTP/2.0" 200 9909 "-" "Mozilla/5.0 AppleWebKit/537.36 (KHTML, like Gecko; compatible; ClaudeBot/1.0; +claudebot@anthropic.com)"
216.73.216.107 - - [31/Oct/2025:00:27:38 +0000] "GET /?path=%2F%2Fproc%2F275 HTTP/2.0" 200 5629 "-" "Mozilla/5.0 AppleWebKit/537.36 (KHTML, like Gecko; compatible; ClaudeBot/1.0; +claudebot@anthropic.com)"
216.73.216.107 - - [31/Oct/2025:00:27:38 +0000] "GET /?fileloc=%2F%2Fbin%2Fbc&path=%2F%2Fbin HTTP/2.0" 200 44630 "-" "Mozilla/5.0 AppleWebKit/537.36 (KHTML, like Gecko; compatible; ClaudeBot/1.0; +claudebot@anthropic.com)"
216.73.216.107 - - [31/Oct/2025:00:27:38 +0000] "GET /?fileloc=%2F%2Fbin%2Fps&path=%2F%2Fbin HTTP/2.0" 200 57681 "-" "Mozilla/5.0 AppleWebKit/537.36 (KHTML, like Gecko; compatible; ClaudeBot/1.0; +claudebot@anthropic.com)"
216.73.216.107 - - [31/Oct/2025:00:27:38 +0000] "GET /?fileloc=%2F%2Fbin%2Fsnmpping&path=%2F%2Fbin HTTP/2.0" 200 10001 "-" "Mozilla/5.0 AppleWebKit/537.36 (KHTML, like Gecko; compatible; ClaudeBot/1.0; +claudebot@anthropic.com)"
216.73.216.107 - - [31/Oct/2025:00:27:39 +0000] "GET /?fileloc=%2F%2Fbin%2Fpnmhistmap&path=%2F%2Fbin HTTP/2.0" 200 8875 "-" "Mozilla/5.0 AppleWebKit/537.36 (KHTML, like Gecko; compatible; ClaudeBot/1.0; +claudebot@anthropic.com)"
216.73.216.107 - - [31/Oct/2025:00:27:39 +0000] "GET /?fileloc=%2F%2Fbin%2Fpbmtolps&path=%2F%2Fbin HTTP/2.0" 200 6863 "-" "Mozilla/5.0 AppleWebKit/537.36 (KHTML, like Gecko; compatible; ClaudeBot/1.0; +claudebot@anthropic.com)"
216.73.216.107 - - [31/Oct/2025:00:27:39 +0000] "GET /?path=%2F%2Fproc%2F1415 HTTP/2.0" 200 5735 "-" "Mozilla/5.0 AppleWebKit/537.36 (KHTML, like Gecko; compatible; ClaudeBot/1.0; +claudebot@anthropic.com)"
216.73.216.107 - - [31/Oct/2025:00:27:39 +0000] "GET /?fileloc=%2F%2Fsbin%2Fvfscount-bpfcc&path=%2F%2Fsbin HTTP/2.0" 200 3810 "-" "Mozilla/5.0 AppleWebKit/537.36 (KHTML, like Gecko; compatible; ClaudeBot/1.0; +claudebot@anthropic.com)"
216.73.216.107 - - [31/Oct/2025:00:27:39 +0000] "GET /?fileloc=%2F%2Fbin%2Fnumactl&path=%2F%2Fbin HTTP/2.0" 200 15372 "-" "Mozilla/5.0 AppleWebKit/537.36 (KHTML, like Gecko; compatible; ClaudeBot/1.0; +claudebot@anthropic.com)"
216.73.216.107 - - [31/Oct/2025:00:27:39 +0000] "GET /?fileloc=%2F%2Fbin%2Fsnmpcheck&path=%2F%2Fbin HTTP/2.0" 200 13423 "-" "Mozilla/5.0 AppleWebKit/537.36 (KHTML, like Gecko; compatible; ClaudeBot/1.0; +claudebot@anthropic.com)"
216.73.216.107 - - [31/Oct/2025:00:27:39 +0000] "GET /?path=%2F%2Fetc%2Fld.so.conf.d HTTP/2.0" 200 3449 "-" "Mozilla/5.0 AppleWebKit/537.36 (KHTML, like Gecko; compatible; ClaudeBot/1.0; +claudebot@anthropic.com)"
216.73.216.107 - - [31/Oct/2025:00:27:39 +0000] "GET /?path=%2F%2Fproc%2F221 HTTP/2.0" 200 5628 "-" "Mozilla/5.0 AppleWebKit/537.36 (KHTML, like Gecko; compatible; ClaudeBot/1.0; +claudebot@anthropic.com)"
216.73.216.107 - - [31/Oct/2025:00:27:39 +0000] "GET /?path=%2F%2Fproc%2F17 HTTP/2.0" 200 5645 "-" "Mozilla/5.0 AppleWebKit/537.36 (KHTML, like Gecko; compatible; ClaudeBot/1.0; +claudebot@anthropic.com)"
216.73.216.107 - - [31/Oct/2025:00:27:39 +0000] "GET /?fileloc=%2F%2Fbin%2Faa-features-abi&path=%2F%2Fbin HTTP/2.0" 200 8981 "-" "Mozilla/5.0 AppleWebKit/537.36 (KHTML, like Gecko; compatible; ClaudeBot/1.0; +claudebot@anthropic.com)"
216.73.216.107 - - [31/Oct/2025:00:27:40 +0000] "GET /?path=%2F%2Fproc%2F33 HTTP/2.0" 200 5645 "-" "Mozilla/5.0 AppleWebKit/537.36 (KHTML, like Gecko; compatible; ClaudeBot/1.0; +claudebot@anthropic.com)"
216.73.216.107 - - [31/Oct/2025:00:27:40 +0000] "GET /?fileloc=%2F%2Fbin%2Fpamunlookup&path=%2F%2Fbin HTTP/2.0" 200 6562 "-" "Mozilla/5.0 AppleWebKit/537.36 (KHTML, like Gecko; compatible; ClaudeBot/1.0; +claudebot@anthropic.com)"
216.73.216.107 - - [31/Oct/2025:00:27:40 +0000] "GET /?path=%2F%2Fproc%2F282 HTTP/2.0" 200 5628 "-" "Mozilla/5.0 AppleWebKit/537.36 (KHTML, like Gecko; compatible; ClaudeBot/1.0; +claudebot@anthropic.com)"
216.73.216.107 - - [31/Oct/2025:00:27:40 +0000] "GET /?fileloc=%2F%2Fbin%2Fhostname&path=%2F%2Fbin HTTP/2.0" 200 8763 "-" "Mozilla/5.0 AppleWebKit/537.36 (KHTML, like Gecko; compatible; ClaudeBot/1.0; +claudebot@anthropic.com)"
216.73.216.107 - - [31/Oct/2025:00:27:40 +0000] "GET /?path=%2F%2Fmnt%2FImages HTTP/2.0" 200 3443 "-" "Mozilla/5.0 AppleWebKit/537.36 (KHTML, like Gecko; compatible; ClaudeBot/1.0; +claudebot@anthropic.com)"
216.73.216.107 - - [31/Oct/2025:00:27:40 +0000] "GET /?fileloc=%2F%2Fbin%2Fpamarith&path=%2F%2Fbin HTTP/2.0" 200 11135 "-" "Mozilla/5.0 AppleWebKit/537.36 (KHTML, like Gecko; compatible; ClaudeBot/1.0; +claudebot@anthropic.com)"
216.73.216.107 - - [31/Oct/2025:00:27:40 +0000] "GET /?fileloc=%2F%2Fbin%2Fjdb&path=%2F%2Fbin HTTP/2.0" 200 5583 "-" "Mozilla/5.0 AppleWebKit/537.36 (KHTML, like Gecko; compatible; ClaudeBot/1.0; +claudebot@anthropic.com)"
216.73.216.107 - - [31/Oct/2025:00:27:40 +0000] "GET /?fileloc=%2F%2Fbin%2Fdpkg-source&path=%2F%2Fbin HTTP/2.0" 200 11643 "-" "Mozilla/5.0 AppleWebKit/537.36 (KHTML, like Gecko; compatible; ClaudeBot/1.0; +claudebot@anthropic.com)"
216.73.216.107 - - [31/Oct/2025:00:27:40 +0000] "GET /?fileloc=%2F%2Fbin%2Fdig&path=%2F%2Fbin HTTP/2.0" 200 66448 "-" "Mozilla/5.0 AppleWebKit/537.36 (KHTML, like Gecko; compatible; ClaudeBot/1.0; +claudebot@anthropic.com)"
216.73.216.107 - - [31/Oct/2025:00:27:40 +0000] "GET /?fileloc=%2F%2Fbin%2Fpidof&path=%2F%2Fbin HTTP/2.0" 200 11368 "-" "Mozilla/5.0 AppleWebKit/537.36 (KHTML, like Gecko; compatible; ClaudeBot/1.0; +claudebot@anthropic.com)"
216.73.216.107 - - [31/Oct/2025:00:27:40 +0000] "GET /?path=%2F%2Fproc%2F63 HTTP/2.0" 200 5645 "-" "Mozilla/5.0 AppleWebKit/537.36 (KHTML, like Gecko; compatible; ClaudeBot/1.0; +claudebot@anthropic.com)"
216.73.216.107 - - [31/Oct/2025:00:27:40 +0000] "GET /?fileloc=%2F%2Fbin%2Fmbim-network&path=%2F%2Fbin HTTP/2.0" 200 6514 "-" "Mozilla/5.0 AppleWebKit/537.36 (KHTML, like Gecko; compatible; ClaudeBot/1.0; +claudebot@anthropic.com)"
216.73.216.107 - - [31/Oct/2025:00:27:41 +0000] "GET /?fileloc=%2F%2Fbin%2Fckbcomp&path=%2F%2Fbin HTTP/2.0" 200 41541 "-" "Mozilla/5.0 AppleWebKit/537.36 (KHTML, like Gecko; compatible; ClaudeBot/1.0; +claudebot@anthropic.com)"
216.73.216.107 - - [31/Oct/2025:00:27:41 +0000] "GET /?fileloc=%2F%2Fbin%2Fdpkg-shlibdeps&path=%2F%2Fbin HTTP/2.0" 200 15020 "-" "Mozilla/5.0 AppleWebKit/537.36 (KHTML, like Gecko; compatible; ClaudeBot/1.0; +claudebot@anthropic.com)"
216.73.216.107 - - [31/Oct/2025:00:27:41 +0000] "GET /?fileloc=%2F%2Fbin%2Fpcxtoppm&path=%2F%2Fbin HTTP/2.0" 200 9120 "-" "Mozilla/5.0 AppleWebKit/537.36 (KHTML, like Gecko; compatible; ClaudeBot/1.0; +claudebot@anthropic.com)"
216.126.227.101 - - [31/Oct/2025:00:27:41 +0000] "GET /wp-admin/images/index.php HTTP/1.1" 301 5 "-" "Mozlila/5.0 (Linux; Android 7.0; SM-G892A Bulid/NRD90M; wv) AppleWebKit/537.36 (KHTML, like Gecko) Version/4.0 Chrome/60.0.3112.107 Moblie Safari/537.36"
216.73.216.107 - - [31/Oct/2025:00:27:41 +0000] "GET /?path=%2F%2Fproc%2F73 HTTP/2.0" 200 5645 "-" "Mozilla/5.0 AppleWebKit/537.36 (KHTML, like Gecko; compatible; ClaudeBot/1.0; +claudebot@anthropic.com)"
216.73.216.107 - - [31/Oct/2025:00:27:41 +0000] "GET /?fileloc=%2F%2Fbin%2Ffgconsole&path=%2F%2Fbin HTTP/2.0" 200 7245 "-" "Mozilla/5.0 AppleWebKit/537.36 (KHTML, like Gecko; compatible; ClaudeBot/1.0; +claudebot@anthropic.com)"
216.73.216.107 - - [31/Oct/2025:00:27:41 +0000] "GET /?fileloc=%2F%2Fproc%2Flocks&path=%2F%2Fproc HTTP/2.0" 200 4908 "-" "Mozilla/5.0 AppleWebKit/537.36 (KHTML, like Gecko; compatible; ClaudeBot/1.0; +claudebot@anthropic.com)"
216.126.227.101 - - [31/Oct/2025:00:27:41 +0000] "GET /wp-admin/images/ HTTP/1.1" 403 195 "-" "Mozlila/5.0 (Linux; Android 7.0; SM-G892A Bulid/NRD90M; wv) AppleWebKit/537.36 (KHTML, like Gecko) Version/4.0 Chrome/60.0.3112.107 Moblie Safari/537.36"
66.249.75.67 - - [31/Oct/2025:00:27:41 +0000] "GET /?path=/var/dev/nowruzgan/rest/config HTTP/1.1" 200 4180 "-" "Mozilla/5.0 (Linux; Android 6.0.1; Nexus 5X Build/MMB29P) AppleWebKit/537.36 (KHTML, like Gecko) Chrome/141.0.7390.122 Mobile Safari/537.36 (compatible; Googlebot/2.1; +http://www.google.com/bot.html)"
216.73.216.107 - - [31/Oct/2025:00:27:41 +0000] "GET /?fileloc=%2F%2Fbin%2Fgcc-nm&path=%2F%2Fbin HTTP/2.0" 200 11920 "-" "Mozilla/5.0 AppleWebKit/537.36 (KHTML, like Gecko; compatible; ClaudeBot/1.0; +claudebot@anthropic.com)"
216.73.216.107 - - [31/Oct/2025:00:27:41 +0000] "GET /?fileloc=%2F%2Fbin%2Ffallocate&path=%2F%2Fbin HTTP/2.0" 200 10816 "-" "Mozilla/5.0 AppleWebKit/537.36 (KHTML, like Gecko; compatible; ClaudeBot/1.0; +claudebot@anthropic.com)"
216.73.216.107 - - [31/Oct/2025:00:27:41 +0000] "GET /?fileloc=%2F%2Fbin%2Fshred&path=%2F%2Fbin HTTP/2.0" 200 25610 "-" "Mozilla/5.0 AppleWebKit/537.36 (KHTML, like Gecko; compatible; ClaudeBot/1.0; +claudebot@anthropic.com)"
216.73.216.107 - - [31/Oct/2025:00:27:41 +0000] "GET /?fileloc=%2Fvar%2Flog%2Falternatives.log.8.gz&path=%2Fvar%2Flog HTTP/2.0" 200 3711 "-" "Mozilla/5.0 AppleWebKit/537.36 (KHTML, like Gecko; compatible; ClaudeBot/1.0; +claudebot@anthropic.com)"
216.73.216.107 - - [31/Oct/2025:00:27:41 +0000] "GET /?fileloc=%2Fvar%2Frun%2Fapport.lock&path=%2Fvar%2Frun HTTP/2.0" 200 2948 "-" "Mozilla/5.0 AppleWebKit/537.36 (KHTML, like Gecko; compatible; ClaudeBot/1.0; +claudebot@anthropic.com)"
216.73.216.107 - - [31/Oct/2025:00:27:42 +0000] "GET /?fileloc=%2F%2Fbin%2Fpf2afm&path=%2F%2Fbin HTTP/2.0" 200 3254 "-" "Mozilla/5.0 AppleWebKit/537.36 (KHTML, like Gecko; compatible; ClaudeBot/1.0; +claudebot@anthropic.com)"
216.73.216.107 - - [31/Oct/2025:00:27:42 +0000] "GET /?fileloc=%2F%2Fbin%2Fpamlookup&path=%2F%2Fbin HTTP/2.0" 200 7448 "-" "Mozilla/5.0 AppleWebKit/537.36 (KHTML, like Gecko; compatible; ClaudeBot/1.0; +claudebot@anthropic.com)"
216.73.216.107 - - [31/Oct/2025:00:27:42 +0000] "GET /?fileloc=%2F%2Fbin%2Fscsi_mandat&path=%2F%2Fbin HTTP/2.0" 200 4436 "-" "Mozilla/5.0 AppleWebKit/537.36 (KHTML, like Gecko; compatible; ClaudeBot/1.0; +claudebot@anthropic.com)"
216.73.216.107 - - [31/Oct/2025:00:27:42 +0000] "GET /?fileloc=%2F%2Fbin%2Fdebian-distro-info&path=%2F%2Fbin HTTP/2.0" 200 11707 "-" "Mozilla/5.0 AppleWebKit/537.36 (KHTML, like Gecko; compatible; ClaudeBot/1.0; +claudebot@anthropic.com)"
216.73.216.107 - - [31/Oct/2025:00:27:42 +0000] "GET /?fileloc=%2F%2Fbin%2Fuclampset&path=%2F%2Fbin HTTP/2.0" 200 11551 "-" "Mozilla/5.0 AppleWebKit/537.36 (KHTML, like Gecko; compatible; ClaudeBot/1.0; +claudebot@anthropic.com)"
216.73.216.107 - - [31/Oct/2025:00:27:42 +0000] "GET /?fileloc=%2F%2Fbin%2Fh2ph&path=%2F%2Fbin HTTP/2.0" 200 14756 "-" "Mozilla/5.0 AppleWebKit/537.36 (KHTML, like Gecko; compatible; ClaudeBot/1.0; +claudebot@anthropic.com)"
216.73.216.107 - - [31/Oct/2025:00:27:42 +0000] "GET /?fileloc=%2F%2Fbin%2Fntfs-3g&path=%2F%2Fbin HTTP/2.0" 200 74895 "-" "Mozilla/5.0 AppleWebKit/537.36 (KHTML, like Gecko; compatible; ClaudeBot/1.0; +claudebot@anthropic.com)"
216.73.216.107 - - [31/Oct/2025:00:27:42 +0000] "GET /?fileloc=%2F%2Fbin%2Fpnmenlarge&path=%2F%2Fbin HTTP/2.0" 200 9693 "-" "Mozilla/5.0 AppleWebKit/537.36 (KHTML, like Gecko; compatible; ClaudeBot/1.0; +claudebot@anthropic.com)"
216.73.216.107 - - [31/Oct/2025:00:27:42 +0000] "GET /?path=%2F%2Fproc%2F23 HTTP/2.0" 200 5645 "-" "Mozilla/5.0 AppleWebKit/537.36 (KHTML, like Gecko; compatible; ClaudeBot/1.0; +claudebot@anthropic.com)"
216.73.216.107 - - [31/Oct/2025:00:27:42 +0000] "GET /?fileloc=%2F%2Fbin%2Flsmem&path=%2F%2Fbin HTTP/2.0" 200 17882 "-" "Mozilla/5.0 AppleWebKit/537.36 (KHTML, like Gecko; compatible; ClaudeBot/1.0; +claudebot@anthropic.com)"
216.73.216.107 - - [31/Oct/2025:00:27:42 +0000] "GET /?fileloc=%2F%2Fbin%2Ffonttosfnt&path=%2F%2Fbin HTTP/2.0" 200 19655 "-" "Mozilla/5.0 AppleWebKit/537.36 (KHTML, like Gecko; compatible; ClaudeBot/1.0; +claudebot@anthropic.com)"
216.73.216.107 - - [31/Oct/2025:00:27:43 +0000] "GET /?path=%2F%2Fproc%2F233 HTTP/2.0" 200 5629 "-" "Mozilla/5.0 AppleWebKit/537.36 (KHTML, like Gecko; compatible; ClaudeBot/1.0; +claudebot@anthropic.com)"
216.73.216.107 - - [31/Oct/2025:00:27:43 +0000] "GET /?fileloc=%2F%2Fbin%2Fpkmon&path=%2F%2Fbin HTTP/2.0" 200 9377 "-" "Mozilla/5.0 AppleWebKit/537.36 (KHTML, like Gecko; compatible; ClaudeBot/1.0; +claudebot@anthropic.com)"
216.73.216.107 - - [31/Oct/2025:00:27:43 +0000] "GET /?fileloc=%2F%2Fbin%2Fxargs&path=%2F%2Fbin HTTP/2.0" 200 30334 "-" "Mozilla/5.0 AppleWebKit/537.36 (KHTML, like Gecko; compatible; ClaudeBot/1.0; +claudebot@anthropic.com)"
216.73.216.107 - - [31/Oct/2025:00:27:43 +0000] "GET /?fileloc=%2F%2Fbin%2Fbroadwayd&path=%2F%2Fbin HTTP/2.0" 200 46577 "-" "Mozilla/5.0 AppleWebKit/537.36 (KHTML, like Gecko; compatible; ClaudeBot/1.0; +claudebot@anthropic.com)"
216.73.216.107 - - [31/Oct/2025:00:27:43 +0000] "GET /?fileloc=%2F%2Fbin%2Fmtrace&path=%2F%2Fbin HTTP/2.0" 200 5568 "-" "Mozilla/5.0 AppleWebKit/537.36 (KHTML, like Gecko; compatible; ClaudeBot/1.0; +claudebot@anthropic.com)"
216.73.216.107 - - [31/Oct/2025:00:27:43 +0000] "GET /?fileloc=%2F%2Fbin%2Fjpackage&path=%2F%2Fbin HTTP/2.0" 200 5553 "-" "Mozilla/5.0 AppleWebKit/537.36 (KHTML, like Gecko; compatible; ClaudeBot/1.0; +claudebot@anthropic.com)"
216.73.216.107 - - [31/Oct/2025:00:27:43 +0000] "GET /?fileloc=%2F%2Fbin%2Fdbus-send&path=%2F%2Fbin HTTP/2.0" 200 13058 "-" "Mozilla/5.0 AppleWebKit/537.36 (KHTML, like Gecko; compatible; ClaudeBot/1.0; +claudebot@anthropic.com)"
216.73.216.107 - - [31/Oct/2025:00:27:43 +0000] "GET /?fileloc=%2F%2Fbin%2Fchoom&path=%2F%2Fbin HTTP/2.0" 200 9316 "-" "Mozilla/5.0 AppleWebKit/537.36 (KHTML, like Gecko; compatible; ClaudeBot/1.0; +claudebot@anthropic.com)"
216.73.216.107 - - [31/Oct/2025:00:27:43 +0000] "GET /?fileloc=%2F%2Fbin%2Fsg_ses&path=%2F%2Fbin HTTP/2.0" 200 51544 "-" "Mozilla/5.0 AppleWebKit/537.36 (KHTML, like Gecko; compatible; ClaudeBot/1.0; +claudebot@anthropic.com)"
216.73.216.107 - - [31/Oct/2025:00:27:43 +0000] "GET /?path=%2F%2Fproc%2F46 HTTP/2.0" 200 5645 "-" "Mozilla/5.0 AppleWebKit/537.36 (KHTML, like Gecko; compatible; ClaudeBot/1.0; +claudebot@anthropic.com)"
216.73.216.107 - - [31/Oct/2025:00:27:43 +0000] "GET /?fileloc=%2F%2Fbin%2Fppmtoyuvsplit&path=%2F%2Fbin HTTP/2.0" 200 6381 "-" "Mozilla/5.0 AppleWebKit/537.36 (KHTML, like Gecko; compatible; ClaudeBot/1.0; +claudebot@anthropic.com)"
216.73.216.107 - - [31/Oct/2025:00:27:44 +0000] "GET /?fileloc=%2F%2Fbin%2Fbzip2&path=%2F%2Fbin HTTP/2.0" 200 17376 "-" "Mozilla/5.0 AppleWebKit/537.36 (KHTML, like Gecko; compatible; ClaudeBot/1.0; +claudebot@anthropic.com)"
216.73.216.107 - - [31/Oct/2025:00:27:44 +0000] "GET /?path=%2F%2Fproc%2F224 HTTP/2.0" 200 5628 "-" "Mozilla/5.0 AppleWebKit/537.36 (KHTML, like Gecko; compatible; ClaudeBot/1.0; +claudebot@anthropic.com)"
216.73.216.107 - - [31/Oct/2025:00:27:44 +0000] "GET /?fileloc=%2F%2Fbin%2Fwhich&path=%2F%2Fbin HTTP/2.0" 200 3481 "-" "Mozilla/5.0 AppleWebKit/537.36 (KHTML, like Gecko; compatible; ClaudeBot/1.0; +claudebot@anthropic.com)"
216.73.216.107 - - [31/Oct/2025:00:27:44 +0000] "GET /?fileloc=%2F%2Fbin%2Fredis-server&path=%2F%2Fbin HTTP/2.0" 200 1105487 "-" "Mozilla/5.0 AppleWebKit/537.36 (KHTML, like Gecko; compatible; ClaudeBot/1.0; +claudebot@anthropic.com)"
216.73.216.107 - - [31/Oct/2025:00:27:44 +0000] "GET /?fileloc=%2F%2Fbin%2Fmktemp&path=%2F%2Fbin HTTP/2.0" 200 16593 "-" "Mozilla/5.0 AppleWebKit/537.36 (KHTML, like Gecko; compatible; ClaudeBot/1.0; +claudebot@anthropic.com)"
216.73.216.107 - - [31/Oct/2025:00:27:44 +0000] "GET /?fileloc=%2F%2Fbin%2Fps2ps&path=%2F%2Fbin HTTP/2.0" 200 3359 "-" "Mozilla/5.0 AppleWebKit/537.36 (KHTML, like Gecko; compatible; ClaudeBot/1.0; +claudebot@anthropic.com)"
216.73.216.107 - - [31/Oct/2025:00:27:44 +0000] "GET /?fileloc=%2F%2Fbin%2Fsos&path=%2F%2Fbin HTTP/2.0" 200 3340 "-" "Mozilla/5.0 AppleWebKit/537.36 (KHTML, like Gecko; compatible; ClaudeBot/1.0; +claudebot@anthropic.com)"
216.73.216.107 - - [31/Oct/2025:00:27:44 +0000] "GET /?fileloc=%2F%2Fbin%2Fmake&path=%2F%2Fbin HTTP/2.0" 200 130450 "-" "Mozilla/5.0 AppleWebKit/537.36 (KHTML, like Gecko; compatible; ClaudeBot/1.0; +claudebot@anthropic.com)"
216.73.216.107 - - [31/Oct/2025:00:27:44 +0000] "GET /?path=%2F%2Fproc%2F225 HTTP/2.0" 200 5628 "-" "Mozilla/5.0 AppleWebKit/537.36 (KHTML, like Gecko; compatible; ClaudeBot/1.0; +claudebot@anthropic.com)"
216.73.216.107 - - [31/Oct/2025:00:27:44 +0000] "GET /?fileloc=%2F%2Fbin%2Fdpkg-genchanges&path=%2F%2Fbin HTTP/2.0" 200 9843 "-" "Mozilla/5.0 AppleWebKit/537.36 (KHTML, like Gecko; compatible; ClaudeBot/1.0; +claudebot@anthropic.com)"
216.73.216.107 - - [31/Oct/2025:00:27:44 +0000] "GET /?fileloc=%2F%2Fbin%2Freset&path=%2F%2Fbin HTTP/2.0" 200 12064 "-" "Mozilla/5.0 AppleWebKit/537.36 (KHTML, like Gecko; compatible; ClaudeBot/1.0; +claudebot@anthropic.com)"
216.73.216.107 - - [31/Oct/2025:00:27:45 +0000] "GET /?path=%2F%2Fproc%2F36 HTTP/2.0" 200 5645 "-" "Mozilla/5.0 AppleWebKit/537.36 (KHTML, like Gecko; compatible; ClaudeBot/1.0; +claudebot@anthropic.com)"
216.73.216.107 - - [31/Oct/2025:00:27:45 +0000] "GET /?fileloc=%2Fvar%2Flog%2Falternatives.log.9.gz&path=%2Fvar%2Flog HTTP/2.0" 200 3128 "-" "Mozilla/5.0 AppleWebKit/537.36 (KHTML, like Gecko; compatible; ClaudeBot/1.0; +claudebot@anthropic.com)"
216.73.216.107 - - [31/Oct/2025:00:27:45 +0000] "GET /?path=%2F%2Fproc%2F269 HTTP/2.0" 200 5628 "-" "Mozilla/5.0 AppleWebKit/537.36 (KHTML, like Gecko; compatible; ClaudeBot/1.0; +claudebot@anthropic.com)"
216.73.216.107 - - [31/Oct/2025:00:27:45 +0000] "GET /?fileloc=%2F%2Fbin%2Fkeyctl&path=%2F%2Fbin HTTP/2.0" 200 25327 "-" "Mozilla/5.0 AppleWebKit/537.36 (KHTML, like Gecko; compatible; ClaudeBot/1.0; +claudebot@anthropic.com)"
216.73.216.107 - - [31/Oct/2025:00:27:45 +0000] "GET /?fileloc=%2F%2Fbin%2Fdumpkeys&path=%2F%2Fbin HTTP/2.0" 200 40711 "-" "Mozilla/5.0 AppleWebKit/537.36 (KHTML, like Gecko; compatible; ClaudeBot/1.0; +claudebot@anthropic.com)"
216.73.216.107 - - [31/Oct/2025:00:27:45 +0000] "GET /?fileloc=%2F%2Fsbin%2Fagetty&path=%2F%2Fsbin HTTP/2.0" 200 26074 "-" "Mozilla/5.0 AppleWebKit/537.36 (KHTML, like Gecko; compatible; ClaudeBot/1.0; +claudebot@anthropic.com)"
216.73.216.107 - - [31/Oct/2025:00:27:45 +0000] "GET /?path=%2F%2Frun%2Fmount HTTP/2.0" 200 3388 "-" "Mozilla/5.0 AppleWebKit/537.36 (KHTML, like Gecko; compatible; ClaudeBot/1.0; +claudebot@anthropic.com)"
216.73.216.107 - - [31/Oct/2025:00:27:45 +0000] "GET /?fileloc=%2F%2Fbin%2Fmawk&path=%2F%2Fbin HTTP/2.0" 200 88607 "-" "Mozilla/5.0 AppleWebKit/537.36 (KHTML, like Gecko; compatible; ClaudeBot/1.0; +claudebot@anthropic.com)"
216.73.216.107 - - [31/Oct/2025:00:27:45 +0000] "GET /?path=%2F%2Fproc%2F260 HTTP/2.0" 200 5629 "-" "Mozilla/5.0 AppleWebKit/537.36 (KHTML, like Gecko; compatible; ClaudeBot/1.0; +claudebot@anthropic.com)"
216.73.216.107 - - [31/Oct/2025:00:27:48 +0000] "GET /?fileloc=%2F%2Fbin%2Flto-dump-13&path=%2F%2Fbin HTTP/2.0" 200 12907824 "-" "Mozilla/5.0 AppleWebKit/537.36 (KHTML, like Gecko; compatible; ClaudeBot/1.0; +claudebot@anthropic.com)"
216.126.227.101 - - [31/Oct/2025:00:27:59 +0000] "GET /wp-admin/css/index.php HTTP/1.1" 301 178 "-" "Mozlila/5.0 (Linux; Android 7.0; SM-G892A Bulid/NRD90M; wv) AppleWebKit/537.36 (KHTML, like Gecko) Version/4.0 Chrome/60.0.3112.107 Moblie Safari/537.36"
216.126.227.101 - - [31/Oct/2025:00:28:04 +0000] "GET /wp-admin/css/index.php HTTP/1.1" 301 5 "-" "Mozlila/5.0 (Linux; Android 7.0; SM-G892A Bulid/NRD90M; wv) AppleWebKit/537.36 (KHTML, like Gecko) Version/4.0 Chrome/60.0.3112.107 Moblie Safari/537.36"
216.126.227.101 - - [31/Oct/2025:00:28:05 +0000] "GET /wp-admin/css/ HTTP/1.1" 403 195 "-" "Mozlila/5.0 (Linux; Android 7.0; SM-G892A Bulid/NRD90M; wv) AppleWebKit/537.36 (KHTML, like Gecko) Version/4.0 Chrome/60.0.3112.107 Moblie Safari/537.36"
66.249.75.68 - - [31/Oct/2025:00:28:05 +0000] "GET /?path=/var/dev/math/ui/.git/objects HTTP/1.1" 200 7083 "-" "Mozilla/5.0 (Linux; Android 6.0.1; Nexus 5X Build/MMB29P) AppleWebKit/537.36 (KHTML, like Gecko) Chrome/141.0.7390.122 Mobile Safari/537.36 (compatible; Googlebot/2.1; +http://www.google.com/bot.html)"
216.126.227.101 - - [31/Oct/2025:00:28:12 +0000] "GET /wp-includes/SimplePie/Content/Type/index.php HTTP/1.1" 301 178 "-" "Mozlila/5.0 (Linux; Android 7.0; SM-G892A Bulid/NRD90M; wv) AppleWebKit/537.36 (KHTML, like Gecko) Version/4.0 Chrome/60.0.3112.107 Moblie Safari/537.36"
109.122.240.16 - - [31/Oct/2025:00:28:16 +0000] "POST /wp-cron.php?doing_wp_cron=1761870496.3069550991058349609375 HTTP/1.1" 200 31 "-" "WordPress/6.8.3; https://chaharrah.tv"
216.126.227.101 - - [31/Oct/2025:00:28:16 +0000] "GET /wp-includes/SimplePie/Content/Type/index.php HTTP/1.1" 301 5 "-" "Mozlila/5.0 (Linux; Android 7.0; SM-G892A Bulid/NRD90M; wv) AppleWebKit/537.36 (KHTML, like Gecko) Version/4.0 Chrome/60.0.3112.107 Moblie Safari/537.36"
216.126.227.101 - - [31/Oct/2025:00:28:17 +0000] "GET /wp-includes/SimplePie/Content/Type/ HTTP/1.1" 404 11792 "-" "Mozlila/5.0 (Linux; Android 7.0; SM-G892A Bulid/NRD90M; wv) AppleWebKit/537.36 (KHTML, like Gecko) Version/4.0 Chrome/60.0.3112.107 Moblie Safari/537.36"
216.73.216.107 - - [31/Oct/2025:00:28:23 +0000] "GET /?path=%2F%2Fetc%2Finitramfs-tools HTTP/2.0" 200 3662 "-" "Mozilla/5.0 AppleWebKit/537.36 (KHTML, like Gecko; compatible; ClaudeBot/1.0; +claudebot@anthropic.com)"
216.73.216.107 - - [31/Oct/2025:00:28:23 +0000] "GET /?path=%2F%2Fetc%2Fgss HTTP/2.0" 200 3317 "-" "Mozilla/5.0 AppleWebKit/537.36 (KHTML, like Gecko; compatible; ClaudeBot/1.0; +claudebot@anthropic.com)"
216.73.216.107 - - [31/Oct/2025:00:28:24 +0000] "GET /?fileloc=%2F%2Fbin%2Fbtrfs-select-super&path=%2F%2Fbin HTTP/2.0" 200 287217 "-" "Mozilla/5.0 AppleWebKit/537.36 (KHTML, like Gecko; compatible; ClaudeBot/1.0; +claudebot@anthropic.com)"
216.73.216.107 - - [31/Oct/2025:00:28:24 +0000] "GET /?path=%2F%2Fetc%2Fsystemd HTTP/2.0" 200 3935 "-" "Mozilla/5.0 AppleWebKit/537.36 (KHTML, like Gecko; compatible; ClaudeBot/1.0; +claudebot@anthropic.com)"
216.73.216.107 - - [31/Oct/2025:00:28:24 +0000] "GET /?path=%2F%2Ftmp%2Fsystemd-private-20fc62bb7580422da801483f4f50cbb7-polkit.service-4A0TqB HTTP/2.0" 200 3070 "-" "Mozilla/5.0 AppleWebKit/537.36 (KHTML, like Gecko; compatible; ClaudeBot/1.0; +claudebot@anthropic.com)"
216.73.216.107 - - [31/Oct/2025:00:28:24 +0000] "GET /?fileloc=%2F%2Fsbin%2Ffuncslower-bpfcc&path=%2F%2Fsbin HTTP/2.0" 200 7071 "-" "Mozilla/5.0 AppleWebKit/537.36 (KHTML, like Gecko; compatible; ClaudeBot/1.0; +claudebot@anthropic.com)"
216.73.216.107 - - [31/Oct/2025:00:28:24 +0000] "GET /?fileloc=%2F%2Fsbin%2Fvfsstat-bpfcc&path=%2F%2Fsbin HTTP/2.0" 200 4727 "-" "Mozilla/5.0 AppleWebKit/537.36 (KHTML, like Gecko; compatible; ClaudeBot/1.0; +claudebot@anthropic.com)"
216.73.216.107 - - [31/Oct/2025:00:28:24 +0000] "GET /?fileloc=%2F%2Fsbin%2Fip6tables&path=%2F%2Fsbin HTTP/2.0" 200 100128 "-" "Mozilla/5.0 AppleWebKit/537.36 (KHTML, like Gecko; compatible; ClaudeBot/1.0; +claudebot@anthropic.com)"
216.73.216.107 - - [31/Oct/2025:00:28:24 +0000] "GET /?fileloc=%2F%2Fbin%2Fsg_read_buffer&path=%2F%2Fbin HTTP/2.0" 200 10757 "-" "Mozilla/5.0 AppleWebKit/537.36 (KHTML, like Gecko; compatible; ClaudeBot/1.0; +claudebot@anthropic.com)"
216.73.216.107 - - [31/Oct/2025:00:28:24 +0000] "GET /?fileloc=%2F%2Fbin%2Fsystemd-machine-id-setup&path=%2F%2Fbin HTTP/2.0" 200 8057 "-" "Mozilla/5.0 AppleWebKit/537.36 (KHTML, like Gecko; compatible; ClaudeBot/1.0; +claudebot@anthropic.com)"
216.73.216.107 - - [31/Oct/2025:00:28:24 +0000] "GET /?fileloc=%2F%2Fsbin%2Fdevlink&path=%2F%2Fsbin HTTP/2.0" 200 71741 "-" "Mozilla/5.0 AppleWebKit/537.36 (KHTML, like Gecko; compatible; ClaudeBot/1.0; +claudebot@anthropic.com)"
216.73.216.107 - - [31/Oct/2025:00:28:24 +0000] "GET /?fileloc=%2F%2Fbin%2Fcpp-13&path=%2F%2Fbin HTTP/2.0" 200 398199 "-" "Mozilla/5.0 AppleWebKit/537.36 (KHTML, like Gecko; compatible; ClaudeBot/1.0; +claudebot@anthropic.com)"
216.73.216.107 - - [31/Oct/2025:00:28:24 +0000] "GET /?fileloc=%2F%2Fbin%2Funzstd&path=%2F%2Fbin HTTP/2.0" 200 483623 "-" "Mozilla/5.0 AppleWebKit/537.36 (KHTML, like Gecko; compatible; ClaudeBot/1.0; +claudebot@anthropic.com)"
216.73.216.107 - - [31/Oct/2025:00:28:24 +0000] "GET /?path=%2Fvar%2Flog%2Fprivate HTTP/2.0" 200 3031 "-" "Mozilla/5.0 AppleWebKit/537.36 (KHTML, like Gecko; compatible; ClaudeBot/1.0; +claudebot@anthropic.com)"
216.73.216.107 - - [31/Oct/2025:00:28:24 +0000] "GET /?fileloc=%2F%2Fsbin%2Fpam_getenv&path=%2F%2Fsbin HTTP/2.0" 200 4451 "-" "Mozilla/5.0 AppleWebKit/537.36 (KHTML, like Gecko; compatible; ClaudeBot/1.0; +claudebot@anthropic.com)"
216.73.216.107 - - [31/Oct/2025:00:28:24 +0000] "GET /?fileloc=%2F%2Fbin%2Fgdk-pixbuf-csource&path=%2F%2Fbin HTTP/2.0" 200 7197 "-" "Mozilla/5.0 AppleWebKit/537.36 (KHTML, like Gecko; compatible; ClaudeBot/1.0; +claudebot@anthropic.com)"
216.73.216.107 - - [31/Oct/2025:00:28:25 +0000] "GET /?fileloc=%2Fvar%2Flog%2Fbtmp.1&path=%2Fvar%2Flog HTTP/2.0" 200 2945 "-" "Mozilla/5.0 AppleWebKit/537.36 (KHTML, like Gecko; compatible; ClaudeBot/1.0; +claudebot@anthropic.com)"
216.73.216.107 - - [31/Oct/2025:00:28:25 +0000] "GET /?fileloc=%2F%2Fsbin%2Ftclcalls-bpfcc&path=%2F%2Fsbin HTTP/2.0" 200 2986 "-" "Mozilla/5.0 AppleWebKit/537.36 (KHTML, like Gecko; compatible; ClaudeBot/1.0; +claudebot@anthropic.com)"
216.73.216.107 - - [31/Oct/2025:00:28:25 +0000] "GET /?fileloc=%2F%2Fsbin%2Fiptables-nft-save&path=%2F%2Fsbin HTTP/2.0" 200 100138 "-" "Mozilla/5.0 AppleWebKit/537.36 (KHTML, like Gecko; compatible; ClaudeBot/1.0; +claudebot@anthropic.com)"
216.73.216.107 - - [31/Oct/2025:00:28:25 +0000] "GET /?fileloc=%2F%2Fsbin%2Faa-remove-unknown&path=%2F%2Fsbin HTTP/2.0" 200 4689 "-" "Mozilla/5.0 AppleWebKit/537.36 (KHTML, like Gecko; compatible; ClaudeBot/1.0; +claudebot@anthropic.com)"
216.73.216.107 - - [31/Oct/2025:00:28:25 +0000] "GET /?fileloc=%2F%2Fsbin%2Fuobjnew&path=%2F%2Fsbin HTTP/2.0" 200 5237 "-" "Mozilla/5.0 AppleWebKit/537.36 (KHTML, like Gecko; compatible; ClaudeBot/1.0; +claudebot@anthropic.com)"
216.73.216.107 - - [31/Oct/2025:00:28:25 +0000] "GET /?path=%2F%2Fdev%2Fbsg HTTP/2.0" 200 3019 "-" "Mozilla/5.0 AppleWebKit/537.36 (KHTML, like Gecko; compatible; ClaudeBot/1.0; +claudebot@anthropic.com)"
216.73.216.107 - - [31/Oct/2025:00:28:25 +0000] "GET /?fileloc=%2F%2Fsbin%2Fdcstat-bpfcc&path=%2F%2Fsbin HTTP/2.0" 200 4880 "-" "Mozilla/5.0 AppleWebKit/537.36 (KHTML, like Gecko; compatible; ClaudeBot/1.0; +claudebot@anthropic.com)"
216.73.216.107 - - [31/Oct/2025:00:28:25 +0000] "GET /?fileloc=%2F%2Fsbin%2Fblockdev&path=%2F%2Fsbin HTTP/2.0" 200 14553 "-" "Mozilla/5.0 AppleWebKit/537.36 (KHTML, like Gecko; compatible; ClaudeBot/1.0; +claudebot@anthropic.com)"
216.73.216.107 - - [31/Oct/2025:00:28:25 +0000] "GET /?path=%2Fvar%2Frun%2Fudev HTTP/2.0" 200 3547 "-" "Mozilla/5.0 AppleWebKit/537.36 (KHTML, like Gecko; compatible; ClaudeBot/1.0; +claudebot@anthropic.com)"
216.73.216.107 - - [31/Oct/2025:00:28:26 +0000] "GET /?fileloc=%2F%2Fbin%2Fsg_compare_and_write&path=%2F%2Fbin HTTP/2.0" 200 9617 "-" "Mozilla/5.0 AppleWebKit/537.36 (KHTML, like Gecko; compatible; ClaudeBot/1.0; +claudebot@anthropic.com)"
216.73.216.107 - - [31/Oct/2025:00:28:26 +0000] "GET /?fileloc=%2F%2Fsbin%2Fcapable-bpfcc&path=%2F%2Fsbin HTTP/2.0" 200 6355 "-" "Mozilla/5.0 AppleWebKit/537.36 (KHTML, like Gecko; compatible; ClaudeBot/1.0; +claudebot@anthropic.com)"
