188.166.188.97 - - [31/Oct/2025:00:14:45 +0000] "POST /xmlrpc.php HTTP/2.0" 200 426 "https://meysamkiani.com" "Mozilla/5.0 (Macintosh; Intel Mac OS X 10_15_7) AppleWebKit/537.36 (KHTML, like Gecko) Chrome/116.0.5845.96 Safari/537.36"
185.198.240.239 - - [31/Oct/2025:00:15:04 +0000] "CONNECT 23.239.9.178:80 HTTP/1.0" 400 166 "-" "-"
185.198.240.253 - - [31/Oct/2025:00:15:05 +0000] "GET http://proxyjudge.us/ HTTP/1.0" 200 615 "-" "-"
109.122.240.16 - - [31/Oct/2025:00:15:09 +0000] "GET /api/v1.0/lexicon/word/426/rel|ref HTTP/1.1" 200 1307 "-" "node"
109.122.240.16 - - [31/Oct/2025:00:15:09 +0000] "GET /api/v1.0/lexicon/word-ref?limit=0&word=426&sort=title%20asc HTTP/1.1" 200 744 "-" "node"
109.122.240.16 - - [31/Oct/2025:00:15:09 +0000] "GET /api/v1.0/lexicon/word/?sortable=segmentalarch&lang=en HTTP/1.1" 200 646 "-" "node"
109.122.240.16 - - [31/Oct/2025:00:15:09 +0000] "GET /api/v1.0/lexicon/word/439/rel|ref HTTP/1.1" 200 1009 "-" "node"
109.122.240.16 - - [31/Oct/2025:00:15:09 +0000] "GET /api/v1.0/lexicon/word-ref?limit=0&word=439&sort=title%20asc HTTP/1.1" 200 643 "-" "node"
5.255.231.5 - - [31/Oct/2025:00:15:11 +0000] "GET /lexicon/word/426 HTTP/1.1" 200 39432 "-" "Mozilla/5.0 (compatible; YandexBot/3.0; +http://yandex.com/bots)"
109.122.240.16 - - [31/Oct/2025:00:15:13 +0000] "POST /wp-cron.php?doing_wp_cron=1761869713.7823500633239746093750 HTTP/1.1" 200 31 "-" "WordPress/6.8.3; https://chaharrah.tv"
191.187.43.126 - - [31/Oct/2025:00:15:14 +0000] "GET /qayyoomi-res3-13-1402-07/ HTTP/1.1" 200 10540 "-" "Mozilla/5.0 (Microsoft Windows NT 10.0.16299.0; Win64; x64) AppleWebKit/537.36 (KHTML, like Gecko) Chrome/63.0.3239.132 Safari/537.36 (FTM)"
66.249.75.68 - - [31/Oct/2025:00:15:14 +0000] "GET /?path=/var/dev/nowruzgan/vazhgar/node_modules/minipass-fetch HTTP/1.1" 200 3648 "-" "Mozilla/5.0 (Linux; Android 6.0.1; Nexus 5X Build/MMB29P) AppleWebKit/537.36 (KHTML, like Gecko) Chrome/141.0.7390.122 Mobile Safari/537.36 (compatible; Googlebot/2.1; +http://www.google.com/bot.html)"
66.249.75.68 - - [31/Oct/2025:00:15:32 +0000] "GET /?path=/var/dev/nowruzgan/vazhgar/node_modules/readdirp HTTP/1.1" 200 3765 "-" "Mozilla/5.0 (Linux; Android 6.0.1; Nexus 5X Build/MMB29P) AppleWebKit/537.36 (KHTML, like Gecko) Chrome/141.0.7390.122 Mobile Safari/537.36 (compatible; Googlebot/2.1; +http://www.google.com/bot.html)"
109.122.240.16 - - [31/Oct/2025:00:15:32 +0000] "GET /api/v1.0/lexicon/word/3718/rel|ref HTTP/1.1" 200 578 "-" "node"
109.122.240.16 - - [31/Oct/2025:00:15:32 +0000] "GET /api/v1.0/lexicon/word-ref?limit=0&word=3718&sort=title%20asc HTTP/1.1" 200 485 "-" "node"
109.122.240.16 - - [31/Oct/2025:00:15:33 +0000] "GET /api/v1.0/lexicon/word/?sortable=%D9%BE%D8%A7%D9%86%DB%8C%D8%B0&lang=%D9%81%D8%A7 HTTP/1.1" 200 348 "-" "node"
109.122.240.16 - - [31/Oct/2025:00:15:33 +0000] "GET /api/v1.0/lexicon/word/3716/rel|ref HTTP/1.1" 200 426 "-" "node"
109.122.240.16 - - [31/Oct/2025:00:15:33 +0000] "GET /api/v1.0/lexicon/word-ref?limit=0&word=3716&sort=title%20asc HTTP/1.1" 200 419 "-" "node"
192.178.6.72 - - [31/Oct/2025:00:15:34 +0000] "GET /lexicon/word/3718 HTTP/1.1" 200 36341 "-" "Mozilla/5.0 (Linux; Android 6.0.1; Nexus 5X Build/MMB29P) AppleWebKit/537.36 (KHTML, like Gecko) Chrome/141.0.7390.122 Mobile Safari/537.36 (compatible; Googlebot/2.1; +http://www.google.com/bot.html)"
109.122.240.16 - - [31/Oct/2025:00:15:34 +0000] "GET /api/v1.0/lexicon/word/10680/rel|ref HTTP/1.1" 200 917 "-" "node"
109.122.240.16 - - [31/Oct/2025:00:15:35 +0000] "GET /api/v1.0/lexicon/word-ref?limit=0&word=10680&sort=title%20asc HTTP/1.1" 200 475 "-" "node"
192.178.6.71 - - [31/Oct/2025:00:15:35 +0000] "GET /lexicon/word/10680 HTTP/1.1" 200 35267 "-" "Mozilla/5.0 (Linux; Android 6.0.1; Nexus 5X Build/MMB29P) AppleWebKit/537.36 (KHTML, like Gecko) Chrome/141.0.7390.122 Mobile Safari/537.36 (compatible; Googlebot/2.1; +http://www.google.com/bot.html)"
66.249.75.67 - - [31/Oct/2025:00:15:37 +0000] "GET /?fileloc=/var/dev/math/ui/node_modules/finalhandler/node_modules/on-finished/HISTORY.md&path=/var/dev/math/ui/node_modules/finalhandler/node_modules/on-finished HTTP/1.1" 200 3751 "-" "Mozilla/5.0 (Linux; Android 6.0.1; Nexus 5X Build/MMB29P) AppleWebKit/537.36 (KHTML, like Gecko) Chrome/141.0.7390.122 Mobile Safari/537.36 (compatible; GoogleOther)"
66.249.75.67 - - [31/Oct/2025:00:15:54 +0000] "GET /?path=/var/dev/nowruzgan/vazhgar/node_modules/d3-scale-chromatic HTTP/1.1" 200 3699 "-" "Mozilla/5.0 (Linux; Android 6.0.1; Nexus 5X Build/MMB29P) AppleWebKit/537.36 (KHTML, like Gecko) Chrome/141.0.7390.122 Mobile Safari/537.36 (compatible; Googlebot/2.1; +http://www.google.com/bot.html)"
109.122.240.16 - - [31/Oct/2025:00:16:07 +0000] "POST /wp-cron.php?doing_wp_cron=1761869767.6887779235839843750000 HTTP/1.1" 200 31 "-" "WordPress/6.8.3; https://chaharrah.tv"
51.195.183.98 - - [31/Oct/2025:00:16:07 +0000] "GET /events/25/ HTTP/2.0" 200 7000 "-" "Mozilla/5.0 (compatible; AhrefsBot/7.0; +http://ahrefs.com/robot/)"
66.249.75.68 - - [31/Oct/2025:00:16:13 +0000] "GET /?path=/var/dev/nowruzgan/vazhgar/node_modules/proxy-addr HTTP/1.1" 200 3675 "-" "Mozilla/5.0 (Linux; Android 6.0.1; Nexus 5X Build/MMB29P) AppleWebKit/537.36 (KHTML, like Gecko) Chrome/141.0.7390.122 Mobile Safari/537.36 (compatible; Googlebot/2.1; +http://www.google.com/bot.html)"
66.249.77.200 - - [31/Oct/2025:00:16:13 +0000] "GET /travelogue/text/s5-t131-t-n1416 HTTP/1.1" 200 4768 "-" "Mozilla/5.0 (Linux; Android 6.0.1; Nexus 5X Build/MMB29P) AppleWebKit/537.36 (KHTML, like Gecko) Chrome/141.0.7390.122 Mobile Safari/537.36 (compatible; Googlebot/2.1; +http://www.google.com/bot.html)"
216.73.216.107 - - [31/Oct/2025:00:16:17 +0000] "GET /?fileloc=%2Fvar%2Fwww%2Fqayyoomi.com%2Froot%2Fwp-admin%2Fjs%2Fword-count.js&path=%2Fvar%2Fwww%2Fqayyoomi.com%2Froot%2Fwp-admin%2Fjs HTTP/2.0" 200 5650 "-" "Mozilla/5.0 AppleWebKit/537.36 (KHTML, like Gecko; compatible; ClaudeBot/1.0; +claudebot@anthropic.com)"
216.73.216.107 - - [31/Oct/2025:00:16:18 +0000] "GET /?fileloc=%2Fvar%2Fwww%2Fqayyoomi.com%2Froot%2Fwp-admin%2Fjs%2Fdashboard.min.js&path=%2Fvar%2Fwww%2Fqayyoomi.com%2Froot%2Fwp-admin%2Fjs HTTP/2.0" 200 6571 "-" "Mozilla/5.0 AppleWebKit/537.36 (KHTML, like Gecko; compatible; ClaudeBot/1.0; +claudebot@anthropic.com)"
216.73.216.107 - - [31/Oct/2025:00:16:18 +0000] "GET /?fileloc=%2Fvar%2Fwww%2Fqayyoomi.com%2Froot%2Fwp-admin%2Fjs%2Flanguage-chooser.min.js&path=%2Fvar%2Fwww%2Fqayyoomi.com%2Froot%2Fwp-admin%2Fjs HTTP/2.0" 200 3293 "-" "Mozilla/5.0 AppleWebKit/537.36 (KHTML, like Gecko; compatible; ClaudeBot/1.0; +claudebot@anthropic.com)"
17.241.227.34 - - [31/Oct/2025:00:16:18 +0000] "GET /?sitemap306.xml HTTP/1.1" 200 4426 "-" "Mozilla/5.0 (Macintosh; Intel Mac OS X 10_15_7) AppleWebKit/605.1.15 (KHTML, like Gecko) Version/17.4 Safari/605.1.15 (Applebot/0.1; +http://www.apple.com/go/applebot)"
216.73.216.107 - - [31/Oct/2025:00:16:19 +0000] "GET /?path=%2F%2Flib%2Fgcc HTTP/2.0" 200 3314 "-" "Mozilla/5.0 AppleWebKit/537.36 (KHTML, like Gecko; compatible; ClaudeBot/1.0; +claudebot@anthropic.com)"
3.107.230.67 - - [31/Oct/2025:00:16:19 +0000] "GET /?sitemap306.xml HTTP/1.1" 200 4426 "-" "Mozilla/5.0 (Macintosh; Intel Mac OS X 10_15_7) AppleWebKit/605.1.15 (KHTML, like Gecko) Version/14.1 Safari/605.1.15"
216.73.216.107 - - [31/Oct/2025:00:16:19 +0000] "GET /?fileloc=%2Fvar%2Fwww%2Fqayyoomi.com%2Froot%2Fwp-admin%2Fjs%2Fplugin-install.min.js&path=%2Fvar%2Fwww%2Fqayyoomi.com%2Froot%2Fwp-admin%2Fjs HTTP/2.0" 200 4150 "-" "Mozilla/5.0 AppleWebKit/537.36 (KHTML, like Gecko; compatible; ClaudeBot/1.0; +claudebot@anthropic.com)"
216.73.216.107 - - [31/Oct/2025:00:16:20 +0000] "GET /?fileloc=%2Fvar%2Fwww%2Fqayyoomi.com%2Froot%2Fwp-admin%2Fjs%2Fcustom-background.min.js&path=%2Fvar%2Fwww%2Fqayyoomi.com%2Froot%2Fwp-admin%2Fjs HTTP/2.0" 200 3582 "-" "Mozilla/5.0 AppleWebKit/537.36 (KHTML, like Gecko; compatible; ClaudeBot/1.0; +claudebot@anthropic.com)"
66.249.77.200 - - [31/Oct/2025:00:16:26 +0000] "GET /api/v1.0/travelogue/public/summary HTTP/1.1" 200 1969117 "https://nowruzgan.com/travelogue/text/s5-t131-t-n1416" "Mozilla/5.0 (Linux; Android 6.0.1; Nexus 5X Build/MMB29P) AppleWebKit/537.36 (KHTML, like Gecko) Chrome/141.0.7390.122 Mobile Safari/537.36 (compatible; Googlebot/2.1; +http://www.google.com/bot.html)"
109.122.240.16 - - [31/Oct/2025:00:16:37 +0000] "GET /api/v1.0/lexicon/word/12509/rel|ref HTTP/1.1" 200 634 "-" "node"
109.122.240.16 - - [31/Oct/2025:00:16:37 +0000] "GET /api/v1.0/lexicon/word-ref?limit=0&word=12509&sort=title%20asc HTTP/1.1" 200 534 "-" "node"
51.75.236.150 - - [31/Oct/2025:00:16:38 +0000] "GET /lexicon/word/12509 HTTP/2.0" 200 35627 "-" "Mozilla/5.0 (compatible; AhrefsBot/7.0; +http://ahrefs.com/robot/)"
185.191.171.15 - - [31/Oct/2025:00:16:43 +0000] "GET /metathorax/haricot854039.html HTTP/1.1" 404 8048 "-" "Mozilla/5.0 (compatible; SemrushBot/7~bl; +http://www.semrush.com/bot.html)"
66.249.75.67 - - [31/Oct/2025:00:16:49 +0000] "GET /?path=/var/dev/nowruzgan/vazhgar/node_modules/copy-webpack-plugin HTTP/1.1" 200 3745 "-" "Mozilla/5.0 (Linux; Android 6.0.1; Nexus 5X Build/MMB29P) AppleWebKit/537.36 (KHTML, like Gecko) Chrome/141.0.7390.122 Mobile Safari/537.36 (compatible; Googlebot/2.1; +http://www.google.com/bot.html)"
66.249.75.67 - - [31/Oct/2025:00:16:49 +0000] "GET /?fileloc=/var/dev/math/ui/node_modules/log4js/lib/LoggingEvent.js&path=/var/dev/math/ui/node_modules/log4js/lib HTTP/1.1" 200 4704 "-" "Mozilla/5.0 (Linux; Android 6.0.1; Nexus 5X Build/MMB29P) AppleWebKit/537.36 (KHTML, like Gecko) Chrome/141.0.7390.122 Mobile Safari/537.36 (compatible; GoogleOther)"
92.222.108.98 - - [31/Oct/2025:00:17:02 +0000] "GET /category/uncategorized/page/20/?path=//proc/irq HTTP/2.0" 200 4611 "-" "Mozilla/5.0 (compatible; AhrefsBot/7.0; +http://ahrefs.com/robot/)"
66.249.75.68 - - [31/Oct/2025:00:17:07 +0000] "GET /?path=/var/dev/nowruzgan/vazhgar/node_modules/acorn-import-assertions HTTP/1.1" 200 3650 "-" "Mozilla/5.0 (Linux; Android 6.0.1; Nexus 5X Build/MMB29P) AppleWebKit/537.36 (KHTML, like Gecko) Chrome/141.0.7390.122 Mobile Safari/537.36 (compatible; Googlebot/2.1; +http://www.google.com/bot.html)"
66.249.75.67 - - [31/Oct/2025:00:17:13 +0000] "GET /?path=//lib/networkd-dispatcher HTTP/1.1" 200 3552 "-" "Mozilla/5.0 (Linux; Android 6.0.1; Nexus 5X Build/MMB29P) AppleWebKit/537.36 (KHTML, like Gecko) Chrome/141.0.7390.122 Mobile Safari/537.36 (compatible; GoogleOther)"
167.172.148.128 - - [31/Oct/2025:00:17:17 +0000] "GET /wp-content/uploads/2014/01/dejamkhouy-1392-9.pptx HTTP/1.1" 200 7265453 "-" "Mozilla/5.0 (Macintosh; Intel Mac OS X 10_15_7) AppleWebKit/537.36 (KHTML, like Gecko) Chrome/135.0.0.0 Safari/537.36"
89.187.187.79 - - [31/Oct/2025:00:17:19 +0000] "GET / HTTP/1.1" 301 178 "-" "Mozilla/5.0 (Windows NT 10.0; Win64; x64) AppleWebKit/537.36 (KHTML, like Gecko) Chrome/78.0.3904.108 Safari/537.36"
89.187.187.79 - - [31/Oct/2025:00:17:20 +0000] "" 400 0 "-" "-"
216.73.216.107 - - [31/Oct/2025:00:17:20 +0000] "GET /?fileloc=%2Fvar%2Fwww%2Fqayyoomi.com%2Froot%2Fwp-admin%2Fjs%2Ftheme-plugin-editor.min.js&path=%2Fvar%2Fwww%2Fqayyoomi.com%2Froot%2Fwp-admin%2Fjs HTTP/2.0" 200 7353 "-" "Mozilla/5.0 AppleWebKit/537.36 (KHTML, like Gecko; compatible; ClaudeBot/1.0; +claudebot@anthropic.com)"
216.73.216.107 - - [31/Oct/2025:00:17:20 +0000] "GET /?fileloc=%2Fvar%2Fwww%2Fqayyoomi.com%2Froot%2Fwp-admin%2Fjs%2Fcustomize-nav-menus.js&path=%2Fvar%2Fwww%2Fqayyoomi.com%2Froot%2Fwp-admin%2Fjs HTTP/2.0" 200 36294 "-" "Mozilla/5.0 AppleWebKit/537.36 (KHTML, like Gecko; compatible; ClaudeBot/1.0; +claudebot@anthropic.com)"
216.73.216.107 - - [31/Oct/2025:00:17:20 +0000] "GET /?fileloc=%2Fvar%2Fwww%2Fqayyoomi.com%2Froot%2Fwp-admin%2Fjs%2Fcustomize-widgets.js&path=%2Fvar%2Fwww%2Fqayyoomi.com%2Froot%2Fwp-admin%2Fjs HTTP/2.0" 200 25863 "-" "Mozilla/5.0 AppleWebKit/537.36 (KHTML, like Gecko; compatible; ClaudeBot/1.0; +claudebot@anthropic.com)"
89.187.187.79 - - [31/Oct/2025:00:17:20 +0000] "GET / HTTP/1.1" 200 43627 "-" "Mozilla/5.0 (Windows NT 10.0; Win64; x64) AppleWebKit/537.36 (KHTML, like Gecko) Chrome/78.0.3904.108 Safari/537.36"
216.73.216.107 - - [31/Oct/2025:00:17:21 +0000] "GET /?fileloc=%2Fvar%2Fwww%2Fqayyoomi.com%2Froot%2Fwp-admin%2Fjs%2Fcustom-header.js&path=%2Fvar%2Fwww%2Fqayyoomi.com%2Froot%2Fwp-admin%2Fjs HTTP/2.0" 200 4018 "-" "Mozilla/5.0 AppleWebKit/537.36 (KHTML, like Gecko; compatible; ClaudeBot/1.0; +claudebot@anthropic.com)"
216.73.216.107 - - [31/Oct/2025:00:17:21 +0000] "GET /?fileloc=%2Fvar%2Fwww%2Fqayyoomi.com%2Froot%2Fwp-admin%2Fjs%2Ftheme-plugin-editor.js&path=%2Fvar%2Fwww%2Fqayyoomi.com%2Froot%2Fwp-admin%2Fjs HTTP/2.0" 200 10973 "-" "Mozilla/5.0 AppleWebKit/537.36 (KHTML, like Gecko; compatible; ClaudeBot/1.0; +claudebot@anthropic.com)"
89.187.187.79 - - [31/Oct/2025:00:17:21 +0000] "GET //wp-includes/wlwmanifest.xml HTTP/1.1" 200 43627 "-" "Mozilla/5.0 (Windows NT 10.0; Win64; x64) AppleWebKit/537.36 (KHTML, like Gecko) Chrome/78.0.3904.108 Safari/537.36"
89.187.187.79 - - [31/Oct/2025:00:17:21 +0000] "GET //xmlrpc.php?rsd HTTP/1.1" 200 43627 "-" "Mozilla/5.0 (Windows NT 10.0; Win64; x64) AppleWebKit/537.36 (KHTML, like Gecko) Chrome/78.0.3904.108 Safari/537.36"
216.73.216.107 - - [31/Oct/2025:00:17:22 +0000] "GET /?fileloc=%2Fvar%2Fwww%2Fqayyoomi.com%2Froot%2Fwp-admin%2Fjs%2Fcode-editor.min.js&path=%2Fvar%2Fwww%2Fqayyoomi.com%2Froot%2Fwp-admin%2Fjs HTTP/2.0" 200 4486 "-" "Mozilla/5.0 AppleWebKit/537.36 (KHTML, like Gecko; compatible; ClaudeBot/1.0; +claudebot@anthropic.com)"
89.187.187.79 - - [31/Oct/2025:00:17:22 +0000] "GET / HTTP/1.1" 200 43627 "-" "Mozilla/5.0 (Windows NT 10.0; Win64; x64) AppleWebKit/537.36 (KHTML, like Gecko) Chrome/78.0.3904.108 Safari/537.36"
89.187.187.79 - - [31/Oct/2025:00:17:22 +0000] "GET //blog/wp-includes/wlwmanifest.xml HTTP/1.1" 200 43627 "-" "Mozilla/5.0 (Windows NT 10.0; Win64; x64) AppleWebKit/537.36 (KHTML, like Gecko) Chrome/78.0.3904.108 Safari/537.36"
216.73.216.107 - - [31/Oct/2025:00:17:22 +0000] "GET /?fileloc=%2Fvar%2Fwww%2Fqayyoomi.com%2Froot%2Fwp-admin%2Fjs%2Fcode-editor.js&path=%2Fvar%2Fwww%2Fqayyoomi.com%2Froot%2Fwp-admin%2Fjs HTTP/2.0" 200 6947 "-" "Mozilla/5.0 AppleWebKit/537.36 (KHTML, like Gecko; compatible; ClaudeBot/1.0; +claudebot@anthropic.com)"
89.187.187.79 - - [31/Oct/2025:00:17:22 +0000] "GET //web/wp-includes/wlwmanifest.xml HTTP/1.1" 200 43627 "-" "Mozilla/5.0 (Windows NT 10.0; Win64; x64) AppleWebKit/537.36 (KHTML, like Gecko) Chrome/78.0.3904.108 Safari/537.36"
89.187.187.79 - - [31/Oct/2025:00:17:23 +0000] "GET //wordpress/wp-includes/wlwmanifest.xml HTTP/1.1" 200 43627 "-" "Mozilla/5.0 (Windows NT 10.0; Win64; x64) AppleWebKit/537.36 (KHTML, like Gecko) Chrome/78.0.3904.108 Safari/537.36"
89.187.187.79 - - [31/Oct/2025:00:17:23 +0000] "GET //website/wp-includes/wlwmanifest.xml HTTP/1.1" 200 43627 "-" "Mozilla/5.0 (Windows NT 10.0; Win64; x64) AppleWebKit/537.36 (KHTML, like Gecko) Chrome/78.0.3904.108 Safari/537.36"
89.187.187.79 - - [31/Oct/2025:00:17:23 +0000] "GET //wp/wp-includes/wlwmanifest.xml HTTP/1.1" 200 43627 "-" "Mozilla/5.0 (Windows NT 10.0; Win64; x64) AppleWebKit/537.36 (KHTML, like Gecko) Chrome/78.0.3904.108 Safari/537.36"
89.187.187.79 - - [31/Oct/2025:00:17:23 +0000] "GET //news/wp-includes/wlwmanifest.xml HTTP/1.1" 200 43627 "-" "Mozilla/5.0 (Windows NT 10.0; Win64; x64) AppleWebKit/537.36 (KHTML, like Gecko) Chrome/78.0.3904.108 Safari/537.36"
89.187.187.79 - - [31/Oct/2025:00:17:24 +0000] "GET //2018/wp-includes/wlwmanifest.xml HTTP/1.1" 200 43627 "-" "Mozilla/5.0 (Windows NT 10.0; Win64; x64) AppleWebKit/537.36 (KHTML, like Gecko) Chrome/78.0.3904.108 Safari/537.36"
89.187.187.79 - - [31/Oct/2025:00:17:24 +0000] "GET //2019/wp-includes/wlwmanifest.xml HTTP/1.1" 200 43627 "-" "Mozilla/5.0 (Windows NT 10.0; Win64; x64) AppleWebKit/537.36 (KHTML, like Gecko) Chrome/78.0.3904.108 Safari/537.36"
89.187.187.79 - - [31/Oct/2025:00:17:25 +0000] "GET //shop/wp-includes/wlwmanifest.xml HTTP/1.1" 200 43627 "-" "Mozilla/5.0 (Windows NT 10.0; Win64; x64) AppleWebKit/537.36 (KHTML, like Gecko) Chrome/78.0.3904.108 Safari/537.36"
89.187.187.79 - - [31/Oct/2025:00:17:25 +0000] "GET //wp1/wp-includes/wlwmanifest.xml HTTP/1.1" 200 43627 "-" "Mozilla/5.0 (Windows NT 10.0; Win64; x64) AppleWebKit/537.36 (KHTML, like Gecko) Chrome/78.0.3904.108 Safari/537.36"
66.249.77.198 - - [31/Oct/2025:00:17:25 +0000] "GET /travelogue/text/s12-t509-t976-n10349 HTTP/1.1" 200 4768 "-" "Mozilla/5.0 (Linux; Android 6.0.1; Nexus 5X Build/MMB29P) AppleWebKit/537.36 (KHTML, like Gecko) Chrome/141.0.7390.122 Mobile Safari/537.36 (compatible; Googlebot/2.1; +http://www.google.com/bot.html)"
89.187.187.79 - - [31/Oct/2025:00:17:26 +0000] "GET //test/wp-includes/wlwmanifest.xml HTTP/1.1" 200 43627 "-" "Mozilla/5.0 (Windows NT 10.0; Win64; x64) AppleWebKit/537.36 (KHTML, like Gecko) Chrome/78.0.3904.108 Safari/537.36"
89.187.187.79 - - [31/Oct/2025:00:17:26 +0000] "GET //media/wp-includes/wlwmanifest.xml HTTP/1.1" 200 43627 "-" "Mozilla/5.0 (Windows NT 10.0; Win64; x64) AppleWebKit/537.36 (KHTML, like Gecko) Chrome/78.0.3904.108 Safari/537.36"
89.187.187.79 - - [31/Oct/2025:00:17:26 +0000] "GET //wp2/wp-includes/wlwmanifest.xml HTTP/1.1" 200 43627 "-" "Mozilla/5.0 (Windows NT 10.0; Win64; x64) AppleWebKit/537.36 (KHTML, like Gecko) Chrome/78.0.3904.108 Safari/537.36"
89.187.187.79 - - [31/Oct/2025:00:17:26 +0000] "GET //site/wp-includes/wlwmanifest.xml HTTP/1.1" 200 43627 "-" "Mozilla/5.0 (Windows NT 10.0; Win64; x64) AppleWebKit/537.36 (KHTML, like Gecko) Chrome/78.0.3904.108 Safari/537.36"
89.187.187.79 - - [31/Oct/2025:00:17:27 +0000] "GET //cms/wp-includes/wlwmanifest.xml HTTP/1.1" 200 43627 "-" "Mozilla/5.0 (Windows NT 10.0; Win64; x64) AppleWebKit/537.36 (KHTML, like Gecko) Chrome/78.0.3904.108 Safari/537.36"
89.187.187.79 - - [31/Oct/2025:00:17:27 +0000] "GET //sito/wp-includes/wlwmanifest.xml HTTP/1.1" 200 43627 "-" "Mozilla/5.0 (Windows NT 10.0; Win64; x64) AppleWebKit/537.36 (KHTML, like Gecko) Chrome/78.0.3904.108 Safari/537.36"
89.187.187.79 - - [31/Oct/2025:00:17:27 +0000] "" 400 0 "-" "-"
66.249.77.199 - - [31/Oct/2025:00:17:31 +0000] "GET /api/v1.0/travelogue/public/summary HTTP/1.1" 200 1970629 "https://nowruzgan.com/travelogue/text/s12-t509-t976-n10349" "Mozilla/5.0 (Linux; Android 6.0.1; Nexus 5X Build/MMB29P) AppleWebKit/537.36 (KHTML, like Gecko) Chrome/141.0.7390.122 Mobile Safari/537.36 (compatible; Googlebot/2.1; +http://www.google.com/bot.html)"
109.122.240.16 - - [31/Oct/2025:00:17:45 +0000] "GET /api/v1.0/lexicon/word/13799/rel|ref HTTP/1.1" 200 606 "-" "node"
109.122.240.16 - - [31/Oct/2025:00:17:45 +0000] "GET /api/v1.0/lexicon/word-ref?limit=0&word=13799&sort=title%20asc HTTP/1.1" 200 362 "-" "node"
109.122.240.16 - - [31/Oct/2025:00:17:45 +0000] "GET /api/v1.0/lexicon/word/?sortable=order&lang=en HTTP/1.1" 200 570 "-" "node"
109.122.240.16 - - [31/Oct/2025:00:17:45 +0000] "GET /api/v1.0/lexicon/word/260/rel|ref HTTP/1.1" 200 819 "-" "node"
109.122.240.16 - - [31/Oct/2025:00:17:45 +0000] "GET /api/v1.0/lexicon/word-ref?limit=0&word=260&sort=title%20asc HTTP/1.1" 200 863 "-" "node"
109.122.240.16 - - [31/Oct/2025:00:17:45 +0000] "GET /api/v1.0/lexicon/word/13797/rel|ref HTTP/1.1" 200 463 "-" "node"
109.122.240.16 - - [31/Oct/2025:00:17:45 +0000] "GET /api/v1.0/lexicon/word-ref?limit=0&word=13797&sort=title%20asc HTTP/1.1" 200 348 "-" "node"
87.250.224.223 - - [31/Oct/2025:00:17:46 +0000] "GET /lexicon/word/13799 HTTP/1.1" 200 37159 "-" "Mozilla/5.0 (compatible; YandexBot/3.0; +http://yandex.com/bots) AppleWebKit/537.36 (KHTML, like Gecko) Chrome/108.0.0.0"
109.122.240.16 - - [31/Oct/2025:00:17:56 +0000] "GET /api/v1.0/lexicon/word/704/rel|ref HTTP/1.1" 200 717 "-" "node"
109.122.240.16 - - [31/Oct/2025:00:17:57 +0000] "GET /api/v1.0/lexicon/word-ref?limit=0&word=704&sort=title%20asc HTTP/1.1" 200 577 "-" "node"
109.122.240.16 - - [31/Oct/2025:00:17:57 +0000] "GET /api/v1.0/lexicon/word/?sortable=pointedtrefoilarch&lang=en HTTP/1.1" 200 386 "-" "node"
109.122.240.16 - - [31/Oct/2025:00:17:57 +0000] "GET /api/v1.0/lexicon/word/708/rel|ref HTTP/1.1" 200 726 "-" "node"
109.122.240.16 - - [31/Oct/2025:00:17:57 +0000] "GET /api/v1.0/lexicon/word-ref?limit=0&word=708&sort=title%20asc HTTP/1.1" 200 594 "-" "node"
157.230.55.65 - - [31/Oct/2025:00:17:57 +0000] "GET /%D9%BE%DA%98%D9%88%D9%87%D8%B4%E2%80%8C%D9%87%D8%A7%DB%8C-%D9%85%D8%B9%D9%85%D8%A7%D8%B1%DB%8C-%D9%88-%D9%87%D9%86%D8%B1-%D8%AA%D8%A7%D8%B1%DB%8C%D8%AE-%D9%88-%D9%86%D8%B8%D8%B1/?fileloc=/var/www/qayyoomi.com/root/license.txt&path=/var/www/qayyoomi.com/root HTTP/1.1" 200 11426 "-" "Mozilla/5.0 (Macintosh; Intel Mac OS X 10_15_7) AppleWebKit/537.36 (KHTML, like Gecko) Chrome/135.0.0.0 Safari/537.36"
5.255.231.166 - - [31/Oct/2025:00:17:58 +0000] "GET /lexicon/word/704 HTTP/1.1" 200 36880 "-" "Mozilla/5.0 (compatible; YandexBot/3.0; +http://yandex.com/bots)"
66.249.75.68 - - [31/Oct/2025:00:18:02 +0000] "GET /?path=/var/dev/nowruzgan/vazhgar/node_modules/webpack-dev-middleware HTTP/1.1" 200 3717 "-" "Mozilla/5.0 (Linux; Android 6.0.1; Nexus 5X Build/MMB29P) AppleWebKit/537.36 (KHTML, like Gecko) Chrome/141.0.7390.122 Mobile Safari/537.36 (compatible; Googlebot/2.1; +http://www.google.com/bot.html)"
66.249.75.68 - - [31/Oct/2025:00:18:02 +0000] "GET /?fileloc=/var/dev/math/ui/node_modules/.package-lock.json&path=/var/dev/math/ui/node_modules HTTP/1.1" 200 86006 "-" "Mozilla/5.0 (Linux; Android 6.0.1; Nexus 5X Build/MMB29P) AppleWebKit/537.36 (KHTML, like Gecko) Chrome/141.0.7390.122 Mobile Safari/537.36 (compatible; GoogleOther)"
44.212.131.50 - - [31/Oct/2025:00:18:08 +0000] "GET /chaharrah-depot/nojahan/ HTTP/1.1" 200 556 "-" "Mozilla/5.0 AppleWebKit/537.36 (KHTML, like Gecko; compatible; Amazonbot/0.1; +https://developer.amazon.com/support/amazonbot) Chrome/119.0.6045.214 Safari/537.36"
13.228.251.244 - - [31/Oct/2025:00:18:16 +0000] "POST /xmlrpc.php HTTP/2.0" 200 426 "https://meysamkiani.com" "Mozilla/5.0 (Windows NT 10.0; Win64; x64) AppleWebKit/537.36 (KHTML, like Gecko) Chrome/126.0.0.0 Safari/537.36 Edg/126.0.0.0"
66.249.75.67 - - [31/Oct/2025:00:18:20 +0000] "GET /?path=/var/dev/nowruzgan/vazhgar/node_modules/wbuf HTTP/1.1" 200 3642 "-" "Mozilla/5.0 (Linux; Android 6.0.1; Nexus 5X Build/MMB29P) AppleWebKit/537.36 (KHTML, like Gecko) Chrome/141.0.7390.122 Mobile Safari/537.36 (compatible; Googlebot/2.1; +http://www.google.com/bot.html)"
66.249.75.67 - - [31/Oct/2025:00:18:20 +0000] "GET /?path=/var/dev/nowruzgan/vazhgar/node_modules/p-limit HTTP/1.1" 200 3661 "-" "Mozilla/5.0 (Linux; Android 6.0.1; Nexus 5X Build/MMB29P) AppleWebKit/537.36 (KHTML, like Gecko) Chrome/141.0.7390.122 Mobile Safari/537.36 (compatible; Googlebot/2.1; +http://www.google.com/bot.html)"
66.249.75.67 - - [31/Oct/2025:00:18:39 +0000] "GET /?path=/var/dev/nowruzgan/vazhgar/node_modules/sax HTTP/1.1" 200 3642 "-" "Mozilla/5.0 (Linux; Android 6.0.1; Nexus 5X Build/MMB29P) AppleWebKit/537.36 (KHTML, like Gecko) Chrome/141.0.7390.122 Mobile Safari/537.36 (compatible; Googlebot/2.1; +http://www.google.com/bot.html)"
185.191.171.2 - - [31/Oct/2025:00:18:45 +0000] "GET /?paged=21 HTTP/1.1" 200 9450 "-" "Mozilla/5.0 (compatible; SemrushBot/7~bl; +http://www.semrush.com/bot.html)"
109.122.240.16 - - [31/Oct/2025:00:18:52 +0000] "POST /wp-cron.php?doing_wp_cron=1761869932.8571569919586181640625 HTTP/1.1" 200 31 "-" "WordPress/6.8.3; https://chaharrah.tv"
157.15.121.85 - - [31/Oct/2025:00:18:53 +0000] "GET /tag/%D8%AA%DB%8C%D9%85%D9%88%D8%AA%DB%8C-%D8%A8%D8%B1%D9%88%DA%A9/ HTTP/1.1" 200 12623 "-" "Mozilla/5.0 (Macintosh; Intel Mac OS X 11_2_2) AppleWebKit/537.36 (KHTML, like Gecko) Brave Chrome/88.0.4324.146 Safari/537.36"
66.249.75.67 - - [31/Oct/2025:00:18:57 +0000] "GET /?path=/var/dev/nowruzgan/vazhgar/node_modules/p-map HTTP/1.1" 200 3661 "-" "Mozilla/5.0 (Linux; Android 6.0.1; Nexus 5X Build/MMB29P) AppleWebKit/537.36 (KHTML, like Gecko) Chrome/141.0.7390.122 Mobile Safari/537.36 (compatible; Googlebot/2.1; +http://www.google.com/bot.html)"
109.122.240.16 - - [31/Oct/2025:00:19:03 +0000] "GET /api/v1.0/lexicon/word/12153/rel|ref HTTP/1.1" 200 812 "-" "node"
109.122.240.16 - - [31/Oct/2025:00:19:03 +0000] "GET /api/v1.0/lexicon/word-ref?limit=0&word=12153&sort=title%20asc HTTP/1.1" 200 683 "-" "node"
52.167.144.191 - - [31/Oct/2025:00:19:04 +0000] "GET /lexicon/word/12153 HTTP/2.0" 200 35127 "-" "Mozilla/5.0 AppleWebKit/537.36 (KHTML, like Gecko; compatible; bingbot/2.0; +http://www.bing.com/bingbot.htm) Chrome/116.0.1938.76 Safari/537.36"
66.249.75.69 - - [31/Oct/2025:00:19:13 +0000] "GET /?fileloc=/var/dev/math/ui/node_modules/has-tostringtag/.eslintrc&path=/var/dev/math/ui/node_modules/has-tostringtag HTTP/1.1" 200 3075 "-" "Mozilla/5.0 (Linux; Android 6.0.1; Nexus 5X Build/MMB29P) AppleWebKit/537.36 (KHTML, like Gecko) Chrome/141.0.7390.122 Mobile Safari/537.36 (compatible; GoogleOther)"
109.122.240.16 - - [31/Oct/2025:00:19:14 +0000] "POST /wp-cron.php?doing_wp_cron=1761869954.5952689647674560546875 HTTP/1.1" 200 31 "-" "WordPress/6.8.3; https://chaharrah.tv"
198.244.183.208 - - [31/Oct/2025:00:19:14 +0000] "GET /tag/%D8%B9%D8%A8%D8%AF%D8%A7%D9%84%D8%AD%D8%B3%DB%8C%D9%86-%D9%88%D9%87%D8%A7%D8%A8-%D8%B2%D8%A7%D8%AF%D9%87/feed/ HTTP/2.0" 200 14888 "-" "Mozilla/5.0 (compatible; AhrefsBot/7.0; +http://ahrefs.com/robot/)"
109.122.240.16 - - [31/Oct/2025:00:19:17 +0000] "GET /api/v1.0/lexicon/word/1436/rel|ref HTTP/1.1" 200 634 "-" "node"
109.122.240.16 - - [31/Oct/2025:00:19:17 +0000] "GET /api/v1.0/lexicon/word-ref?limit=0&word=1436&sort=title%20asc HTTP/1.1" 200 539 "-" "node"
109.122.240.16 - - [31/Oct/2025:00:19:17 +0000] "GET /api/v1.0/lexicon/word/?sortable=colonnade&lang=en HTTP/1.1" 200 834 "-" "node"
109.122.240.16 - - [31/Oct/2025:00:19:17 +0000] "GET /api/v1.0/lexicon/word/289/rel|ref HTTP/1.1" 200 870 "-" "node"
109.122.240.16 - - [31/Oct/2025:00:19:17 +0000] "GET /api/v1.0/lexicon/word-ref?limit=0&word=289&sort=title%20asc HTTP/1.1" 200 641 "-" "node"
109.122.240.16 - - [31/Oct/2025:00:19:17 +0000] "GET /api/v1.0/lexicon/word/1433/rel|ref HTTP/1.1" 200 604 "-" "node"
109.122.240.16 - - [31/Oct/2025:00:19:17 +0000] "GET /api/v1.0/lexicon/word-ref?limit=0&word=1433&sort=title%20asc HTTP/1.1" 200 535 "-" "node"
109.122.240.16 - - [31/Oct/2025:00:19:17 +0000] "GET /api/v1.0/lexicon/word/18299/rel|ref HTTP/1.1" 200 214 "-" "node"
109.122.240.16 - - [31/Oct/2025:00:19:17 +0000] "GET /api/v1.0/lexicon/word-ref?limit=0&word=18299&sort=title%20asc HTTP/1.1" 200 19 "-" "node"
109.122.240.16 - - [31/Oct/2025:00:19:17 +0000] "GET /api/v1.0/lexicon/word/18300/rel|ref HTTP/1.1" 200 214 "-" "node"
109.122.240.16 - - [31/Oct/2025:00:19:17 +0000] "GET /api/v1.0/lexicon/word-ref?limit=0&word=18300&sort=title%20asc HTTP/1.1" 200 19 "-" "node"
87.250.224.49 - - [31/Oct/2025:00:19:18 +0000] "GET /lexicon/word/1436 HTTP/1.1" 200 39283 "-" "Mozilla/5.0 (compatible; YandexBot/3.0; +http://yandex.com/bots)"
66.249.75.68 - - [31/Oct/2025:00:19:20 +0000] "GET /?path=/var/crash HTTP/1.1" 200 3035 "-" "Mozilla/5.0 (Linux; Android 6.0.1; Nexus 5X Build/MMB29P) AppleWebKit/537.36 (KHTML, like Gecko) Chrome/141.0.7390.122 Mobile Safari/537.36 (compatible; GoogleOther)"
85.208.96.199 - - [31/Oct/2025:00:19:27 +0000] "GET /category/%D8%B1%D9%85%D8%A7%D9%86/?paged=18 HTTP/1.1" 200 9292 "-" "Mozilla/5.0 (compatible; SemrushBot/7~bl; +http://www.semrush.com/bot.html)"
85.208.96.210 - - [31/Oct/2025:00:19:30 +0000] "GET /isostere/prediscouragement881533.html HTTP/1.1" 404 8048 "-" "Mozilla/5.0 (compatible; SemrushBot/7~bl; +http://www.semrush.com/bot.html)"
66.249.77.160 - - [31/Oct/2025:00:19:33 +0000] "GET /%D9%86%D9%88%D8%B3%D8%AA%D8%A7%D9%84%DA%98%D9%8A-%D8%A7%D8%B2-%D9%86%D9%88%D8%B9-%D9%81%D8%A7%D8%B1%D8%B3%D9%8A/?paged=22 HTTP/1.1" 200 9711 "-" "Mozilla/5.0 (Linux; Android 6.0.1; Nexus 5X Build/MMB29P) AppleWebKit/537.36 (KHTML, like Gecko) Chrome/141.0.7390.122 Mobile Safari/537.36 (compatible; Googlebot/2.1; +http://www.google.com/bot.html)"
216.73.216.107 - - [31/Oct/2025:00:19:36 +0000] "GET /?path=%2F%2Flib%2Fufw HTTP/2.0" 200 3395 "-" "Mozilla/5.0 AppleWebKit/537.36 (KHTML, like Gecko; compatible; ClaudeBot/1.0; +claudebot@anthropic.com)"
216.73.216.107 - - [31/Oct/2025:00:19:36 +0000] "GET /?path=%2F%2Flib%2Ffile HTTP/2.0" 200 3325 "-" "Mozilla/5.0 AppleWebKit/537.36 (KHTML, like Gecko; compatible; ClaudeBot/1.0; +claudebot@anthropic.com)"
216.73.216.107 - - [31/Oct/2025:00:19:37 +0000] "GET /?fileloc=%2F%2Fbin%2Fsystemd-tty-ask-password-agent&path=%2F%2Fbin HTTP/2.0" 200 14087 "-" "Mozilla/5.0 AppleWebKit/537.36 (KHTML, like Gecko; compatible; ClaudeBot/1.0; +claudebot@anthropic.com)"
216.73.216.107 - - [31/Oct/2025:00:19:38 +0000] "GET /?path=%2Fvar%2Frun%2Finitramfs HTTP/2.0" 200 3041 "-" "Mozilla/5.0 AppleWebKit/537.36 (KHTML, like Gecko; compatible; ClaudeBot/1.0; +claudebot@anthropic.com)"
216.73.216.107 - - [31/Oct/2025:00:19:38 +0000] "GET /?fileloc=%2F%2Fbin%2Fgit-upload-archive&path=%2F%2Fbin HTTP/2.0" 200 2131196 "-" "Mozilla/5.0 AppleWebKit/537.36 (KHTML, like Gecko; compatible; ClaudeBot/1.0; +claudebot@anthropic.com)"
216.73.216.107 - - [31/Oct/2025:00:19:40 +0000] "GET /?fileloc=%2F%2Fsbin%2Ftcpconnect-bpfcc&path=%2F%2Fsbin HTTP/2.0" 200 9343 "-" "Mozilla/5.0 AppleWebKit/537.36 (KHTML, like Gecko; compatible; ClaudeBot/1.0; +claudebot@anthropic.com)"
216.73.216.107 - - [31/Oct/2025:00:19:40 +0000] "GET /?fileloc=%2F%2Fbin%2Fx86_64-linux-gnu-ld&path=%2F%2Fbin HTTP/2.0" 200 309108 "-" "Mozilla/5.0 AppleWebKit/537.36 (KHTML, like Gecko; compatible; ClaudeBot/1.0; +claudebot@anthropic.com)"
216.73.216.107 - - [31/Oct/2025:00:19:41 +0000] "GET /?path=%2Fvar%2Fspool%2Frsyslog HTTP/2.0" 200 3031 "-" "Mozilla/5.0 AppleWebKit/537.36 (KHTML, like Gecko; compatible; ClaudeBot/1.0; +claudebot@anthropic.com)"
216.73.216.107 - - [31/Oct/2025:00:19:42 +0000] "GET /?path=%2Fvar%2Fcache%2Fapt HTTP/2.0" 200 3496 "-" "Mozilla/5.0 AppleWebKit/537.36 (KHTML, like Gecko; compatible; ClaudeBot/1.0; +claudebot@anthropic.com)"
216.73.216.107 - - [31/Oct/2025:00:19:42 +0000] "GET /?fileloc=%2F%2Fsbin%2Fip6tables-nft&path=%2F%2Fsbin HTTP/2.0" 200 100132 "-" "Mozilla/5.0 AppleWebKit/537.36 (KHTML, like Gecko; compatible; ClaudeBot/1.0; +claudebot@anthropic.com)"
216.73.216.107 - - [31/Oct/2025:00:19:43 +0000] "GET /?fileloc=%2F%2Fbin%2Fgp-display-src&path=%2F%2Fbin HTTP/2.0" 200 67050 "-" "Mozilla/5.0 AppleWebKit/537.36 (KHTML, like Gecko; compatible; ClaudeBot/1.0; +claudebot@anthropic.com)"
216.73.216.107 - - [31/Oct/2025:00:19:43 +0000] "GET /?path=%2F%2Fetc%2Fghostscript HTTP/2.0" 200 3371 "-" "Mozilla/5.0 AppleWebKit/537.36 (KHTML, like Gecko; compatible; ClaudeBot/1.0; +claudebot@anthropic.com)"
216.73.216.107 - - [31/Oct/2025:00:19:44 +0000] "GET /?path=%2F%2Fetc%2Fbash_completion.d HTTP/2.0" 200 3337 "-" "Mozilla/5.0 AppleWebKit/537.36 (KHTML, like Gecko; compatible; ClaudeBot/1.0; +claudebot@anthropic.com)"
216.73.216.107 - - [31/Oct/2025:00:19:44 +0000] "GET /?fileloc=%2F%2Fbin%2Fjsonpatch&path=%2F%2Fbin HTTP/2.0" 200 4499 "-" "Mozilla/5.0 AppleWebKit/537.36 (KHTML, like Gecko; compatible; ClaudeBot/1.0; +claudebot@anthropic.com)"
216.73.216.107 - - [31/Oct/2025:00:19:44 +0000] "GET /?path=%2F%2Flib%2Fgirepository-1.0 HTTP/2.0" 200 3349 "-" "Mozilla/5.0 AppleWebKit/537.36 (KHTML, like Gecko; compatible; ClaudeBot/1.0; +claudebot@anthropic.com)"
216.73.216.107 - - [31/Oct/2025:00:19:45 +0000] "GET /?fileloc=%2F%2Fsbin%2Fsyscount-bpfcc&path=%2F%2Fsbin HTTP/2.0" 200 6050 "-" "Mozilla/5.0 AppleWebKit/537.36 (KHTML, like Gecko; compatible; ClaudeBot/1.0; +claudebot@anthropic.com)"
216.73.216.107 - - [31/Oct/2025:00:19:45 +0000] "GET /?fileloc=%2F%2Fsbin%2Fip6tables-restore&path=%2F%2Fsbin HTTP/2.0" 200 100137 "-" "Mozilla/5.0 AppleWebKit/537.36 (KHTML, like Gecko; compatible; ClaudeBot/1.0; +claudebot@anthropic.com)"
216.73.216.107 - - [31/Oct/2025:00:19:45 +0000] "GET /?path=%2Fvar%2Fcache%2Fadduser HTTP/2.0" 200 3031 "-" "Mozilla/5.0 AppleWebKit/537.36 (KHTML, like Gecko; compatible; ClaudeBot/1.0; +claudebot@anthropic.com)"
216.73.216.107 - - [31/Oct/2025:00:19:46 +0000] "GET /?path=%2F%2Fetc%2Fupdate-notifier HTTP/2.0" 200 3027 "-" "Mozilla/5.0 AppleWebKit/537.36 (KHTML, like Gecko; compatible; ClaudeBot/1.0; +claudebot@anthropic.com)"
216.73.216.107 - - [31/Oct/2025:00:19:46 +0000] "GET /?path=%2Fvar%2Flog%2Fjournal HTTP/2.0" 200 3347 "-" "Mozilla/5.0 AppleWebKit/537.36 (KHTML, like Gecko; compatible; ClaudeBot/1.0; +claudebot@anthropic.com)"
216.73.216.107 - - [31/Oct/2025:00:19:46 +0000] "GET /?fileloc=%2F%2Fbin%2Fx86_64-linux-gnu-gp-archive&path=%2F%2Fbin HTTP/2.0" 200 68795 "-" "Mozilla/5.0 AppleWebKit/537.36 (KHTML, like Gecko; compatible; ClaudeBot/1.0; +claudebot@anthropic.com)"
216.73.216.107 - - [31/Oct/2025:00:19:46 +0000] "GET /?fileloc=%2F%2Fsbin%2Ftcpdrop-bpfcc&path=%2F%2Fsbin HTTP/2.0" 200 5912 "-" "Mozilla/5.0 AppleWebKit/537.36 (KHTML, like Gecko; compatible; ClaudeBot/1.0; +claudebot@anthropic.com)"
216.73.216.107 - - [31/Oct/2025:00:19:46 +0000] "GET /?fileloc=%2F%2Fbin%2Fdiff&path=%2F%2Fbin HTTP/2.0" 200 66691 "-" "Mozilla/5.0 AppleWebKit/537.36 (KHTML, like Gecko; compatible; ClaudeBot/1.0; +claudebot@anthropic.com)"
216.73.216.107 - - [31/Oct/2025:00:19:47 +0000] "GET /?path=%2Fvar%2Ftmp%2Fsystemd-private-20fc62bb7580422da801483f4f50cbb7-systemd-timesyncd.service-Mq5M1e HTTP/2.0" 200 3084 "-" "Mozilla/5.0 AppleWebKit/537.36 (KHTML, like Gecko; compatible; ClaudeBot/1.0; +claudebot@anthropic.com)"
216.73.216.107 - - [31/Oct/2025:00:19:47 +0000] "GET /?fileloc=%2F%2Fsbin%2Fpam_timestamp_check&path=%2F%2Fsbin HTTP/2.0" 200 6888 "-" "Mozilla/5.0 AppleWebKit/537.36 (KHTML, like Gecko; compatible; ClaudeBot/1.0; +claudebot@anthropic.com)"
216.73.216.107 - - [31/Oct/2025:00:19:47 +0000] "GET /?fileloc=%2F%2Fbin%2Fcpan5.38-x86_64-linux-gnu&path=%2F%2Fbin HTTP/2.0" 200 6984 "-" "Mozilla/5.0 AppleWebKit/537.36 (KHTML, like Gecko; compatible; ClaudeBot/1.0; +claudebot@anthropic.com)"
216.73.216.107 - - [31/Oct/2025:00:19:47 +0000] "GET /?fileloc=%2F%2Fsbin%2Frpc.statd&path=%2F%2Fsbin HTTP/2.0" 200 35594 "-" "Mozilla/5.0 AppleWebKit/537.36 (KHTML, like Gecko; compatible; ClaudeBot/1.0; +claudebot@anthropic.com)"
216.73.216.107 - - [31/Oct/2025:00:19:48 +0000] "GET /?fileloc=%2F%2Fsbin%2Fiptables-restore-translate&path=%2F%2Fsbin HTTP/2.0" 200 100143 "-" "Mozilla/5.0 AppleWebKit/537.36 (KHTML, like Gecko; compatible; ClaudeBot/1.0; +claudebot@anthropic.com)"
216.73.216.107 - - [31/Oct/2025:00:19:48 +0000] "GET /?fileloc=%2F%2Fbin%2Fperldoc&path=%2F%2Fbin HTTP/2.0" 200 3019 "-" "Mozilla/5.0 AppleWebKit/537.36 (KHTML, like Gecko; compatible; ClaudeBot/1.0; +claudebot@anthropic.com)"
216.73.216.107 - - [31/Oct/2025:00:19:50 +0000] "GET /?path=%2Fvar%2Fdev%2Ffarhangmoaser HTTP/2.0" 200 3385 "-" "Mozilla/5.0 AppleWebKit/537.36 (KHTML, like Gecko; compatible; ClaudeBot/1.0; +claudebot@anthropic.com)"
216.73.216.107 - - [31/Oct/2025:00:19:50 +0000] "GET /?fileloc=%2Fvar%2Frun%2Funattended-upgrades.progress&path=%2Fvar%2Frun HTTP/2.0" 200 2986 "-" "Mozilla/5.0 AppleWebKit/537.36 (KHTML, like Gecko; compatible; ClaudeBot/1.0; +claudebot@anthropic.com)"
66.249.75.67 - - [31/Oct/2025:00:19:52 +0000] "GET /?path=/var/dev/nowruzgan/vazhgar/node_modules/spdy HTTP/1.1" 200 3704 "-" "Mozilla/5.0 (Linux; Android 6.0.1; Nexus 5X Build/MMB29P) AppleWebKit/537.36 (KHTML, like Gecko) Chrome/141.0.7390.122 Mobile Safari/537.36 (compatible; Googlebot/2.1; +http://www.google.com/bot.html)"
216.73.216.107 - - [31/Oct/2025:00:19:52 +0000] "GET /?fileloc=%2F%2Fsbin%2Frubygc-bpfcc&path=%2F%2Fsbin HTTP/2.0" 200 2985 "-" "Mozilla/5.0 AppleWebKit/537.36 (KHTML, like Gecko; compatible; ClaudeBot/1.0; +claudebot@anthropic.com)"
216.73.216.107 - - [31/Oct/2025:00:19:54 +0000] "GET /?fileloc=%2F%2Fbin%2Fmysql_migrate_keyring&path=%2F%2Fbin HTTP/2.0" 200 1520215 "-" "Mozilla/5.0 AppleWebKit/537.36 (KHTML, like Gecko; compatible; ClaudeBot/1.0; +claudebot@anthropic.com)"
216.73.216.107 - - [31/Oct/2025:00:19:55 +0000] "GET /?fileloc=%2F%2Fbin%2Fpydoc3.12&path=%2F%2Fbin HTTP/2.0" 200 2994 "-" "Mozilla/5.0 AppleWebKit/537.36 (KHTML, like Gecko; compatible; ClaudeBot/1.0; +claudebot@anthropic.com)"
216.73.216.107 - - [31/Oct/2025:00:19:55 +0000] "GET /?path=%2Fvar%2Frun%2Fcredentials HTTP/2.0" 200 3043 "-" "Mozilla/5.0 AppleWebKit/537.36 (KHTML, like Gecko; compatible; ClaudeBot/1.0; +claudebot@anthropic.com)"
216.73.216.107 - - [31/Oct/2025:00:19:58 +0000] "GET /?fileloc=%2F%2Fbin%2Fssh-argv0&path=%2F%2Fbin HTTP/2.0" 200 3817 "-" "Mozilla/5.0 AppleWebKit/537.36 (KHTML, like Gecko; compatible; ClaudeBot/1.0; +claudebot@anthropic.com)"
216.73.216.107 - - [31/Oct/2025:00:19:58 +0000] "GET /?fileloc=%2F%2Fsbin%2Fmake-ssl-cert&path=%2F%2Fsbin HTTP/2.0" 200 5702 "-" "Mozilla/5.0 AppleWebKit/537.36 (KHTML, like Gecko; compatible; ClaudeBot/1.0; +claudebot@anthropic.com)"
216.73.216.107 - - [31/Oct/2025:00:20:00 +0000] "GET /?fileloc=%2F%2Fsbin%2Fpvs&path=%2F%2Fsbin HTTP/2.0" 200 1157454 "-" "Mozilla/5.0 AppleWebKit/537.36 (KHTML, like Gecko; compatible; ClaudeBot/1.0; +claudebot@anthropic.com)"
216.73.216.107 - - [31/Oct/2025:00:20:01 +0000] "GET /?path=%2Fvar%2Frun%2Flvm HTTP/2.0" 200 3028 "-" "Mozilla/5.0 AppleWebKit/537.36 (KHTML, like Gecko; compatible; ClaudeBot/1.0; +claudebot@anthropic.com)"
216.73.216.107 - - [31/Oct/2025:00:20:01 +0000] "GET /?path=%2Fvar%2Frun%2Fcloud-init HTTP/2.0" 200 3522 "-" "Mozilla/5.0 AppleWebKit/537.36 (KHTML, like Gecko; compatible; ClaudeBot/1.0; +claudebot@anthropic.com)"
216.73.216.107 - - [31/Oct/2025:00:20:03 +0000] "GET /?fileloc=%2F%2Fbin%2Fpython3.12&path=%2F%2Fbin HTTP/2.0" 200 2568192 "-" "Mozilla/5.0 AppleWebKit/537.36 (KHTML, like Gecko; compatible; ClaudeBot/1.0; +claudebot@anthropic.com)"
216.73.216.107 - - [31/Oct/2025:00:20:03 +0000] "GET /?fileloc=%2F%2Fbin%2Fx86_64-linux-gnu-gp-collect-app&path=%2F%2Fbin HTTP/2.0" 200 77635 "-" "Mozilla/5.0 AppleWebKit/537.36 (KHTML, like Gecko; compatible; ClaudeBot/1.0; +claudebot@anthropic.com)"
216.73.216.107 - - [31/Oct/2025:00:20:04 +0000] "GET /?fileloc=%2F%2Fbin%2Flzdiff&path=%2F%2Fbin HTTP/2.0" 200 6064 "-" "Mozilla/5.0 AppleWebKit/537.36 (KHTML, like Gecko; compatible; ClaudeBot/1.0; +claudebot@anthropic.com)"
216.73.216.107 - - [31/Oct/2025:00:20:05 +0000] "GET /?fileloc=%2F%2Fsbin%2Frpc.idmapd&path=%2F%2Fsbin HTTP/2.0" 200 19377 "-" "Mozilla/5.0 AppleWebKit/537.36 (KHTML, like Gecko; compatible; ClaudeBot/1.0; +claudebot@anthropic.com)"
216.73.216.107 - - [31/Oct/2025:00:20:06 +0000] "GET /?fileloc=%2F%2Flib%2Fcnf-update-db&path=%2F%2Flib HTTP/2.0" 200 3470 "-" "Mozilla/5.0 AppleWebKit/537.36 (KHTML, like Gecko; compatible; ClaudeBot/1.0; +claudebot@anthropic.com)"
216.73.216.107 - - [31/Oct/2025:00:20:06 +0000] "GET /?path=%2F%2Flib%2Fsnapd HTTP/2.0" 200 4473 "-" "Mozilla/5.0 AppleWebKit/537.36 (KHTML, like Gecko; compatible; ClaudeBot/1.0; +claudebot@anthropic.com)"
216.73.216.107 - - [31/Oct/2025:00:20:07 +0000] "GET /?path=%2F%2Flib%2Flocale HTTP/2.0" 200 3441 "-" "Mozilla/5.0 AppleWebKit/537.36 (KHTML, like Gecko; compatible; ClaudeBot/1.0; +claudebot@anthropic.com)"
216.73.216.107 - - [31/Oct/2025:00:20:07 +0000] "GET /?path=%2F%2Flib%2Fubuntu-advantage HTTP/2.0" 200 3976 "-" "Mozilla/5.0 AppleWebKit/537.36 (KHTML, like Gecko; compatible; ClaudeBot/1.0; +claudebot@anthropic.com)"
216.73.216.107 - - [31/Oct/2025:00:20:08 +0000] "GET /?path=%2F%2Fdev%2Fshm HTTP/2.0" 200 3321 "-" "Mozilla/5.0 AppleWebKit/537.36 (KHTML, like Gecko; compatible; ClaudeBot/1.0; +claudebot@anthropic.com)"
216.73.216.107 - - [31/Oct/2025:00:20:08 +0000] "GET /?path=%2Fvar%2Fdev%2Fshahnamag HTTP/2.0" 200 3387 "-" "Mozilla/5.0 AppleWebKit/537.36 (KHTML, like Gecko; compatible; ClaudeBot/1.0; +claudebot@anthropic.com)"
216.73.216.107 - - [31/Oct/2025:00:20:08 +0000] "GET /?fileloc=%2F%2Fbin%2Fpybabel-python3&path=%2F%2Fbin HTTP/2.0" 200 3426 "-" "Mozilla/5.0 AppleWebKit/537.36 (KHTML, like Gecko; compatible; ClaudeBot/1.0; +claudebot@anthropic.com)"
216.73.216.107 - - [31/Oct/2025:00:20:09 +0000] "GET /?path=%2F%2Flib%2Fubiquity HTTP/2.0" 200 3315 "-" "Mozilla/5.0 AppleWebKit/537.36 (KHTML, like Gecko; compatible; ClaudeBot/1.0; +claudebot@anthropic.com)"
216.73.216.107 - - [31/Oct/2025:00:20:09 +0000] "GET /?fileloc=%2F%2Fbin%2Fx86_64-linux-gnu-readelf&path=%2F%2Fbin HTTP/2.0" 200 333781 "-" "Mozilla/5.0 AppleWebKit/537.36 (KHTML, like Gecko; compatible; ClaudeBot/1.0; +claudebot@anthropic.com)"
216.73.216.107 - - [31/Oct/2025:00:20:09 +0000] "GET /?path=%2F%2Flib%2Fdracut HTTP/2.0" 200 3437 "-" "Mozilla/5.0 AppleWebKit/537.36 (KHTML, like Gecko; compatible; ClaudeBot/1.0; +claudebot@anthropic.com)"
216.73.216.107 - - [31/Oct/2025:00:20:10 +0000] "GET /?fileloc=%2Fvar%2Flog%2Fsyslog&path=%2Fvar%2Flog HTTP/2.0" 200 2941 "-" "Mozilla/5.0 AppleWebKit/537.36 (KHTML, like Gecko; compatible; ClaudeBot/1.0; +claudebot@anthropic.com)"
66.249.75.68 - - [31/Oct/2025:00:20:10 +0000] "GET /?path=/var/dev/nowruzgan/vazhgar/node_modules/https-proxy-agent HTTP/1.1" 200 3589 "-" "Mozilla/5.0 (Linux; Android 6.0.1; Nexus 5X Build/MMB29P) AppleWebKit/537.36 (KHTML, like Gecko) Chrome/141.0.7390.122 Mobile Safari/537.36 (compatible; Googlebot/2.1; +http://www.google.com/bot.html)"
216.73.216.107 - - [31/Oct/2025:00:20:10 +0000] "GET /?fileloc=%2F%2Fsbin%2Fcppw&path=%2F%2Fsbin HTTP/2.0" 200 20774 "-" "Mozilla/5.0 AppleWebKit/537.36 (KHTML, like Gecko; compatible; ClaudeBot/1.0; +claudebot@anthropic.com)"
216.73.216.107 - - [31/Oct/2025:00:20:11 +0000] "GET /?fileloc=%2F%2Fbin%2Fx86_64-linux-gnu-size&path=%2F%2Fbin HTTP/2.0" 200 12303 "-" "Mozilla/5.0 AppleWebKit/537.36 (KHTML, like Gecko; compatible; ClaudeBot/1.0; +claudebot@anthropic.com)"
216.73.216.107 - - [31/Oct/2025:00:20:11 +0000] "GET /?fileloc=%2F%2Fsbin%2Fapparmor_parser&path=%2F%2Fsbin HTTP/2.0" 200 648514 "-" "Mozilla/5.0 AppleWebKit/537.36 (KHTML, like Gecko; compatible; ClaudeBot/1.0; +claudebot@anthropic.com)"
216.73.216.107 - - [31/Oct/2025:00:20:11 +0000] "GET /?fileloc=%2F%2Fbin%2Fx86_64-linux-gnu-gcc-13&path=%2F%2Fbin HTTP/2.0" 200 397417 "-" "Mozilla/5.0 AppleWebKit/537.36 (KHTML, like Gecko; compatible; ClaudeBot/1.0; +claudebot@anthropic.com)"
216.73.216.107 - - [31/Oct/2025:00:20:11 +0000] "GET /?fileloc=%2F%2Fsbin%2Fpam_namespace_helper&path=%2F%2Fsbin HTTP/2.0" 200 3252 "-" "Mozilla/5.0 AppleWebKit/537.36 (KHTML, like Gecko; compatible; ClaudeBot/1.0; +claudebot@anthropic.com)"
216.73.216.107 - - [31/Oct/2025:00:20:12 +0000] "GET /?fileloc=%2F%2Fsbin%2Frpcbind&path=%2F%2Fsbin HTTP/2.0" 200 28914 "-" "Mozilla/5.0 AppleWebKit/537.36 (KHTML, like Gecko; compatible; ClaudeBot/1.0; +claudebot@anthropic.com)"
216.73.216.107 - - [31/Oct/2025:00:20:13 +0000] "GET /?fileloc=%2Fvar%2Fbackups%2Fdpkg.diversions.0&path=%2Fvar%2Fbackups HTTP/2.0" 200 3270 "-" "Mozilla/5.0 AppleWebKit/537.36 (KHTML, like Gecko; compatible; ClaudeBot/1.0; +claudebot@anthropic.com)"
216.73.216.107 - - [31/Oct/2025:00:20:14 +0000] "GET /?path=%2Fvar%2Frun%2Fmysqld HTTP/2.0" 200 3403 "-" "Mozilla/5.0 AppleWebKit/537.36 (KHTML, like Gecko; compatible; ClaudeBot/1.0; +claudebot@anthropic.com)"
216.73.216.107 - - [31/Oct/2025:00:20:14 +0000] "GET /?fileloc=%2F%2Fsbin%2Fip6tables-restore-translate&path=%2F%2Fsbin HTTP/2.0" 200 100143 "-" "Mozilla/5.0 AppleWebKit/537.36 (KHTML, like Gecko; compatible; ClaudeBot/1.0; +claudebot@anthropic.com)"
216.73.216.107 - - [31/Oct/2025:00:20:15 +0000] "GET /?fileloc=%2F%2Fbin%2Fx86_64-linux-gnu-gcc-ar&path=%2F%2Fbin HTTP/2.0" 200 11943 "-" "Mozilla/5.0 AppleWebKit/537.36 (KHTML, like Gecko; compatible; ClaudeBot/1.0; +claudebot@anthropic.com)"
216.73.216.107 - - [31/Oct/2025:00:20:15 +0000] "GET /?path=%2Fvar%2Fcache%2Fapp-info HTTP/2.0" 200 3319 "-" "Mozilla/5.0 AppleWebKit/537.36 (KHTML, like Gecko; compatible; ClaudeBot/1.0; +claudebot@anthropic.com)"
216.73.216.107 - - [31/Oct/2025:00:20:15 +0000] "GET /?fileloc=%2F%2Fsbin%2Fremove-shell&path=%2F%2Fsbin HTTP/2.0" 200 3561 "-" "Mozilla/5.0 AppleWebKit/537.36 (KHTML, like Gecko; compatible; ClaudeBot/1.0; +claudebot@anthropic.com)"
216.73.216.107 - - [31/Oct/2025:00:20:15 +0000] "GET /?fileloc=%2F%2Fsbin%2Fdmidecode&path=%2F%2Fsbin HTTP/2.0" 200 55190 "-" "Mozilla/5.0 AppleWebKit/537.36 (KHTML, like Gecko; compatible; ClaudeBot/1.0; +claudebot@anthropic.com)"
216.73.216.107 - - [31/Oct/2025:00:20:16 +0000] "GET /?fileloc=%2Fvar%2Fbackups%2Fdpkg.statoverride.0&path=%2Fvar%2Fbackups HTTP/2.0" 200 3095 "-" "Mozilla/5.0 AppleWebKit/537.36 (KHTML, like Gecko; compatible; ClaudeBot/1.0; +claudebot@anthropic.com)"
216.73.216.107 - - [31/Oct/2025:00:20:17 +0000] "GET /?fileloc=%2F%2Fsbin%2Frubycalls-bpfcc&path=%2F%2Fsbin HTTP/2.0" 200 2987 "-" "Mozilla/5.0 AppleWebKit/537.36 (KHTML, like Gecko; compatible; ClaudeBot/1.0; +claudebot@anthropic.com)"
216.73.216.107 - - [31/Oct/2025:00:20:17 +0000] "GET /?path=%2F%2Fdev%2Fblock HTTP/2.0" 200 3019 "-" "Mozilla/5.0 AppleWebKit/537.36 (KHTML, like Gecko; compatible; ClaudeBot/1.0; +claudebot@anthropic.com)"
216.73.216.107 - - [31/Oct/2025:00:20:17 +0000] "GET /?path=%2F%2Flib%2Fmecab HTTP/2.0" 200 3520 "-" "Mozilla/5.0 AppleWebKit/537.36 (KHTML, like Gecko; compatible; ClaudeBot/1.0; +claudebot@anthropic.com)"
216.73.216.107 - - [31/Oct/2025:00:20:20 +0000] "GET /?fileloc=%2F%2Fsbin%2Fblkdeactivate&path=%2F%2Fsbin HTTP/2.0" 200 8980 "-" "Mozilla/5.0 AppleWebKit/537.36 (KHTML, like Gecko; compatible; ClaudeBot/1.0; +claudebot@anthropic.com)"
216.73.216.107 - - [31/Oct/2025:00:20:20 +0000] "GET /?path=%2F%2Fvar%2Flib HTTP/2.0" 200 6000 "-" "Mozilla/5.0 AppleWebKit/537.36 (KHTML, like Gecko; compatible; ClaudeBot/1.0; +claudebot@anthropic.com)"
216.73.216.107 - - [31/Oct/2025:00:20:20 +0000] "GET /?fileloc=%2F%2Fbin%2Fx86_64-linux-gnu-objcopy&path=%2F%2Fbin HTTP/2.0" 200 82030 "-" "Mozilla/5.0 AppleWebKit/537.36 (KHTML, like Gecko; compatible; ClaudeBot/1.0; +claudebot@anthropic.com)"
216.73.216.107 - - [31/Oct/2025:00:20:20 +0000] "GET /?fileloc=%2F%2Fbin%2Fphp.default&path=%2F%2Fbin HTTP/2.0" 200 2350990 "-" "Mozilla/5.0 AppleWebKit/537.36 (KHTML, like Gecko; compatible; ClaudeBot/1.0; +claudebot@anthropic.com)"
216.73.216.107 - - [31/Oct/2025:00:20:23 +0000] "GET /?fileloc=%2Fvar%2Flog%2Flastlog&path=%2Fvar%2Flog HTTP/2.0" 200 4615 "-" "Mozilla/5.0 AppleWebKit/537.36 (KHTML, like Gecko; compatible; ClaudeBot/1.0; +claudebot@anthropic.com)"
109.122.240.16 - - [31/Oct/2025:00:20:24 +0000] "POST /wp-cron.php?doing_wp_cron=1761870023.8426420688629150390625 HTTP/1.1" 200 31 "-" "WordPress/6.8.3; https://chaharrah.tv"
216.73.216.107 - - [31/Oct/2025:00:20:24 +0000] "GET /?fileloc=%2F%2Fsbin%2Frpcdebug&path=%2F%2Fsbin HTTP/2.0" 200 8558 "-" "Mozilla/5.0 AppleWebKit/537.36 (KHTML, like Gecko; compatible; ClaudeBot/1.0; +claudebot@anthropic.com)"
216.73.216.107 - - [31/Oct/2025:00:20:24 +0000] "GET /?path=%2F%2Fdev%2Fmapper HTTP/2.0" 200 3021 "-" "Mozilla/5.0 AppleWebKit/537.36 (KHTML, like Gecko; compatible; ClaudeBot/1.0; +claudebot@anthropic.com)"
189.7.126.227 - - [31/Oct/2025:00:20:24 +0000] "GET /tag/%D8%AA%D8%A7%D8%B1%DB%8C%D8%AE-%D8%A7%D8%B3%D9%84%D8%A7%D9%85/ HTTP/1.1" 200 12518 "-" "Mozilla/5.0 (Macintosh; Intel Mac OS X 10_7_3) AppleWebKit/537.36 (KHTML, like Gecko, Mediapartners-Google) Chrome/87.0.4280.90 Safari/537.36"
216.73.216.107 - - [31/Oct/2025:00:20:24 +0000] "GET /?path=%2F%2Fetc%2FModemManager HTTP/2.0" 200 3384 "-" "Mozilla/5.0 AppleWebKit/537.36 (KHTML, like Gecko; compatible; ClaudeBot/1.0; +claudebot@anthropic.com)"
216.73.216.107 - - [31/Oct/2025:00:20:24 +0000] "GET /?path=%2Fvar%2Fcache%2Ffwupd HTTP/2.0" 200 3513 "-" "Mozilla/5.0 AppleWebKit/537.36 (KHTML, like Gecko; compatible; ClaudeBot/1.0; +claudebot@anthropic.com)"
216.73.216.107 - - [31/Oct/2025:00:20:24 +0000] "GET /?path=%2F%2Fetc%2Ftmpfiles.d HTTP/2.0" 200 3338 "-" "Mozilla/5.0 AppleWebKit/537.36 (KHTML, like Gecko; compatible; ClaudeBot/1.0; +claudebot@anthropic.com)"
216.73.216.107 - - [31/Oct/2025:00:20:25 +0000] "GET /?path=%2F%2Flib%2Finitcpio HTTP/2.0" 200 3313 "-" "Mozilla/5.0 AppleWebKit/537.36 (KHTML, like Gecko; compatible; ClaudeBot/1.0; +claudebot@anthropic.com)"
216.73.216.107 - - [31/Oct/2025:00:20:25 +0000] "GET /?path=%2F%2Flib%2Flsb HTTP/2.0" 200 3436 "-" "Mozilla/5.0 AppleWebKit/537.36 (KHTML, like Gecko; compatible; ClaudeBot/1.0; +claudebot@anthropic.com)"
66.249.75.68 - - [31/Oct/2025:00:20:25 +0000] "GET /?fileloc=/var/dev/math/ui/node_modules/finalhandler/node_modules/debug/.coveralls.yml&path=/var/dev/math/ui/node_modules/finalhandler/node_modules/debug HTTP/1.1" 200 3103 "-" "Mozilla/5.0 (Linux; Android 6.0.1; Nexus 5X Build/MMB29P) AppleWebKit/537.36 (KHTML, like Gecko) Chrome/141.0.7390.122 Mobile Safari/537.36 (compatible; GoogleOther)"
216.73.216.107 - - [31/Oct/2025:00:20:25 +0000] "GET /?path=%2Fvar%2Frun%2Fsystemd HTTP/2.0" 200 4457 "-" "Mozilla/5.0 AppleWebKit/537.36 (KHTML, like Gecko; compatible; ClaudeBot/1.0; +claudebot@anthropic.com)"
216.73.216.107 - - [31/Oct/2025:00:20:25 +0000] "GET /?path=%2Fvar%2Frun%2Fmemcached HTTP/2.0" 200 3341 "-" "Mozilla/5.0 AppleWebKit/537.36 (KHTML, like Gecko; compatible; ClaudeBot/1.0; +claudebot@anthropic.com)"
103.216.221.55 - - [31/Oct/2025:00:20:26 +0000] "GET /wp-login.php HTTP/1.1" 200 2918 "-" "Mozilla/5.0 (X11; Ubuntu; Linux x86_64; rv:85.0) Gecko/20100101 Firefox/91.0"
216.73.216.107 - - [31/Oct/2025:00:20:26 +0000] "GET /?path=%2F%2Ftmp%2Fsystemd-private-20fc62bb7580422da801483f4f50cbb7-redis-server.service-UAHJko HTTP/2.0" 200 3074 "-" "Mozilla/5.0 AppleWebKit/537.36 (KHTML, like Gecko; compatible; ClaudeBot/1.0; +claudebot@anthropic.com)"
216.73.216.107 - - [31/Oct/2025:00:20:26 +0000] "GET /?path=%2F%2Flib%2Fubuntu-release-upgrader HTTP/2.0" 200 3476 "-" "Mozilla/5.0 AppleWebKit/537.36 (KHTML, like Gecko; compatible; ClaudeBot/1.0; +claudebot@anthropic.com)"
216.73.216.107 - - [31/Oct/2025:00:20:26 +0000] "GET /?path=%2F%2Flib%2Fapt HTTP/2.0" 200 3577 "-" "Mozilla/5.0 AppleWebKit/537.36 (KHTML, like Gecko; compatible; ClaudeBot/1.0; +claudebot@anthropic.com)"
