File: /var/log/nginx/access.log
109.122.240.16 - - [31/Oct/2025:00:00:09 +0000] "POST /wp-cron.php?doing_wp_cron=1761868809.3664219379425048828125 HTTP/1.1" 200 31 "-" "WordPress/6.8.3; https://chaharrah.tv"
17.22.237.88 - - [31/Oct/2025:00:00:09 +0000] "GET /modal/modalatlas/ HTTP/1.1" 404 11390 "-" "Mozilla/5.0 (Macintosh; Intel Mac OS X 10_15_7) AppleWebKit/605.1.15 (KHTML, like Gecko) Version/17.4 Safari/605.1.15 (Applebot/0.1; +http://www.apple.com/go/applebot)"
216.126.227.4 - - [31/Oct/2025:00:00:15 +0000] "GET /wp-content/IXR/index.php HTTP/1.1" 301 5 "-" "Mozlila/5.0 (Linux; Android 7.0; SM-G892A Bulid/NRD90M; wv) AppleWebKit/537.36 (KHTML, like Gecko) Version/4.0 Chrome/60.0.3112.107 Moblie Safari/537.36"
216.126.227.4 - - [31/Oct/2025:00:00:16 +0000] "GET /wp-content/IXR/ HTTP/1.1" 404 11390 "-" "Mozlila/5.0 (Linux; Android 7.0; SM-G892A Bulid/NRD90M; wv) AppleWebKit/537.36 (KHTML, like Gecko) Version/4.0 Chrome/60.0.3112.107 Moblie Safari/537.36"
216.126.227.4 - - [31/Oct/2025:00:00:23 +0000] "GET /wp-content/plugins/about.php HTTP/1.1" 301 178 "-" "Mozlila/5.0 (Linux; Android 7.0; SM-G892A Bulid/NRD90M; wv) AppleWebKit/537.36 (KHTML, like Gecko) Version/4.0 Chrome/60.0.3112.107 Moblie Safari/537.36"
109.122.240.16 - - [31/Oct/2025:00:00:29 +0000] "POST /wp-cron.php?doing_wp_cron=1761868829.6963579654693603515625 HTTP/1.1" 200 31 "-" "WordPress/6.8.3; https://chaharrah.tv"
216.126.227.4 - - [31/Oct/2025:00:00:30 +0000] "GET /wp-content/plugins/about.php HTTP/1.1" 404 11792 "-" "Mozlila/5.0 (Linux; Android 7.0; SM-G892A Bulid/NRD90M; wv) AppleWebKit/537.36 (KHTML, like Gecko) Version/4.0 Chrome/60.0.3112.107 Moblie Safari/537.36"
91.151.95.70 - - [31/Oct/2025:00:00:35 +0000] "POST /xmlrpc.php HTTP/2.0" 200 426 "https://meysamkiani.com" "Mozilla/5.0 (Macintosh; Intel Mac OS X 10_15_7) AppleWebKit/537.36 (KHTML, like Gecko) Chrome/116.0.5845.96 Safari/537.36"
109.122.240.16 - - [31/Oct/2025:00:00:36 +0000] "POST /wp-cron.php?doing_wp_cron=1761868836.2126069068908691406250 HTTP/1.1" 200 31 "-" "WordPress/6.8.3; https://chaharrah.tv"
216.126.227.4 - - [31/Oct/2025:00:00:36 +0000] "GET /wp-content/plugins/about.php HTTP/1.1" 404 11792 "-" "Mozlila/5.0 (Linux; Android 7.0; SM-G892A Bulid/NRD90M; wv) AppleWebKit/537.36 (KHTML, like Gecko) Version/4.0 Chrome/60.0.3112.107 Moblie Safari/537.36"
83.219.243.78 - - [31/Oct/2025:00:00:38 +0000] "\x04\x01\x00\x19\xCB*(\x8A\x00" 400 166 "-" "-"
83.219.243.78 - - [31/Oct/2025:00:00:38 +0000] "CONNECT 203.42.40.138:25 HTTP/1.0" 400 166 "-" "-"
83.219.243.78 - - [31/Oct/2025:00:00:38 +0000] "\x05\x01\x00" 400 166 "-" "-"
66.249.75.69 - - [31/Oct/2025:00:00:38 +0000] "GET /?path=/var/dev/irantv2.com/rest/.git/logs HTTP/1.1" 200 3496 "-" "Mozilla/5.0 (Linux; Android 6.0.1; Nexus 5X Build/MMB29P) AppleWebKit/537.36 (KHTML, like Gecko) Chrome/141.0.7390.122 Mobile Safari/537.36 (compatible; Googlebot/2.1; +http://www.google.com/bot.html)"
216.126.227.4 - - [31/Oct/2025:00:00:41 +0000] "GET /geju.php HTTP/1.1" 301 178 "-" "Mozlila/5.0 (Linux; Android 7.0; SM-G892A Bulid/NRD90M; wv) AppleWebKit/537.36 (KHTML, like Gecko) Version/4.0 Chrome/60.0.3112.107 Moblie Safari/537.36"
66.249.75.67 - - [31/Oct/2025:00:00:45 +0000] "GET /?fileloc=/var/dev/math/ui/node_modules/finalhandler/node_modules/on-finished/README.md&path=/var/dev/math/ui/node_modules/finalhandler/node_modules/on-finished HTTP/1.1" 200 4945 "-" "Mozilla/5.0 (Linux; Android 6.0.1; Nexus 5X Build/MMB29P) AppleWebKit/537.36 (KHTML, like Gecko) Chrome/141.0.7390.122 Mobile Safari/537.36 (compatible; GoogleOther)"
216.126.227.4 - - [31/Oct/2025:00:00:50 +0000] "GET /geju.php HTTP/1.1" 404 11390 "-" "Mozlila/5.0 (Linux; Android 7.0; SM-G892A Bulid/NRD90M; wv) AppleWebKit/537.36 (KHTML, like Gecko) Version/4.0 Chrome/60.0.3112.107 Moblie Safari/537.36"
216.126.227.4 - - [31/Oct/2025:00:00:53 +0000] "GET /geju.php HTTP/1.1" 404 11390 "-" "Mozlila/5.0 (Linux; Android 7.0; SM-G892A Bulid/NRD90M; wv) AppleWebKit/537.36 (KHTML, like Gecko) Version/4.0 Chrome/60.0.3112.107 Moblie Safari/537.36"
216.126.227.4 - - [31/Oct/2025:00:00:53 +0000] "GET /wp.php HTTP/1.1" 301 178 "-" "Mozlila/5.0 (Linux; Android 7.0; SM-G892A Bulid/NRD90M; wv) AppleWebKit/537.36 (KHTML, like Gecko) Version/4.0 Chrome/60.0.3112.107 Moblie Safari/537.36"
216.126.227.4 - - [31/Oct/2025:00:00:55 +0000] "GET /wp.php HTTP/1.1" 404 11390 "-" "Mozlila/5.0 (Linux; Android 7.0; SM-G892A Bulid/NRD90M; wv) AppleWebKit/537.36 (KHTML, like Gecko) Version/4.0 Chrome/60.0.3112.107 Moblie Safari/537.36"
216.126.227.4 - - [31/Oct/2025:00:00:57 +0000] "GET /wp.php HTTP/1.1" 404 11390 "-" "Mozlila/5.0 (Linux; Android 7.0; SM-G892A Bulid/NRD90M; wv) AppleWebKit/537.36 (KHTML, like Gecko) Version/4.0 Chrome/60.0.3112.107 Moblie Safari/537.36"
43.173.177.38 - - [31/Oct/2025:00:00:59 +0000] "GET /lecturer/zahra-mosadegh-akrami/ HTTP/1.1" 200 8114 "-" "Mozilla/5.0 (Windows NT 6.1; Win64; x64) AppleWebKit/537.36 (KHTML, like Gecko) Chrome/126.0.6478.114 Safari/537.36"
43.173.179.102 - - [31/Oct/2025:00:01:02 +0000] "GET /tag/%D8%AE%D8%B1%D8%A7%D8%B3%D8%A7%D9%86/ HTTP/1.1" 200 11803 "-" "Mozilla/5.0 (Windows NT 6.1; Win64; x64) AppleWebKit/537.36 (KHTML, like Gecko) Chrome/126.0.6478.114 Safari/537.36"
216.73.216.107 - - [31/Oct/2025:00:01:12 +0000] "GET /?fileloc=%2Fvar%2Fwww%2Fqayyoomi.com%2Froot%2Fwp-admin%2Fjs%2Feditor.min.js&path=%2Fvar%2Fwww%2Fqayyoomi.com%2Froot%2Fwp-admin%2Fjs HTTP/2.0" 200 8696 "-" "Mozilla/5.0 AppleWebKit/537.36 (KHTML, like Gecko; compatible; ClaudeBot/1.0; +claudebot@anthropic.com)"
216.73.216.107 - - [31/Oct/2025:00:01:12 +0000] "GET /?fileloc=%2Fvar%2Fwww%2Fqayyoomi.com%2Froot%2Fwp-admin%2Fjs%2Fedit-comments.min.js&path=%2Fvar%2Fwww%2Fqayyoomi.com%2Froot%2Fwp-admin%2Fjs HTTP/2.0" 200 9499 "-" "Mozilla/5.0 AppleWebKit/537.36 (KHTML, like Gecko; compatible; ClaudeBot/1.0; +claudebot@anthropic.com)"
216.73.216.107 - - [31/Oct/2025:00:01:12 +0000] "GET /?fileloc=%2Fvar%2Fwww%2Fqayyoomi.com%2Froot%2Fwp-admin%2Fjs%2Fwidgets.min.js&path=%2Fvar%2Fwww%2Fqayyoomi.com%2Froot%2Fwp-admin%2Fjs HTTP/2.0" 200 7682 "-" "Mozilla/5.0 AppleWebKit/537.36 (KHTML, like Gecko; compatible; ClaudeBot/1.0; +claudebot@anthropic.com)"
216.73.216.107 - - [31/Oct/2025:00:01:13 +0000] "GET /?path=%2F%2Flib%2Fpython3.12 HTTP/2.0" 200 11847 "-" "Mozilla/5.0 AppleWebKit/537.36 (KHTML, like Gecko; compatible; ClaudeBot/1.0; +claudebot@anthropic.com)"
216.73.216.107 - - [31/Oct/2025:00:01:13 +0000] "GET /?fileloc=%2Fvar%2Fwww%2Fqayyoomi.com%2Froot%2Fwp-admin%2Fjs%2Faccordion.js&path=%2Fvar%2Fwww%2Fqayyoomi.com%2Froot%2Fwp-admin%2Fjs HTTP/2.0" 200 4187 "-" "Mozilla/5.0 AppleWebKit/537.36 (KHTML, like Gecko; compatible; ClaudeBot/1.0; +claudebot@anthropic.com)"
216.73.216.107 - - [31/Oct/2025:00:01:14 +0000] "GET /?fileloc=%2Fvar%2Fwww%2Fqayyoomi.com%2Froot%2Fwp-admin%2Fjs%2Fuser-profile.js&path=%2Fvar%2Fwww%2Fqayyoomi.com%2Froot%2Fwp-admin%2Fjs HTTP/2.0" 200 8891 "-" "Mozilla/5.0 AppleWebKit/537.36 (KHTML, like Gecko; compatible; ClaudeBot/1.0; +claudebot@anthropic.com)"
216.73.216.107 - - [31/Oct/2025:00:01:14 +0000] "GET /?fileloc=%2Fvar%2Fwww%2Fqayyoomi.com%2Froot%2Fwp-admin%2Fjs%2Fimage-edit.min.js&path=%2Fvar%2Fwww%2Fqayyoomi.com%2Froot%2Fwp-admin%2Fjs HTTP/2.0" 200 8972 "-" "Mozilla/5.0 AppleWebKit/537.36 (KHTML, like Gecko; compatible; ClaudeBot/1.0; +claudebot@anthropic.com)"
109.122.240.16 - - [31/Oct/2025:00:01:15 +0000] "POST /wp-cron.php?doing_wp_cron=1761868875.5374300479888916015625 HTTP/1.1" 200 31 "-" "WordPress/6.8.3; https://chaharrah.tv"
43.173.182.170 - - [31/Oct/2025:00:01:15 +0000] "GET /organizer/ihcss/ HTTP/1.1" 200 8562 "-" "Mozilla/5.0 (Windows NT 6.1; Win64; x64) AppleWebKit/537.36 (KHTML, like Gecko) Chrome/126.0.6478.114 Safari/537.36"
18.214.186.220 - - [31/Oct/2025:00:01:15 +0000] "GET /nastaran-mousavi-%DB%B1%D9%A3%DB%B9%D9%A3-%DB%B0%DB%B5-%DB%B2%DB%B9/ HTTP/1.1" 301 178 "-" "Mozilla/5.0 AppleWebKit/537.36 (KHTML, like Gecko; compatible; Amazonbot/0.1; +https://developer.amazon.com/support/amazonbot) Chrome/119.0.6045.214 Safari/537.36"
109.122.240.16 - - [31/Oct/2025:00:01:20 +0000] "POST /wp-cron.php?doing_wp_cron=1761868880.6642630100250244140625 HTTP/1.1" 200 31 "-" "WordPress/6.8.3; https://chaharrah.tv"
43.173.177.254 - - [31/Oct/2025:00:01:21 +0000] "GET /tag/%D8%AD%D8%B1%DB%8C%D9%85-%D9%85%D9%86%D8%B8%D8%B1/ HTTP/1.1" 200 12731 "-" "Mozilla/5.0 (Windows NT 10.0; Win64; x64) AppleWebKit/537.36 (KHTML, like Gecko) Chrome/106.0.5249.119 Safari/537.36"
43.173.176.8 - - [31/Oct/2025:00:01:22 +0000] "GET /tag/%D9%85%DB%8C%D8%B1%D8%A7%D8%AB-%D9%81%D8%B1%D9%87%D9%86%DA%AF%DB%8C-%D9%84%D8%B1%D8%B3%D8%AA%D8%A7%D9%86/ HTTP/1.1" 200 12582 "-" "Mozilla/5.0 (Windows NT 10.0; Win64; x64) AppleWebKit/537.36 (KHTML, like Gecko) Chrome/117.0.0.0 Safari/537.36"
43.173.179.56 - - [31/Oct/2025:00:01:23 +0000] "GET /fesad-shahri-yazdani-1395-07-26/ HTTP/1.1" 200 11494 "-" "Mozilla/5.0 (Windows NT 6.1; Win64; x64) AppleWebKit/537.36 (KHTML, like Gecko) Chrome/126.0.6478.114 Safari/537.36"
66.249.75.68 - - [31/Oct/2025:00:01:28 +0000] "GET /?fileloc=/var/dev/nowruzgan/rest/.eslintignore&path=/var/dev/nowruzgan/rest HTTP/1.1" 200 2983 "-" "Mozilla/5.0 (Linux; Android 6.0.1; Nexus 5X Build/MMB29P) AppleWebKit/537.36 (KHTML, like Gecko) Chrome/141.0.7390.122 Mobile Safari/537.36 (compatible; Googlebot/2.1; +http://www.google.com/bot.html)"
207.46.13.9 - - [31/Oct/2025:00:01:30 +0000] "GET /travelogue/text/s4-t155-t-n2017 HTTP/2.0" 200 4755 "-" "Mozilla/5.0 AppleWebKit/537.36 (KHTML, like Gecko; compatible; bingbot/2.0; +http://www.bing.com/bingbot.htm) Chrome/116.0.1938.76 Safari/537.36"
109.122.240.16 - - [31/Oct/2025:00:01:30 +0000] "POST /wp-cron.php?doing_wp_cron=1761868890.6906509399414062500000 HTTP/1.1" 200 31 "-" "WordPress/6.8.3; https://chaharrah.tv"
43.173.175.177 - - [31/Oct/2025:00:01:31 +0000] "GET /tag/%DB%8C%DA%A9%D8%AC%D8%A7%D9%86%D8%B4%DB%8C%D9%86%DB%8C/ HTTP/1.1" 200 12376 "-" "Mozilla/5.0 (Windows NT 10.0; Win64; x64) AppleWebKit/537.36 (KHTML, like Gecko) Chrome/133.0.0.0 Safari/537.36"
43.173.178.223 - - [31/Oct/2025:00:01:32 +0000] "GET /tag/%D9%85%D8%AD%D9%85%D8%AF%D8%B1%D8%B6%D8%A7-%D8%AD%D8%A7%D9%81%D8%B8-%D9%86%DB%8C%D8%A7/ HTTP/1.1" 200 11979 "-" "Mozilla/5.0 (Windows NT 6.1; Win64; x64) AppleWebKit/537.36 (KHTML, like Gecko) Chrome/126.0.6478.114 Safari/537.36"
198.244.226.136 - - [31/Oct/2025:00:01:33 +0000] "GET /tag/%D9%85%DB%8C%D8%AF%D8%A7%D9%86-%D9%87%D9%86%D8%B1-%D8%AA%D8%AC%D8%B3%D9%85%DB%8C/feed/ HTTP/2.0" 200 15816 "-" "Mozilla/5.0 (compatible; AhrefsBot/7.0; +http://ahrefs.com/robot/)"
43.173.178.129 - - [31/Oct/2025:00:01:36 +0000] "GET /organizer/bagheketab/ HTTP/1.1" 200 8349 "-" "Mozilla/5.0 (Windows NT 6.1; Win64; x64) AppleWebKit/537.36 (KHTML, like Gecko) Chrome/126.0.6478.114 Safari/537.36"
149.57.180.139 - - [31/Oct/2025:00:01:40 +0000] "GET / HTTP/1.1" 200 9002 "-" "Mozilla/5.0 (X11; Linux i686; rv:109.0) Gecko/20100101 Firefox/120.0"
109.122.240.16 - - [31/Oct/2025:00:01:42 +0000] "GET /api/v1.0/lexicon/word/16664/rel|ref HTTP/1.1" 200 483 "-" "node"
43.173.175.234 - - [31/Oct/2025:00:01:42 +0000] "GET /events/morteza-hannane/ HTTP/1.1" 200 7255 "-" "Mozilla/5.0 (Windows NT 6.1; Win64; x64) AppleWebKit/537.36 (KHTML, like Gecko) Chrome/126.0.6478.114 Safari/537.36"
109.122.240.16 - - [31/Oct/2025:00:01:42 +0000] "GET /api/v1.0/lexicon/word-ref?limit=0&word=16664&sort=title%20asc HTTP/1.1" 200 437 "-" "node"
109.122.240.16 - - [31/Oct/2025:00:01:42 +0000] "GET /api/v1.0/lexicon/word/?sortable=stucco&lang=en HTTP/1.1" 200 485 "-" "node"
66.249.75.68 - - [31/Oct/2025:00:01:42 +0000] "GET /?fileloc=//bin/wbmptopbm&path=//bin HTTP/1.1" 200 5929 "-" "Mozilla/5.0 (Linux; Android 6.0.1; Nexus 5X Build/MMB29P) AppleWebKit/537.36 (KHTML, like Gecko) Chrome/141.0.7390.122 Mobile Safari/537.36 (compatible; GoogleOther)"
109.122.240.16 - - [31/Oct/2025:00:01:42 +0000] "GET /api/v1.0/lexicon/word/9016/rel|ref HTTP/1.1" 200 494 "-" "node"
109.122.240.16 - - [31/Oct/2025:00:01:42 +0000] "GET /api/v1.0/lexicon/word-ref?limit=0&word=9016&sort=title%20asc HTTP/1.1" 200 470 "-" "node"
109.122.240.16 - - [31/Oct/2025:00:01:42 +0000] "GET /api/v1.0/lexicon/word/19455/rel|ref HTTP/1.1" 200 769 "-" "node"
109.122.240.16 - - [31/Oct/2025:00:01:42 +0000] "GET /api/v1.0/lexicon/word-ref?limit=0&word=19455&sort=title%20asc HTTP/1.1" 200 288 "-" "node"
176.31.139.0 - - [31/Oct/2025:00:01:44 +0000] "GET /lexicon/word/16664 HTTP/2.0" 200 37001 "-" "Mozilla/5.0 (compatible; AhrefsBot/7.0; +http://ahrefs.com/robot/)"
43.173.175.109 - - [31/Oct/2025:00:01:47 +0000] "GET /tag/%D8%AD%D9%85%DB%8C%D8%AF%D8%B1%D8%B6%D8%A7-%D8%AD%D8%B3%DB%8C%D9%86%DB%8C/ HTTP/1.1" 200 13125 "-" "Mozilla/5.0 (Windows NT 10.0; Win64; x64) AppleWebKit/537.36 (KHTML, like Gecko) Chrome/117.0.0.0 Safari/537.36"
43.173.181.149 - - [31/Oct/2025:00:01:49 +0000] "GET /tag/%D8%B3%D8%A7%D8%B2%D8%B3%D8%A7%D8%B2%DB%8C/ HTTP/1.1" 200 11494 "-" "Mozilla/5.0 (Windows NT 6.1; Win64; x64) AppleWebKit/537.36 (KHTML, like Gecko) Chrome/126.0.6478.114 Safari/537.36"
43.173.173.114 - - [31/Oct/2025:00:01:52 +0000] "GET /tag/%D8%A2%D9%BE%D8%A7%D8%AF%D8%A7%D9%86%D8%A7%DB%8C-%D8%AA%D8%AE%D8%AA-%D8%AC%D9%85%D8%B4%DB%8C%D8%AF/ HTTP/1.1" 200 12434 "-" "Mozilla/5.0 (Windows NT 6.1; Win64; x64) AppleWebKit/537.36 (KHTML, like Gecko) Chrome/126.0.6478.114 Safari/537.36"
43.173.182.116 - - [31/Oct/2025:00:02:00 +0000] "GET /events/21/ HTTP/1.1" 200 7242 "-" "Mozilla/5.0 (Windows NT 6.1; Win64; x64) AppleWebKit/537.36 (KHTML, like Gecko) Chrome/126.0.6478.114 Safari/537.36"
94.23.188.192 - - [31/Oct/2025:00:02:04 +0000] "GET /category/uncategorized/page/20/?fileloc=//proc/231/patch_state&path=//proc/231 HTTP/2.0" 200 2952 "-" "Mozilla/5.0 (compatible; AhrefsBot/7.0; +http://ahrefs.com/robot/)"
109.122.240.16 - - [31/Oct/2025:00:02:07 +0000] "POST /wp-cron.php?doing_wp_cron=1761868927.5764780044555664062500 HTTP/1.1" 200 31 "-" "WordPress/6.8.3; https://chaharrah.tv"
43.173.180.42 - - [31/Oct/2025:00:02:08 +0000] "GET /tag/%D9%85%D9%87%D8%AF%DB%8C-%D8%AD%D8%AC%D8%AA/ HTTP/1.1" 200 11518 "-" "Mozilla/5.0 (Windows NT 6.1; Win64; x64) AppleWebKit/537.36 (KHTML, like Gecko) Chrome/126.0.6478.114 Safari/537.36"
66.249.75.69 - - [31/Oct/2025:00:02:17 +0000] "GET /?path=/var/dev/nowruzgan/rest/api HTTP/1.1" 200 3500 "-" "Mozilla/5.0 (Linux; Android 6.0.1; Nexus 5X Build/MMB29P) AppleWebKit/537.36 (KHTML, like Gecko) Chrome/141.0.7390.122 Mobile Safari/537.36 (compatible; Googlebot/2.1; +http://www.google.com/bot.html)"
185.191.171.12 - - [31/Oct/2025:00:02:18 +0000] "GET /tag/%D9%81%D8%B1%D9%87%D9%86%DA%AF-%D9%81%D8%A7%D8%B1%D8%B3%DB%8C-%D8%B9%D8%A7%D9%85%DB%8C%D8%A7%D9%86%D9%87/ HTTP/1.1" 200 12344 "-" "Mozilla/5.0 (compatible; SemrushBot/7~bl; +http://www.semrush.com/bot.html)"
99.104.239.6 - - [31/Oct/2025:00:02:19 +0000] "GET /travelogue/map/all HTTP/2.0" 200 4755 "https://nowruzgan.com/travelogue/" "Mozilla/5.0 (Windows NT 10.0; Win64; x64; rv:144.0) Gecko/20100101 Firefox/144.0"
52.167.144.222 - - [31/Oct/2025:00:02:20 +0000] "GET /travelogue/text/s4-t242-t-n2092 HTTP/2.0" 200 4755 "-" "Mozilla/5.0 AppleWebKit/537.36 (KHTML, like Gecko; compatible; bingbot/2.0; +http://www.bing.com/bingbot.htm) Chrome/116.0.1938.76 Safari/537.36"
109.122.240.16 - - [31/Oct/2025:00:02:23 +0000] "POST /wp-cron.php?doing_wp_cron=1761868942.8199470043182373046875 HTTP/1.1" 200 31 "-" "WordPress/6.8.3; https://chaharrah.tv"
43.173.182.13 - - [31/Oct/2025:00:02:23 +0000] "GET /ali-amini-1392-12-15/?replytocom=17768 HTTP/1.1" 200 12906 "-" "Mozilla/5.0 (Windows NT 6.1; Win64; x64) AppleWebKit/537.36 (KHTML, like Gecko) Chrome/126.0.6478.114 Safari/537.36"
66.249.75.68 - - [31/Oct/2025:00:02:25 +0000] "GET /?fileloc=/var/dev/math/ui/node_modules/log4js/lib/levels.js&path=/var/dev/math/ui/node_modules/log4js/lib HTTP/1.1" 200 4491 "-" "Mozilla/5.0 (Linux; Android 6.0.1; Nexus 5X Build/MMB29P) AppleWebKit/537.36 (KHTML, like Gecko) Chrome/141.0.7390.122 Mobile Safari/537.36 (compatible; GoogleOther)"
85.208.96.198 - - [31/Oct/2025:00:02:26 +0000] "GET /prediscouragement/matriculator881138.html HTTP/1.1" 404 8048 "-" "Mozilla/5.0 (compatible; SemrushBot/7~bl; +http://www.semrush.com/bot.html)"
99.104.239.6 - - [31/Oct/2025:00:02:26 +0000] "GET /travelogue/styles-SMNQXF67.css HTTP/2.0" 200 238377 "https://nowruzgan.com/travelogue/map/all" "Mozilla/5.0 (Windows NT 10.0; Win64; x64; rv:144.0) Gecko/20100101 Firefox/144.0"
109.122.240.16 - - [31/Oct/2025:00:02:28 +0000] "POST /wp-cron.php?doing_wp_cron=1761868948.1712689399719238281250 HTTP/1.1" 200 31 "-" "WordPress/6.8.3; https://chaharrah.tv"
43.173.175.36 - - [31/Oct/2025:00:02:28 +0000] "GET /khodadad-rezakhani-01-1395-06-01/ HTTP/1.1" 200 12650 "-" "Mozilla/5.0 (Windows NT 6.1; Win64; x64) AppleWebKit/537.36 (KHTML, like Gecko) Chrome/126.0.6478.114 Safari/537.36"
95.108.213.129 - - [31/Oct/2025:00:02:30 +0000] "GET /robots.txt HTTP/1.1" 200 118891 "-" "Mozilla/5.0 (compatible; YandexBot/3.0; +http://yandex.com/bots)"
109.122.240.16 - - [31/Oct/2025:00:02:30 +0000] "GET /api/v1.0/lexicon/word/5700/rel|ref HTTP/1.1" 200 652 "-" "node"
109.122.240.16 - - [31/Oct/2025:00:02:30 +0000] "GET /api/v1.0/lexicon/word-ref?limit=0&word=5700&sort=title%20asc HTTP/1.1" 200 617 "-" "node"
109.122.240.16 - - [31/Oct/2025:00:02:30 +0000] "GET /api/v1.0/lexicon/word/?sortable=gallery&lang=en HTTP/1.1" 200 757 "-" "node"
109.122.240.16 - - [31/Oct/2025:00:02:30 +0000] "GET /api/v1.0/lexicon/word/1287/rel|ref HTTP/1.1" 200 1536 "-" "node"
109.122.240.16 - - [31/Oct/2025:00:02:30 +0000] "GET /api/v1.0/lexicon/word-ref?limit=0&word=1287&sort=title%20asc HTTP/1.1" 200 609 "-" "node"
109.122.240.16 - - [31/Oct/2025:00:02:31 +0000] "GET /api/v1.0/lexicon/word/5695/rel|ref HTTP/1.1" 200 586 "-" "node"
109.122.240.16 - - [31/Oct/2025:00:02:31 +0000] "GET /api/v1.0/lexicon/word-ref?limit=0&word=5695&sort=title%20asc HTTP/1.1" 200 957 "-" "node"
109.122.240.16 - - [31/Oct/2025:00:02:31 +0000] "GET /api/v1.0/lexicon/word/5697/rel|ref HTTP/1.1" 200 1028 "-" "node"
109.122.240.16 - - [31/Oct/2025:00:02:31 +0000] "GET /api/v1.0/lexicon/word-ref?limit=0&word=5697&sort=title%20asc HTTP/1.1" 200 520 "-" "node"
109.122.240.16 - - [31/Oct/2025:00:02:31 +0000] "GET /api/v1.0/lexicon/word/7428/rel|ref HTTP/1.1" 200 468 "-" "node"
109.122.240.16 - - [31/Oct/2025:00:02:31 +0000] "GET /api/v1.0/lexicon/word-ref?limit=0&word=7428&sort=title%20asc HTTP/1.1" 200 620 "-" "node"
109.122.240.16 - - [31/Oct/2025:00:02:31 +0000] "GET /api/v1.0/lexicon/word/9667/rel|ref HTTP/1.1" 200 568 "-" "node"
109.122.240.16 - - [31/Oct/2025:00:02:31 +0000] "GET /api/v1.0/lexicon/word-ref?limit=0&word=9667&sort=title%20asc HTTP/1.1" 200 677 "-" "node"
109.122.240.16 - - [31/Oct/2025:00:02:31 +0000] "GET /api/v1.0/lexicon/word/12794/rel|ref HTTP/1.1" 200 470 "-" "node"
109.122.240.16 - - [31/Oct/2025:00:02:31 +0000] "GET /api/v1.0/lexicon/word-ref?limit=0&word=12794&sort=title%20asc HTTP/1.1" 200 968 "-" "node"
109.122.240.16 - - [31/Oct/2025:00:02:31 +0000] "GET /api/v1.0/lexicon/word/13286/rel|ref HTTP/1.1" 200 398 "-" "node"
109.122.240.16 - - [31/Oct/2025:00:02:31 +0000] "GET /api/v1.0/lexicon/word-ref?limit=0&word=13286&sort=title%20asc HTTP/1.1" 200 795 "-" "node"
109.122.240.16 - - [31/Oct/2025:00:02:31 +0000] "GET /api/v1.0/lexicon/word/13288/rel|ref HTTP/1.1" 200 842 "-" "node"
109.122.240.16 - - [31/Oct/2025:00:02:31 +0000] "GET /api/v1.0/lexicon/word-ref?limit=0&word=13288&sort=title%20asc HTTP/1.1" 200 312 "-" "node"
99.104.239.6 - - [31/Oct/2025:00:02:31 +0000] "GET /travelogue/favicon.ico HTTP/2.0" 200 4755 "https://nowruzgan.com/travelogue/map/all" "Mozilla/5.0 (Windows NT 10.0; Win64; x64; rv:144.0) Gecko/20100101 Firefox/144.0"
109.122.240.16 - - [31/Oct/2025:00:02:31 +0000] "POST /wp-cron.php?doing_wp_cron=1761868951.8377459049224853515625 HTTP/1.1" 200 31 "-" "WordPress/6.8.3; https://chaharrah.tv"
43.173.175.227 - - [31/Oct/2025:00:02:32 +0000] "GET /afra-bank-1392-07-14/ HTTP/1.1" 200 11173 "-" "Mozilla/5.0 (Windows NT 6.1; Win64; x64) AppleWebKit/537.36 (KHTML, like Gecko) Chrome/126.0.6478.114 Safari/537.36"
213.180.203.251 - - [31/Oct/2025:00:02:33 +0000] "GET /lexicon/word/5700 HTTP/1.1" 200 44784 "-" "Mozilla/5.0 (compatible; YandexBot/3.0; +http://yandex.com/bots)"
99.104.239.6 - - [31/Oct/2025:00:02:34 +0000] "GET /travelogue/main-4J3OTHKX.js HTTP/2.0" 200 1483215 "https://nowruzgan.com/travelogue/map/all" "Mozilla/5.0 (Windows NT 10.0; Win64; x64; rv:144.0) Gecko/20100101 Firefox/144.0"
99.104.239.6 - - [31/Oct/2025:00:02:39 +0000] "GET /travelogue/fonts/fontawsome/fa-regular-400.woff2 HTTP/2.0" 200 425684 "https://nowruzgan.com/travelogue/styles-SMNQXF67.css" "Mozilla/5.0 (Windows NT 10.0; Win64; x64; rv:144.0) Gecko/20100101 Firefox/144.0"
99.104.239.6 - - [31/Oct/2025:00:02:43 +0000] "GET /travelogue/fonts/fontawsome/fa-light-300.woff2 HTTP/2.0" 200 465352 "https://nowruzgan.com/travelogue/styles-SMNQXF67.css" "Mozilla/5.0 (Windows NT 10.0; Win64; x64; rv:144.0) Gecko/20100101 Firefox/144.0"
83.219.243.78 - - [31/Oct/2025:00:02:45 +0000] "\x04\x01\x00\x19b\x88`K\x00" 400 166 "-" "-"
83.219.243.78 - - [31/Oct/2025:00:02:45 +0000] "CONNECT 98.136.96.75:25 HTTP/1.0" 400 166 "-" "-"
83.219.243.78 - - [31/Oct/2025:00:02:45 +0000] "\x05\x01\x00" 400 166 "-" "-"
216.73.216.107 - - [31/Oct/2025:00:02:55 +0000] "GET /?fileloc=%2Fvar%2Fwww%2Fqayyoomi.com%2Froot%2Fwp-admin%2Fjs%2Fuser-suggest.js&path=%2Fvar%2Fwww%2Fqayyoomi.com%2Froot%2Fwp-admin%2Fjs HTTP/2.0" 200 4062 "-" "Mozilla/5.0 AppleWebKit/537.36 (KHTML, like Gecko; compatible; ClaudeBot/1.0; +claudebot@anthropic.com)"
216.73.216.107 - - [31/Oct/2025:00:02:55 +0000] "GET /?fileloc=%2Fvar%2Fwww%2Fqayyoomi.com%2Froot%2Fwp-admin%2Fjs%2Fpassword-strength-meter.js&path=%2Fvar%2Fwww%2Fqayyoomi.com%2Froot%2Fwp-admin%2Fjs HTTP/2.0" 200 4681 "-" "Mozilla/5.0 AppleWebKit/537.36 (KHTML, like Gecko; compatible; ClaudeBot/1.0; +claudebot@anthropic.com)"
216.73.216.107 - - [31/Oct/2025:00:02:55 +0000] "GET /?fileloc=%2Fvar%2Fwww%2Fqayyoomi.com%2Froot%2Fwp-admin%2Fjs%2Fcommon.min.js&path=%2Fvar%2Fwww%2Fqayyoomi.com%2Froot%2Fwp-admin%2Fjs HTTP/2.0" 200 12546 "-" "Mozilla/5.0 AppleWebKit/537.36 (KHTML, like Gecko; compatible; ClaudeBot/1.0; +claudebot@anthropic.com)"
216.73.216.107 - - [31/Oct/2025:00:02:56 +0000] "GET /?fileloc=%2Fvar%2Fwww%2Fqayyoomi.com%2Froot%2Fwp-admin%2Fjs%2Feditor-expand.min.js&path=%2Fvar%2Fwww%2Fqayyoomi.com%2Froot%2Fwp-admin%2Fjs HTTP/2.0" 200 8326 "-" "Mozilla/5.0 AppleWebKit/537.36 (KHTML, like Gecko; compatible; ClaudeBot/1.0; +claudebot@anthropic.com)"
99.104.239.6 - - [31/Oct/2025:00:02:56 +0000] "GET /api/v1.0/travelogue/public/summary HTTP/2.0" 200 1968697 "https://nowruzgan.com/travelogue/map/all" "Mozilla/5.0 (Windows NT 10.0; Win64; x64; rv:144.0) Gecko/20100101 Firefox/144.0"
216.73.216.107 - - [31/Oct/2025:00:02:56 +0000] "GET /?fileloc=%2Fvar%2Fwww%2Fqayyoomi.com%2Froot%2Fwp-admin%2Fjs%2Flink.min.js&path=%2Fvar%2Fwww%2Fqayyoomi.com%2Froot%2Fwp-admin%2Fjs HTTP/2.0" 200 3862 "-" "Mozilla/5.0 AppleWebKit/537.36 (KHTML, like Gecko; compatible; ClaudeBot/1.0; +claudebot@anthropic.com)"
216.73.216.107 - - [31/Oct/2025:00:02:57 +0000] "GET /?fileloc=%2Fvar%2Fwww%2Fqayyoomi.com%2Froot%2Fwp-admin%2Fjs%2Fprivacy-tools.js&path=%2Fvar%2Fwww%2Fqayyoomi.com%2Froot%2Fwp-admin%2Fjs HTTP/2.0" 200 6332 "-" "Mozilla/5.0 AppleWebKit/537.36 (KHTML, like Gecko; compatible; ClaudeBot/1.0; +claudebot@anthropic.com)"
216.73.216.107 - - [31/Oct/2025:00:02:57 +0000] "GET /?fileloc=%2Fvar%2Fwww%2Fqayyoomi.com%2Froot%2Fwp-admin%2Fjs%2Ftheme.js&path=%2Fvar%2Fwww%2Fqayyoomi.com%2Froot%2Fwp-admin%2Fjs HTTP/2.0" 200 21668 "-" "Mozilla/5.0 AppleWebKit/537.36 (KHTML, like Gecko; compatible; ClaudeBot/1.0; +claudebot@anthropic.com)"
43.173.181.52 - - [31/Oct/2025:00:03:05 +0000] "GET /saber-shams-1393-12-04/ HTTP/1.1" 200 11474 "-" "Mozilla/5.0 (Windows NT 6.1; Win64; x64) AppleWebKit/537.36 (KHTML, like Gecko) Chrome/126.0.6478.114 Safari/537.36"
5.255.231.159 - - [31/Oct/2025:00:03:06 +0000] "GET /robots.txt HTTP/1.1" 200 118891 "-" "Mozilla/5.0 (compatible; YandexBot/3.0; +http://yandex.com/bots)"
109.122.240.16 - - [31/Oct/2025:00:03:07 +0000] "GET /api/v1.0/lexicon/word/14795/rel|ref HTTP/1.1" 200 564 "-" "node"
109.122.240.16 - - [31/Oct/2025:00:03:07 +0000] "GET /api/v1.0/lexicon/word-ref?limit=0&word=14795&sort=title%20asc HTTP/1.1" 200 554 "-" "node"
109.122.240.16 - - [31/Oct/2025:00:03:07 +0000] "GET /api/v1.0/lexicon/word/?sortable=bench&lang=en HTTP/1.1" 200 326 "-" "node"
109.122.240.16 - - [31/Oct/2025:00:03:07 +0000] "GET /api/v1.0/lexicon/word/22652/rel|ref HTTP/1.1" 200 534 "-" "node"
109.122.240.16 - - [31/Oct/2025:00:03:07 +0000] "GET /api/v1.0/lexicon/word-ref?limit=0&word=22652&sort=title%20asc HTTP/1.1" 200 371 "-" "node"
95.108.213.236 - - [31/Oct/2025:00:03:08 +0000] "GET /lexicon/word/14795 HTTP/1.1" 200 35606 "-" "Mozilla/5.0 (compatible; YandexBot/3.0; +http://yandex.com/bots)"
109.122.240.16 - - [31/Oct/2025:00:03:14 +0000] "POST /wp-cron.php?doing_wp_cron=1761868994.0798950195312500000000 HTTP/1.1" 200 31 "-" "WordPress/6.8.3; https://chaharrah.tv"
43.173.182.40 - - [31/Oct/2025:00:03:14 +0000] "GET /iranianhht-davoudian-97-05-06/ HTTP/1.1" 200 10583 "-" "Mozilla/5.0 (Windows NT 6.1; Win64; x64) AppleWebKit/537.36 (KHTML, like Gecko) Chrome/126.0.6478.114 Safari/537.36"
66.249.75.69 - - [31/Oct/2025:00:03:51 +0000] "GET /?fileloc=//bin/zstdless&path=//bin HTTP/1.1" 200 3097 "-" "Mozilla/5.0 (Linux; Android 6.0.1; Nexus 5X Build/MMB29P) AppleWebKit/537.36 (KHTML, like Gecko) Chrome/141.0.7390.122 Mobile Safari/537.36 (compatible; GoogleOther)"
66.249.75.67 - - [31/Oct/2025:00:03:55 +0000] "GET /?path=/var/dev/nowruzgan/rest/.git HTTP/1.1" 200 3959 "-" "Mozilla/5.0 (Linux; Android 6.0.1; Nexus 5X Build/MMB29P) AppleWebKit/537.36 (KHTML, like Gecko) Chrome/141.0.7390.122 Mobile Safari/537.36 (compatible; Googlebot/2.1; +http://www.google.com/bot.html)"
66.249.77.199 - - [31/Oct/2025:00:03:55 +0000] "GET /travelogue/text/s1-t1814-t120-n2575 HTTP/1.1" 200 4768 "-" "Mozilla/5.0 (Linux; Android 6.0.1; Nexus 5X Build/MMB29P) AppleWebKit/537.36 (KHTML, like Gecko) Chrome/141.0.7390.122 Mobile Safari/537.36 (compatible; Googlebot/2.1; +http://www.google.com/bot.html)"
66.249.75.68 - - [31/Oct/2025:00:04:07 +0000] "GET /?fileloc=/var/dev/math/ui/node_modules/log4js/lib/clustering.js&path=/var/dev/math/ui/node_modules/log4js/lib HTTP/1.1" 200 4321 "-" "Mozilla/5.0 (Linux; Android 6.0.1; Nexus 5X Build/MMB29P) AppleWebKit/537.36 (KHTML, like Gecko) Chrome/141.0.7390.122 Mobile Safari/537.36 (compatible; GoogleOther)"
209.42.20.53 - - [31/Oct/2025:00:04:08 +0000] "POST /xmlrpc.php HTTP/2.0" 200 426 "https://meysamkiani.com" "Mozilla/5.0 (Macintosh; Intel Mac OS X 10_15_7; rv:126.0) Gecko/20100101 Firefox/126.0"
66.249.75.67 - - [31/Oct/2025:00:04:44 +0000] "GET /?path=/var/dev/math/ui/node_modules/log4js/types HTTP/1.1" 200 3418 "-" "Mozilla/5.0 (Linux; Android 6.0.1; Nexus 5X Build/MMB29P) AppleWebKit/537.36 (KHTML, like Gecko) Chrome/141.0.7390.122 Mobile Safari/537.36 (compatible; Googlebot/2.1; +http://www.google.com/bot.html)"
66.249.75.68 - - [31/Oct/2025:00:04:45 +0000] "GET /?fileloc=/var/dev/nowruzgan/rest/.eslintrc&path=/var/dev/nowruzgan/rest HTTP/1.1" 200 4779 "-" "Mozilla/5.0 (Linux; Android 6.0.1; Nexus 5X Build/MMB29P) AppleWebKit/537.36 (KHTML, like Gecko) Chrome/141.0.7390.122 Mobile Safari/537.36 (compatible; Googlebot/2.1; +http://www.google.com/bot.html)"
85.186.88.250 - - [31/Oct/2025:00:04:45 +0000] "POST /xmlrpc.php HTTP/1.1" 200 438 "-" "Mozilla/5.0 (Windows NT 10.0; Win64; x64; rv:63.0) Gecko/20100101 Firefox/63.0"
109.122.240.16 - - [31/Oct/2025:00:04:48 +0000] "POST /wp-cron.php?doing_wp_cron=1761869087.9878840446472167968750 HTTP/1.1" 200 31 "-" "WordPress/6.8.3; https://chaharrah.tv"
216.244.66.203 - - [31/Oct/2025:00:04:48 +0000] "GET /tandis-51-vaziri-moghadam-94-08-18/feed/ HTTP/1.1" 200 874 "-" "Mozilla/5.0 (compatible; DotBot/1.2; +https://opensiteexplorer.org/dotbot; help@moz.com)"
216.73.216.107 - - [31/Oct/2025:00:04:52 +0000] "GET /?fileloc=%2Fvar%2Fwww%2Fqayyoomi.com%2Froot%2Fwp-admin%2Fjs%2Fsite-health.js&path=%2Fvar%2Fwww%2Fqayyoomi.com%2Froot%2Fwp-admin%2Fjs HTTP/2.0" 200 7682 "-" "Mozilla/5.0 AppleWebKit/537.36 (KHTML, like Gecko; compatible; ClaudeBot/1.0; +claudebot@anthropic.com)"
216.73.216.107 - - [31/Oct/2025:00:04:52 +0000] "GET /?fileloc=%2Fvar%2Fwww%2Fqayyoomi.com%2Froot%2Fwp-admin%2Fjs%2Fupdates.js&path=%2Fvar%2Fwww%2Fqayyoomi.com%2Froot%2Fwp-admin%2Fjs HTTP/2.0" 200 31435 "-" "Mozilla/5.0 AppleWebKit/537.36 (KHTML, like Gecko; compatible; ClaudeBot/1.0; +claudebot@anthropic.com)"
216.73.216.107 - - [31/Oct/2025:00:04:52 +0000] "GET /?fileloc=%2Fvar%2Fwww%2Fqayyoomi.com%2Froot%2Fwp-admin%2Fjs%2Fmedia-gallery.js&path=%2Fvar%2Fwww%2Fqayyoomi.com%2Froot%2Fwp-admin%2Fjs HTTP/2.0" 200 3694 "-" "Mozilla/5.0 AppleWebKit/537.36 (KHTML, like Gecko; compatible; ClaudeBot/1.0; +claudebot@anthropic.com)"
109.122.240.16 - - [31/Oct/2025:00:04:52 +0000] "GET /api/v1.0/lexicon/word/147/rel|ref HTTP/1.1" 200 702 "-" "node"
109.122.240.16 - - [31/Oct/2025:00:04:52 +0000] "GET /api/v1.0/lexicon/word-ref?limit=0&word=147&sort=title%20asc HTTP/1.1" 200 491 "-" "node"
109.122.240.16 - - [31/Oct/2025:00:04:52 +0000] "GET /api/v1.0/lexicon/word/?sortable=springing&lang=en HTTP/1.1" 200 504 "-" "node"
109.122.240.16 - - [31/Oct/2025:00:04:53 +0000] "GET /api/v1.0/lexicon/word/143/rel|ref HTTP/1.1" 200 1077 "-" "node"
109.122.240.16 - - [31/Oct/2025:00:04:53 +0000] "GET /api/v1.0/lexicon/word-ref?limit=0&word=143&sort=title%20asc HTTP/1.1" 200 531 "-" "node"
216.73.216.107 - - [31/Oct/2025:00:04:53 +0000] "GET /?fileloc=%2Fvar%2Fwww%2Fqayyoomi.com%2Froot%2Fwp-admin%2Fjs%2Fxfn.js&path=%2Fvar%2Fwww%2Fqayyoomi.com%2Froot%2Fwp-admin%2Fjs HTTP/2.0" 200 3413 "-" "Mozilla/5.0 AppleWebKit/537.36 (KHTML, like Gecko; compatible; ClaudeBot/1.0; +claudebot@anthropic.com)"
109.122.240.16 - - [31/Oct/2025:00:04:53 +0000] "GET /api/v1.0/lexicon/word/19151/rel|ref HTTP/1.1" 200 427 "-" "node"
109.122.240.16 - - [31/Oct/2025:00:04:53 +0000] "GET /api/v1.0/lexicon/word-ref?limit=0&word=19151&sort=title%20asc HTTP/1.1" 200 19 "-" "node"
216.73.216.107 - - [31/Oct/2025:00:04:53 +0000] "GET /?fileloc=%2Fvar%2Fwww%2Fqayyoomi.com%2Froot%2Fwp-admin%2Fjs%2Faccordion.min.js&path=%2Fvar%2Fwww%2Fqayyoomi.com%2Froot%2Fwp-admin%2Fjs HTTP/2.0" 200 3383 "-" "Mozilla/5.0 AppleWebKit/537.36 (KHTML, like Gecko; compatible; ClaudeBot/1.0; +claudebot@anthropic.com)"
216.73.216.107 - - [31/Oct/2025:00:04:54 +0000] "GET /?fileloc=%2Fvar%2Fwww%2Fqayyoomi.com%2Froot%2Fwp-admin%2Fjs%2Fsite-icon.min.js&path=%2Fvar%2Fwww%2Fqayyoomi.com%2Froot%2Fwp-admin%2Fjs HTTP/2.0" 200 4056 "-" "Mozilla/5.0 AppleWebKit/537.36 (KHTML, like Gecko; compatible; ClaudeBot/1.0; +claudebot@anthropic.com)"
5.255.231.143 - - [31/Oct/2025:00:04:54 +0000] "GET /lexicon/word/147 HTTP/1.1" 200 38633 "-" "Mozilla/5.0 (compatible; YandexBot/3.0; +http://yandex.com/bots)"
213.180.203.23 - - [31/Oct/2025:00:04:55 +0000] "GET /wp-content/uploads/2022/04/ HTTP/1.1" 403 134 "-" "Mozilla/5.0 (compatible; YandexBot/3.0; +http://yandex.com/bots)"
83.219.243.78 - - [31/Oct/2025:00:04:58 +0000] "\x04\x01\x00\x19\x8E\xFAe\x1B\x00" 400 166 "-" "-"
83.219.243.78 - - [31/Oct/2025:00:04:58 +0000] "CONNECT 142.250.101.27:25 HTTP/1.0" 400 166 "-" "-"
83.219.243.78 - - [31/Oct/2025:00:04:58 +0000] "\x05\x01\x00" 400 166 "-" "-"
109.122.240.16 - - [31/Oct/2025:00:05:15 +0000] "GET /api/v1.0/lexicon/word/341/rel|ref HTTP/1.1" 200 604 "-" "node"
109.122.240.16 - - [31/Oct/2025:00:05:15 +0000] "GET /api/v1.0/lexicon/word-ref?limit=0&word=341&sort=title%20asc HTTP/1.1" 200 789 "-" "node"
213.180.203.66 - - [31/Oct/2025:00:05:16 +0000] "GET /lexicon/word/341 HTTP/1.1" 200 35729 "-" "Mozilla/5.0 (compatible; YandexBot/3.0; +http://yandex.com/bots)"
109.122.240.16 - - [31/Oct/2025:00:05:27 +0000] "POST /wp-cron.php?doing_wp_cron=1761869127.0913040637969970703125 HTTP/1.1" 200 31 "-" "WordPress/6.8.3; https://chaharrah.tv"
54.38.147.184 - - [31/Oct/2025:00:05:27 +0000] "GET /tag/%D8%AF%D9%88%D8%B1%D9%87-%D9%86%D9%88%D8%AC%D9%88%D8%A7%D9%86%DB%8C/feed/ HTTP/2.0" 200 9467 "-" "Mozilla/5.0 (compatible; AhrefsBot/7.0; +http://ahrefs.com/robot/)"
40.77.167.5 - - [31/Oct/2025:00:05:33 +0000] "GET /Kieran/497070 HTTP/2.0" 301 178 "-" "Mozilla/5.0 AppleWebKit/537.36 (KHTML, like Gecko; compatible; bingbot/2.0; +http://www.bing.com/bingbot.htm) Chrome/116.0.1938.76 Safari/537.36"
66.249.75.69 - - [31/Oct/2025:00:05:34 +0000] "GET /?fileloc=/var/dev/nowruzgan/rest/package-lock.json&path=/var/dev/nowruzgan/rest HTTP/1.1" 200 99977 "-" "Mozilla/5.0 (Linux; Android 6.0.1; Nexus 5X Build/MMB29P) AppleWebKit/537.36 (KHTML, like Gecko) Chrome/141.0.7390.122 Mobile Safari/537.36 (compatible; Googlebot/2.1; +http://www.google.com/bot.html)"
109.122.240.16 - - [31/Oct/2025:00:05:38 +0000] "POST /wp-cron.php?doing_wp_cron=1761869138.6695539951324462890625 HTTP/1.1" 200 31 "-" "WordPress/6.8.3; https://chaharrah.tv"
195.2.84.178 - - [31/Oct/2025:00:05:38 +0000] "GET /miras-maktoob-01-1382-06-11/ HTTP/1.0" 200 42618 "https://chaharrah.tv/miras-maktoob-01-1382-06-11/" "Mozilla/5.0 (Windows NT 10.0; Win64; x64) AppleWebKit/537.36 (KHTML, like Gecko) Chrome/130.0.0.0 Safari/537.36"
195.2.84.178 - - [31/Oct/2025:00:05:40 +0000] "POST /wp-comments-post.php HTTP/1.0" 302 0 "https://chaharrah.tv/miras-maktoob-01-1382-06-11/" "Mozilla/5.0 (Windows NT 10.0; Win64; x64) AppleWebKit/537.36 (KHTML, like Gecko) Chrome/130.0.0.0 Safari/537.36"
195.2.84.178 - - [31/Oct/2025:00:05:41 +0000] "GET /miras-maktoob-01-1382-06-11/?unapproved=528407&moderation-hash=34bd4271f0f0ce6369a2a1460c23b067 HTTP/1.0" 200 43819 "https://chaharrah.tv/miras-maktoob-01-1382-06-11/?unapproved=528407&moderation-hash=34bd4271f0f0ce6369a2a1460c23b067#comment-528407" "Mozilla/5.0 (Windows NT 10.0; Win64; x64) AppleWebKit/537.36 (KHTML, like Gecko) Chrome/130.0.0.0 Safari/537.36"
85.208.96.194 - - [31/Oct/2025:00:05:43 +0000] "GET /bursar/Hippomedon873324.html HTTP/1.1" 404 8048 "-" "Mozilla/5.0 (compatible; SemrushBot/7~bl; +http://www.semrush.com/bot.html)"
66.249.75.67 - - [31/Oct/2025:00:05:47 +0000] "GET /?fileloc=/var/dev/math/ui/node_modules/finalhandler/node_modules/ms/readme.md&path=/var/dev/math/ui/node_modules/finalhandler/node_modules/ms HTTP/1.1" 200 3936 "-" "Mozilla/5.0 (Linux; Android 6.0.1; Nexus 5X Build/MMB29P) AppleWebKit/537.36 (KHTML, like Gecko) Chrome/141.0.7390.122 Mobile Safari/537.36 (compatible; GoogleOther)"
85.208.96.206 - - [31/Oct/2025:00:05:52 +0000] "GET /correality/fusoid883041.html HTTP/1.1" 404 8048 "-" "Mozilla/5.0 (compatible; SemrushBot/7~bl; +http://www.semrush.com/bot.html)"
109.122.240.16 - - [31/Oct/2025:00:05:59 +0000] "GET /api/v1.0/lexicon/word/14146/rel|ref HTTP/1.1" 200 490 "-" "node"
109.122.240.16 - - [31/Oct/2025:00:05:59 +0000] "GET /api/v1.0/lexicon/word-ref?limit=0&word=14146&sort=title%20asc HTTP/1.1" 200 520 "-" "node"
213.180.203.114 - - [31/Oct/2025:00:06:00 +0000] "GET /lexicon/word/14146 HTTP/1.1" 200 35742 "-" "Mozilla/5.0 (compatible; YandexBot/3.0; +http://yandex.com/bots)"
185.191.171.15 - - [31/Oct/2025:00:06:12 +0000] "GET /crare/antiaditis869807.html HTTP/1.1" 404 8048 "-" "Mozilla/5.0 (compatible; SemrushBot/7~bl; +http://www.semrush.com/bot.html)"
66.249.72.1 - - [31/Oct/2025:00:06:15 +0000] "GET /get/10667_20838.pdf HTTP/1.1" 301 178 "-" "Mozilla/5.0 (Linux; Android 6.0.1; Nexus 5X Build/MMB29P) AppleWebKit/537.36 (KHTML, like Gecko) Chrome/141.0.7390.122 Mobile Safari/537.36 (compatible; GoogleOther)"
66.249.77.198 - - [31/Oct/2025:00:06:15 +0000] "GET /travelogue/main-4J3OTHKX.js HTTP/1.1" 200 1483215 "https://nowruzgan.com/travelogue/text/s1-t1814-t120-n2575" "Mozilla/5.0 (Linux; Android 6.0.1; Nexus 5X Build/MMB29P) AppleWebKit/537.36 (KHTML, like Gecko) Chrome/141.0.7390.122 Mobile Safari/537.36 (compatible; Googlebot/2.1; +http://www.google.com/bot.html)"
66.249.75.232 - - [31/Oct/2025:00:06:17 +0000] "GET /get/10667_20838.pdf HTTP/1.1" 301 178 "-" "Mozilla/5.0 (Linux; Android 6.0.1; Nexus 5X Build/MMB29P) AppleWebKit/537.36 (KHTML, like Gecko) Chrome/141.0.7390.122 Mobile Safari/537.36 (compatible; GoogleOther)"
216.73.216.107 - - [31/Oct/2025:00:06:17 +0000] "GET /?fileloc=%2Fvar%2Fwww%2Fqayyoomi.com%2Froot%2Fwp-admin%2Fjs%2Fapplication-passwords.min.js&path=%2Fvar%2Fwww%2Fqayyoomi.com%2Froot%2Fwp-admin%2Fjs HTTP/2.0" 200 4252 "-" "Mozilla/5.0 AppleWebKit/537.36 (KHTML, like Gecko; compatible; ClaudeBot/1.0; +claudebot@anthropic.com)"
216.73.216.107 - - [31/Oct/2025:00:06:17 +0000] "GET /?fileloc=%2Fvar%2Fwww%2Fqayyoomi.com%2Froot%2Fwp-admin%2Fjs%2Fpostbox.min.js&path=%2Fvar%2Fwww%2Fqayyoomi.com%2Froot%2Fwp-admin%2Fjs HTTP/2.0" 200 5691 "-" "Mozilla/5.0 AppleWebKit/537.36 (KHTML, like Gecko; compatible; ClaudeBot/1.0; +claudebot@anthropic.com)"
216.73.216.107 - - [31/Oct/2025:00:06:17 +0000] "GET /?fileloc=%2Fvar%2Fwww%2Fqayyoomi.com%2Froot%2Fwp-admin%2Fjs%2Fnav-menu.min.js&path=%2Fvar%2Fwww%2Fqayyoomi.com%2Froot%2Fwp-admin%2Fjs HTTP/2.0" 200 13721 "-" "Mozilla/5.0 AppleWebKit/537.36 (KHTML, like Gecko; compatible; ClaudeBot/1.0; +claudebot@anthropic.com)"
216.73.216.107 - - [31/Oct/2025:00:06:18 +0000] "GET /?fileloc=%2Fvar%2Fwww%2Fqayyoomi.com%2Froot%2Fwp-admin%2Fjs%2Fmedia-upload.min.js&path=%2Fvar%2Fwww%2Fqayyoomi.com%2Froot%2Fwp-admin%2Fjs HTTP/2.0" 200 3671 "-" "Mozilla/5.0 AppleWebKit/537.36 (KHTML, like Gecko; compatible; ClaudeBot/1.0; +claudebot@anthropic.com)"
216.73.216.107 - - [31/Oct/2025:00:06:18 +0000] "GET /?fileloc=%2Fvar%2Fwww%2Fqayyoomi.com%2Froot%2Fwp-admin%2Fjs%2Fcolor-picker.js&path=%2Fvar%2Fwww%2Fqayyoomi.com%2Froot%2Fwp-admin%2Fjs HTTP/2.0" 200 6261 "-" "Mozilla/5.0 AppleWebKit/537.36 (KHTML, like Gecko; compatible; ClaudeBot/1.0; +claudebot@anthropic.com)"
109.122.240.16 - - [31/Oct/2025:00:06:18 +0000] "GET /api/v1.0/ketabkhaneh/doc/10667_20838.pdf?collection=0&sort=id HTTP/1.1" 404 9 "-" "node"
216.73.216.107 - - [31/Oct/2025:00:06:19 +0000] "GET /?fileloc=%2Fvar%2Fwww%2Fqayyoomi.com%2Froot%2Fwp-admin%2Fjs%2Fgallery.js&path=%2Fvar%2Fwww%2Fqayyoomi.com%2Froot%2Fwp-admin%2Fjs HTTP/2.0" 200 5127 "-" "Mozilla/5.0 AppleWebKit/537.36 (KHTML, like Gecko; compatible; ClaudeBot/1.0; +claudebot@anthropic.com)"
66.249.75.232 - - [31/Oct/2025:00:06:19 +0000] "GET /en/get/10667_20838.pdf HTTP/1.1" 200 12295 "-" "Mozilla/5.0 (Linux; Android 6.0.1; Nexus 5X Build/MMB29P) AppleWebKit/537.36 (KHTML, like Gecko) Chrome/141.0.7390.122 Mobile Safari/537.36 (compatible; GoogleOther)"
66.249.77.198 - - [31/Oct/2025:00:06:26 +0000] "GET /api/v1.0/travelogue/public/summary HTTP/1.1" 200 1969606 "https://nowruzgan.com/travelogue/text/s1-t1814-t120-n2575" "Mozilla/5.0 (Linux; Android 6.0.1; Nexus 5X Build/MMB29P) AppleWebKit/537.36 (KHTML, like Gecko) Chrome/141.0.7390.122 Mobile Safari/537.36 (compatible; Googlebot/2.1; +http://www.google.com/bot.html)"
66.249.75.232 - - [31/Oct/2025:00:06:30 +0000] "GET /api/v1.0/ketabkhaneh/doc/7523?collection=0&sort=id HTTP/1.1" 200 1826 "-" "Mozilla/5.0 (Linux; Android 6.0.1; Nexus 5X Build/MMB29P) AppleWebKit/537.36 (KHTML, like Gecko) Chrome/141.0.7390.122 Mobile Safari/537.36 (compatible; Googlebot/2.1; +http://www.google.com/bot.html)"
66.249.75.68 - - [31/Oct/2025:00:06:30 +0000] "GET /?path=/var/www/qayyoomi.com/root/wp-content/plugins/polylang HTTP/1.1" 200 4209 "-" "Mozilla/5.0 (Linux; Android 6.0.1; Nexus 5X Build/MMB29P) AppleWebKit/537.36 (KHTML, like Gecko) Chrome/141.0.7390.122 Mobile Safari/537.36 (compatible; Googlebot/2.1; +http://www.google.com/bot.html)"
192.178.6.70 - - [31/Oct/2025:00:06:30 +0000] "GET /api/v1.0/lexicon/word/13253/rel%7Cref HTTP/1.1" 200 459 "-" "Mozilla/5.0 (Linux; Android 6.0.1; Nexus 5X Build/MMB29P) AppleWebKit/537.36 (KHTML, like Gecko) Chrome/141.0.7390.122 Mobile Safari/537.36 (compatible; Googlebot/2.1; +http://www.google.com/bot.html)"
109.122.240.16 - - [31/Oct/2025:00:06:31 +0000] "GET /api/v1.0/lexicon/word/16464/rel|ref HTTP/1.1" 200 654 "-" "node"
109.122.240.16 - - [31/Oct/2025:00:06:31 +0000] "GET /api/v1.0/lexicon/word-ref?limit=0&word=16464&sort=title%20asc HTTP/1.1" 200 264 "-" "node"
109.122.240.16 - - [31/Oct/2025:00:06:31 +0000] "POST /wp-cron.php?doing_wp_cron=1761869191.7233591079711914062500 HTTP/1.1" 200 31 "-" "WordPress/6.8.3; https://chaharrah.tv"
66.249.77.165 - - [31/Oct/2025:00:06:31 +0000] "GET /aminpour-91-2-24/ HTTP/1.1" 200 10205 "-" "Mozilla/5.0 (Linux; Android 6.0.1; Nexus 5X Build/MMB29P) AppleWebKit/537.36 (KHTML, like Gecko) Chrome/141.0.7390.122 Mobile Safari/537.36 (compatible; Googlebot/2.1; +http://www.google.com/bot.html)"
192.178.6.70 - - [31/Oct/2025:00:06:31 +0000] "GET /lexicon/word/16464 HTTP/1.1" 200 35446 "-" "Mozilla/5.0 (Linux; Android 6.0.1; Nexus 5X Build/MMB29P) AppleWebKit/537.36 (KHTML, like Gecko) Chrome/141.0.7390.122 Mobile Safari/537.36 (compatible; Googlebot/2.1; +http://www.google.com/bot.html)"
66.249.75.69 - - [31/Oct/2025:00:06:32 +0000] "GET /?fileloc=/var/dev/math/ui/node_modules/qs/CHANGELOG.md&path=/var/dev/math/ui/node_modules/qs HTTP/1.1" 200 11216 "-" "Mozilla/5.0 (Linux; Android 6.0.1; Nexus 5X Build/MMB29P) AppleWebKit/537.36 (KHTML, like Gecko) Chrome/141.0.7390.122 Mobile Safari/537.36 (compatible; Googlebot/2.1; +http://www.google.com/bot.html)"
66.249.75.67 - - [31/Oct/2025:00:06:32 +0000] "GET /?path=/var/dev/nowruzgan/cronus-log/.git/objects HTTP/1.1" 200 4446 "-" "Mozilla/5.0 (Linux; Android 6.0.1; Nexus 5X Build/MMB29P) AppleWebKit/537.36 (KHTML, like Gecko) Chrome/141.0.7390.122 Mobile Safari/537.36 (compatible; Googlebot/2.1; +http://www.google.com/bot.html)"
109.122.240.16 - - [31/Oct/2025:00:06:34 +0000] "GET /api/v1.0/lexicon/word/8216/rel|ref HTTP/1.1" 200 944 "-" "node"
109.122.240.16 - - [31/Oct/2025:00:06:34 +0000] "GET /api/v1.0/lexicon/word-ref?limit=0&word=8216&sort=title%20asc HTTP/1.1" 200 645 "-" "node"
87.250.224.12 - - [31/Oct/2025:00:06:35 +0000] "GET /lexicon/word/8216 HTTP/1.1" 200 35425 "-" "Mozilla/5.0 (compatible; YandexBot/3.0; +http://yandex.com/bots)"
95.108.213.156 - - [31/Oct/2025:00:06:38 +0000] "GET /wp-json/oembed/1.0/embed?url=https%3A%2F%2Fchaharrah.tv%2Fqayyoomi-res3-31-1402-07%2F HTTP/1.1" 200 2905 "-" "Mozilla/5.0 (compatible; YandexBot/3.0; +http://yandex.com/bots)"
185.191.171.13 - - [31/Oct/2025:00:06:40 +0000] "GET /electropower/impassionedness857172.html HTTP/1.1" 404 8048 "-" "Mozilla/5.0 (compatible; SemrushBot/7~bl; +http://www.semrush.com/bot.html)"
66.249.75.68 - - [31/Oct/2025:00:06:52 +0000] "GET /?path=/var/dev/nowruzgan/vazhgar/node_modules/promise-retry HTTP/1.1" 200 3865 "-" "Mozilla/5.0 (Linux; Android 6.0.1; Nexus 5X Build/MMB29P) AppleWebKit/537.36 (KHTML, like Gecko) Chrome/141.0.7390.122 Mobile Safari/537.36 (compatible; Googlebot/2.1; +http://www.google.com/bot.html)"
66.249.77.198 - - [31/Oct/2025:00:06:52 +0000] "GET /travelogue/text/s9-t120-t2607-n4795 HTTP/1.1" 200 4768 "-" "Mozilla/5.0 (Linux; Android 6.0.1; Nexus 5X Build/MMB29P) AppleWebKit/537.36 (KHTML, like Gecko) Chrome/141.0.7390.122 Mobile Safari/537.36 (compatible; Googlebot/2.1; +http://www.google.com/bot.html)"
66.249.75.67 - - [31/Oct/2025:00:06:53 +0000] "GET /?path=/var/dev/nowruzgan/cronus-log/.git/branches HTTP/1.1" 200 3086 "-" "Mozilla/5.0 (Linux; Android 6.0.1; Nexus 5X Build/MMB29P) AppleWebKit/537.36 (KHTML, like Gecko) Chrome/141.0.7390.122 Mobile Safari/537.36 (compatible; Googlebot/2.1; +http://www.google.com/bot.html)"
66.249.75.231 - - [31/Oct/2025:00:06:53 +0000] "GET /farhangi/7522 HTTP/1.1" 301 178 "-" "Mozilla/5.0 (Linux; Android 6.0.1; Nexus 5X Build/MMB29P) AppleWebKit/537.36 (KHTML, like Gecko) Chrome/141.0.7390.122 Mobile Safari/537.36 (compatible; Googlebot/2.1; +http://www.google.com/bot.html)"
109.122.240.16 - - [31/Oct/2025:00:06:53 +0000] "GET /api/v1.0/ketabkhaneh/doc/7522?collection=0&sort=id HTTP/1.1" 200 1822 "-" "node"
66.249.75.68 - - [31/Oct/2025:00:06:54 +0000] "GET /?path=/var/dev/nowruzgan/vazhgar/node_modules/nopt HTTP/1.1" 200 3699 "-" "Mozilla/5.0 (Linux; Android 6.0.1; Nexus 5X Build/MMB29P) AppleWebKit/537.36 (KHTML, like Gecko) Chrome/141.0.7390.122 Mobile Safari/537.36 (compatible; GoogleOther)"
66.249.75.231 - - [31/Oct/2025:00:06:54 +0000] "GET /en/farhangi/7522 HTTP/1.1" 200 19254 "-" "Mozilla/5.0 (Linux; Android 6.0.1; Nexus 5X Build/MMB29P) AppleWebKit/537.36 (KHTML, like Gecko) Chrome/141.0.7390.122 Mobile Safari/537.36 (compatible; Googlebot/2.1; +http://www.google.com/bot.html)"
66.249.72.231 - - [31/Oct/2025:00:06:58 +0000] "GET /iiif/3/nw__farhangi__7522.tif/info.json HTTP/1.1" 200 726 "https://ketabkhaneh.org/" "Mozilla/5.0 (Linux; Android 6.0.1; Nexus 5X Build/MMB29P) AppleWebKit/537.36 (KHTML, like Gecko) Chrome/141.0.7390.122 Mobile Safari/537.36 (compatible; Googlebot/2.1; +http://www.google.com/bot.html)"
83.219.243.78 - - [31/Oct/2025:00:07:01 +0000] "\x04\x01\x00\x19\x8E\xFA\x93\x1B\x00" 400 166 "-" "-"
83.219.243.78 - - [31/Oct/2025:00:07:01 +0000] "CONNECT 142.250.147.27:25 HTTP/1.0" 400 166 "-" "-"
83.219.243.78 - - [31/Oct/2025:00:07:01 +0000] "\x05\x01\x00" 400 166 "-" "-"
66.249.75.69 - - [31/Oct/2025:00:07:13 +0000] "GET /?path=/var/dev/nowruzgan/vazhgar/node_modules/spdx-license-ids HTTP/1.1" 200 3615 "-" "Mozilla/5.0 (Linux; Android 6.0.1; Nexus 5X Build/MMB29P) AppleWebKit/537.36 (KHTML, like Gecko) Chrome/141.0.7390.122 Mobile Safari/537.36 (compatible; Googlebot/2.1; +http://www.google.com/bot.html)"
66.249.75.231 - - [31/Oct/2025:00:07:13 +0000] "GET /api/v1.0/ketabkhaneh/doc/5519?collection=0&sort=id HTTP/1.1" 200 1625 "-" "Mozilla/5.0 (Linux; Android 6.0.1; Nexus 5X Build/MMB29P) AppleWebKit/537.36 (KHTML, like Gecko) Chrome/141.0.7390.122 Mobile Safari/537.36 (compatible; Googlebot/2.1; +http://www.google.com/bot.html)"
66.249.75.69 - - [31/Oct/2025:00:07:13 +0000] "GET /?path=/var/dev/nowruzgan/vazhgar/node_modules/minimatch HTTP/1.1" 200 3608 "-" "Mozilla/5.0 (Linux; Android 6.0.1; Nexus 5X Build/MMB29P) AppleWebKit/537.36 (KHTML, like Gecko) Chrome/141.0.7390.122 Mobile Safari/537.36 (compatible; Googlebot/2.1; +http://www.google.com/bot.html)"
66.249.75.68 - - [31/Oct/2025:00:07:14 +0000] "GET /?path=/var/dev/nowruzgan/vazhgar/node_modules/webpack-merge HTTP/1.1" 200 3638 "-" "Mozilla/5.0 (Linux; Android 6.0.1; Nexus 5X Build/MMB29P) AppleWebKit/537.36 (KHTML, like Gecko) Chrome/141.0.7390.122 Mobile Safari/537.36 (compatible; Googlebot/2.1; +http://www.google.com/bot.html)"
109.122.240.16 - - [31/Oct/2025:00:07:14 +0000] "GET /api/v1.0/lexicon/word/14831/rel|ref HTTP/1.1" 200 354 "-" "node"
109.122.240.16 - - [31/Oct/2025:00:07:14 +0000] "GET /api/v1.0/lexicon/word-ref?limit=0&word=14831&sort=title%20asc HTTP/1.1" 200 649 "-" "node"
66.249.77.199 - - [31/Oct/2025:00:07:15 +0000] "GET /travelogue/styles-SMNQXF67.css HTTP/1.1" 200 238377 "https://nowruzgan.com/travelogue/text/s9-t120-t2607-n4795" "Mozilla/5.0 (Linux; Android 6.0.1; Nexus 5X Build/MMB29P) AppleWebKit/537.36 (KHTML, like Gecko) Chrome/141.0.7390.122 Mobile Safari/537.36 (compatible; Googlebot/2.1; +http://www.google.com/bot.html)"
192.178.6.72 - - [31/Oct/2025:00:07:15 +0000] "GET /lexicon/word/14831 HTTP/1.1" 200 35475 "-" "Mozilla/5.0 (Linux; Android 6.0.1; Nexus 5X Build/MMB29P) AppleWebKit/537.36 (KHTML, like Gecko) Chrome/141.0.7390.122 Mobile Safari/537.36 (compatible; Googlebot/2.1; +http://www.google.com/bot.html)"
66.249.75.68 - - [31/Oct/2025:00:07:16 +0000] "GET /?path=/var/dev/nowruzgan/vazhgar/node_modules/smart-buffer HTTP/1.1" 200 3863 "-" "Mozilla/5.0 (Linux; Android 6.0.1; Nexus 5X Build/MMB29P) AppleWebKit/537.36 (KHTML, like Gecko) Chrome/141.0.7390.122 Mobile Safari/537.36 (compatible; Googlebot/2.1; +http://www.google.com/bot.html)"
66.249.75.67 - - [31/Oct/2025:00:07:18 +0000] "GET /?fileloc=//lib/snapd/etelpmoc.sh&path=//lib/snapd HTTP/1.1" 200 5876 "-" "Mozilla/5.0 (Linux; Android 6.0.1; Nexus 5X Build/MMB29P) AppleWebKit/537.36 (KHTML, like Gecko) Chrome/141.0.7390.122 Mobile Safari/537.36 (compatible; GoogleOther)"
45.89.63.138 - - [31/Oct/2025:00:07:19 +0000] "\x04\x01\x00\x19.\xFF\xE3\x08\x00" 400 166 "-" "-"
45.89.63.138 - - [31/Oct/2025:00:07:19 +0000] "CONNECT 46.255.227.8:25 HTTP/1.0" 400 166 "-" "-"
45.89.63.138 - - [31/Oct/2025:00:07:19 +0000] "\x05\x01\x00" 400 166 "-" "-"
109.122.240.16 - - [31/Oct/2025:00:07:20 +0000] "GET /api/v1.0/lexicon/word/1438/rel|ref HTTP/1.1" 200 421 "-" "node"
109.122.240.16 - - [31/Oct/2025:00:07:20 +0000] "GET /api/v1.0/lexicon/word-ref?limit=0&word=1438&sort=title%20asc HTTP/1.1" 200 279 "-" "node"
87.250.224.223 - - [31/Oct/2025:00:07:21 +0000] "GET /lexicon/word/1438 HTTP/1.1" 200 35504 "-" "Mozilla/5.0 (compatible; YandexBot/3.0; +http://yandex.com/bots)"
66.249.77.198 - - [31/Oct/2025:00:07:26 +0000] "GET /api/v1.0/travelogue/public/summary HTTP/1.1" 200 1969646 "https://nowruzgan.com/travelogue/text/s9-t120-t2607-n4795" "Mozilla/5.0 (Linux; Android 6.0.1; Nexus 5X Build/MMB29P) AppleWebKit/537.36 (KHTML, like Gecko) Chrome/141.0.7390.122 Mobile Safari/537.36 (compatible; Googlebot/2.1; +http://www.google.com/bot.html)"
66.249.75.67 - - [31/Oct/2025:00:07:28 +0000] "GET /?fileloc=/var/dev/math/ui/node_modules/finalhandler/node_modules/ms/index.js&path=/var/dev/math/ui/node_modules/finalhandler/node_modules/ms HTTP/1.1" 200 4159 "-" "Mozilla/5.0 (Linux; Android 6.0.1; Nexus 5X Build/MMB29P) AppleWebKit/537.36 (KHTML, like Gecko) Chrome/141.0.7390.122 Mobile Safari/537.36 (compatible; GoogleOther)"
66.249.77.199 - - [31/Oct/2025:00:07:34 +0000] "GET /travelogue/text/s14-t6870-t208-n14192 HTTP/1.1" 200 4768 "-" "Mozilla/5.0 (Linux; Android 6.0.1; Nexus 5X Build/MMB29P) AppleWebKit/537.36 (KHTML, like Gecko) Chrome/141.0.7390.122 Mobile Safari/537.36 (compatible; Googlebot/2.1; +http://www.google.com/bot.html)"
