216.73.216.107 - - [31/Oct/2025:00:20:26 +0000] "GET /?fileloc=%2F%2Fsbin%2Ftcpaccept-bpfcc&path=%2F%2Fsbin HTTP/2.0" 200 6382 "-" "Mozilla/5.0 AppleWebKit/537.36 (KHTML, like Gecko; compatible; ClaudeBot/1.0; +claudebot@anthropic.com)"
216.73.216.107 - - [31/Oct/2025:00:20:27 +0000] "GET /?path=%2F%2Fproc%2Fdynamic_debug HTTP/2.0" 200 3331 "-" "Mozilla/5.0 AppleWebKit/537.36 (KHTML, like Gecko; compatible; ClaudeBot/1.0; +claudebot@anthropic.com)"
216.73.216.107 - - [31/Oct/2025:00:20:27 +0000] "GET /?fileloc=%2Fvar%2Flog%2Fvmware-network.8.log&path=%2Fvar%2Flog HTTP/2.0" 200 3040 "-" "Mozilla/5.0 AppleWebKit/537.36 (KHTML, like Gecko; compatible; ClaudeBot/1.0; +claudebot@anthropic.com)"
216.73.216.107 - - [31/Oct/2025:00:20:27 +0000] "GET /?fileloc=%2Fvar%2Flog%2Fvmware-network.9.log&path=%2Fvar%2Flog HTTP/2.0" 200 3040 "-" "Mozilla/5.0 AppleWebKit/537.36 (KHTML, like Gecko; compatible; ClaudeBot/1.0; +claudebot@anthropic.com)"
216.73.216.107 - - [31/Oct/2025:00:20:27 +0000] "GET /?path=%2F%2Fdev%2Fsnd HTTP/2.0" 200 3018 "-" "Mozilla/5.0 AppleWebKit/537.36 (KHTML, like Gecko; compatible; ClaudeBot/1.0; +claudebot@anthropic.com)"
216.73.216.107 - - [31/Oct/2025:00:20:27 +0000] "GET /?fileloc=%2F%2Fbin%2Fapt-add-repository&path=%2F%2Fbin HTTP/2.0" 200 7843 "-" "Mozilla/5.0 AppleWebKit/537.36 (KHTML, like Gecko; compatible; ClaudeBot/1.0; +claudebot@anthropic.com)"
216.73.216.107 - - [31/Oct/2025:00:20:28 +0000] "GET /?fileloc=%2Fvar%2Flog%2Fphp8.3-fpm.log&path=%2Fvar%2Flog HTTP/2.0" 200 2951 "-" "Mozilla/5.0 AppleWebKit/537.36 (KHTML, like Gecko; compatible; ClaudeBot/1.0; +claudebot@anthropic.com)"
216.73.216.107 - - [31/Oct/2025:00:20:28 +0000] "GET /?fileloc=%2F%2Fsbin%2Fupdate-ieee-data&path=%2F%2Fsbin HTTP/2.0" 200 4558 "-" "Mozilla/5.0 AppleWebKit/537.36 (KHTML, like Gecko; compatible; ClaudeBot/1.0; +claudebot@anthropic.com)"
103.216.221.55 - - [31/Oct/2025:00:20:28 +0000] "POST /wp-login.php HTTP/1.1" 200 3070 "-" "Mozilla/5.0 (X11; Ubuntu; Linux x86_64; rv:85.0) Gecko/20100101 Firefox/91.0"
216.73.216.107 - - [31/Oct/2025:00:20:28 +0000] "GET /?fileloc=%2F%2Fbin%2Fjava&path=%2F%2Fbin HTTP/2.0" 200 5488 "-" "Mozilla/5.0 AppleWebKit/537.36 (KHTML, like Gecko; compatible; ClaudeBot/1.0; +claudebot@anthropic.com)"
216.73.216.107 - - [31/Oct/2025:00:20:28 +0000] "GET /?path=%2Fvar%2Flock%2Flvm HTTP/2.0" 200 3027 "-" "Mozilla/5.0 AppleWebKit/537.36 (KHTML, like Gecko; compatible; ClaudeBot/1.0; +claudebot@anthropic.com)"
66.249.75.68 - - [31/Oct/2025:00:20:28 +0000] "GET /?path=/var/dev/nowruzgan/vazhgar/node_modules/source-map HTTP/1.1" 200 3815 "-" "Mozilla/5.0 (Linux; Android 6.0.1; Nexus 5X Build/MMB29P) AppleWebKit/537.36 (KHTML, like Gecko) Chrome/141.0.7390.122 Mobile Safari/537.36 (compatible; Googlebot/2.1; +http://www.google.com/bot.html)"
216.73.216.107 - - [31/Oct/2025:00:20:29 +0000] "GET /?fileloc=%2F%2Fsbin%2Fadd-shell&path=%2F%2Fsbin HTTP/2.0" 200 3524 "-" "Mozilla/5.0 AppleWebKit/537.36 (KHTML, like Gecko; compatible; ClaudeBot/1.0; +claudebot@anthropic.com)"
216.73.216.107 - - [31/Oct/2025:00:20:29 +0000] "GET /?fileloc=%2F%2Fbin%2Fpydoc3&path=%2F%2Fbin HTTP/2.0" 200 2993 "-" "Mozilla/5.0 AppleWebKit/537.36 (KHTML, like Gecko; compatible; ClaudeBot/1.0; +claudebot@anthropic.com)"
216.73.216.107 - - [31/Oct/2025:00:20:29 +0000] "GET /?fileloc=%2Fvar%2Flog%2Fvmware-network.log&path=%2Fvar%2Flog HTTP/2.0" 200 2954 "-" "Mozilla/5.0 AppleWebKit/537.36 (KHTML, like Gecko; compatible; ClaudeBot/1.0; +claudebot@anthropic.com)"
216.73.216.107 - - [31/Oct/2025:00:20:29 +0000] "GET /?fileloc=%2Fvar%2Flog%2Fauth.log.1&path=%2Fvar%2Flog HTTP/2.0" 200 2948 "-" "Mozilla/5.0 AppleWebKit/537.36 (KHTML, like Gecko; compatible; ClaudeBot/1.0; +claudebot@anthropic.com)"
85.208.96.209 - - [31/Oct/2025:00:20:34 +0000] "GET /robots.txt HTTP/1.1" 200 4426 "-" "Mozilla/5.0 (compatible; SemrushBot/7~bl; +http://www.semrush.com/bot.html)"
185.191.171.12 - - [31/Oct/2025:00:20:36 +0000] "GET /step-by-step-tutorial-mesin-slot-modern-versi-demo-tanpa-deposit-platform-slot-online-easy-to-win/ HTTP/1.1" 200 4426 "-" "Mozilla/5.0 (compatible; SemrushBot/7~bl; +http://www.semrush.com/bot.html)"
66.249.75.67 - - [31/Oct/2025:00:20:47 +0000] "GET /?path=/var/dev/nowruzgan/vazhgar/node_modules/rfdc HTTP/1.1" 200 3922 "-" "Mozilla/5.0 (Linux; Android 6.0.1; Nexus 5X Build/MMB29P) AppleWebKit/537.36 (KHTML, like Gecko) Chrome/141.0.7390.122 Mobile Safari/537.36 (compatible; Googlebot/2.1; +http://www.google.com/bot.html)"
66.249.75.67 - - [31/Oct/2025:00:20:47 +0000] "GET /?fileloc=/var/www/qayyoomi.com/root/wp-content/themes/twentytwentyfive/readme.txt&path=/var/www/qayyoomi.com/root/wp-content/themes/twentytwentyfive HTTP/1.1" 200 6321 "-" "Mozilla/5.0 (Linux; Android 6.0.1; Nexus 5X Build/MMB29P) AppleWebKit/537.36 (KHTML, like Gecko) Chrome/141.0.7390.122 Mobile Safari/537.36 (compatible; Googlebot/2.1; +http://www.google.com/bot.html)"
109.122.240.16 - - [31/Oct/2025:00:20:53 +0000] "GET /api/v1.0/lexicon/word/15738/rel|ref HTTP/1.1" 200 494 "-" "node"
109.122.240.16 - - [31/Oct/2025:00:20:53 +0000] "GET /api/v1.0/lexicon/word-ref?limit=0&word=15738&sort=title%20asc HTTP/1.1" 200 274 "-" "node"
87.250.224.43 - - [31/Oct/2025:00:20:54 +0000] "GET /lexicon/word/15738 HTTP/1.1" 200 35023 "-" "Mozilla/5.0 (compatible; YandexBot/3.0; +http://yandex.com/bots) AppleWebKit/537.36 (KHTML, like Gecko) Chrome/108.0.0.0"
185.191.171.3 - - [31/Oct/2025:00:21:00 +0000] "GET /cincholoiponic/isostere888583.html HTTP/1.1" 404 8048 "-" "Mozilla/5.0 (compatible; SemrushBot/7~bl; +http://www.semrush.com/bot.html)"
66.249.75.69 - - [31/Oct/2025:00:21:05 +0000] "GET /?path=/var/dev/nowruzgan/vazhgar/node_modules/once HTTP/1.1" 200 3602 "-" "Mozilla/5.0 (Linux; Android 6.0.1; Nexus 5X Build/MMB29P) AppleWebKit/537.36 (KHTML, like Gecko) Chrome/141.0.7390.122 Mobile Safari/537.36 (compatible; Googlebot/2.1; +http://www.google.com/bot.html)"
66.249.77.198 - - [31/Oct/2025:00:21:24 +0000] "GET /travelogue/text/s14-t596-t-n12014 HTTP/1.1" 200 4768 "-" "Mozilla/5.0 (Linux; Android 6.0.1; Nexus 5X Build/MMB29P) AppleWebKit/537.36 (KHTML, like Gecko) Chrome/141.0.7390.122 Mobile Safari/537.36 (compatible; Googlebot/2.1; +http://www.google.com/bot.html)"
66.249.77.198 - - [31/Oct/2025:00:21:24 +0000] "GET /travelogue/text/s1-t509-t840-n1069 HTTP/1.1" 200 4768 "-" "Mozilla/5.0 (Linux; Android 6.0.1; Nexus 5X Build/MMB29P) AppleWebKit/537.36 (KHTML, like Gecko) Chrome/141.0.7390.122 Mobile Safari/537.36 (compatible; Googlebot/2.1; +http://www.google.com/bot.html)"
66.249.77.198 - - [31/Oct/2025:00:21:34 +0000] "GET /api/v1.0/travelogue/public/summary HTTP/1.1" 200 1969613 "https://nowruzgan.com/travelogue/text/s1-t509-t840-n1069" "Mozilla/5.0 (Linux; Android 6.0.1; Nexus 5X Build/MMB29P) AppleWebKit/537.36 (KHTML, like Gecko) Chrome/141.0.7390.122 Mobile Safari/537.36 (compatible; Googlebot/2.1; +http://www.google.com/bot.html)"
209.15.119.224 - - [31/Oct/2025:00:21:43 +0000] "POST /xmlrpc.php HTTP/2.0" 200 426 "https://meysamkiani.com" "Mozilla/5.0 (Macintosh; Intel Mac OS X 10.15; rv:126.0) Gecko/20100101 Firefox/126.0"
66.249.75.67 - - [31/Oct/2025:00:22:00 +0000] "GET /?path=/var/dev/nowruzgan/vazhgar/node_modules/is-wsl HTTP/1.1" 200 3662 "-" "Mozilla/5.0 (Linux; Android 6.0.1; Nexus 5X Build/MMB29P) AppleWebKit/537.36 (KHTML, like Gecko) Chrome/141.0.7390.122 Mobile Safari/537.36 (compatible; Googlebot/2.1; +http://www.google.com/bot.html)"
66.249.75.67 - - [31/Oct/2025:00:22:01 +0000] "GET /?path=/var/dev/nowruzgan/vazhgar/node_modules/errno HTTP/1.1" 200 3873 "-" "Mozilla/5.0 (Linux; Android 6.0.1; Nexus 5X Build/MMB29P) AppleWebKit/537.36 (KHTML, like Gecko) Chrome/141.0.7390.122 Mobile Safari/537.36 (compatible; Googlebot/2.1; +http://www.google.com/bot.html)"
66.249.75.233 - - [31/Oct/2025:00:22:01 +0000] "GET /api/v1.0/ketabkhaneh/doc/1541?collection=0&sort=id HTTP/1.1" 200 1870 "-" "Mozilla/5.0 (Linux; Android 6.0.1; Nexus 5X Build/MMB29P) AppleWebKit/537.36 (KHTML, like Gecko) Chrome/141.0.7390.122 Mobile Safari/537.36 (compatible; Googlebot/2.1; +http://www.google.com/bot.html)"
70.39.246.37 - - [31/Oct/2025:00:22:14 +0000] "GET /?feed=rss2 HTTP/1.1" 301 178 "-" "Mozilla/5.0 Moreover/5.1 (+http://www.moreover.com)"
70.39.246.37 - - [31/Oct/2025:00:22:15 +0000] "GET /?feed=rss2 HTTP/1.1" 200 54045 "-" "Mozilla/5.0 Moreover/5.1 (+http://www.moreover.com)"
66.249.75.67 - - [31/Oct/2025:00:22:19 +0000] "GET /?path=/var/dev/nowruzgan/vazhgar/node_modules/statuses HTTP/1.1" 200 3710 "-" "Mozilla/5.0 (Linux; Android 6.0.1; Nexus 5X Build/MMB29P) AppleWebKit/537.36 (KHTML, like Gecko) Chrome/141.0.7390.122 Mobile Safari/537.36 (compatible; Googlebot/2.1; +http://www.google.com/bot.html)"
216.73.216.107 - - [31/Oct/2025:00:22:21 +0000] "GET /?path=%2Fvar%2Fcells%2Fservices HTTP/2.0" 200 3789 "-" "Mozilla/5.0 AppleWebKit/537.36 (KHTML, like Gecko; compatible; ClaudeBot/1.0; +claudebot@anthropic.com)"
216.73.216.107 - - [31/Oct/2025:00:22:21 +0000] "GET /?fileloc=%2F%2Fsbin%2Fgetcap&path=%2F%2Fsbin HTTP/2.0" 200 6266 "-" "Mozilla/5.0 AppleWebKit/537.36 (KHTML, like Gecko; compatible; ClaudeBot/1.0; +claudebot@anthropic.com)"
216.73.216.107 - - [31/Oct/2025:00:22:21 +0000] "GET /?fileloc=%2F%2Fbin%2Fpy3versions&path=%2F%2Fbin HTTP/2.0" 200 6689 "-" "Mozilla/5.0 AppleWebKit/537.36 (KHTML, like Gecko; compatible; ClaudeBot/1.0; +claudebot@anthropic.com)"
109.122.240.16 - - [31/Oct/2025:00:22:21 +0000] "POST /wp-cron.php?doing_wp_cron=1761870141.5833520889282226562500 HTTP/1.1" 200 31 "-" "WordPress/6.8.3; https://chaharrah.tv"
216.73.216.107 - - [31/Oct/2025:00:22:21 +0000] "GET /?path=%2F%2Fetc%2FImageMagick-6 HTTP/2.0" 200 4222 "-" "Mozilla/5.0 AppleWebKit/537.36 (KHTML, like Gecko; compatible; ClaudeBot/1.0; +claudebot@anthropic.com)"
198.244.168.111 - - [31/Oct/2025:00:22:21 +0000] "GET /organizer/nowruzgan-school/ HTTP/2.0" 200 7930 "-" "Mozilla/5.0 (compatible; AhrefsBot/7.0; +http://ahrefs.com/robot/)"
216.73.216.107 - - [31/Oct/2025:00:22:22 +0000] "GET /?fileloc=%2F%2Fbin%2Fpamvalidate&path=%2F%2Fbin HTTP/2.0" 200 6083 "-" "Mozilla/5.0 AppleWebKit/537.36 (KHTML, like Gecko; compatible; ClaudeBot/1.0; +claudebot@anthropic.com)"
216.73.216.107 - - [31/Oct/2025:00:22:23 +0000] "GET /?fileloc=%2F%2Fbin%2Fpgmnoise&path=%2F%2Fbin HTTP/2.0" 200 6636 "-" "Mozilla/5.0 AppleWebKit/537.36 (KHTML, like Gecko; compatible; ClaudeBot/1.0; +claudebot@anthropic.com)"
216.73.216.107 - - [31/Oct/2025:00:22:24 +0000] "GET /?fileloc=%2F%2Fsbin%2Fpvck&path=%2F%2Fsbin HTTP/2.0" 200 1157457 "-" "Mozilla/5.0 AppleWebKit/537.36 (KHTML, like Gecko; compatible; ClaudeBot/1.0; +claudebot@anthropic.com)"
66.249.75.68 - - [31/Oct/2025:00:22:24 +0000] "GET /?path=/var/log/opensearch-dashboards HTTP/1.1" 200 3062 "-" "Mozilla/5.0 (Linux; Android 6.0.1; Nexus 5X Build/MMB29P) AppleWebKit/537.36 (KHTML, like Gecko) Chrome/141.0.7390.122 Mobile Safari/537.36 (compatible; GoogleOther)"
216.73.216.107 - - [31/Oct/2025:00:22:25 +0000] "GET /?fileloc=%2F%2Fbin%2Fsg_format&path=%2F%2Fbin HTTP/2.0" 200 17814 "-" "Mozilla/5.0 AppleWebKit/537.36 (KHTML, like Gecko; compatible; ClaudeBot/1.0; +claudebot@anthropic.com)"
216.73.216.107 - - [31/Oct/2025:00:22:25 +0000] "GET /?fileloc=%2F%2Fsbin%2Fmkfs.xfs&path=%2F%2Fsbin HTTP/2.0" 200 223118 "-" "Mozilla/5.0 AppleWebKit/537.36 (KHTML, like Gecko; compatible; ClaudeBot/1.0; +claudebot@anthropic.com)"
216.73.216.107 - - [31/Oct/2025:00:22:25 +0000] "GET /?fileloc=%2F%2Fsbin%2Ffsck.minix&path=%2F%2Fsbin HTTP/2.0" 200 24490 "-" "Mozilla/5.0 AppleWebKit/537.36 (KHTML, like Gecko; compatible; ClaudeBot/1.0; +claudebot@anthropic.com)"
216.73.216.107 - - [31/Oct/2025:00:22:26 +0000] "GET /?fileloc=%2F%2Fbin%2Fgpgparsemail&path=%2F%2Fbin HTTP/2.0" 200 14870 "-" "Mozilla/5.0 AppleWebKit/537.36 (KHTML, like Gecko; compatible; ClaudeBot/1.0; +claudebot@anthropic.com)"
216.73.216.107 - - [31/Oct/2025:00:22:27 +0000] "GET /?fileloc=%2F%2Fbin%2Flinux64&path=%2F%2Fbin HTTP/2.0" 200 10845 "-" "Mozilla/5.0 AppleWebKit/537.36 (KHTML, like Gecko; compatible; ClaudeBot/1.0; +claudebot@anthropic.com)"
216.73.216.107 - - [31/Oct/2025:00:22:27 +0000] "GET /?fileloc=%2F%2Fsbin%2Fmkfs.msdos&path=%2F%2Fsbin HTTP/2.0" 200 25136 "-" "Mozilla/5.0 AppleWebKit/537.36 (KHTML, like Gecko; compatible; ClaudeBot/1.0; +claudebot@anthropic.com)"
216.73.216.107 - - [31/Oct/2025:00:22:28 +0000] "GET /?fileloc=%2F%2Fbin%2Fsystemd-path&path=%2F%2Fbin HTTP/2.0" 200 8201 "-" "Mozilla/5.0 AppleWebKit/537.36 (KHTML, like Gecko; compatible; ClaudeBot/1.0; +claudebot@anthropic.com)"
216.73.216.107 - - [31/Oct/2025:00:22:28 +0000] "GET /?fileloc=%2F%2Fsbin%2Fdpkg-preconfigure&path=%2F%2Fsbin HTTP/2.0" 200 4854 "-" "Mozilla/5.0 AppleWebKit/537.36 (KHTML, like Gecko; compatible; ClaudeBot/1.0; +claudebot@anthropic.com)"
216.73.216.107 - - [31/Oct/2025:00:22:28 +0000] "GET /?fileloc=%2F%2Fbin%2Fnetworkd-dispatcher&path=%2F%2Fbin HTTP/2.0" 200 10590 "-" "Mozilla/5.0 AppleWebKit/537.36 (KHTML, like Gecko; compatible; ClaudeBot/1.0; +claudebot@anthropic.com)"
216.73.216.107 - - [31/Oct/2025:00:22:28 +0000] "GET /?fileloc=%2F%2Fbin%2Fpyserial-miniterm&path=%2F%2Fbin HTTP/2.0" 200 3429 "-" "Mozilla/5.0 AppleWebKit/537.36 (KHTML, like Gecko; compatible; ClaudeBot/1.0; +claudebot@anthropic.com)"
216.73.216.107 - - [31/Oct/2025:00:22:28 +0000] "GET /?fileloc=%2F%2Fsbin%2Faa-status&path=%2F%2Fsbin HTTP/2.0" 200 18811 "-" "Mozilla/5.0 AppleWebKit/537.36 (KHTML, like Gecko; compatible; ClaudeBot/1.0; +claudebot@anthropic.com)"
216.73.216.107 - - [31/Oct/2025:00:22:28 +0000] "GET /?fileloc=%2F%2Fbin%2Fpod2html&path=%2F%2Fbin HTTP/2.0" 200 4684 "-" "Mozilla/5.0 AppleWebKit/537.36 (KHTML, like Gecko; compatible; ClaudeBot/1.0; +claudebot@anthropic.com)"
216.73.216.107 - - [31/Oct/2025:00:22:29 +0000] "GET /?fileloc=%2F%2Fsbin%2Fsetvesablank&path=%2F%2Fsbin HTTP/2.0" 200 6260 "-" "Mozilla/5.0 AppleWebKit/537.36 (KHTML, like Gecko; compatible; ClaudeBot/1.0; +claudebot@anthropic.com)"
216.73.216.107 - - [31/Oct/2025:00:22:29 +0000] "GET /?fileloc=%2F%2Fsbin%2Fnewusers&path=%2F%2Fsbin HTTP/2.0" 200 35544 "-" "Mozilla/5.0 AppleWebKit/537.36 (KHTML, like Gecko; compatible; ClaudeBot/1.0; +claudebot@anthropic.com)"
216.73.216.107 - - [31/Oct/2025:00:22:29 +0000] "GET /?fileloc=%2F%2Fsbin%2Fpwck&path=%2F%2Fsbin HTTP/2.0" 200 22957 "-" "Mozilla/5.0 AppleWebKit/537.36 (KHTML, like Gecko; compatible; ClaudeBot/1.0; +claudebot@anthropic.com)"
216.73.216.107 - - [31/Oct/2025:00:22:29 +0000] "GET /?fileloc=%2F%2Fbin%2Fvmware-checkvm&path=%2F%2Fbin HTTP/2.0" 200 5851 "-" "Mozilla/5.0 AppleWebKit/537.36 (KHTML, like Gecko; compatible; ClaudeBot/1.0; +claudebot@anthropic.com)"
216.73.216.107 - - [31/Oct/2025:00:22:29 +0000] "GET /?fileloc=%2F%2Fbin%2Fsg_unmap&path=%2F%2Fbin HTTP/2.0" 200 11515 "-" "Mozilla/5.0 AppleWebKit/537.36 (KHTML, like Gecko; compatible; ClaudeBot/1.0; +claudebot@anthropic.com)"
216.73.216.107 - - [31/Oct/2025:00:22:29 +0000] "GET /?fileloc=%2F%2Fbin%2Fsystemd-run&path=%2F%2Fbin HTTP/2.0" 200 27920 "-" "Mozilla/5.0 AppleWebKit/537.36 (KHTML, like Gecko; compatible; ClaudeBot/1.0; +claudebot@anthropic.com)"
216.73.216.107 - - [31/Oct/2025:00:22:30 +0000] "GET /?path=%2F%2Fetc%2Fsgml HTTP/2.0" 200 3396 "-" "Mozilla/5.0 AppleWebKit/537.36 (KHTML, like Gecko; compatible; ClaudeBot/1.0; +claudebot@anthropic.com)"
216.73.216.107 - - [31/Oct/2025:00:22:30 +0000] "GET /?fileloc=%2F%2Fbin%2Fc89-gcc&path=%2F%2Fbin HTTP/2.0" 200 3202 "-" "Mozilla/5.0 AppleWebKit/537.36 (KHTML, like Gecko; compatible; ClaudeBot/1.0; +claudebot@anthropic.com)"
216.73.216.107 - - [31/Oct/2025:00:22:30 +0000] "GET /?fileloc=%2Fvar%2Fcells%2Fcells-vault-key&path=%2Fvar%2Fcells HTTP/2.0" 200 3071 "-" "Mozilla/5.0 AppleWebKit/537.36 (KHTML, like Gecko; compatible; ClaudeBot/1.0; +claudebot@anthropic.com)"
216.73.216.107 - - [31/Oct/2025:00:22:30 +0000] "GET /?fileloc=%2F%2Fsbin%2Fe2undo&path=%2F%2Fsbin HTTP/2.0" 200 9748 "-" "Mozilla/5.0 AppleWebKit/537.36 (KHTML, like Gecko; compatible; ClaudeBot/1.0; +claudebot@anthropic.com)"
216.73.216.107 - - [31/Oct/2025:00:22:30 +0000] "GET /?fileloc=%2F%2Fsbin%2Fdcsnoop-bpfcc&path=%2F%2Fsbin HTTP/2.0" 200 4904 "-" "Mozilla/5.0 AppleWebKit/537.36 (KHTML, like Gecko; compatible; ClaudeBot/1.0; +claudebot@anthropic.com)"
216.73.216.107 - - [31/Oct/2025:00:22:30 +0000] "GET /?fileloc=%2F%2Fbin%2Fgrub-mknetdir&path=%2F%2Fbin HTTP/2.0" 200 190771 "-" "Mozilla/5.0 AppleWebKit/537.36 (KHTML, like Gecko; compatible; ClaudeBot/1.0; +claudebot@anthropic.com)"
216.73.216.107 - - [31/Oct/2025:00:22:30 +0000] "GET /?fileloc=%2Fvar%2Frun%2Fcrond.reboot&path=%2Fvar%2Frun HTTP/2.0" 200 2950 "-" "Mozilla/5.0 AppleWebKit/537.36 (KHTML, like Gecko; compatible; ClaudeBot/1.0; +claudebot@anthropic.com)"
216.73.216.107 - - [31/Oct/2025:00:22:31 +0000] "GET /?path=%2Fvar%2Flog%2Finstaller HTTP/2.0" 200 3032 "-" "Mozilla/5.0 AppleWebKit/537.36 (KHTML, like Gecko; compatible; ClaudeBot/1.0; +claudebot@anthropic.com)"
216.73.216.107 - - [31/Oct/2025:00:22:31 +0000] "GET /?fileloc=%2F%2Fsbin%2Fgrub-probe&path=%2F%2Fsbin HTTP/2.0" 200 466848 "-" "Mozilla/5.0 AppleWebKit/537.36 (KHTML, like Gecko; compatible; ClaudeBot/1.0; +claudebot@anthropic.com)"
216.73.216.107 - - [31/Oct/2025:00:22:31 +0000] "GET /?fileloc=%2F%2Fsbin%2Fpidpersec.bt&path=%2F%2Fsbin HTTP/2.0" 200 3336 "-" "Mozilla/5.0 AppleWebKit/537.36 (KHTML, like Gecko; compatible; ClaudeBot/1.0; +claudebot@anthropic.com)"
192.3.220.115 - - [31/Oct/2025:00:22:32 +0000] "CONNECT 18.4.86.43:443 HTTP/1.0" 400 166 "-" "-"
192.3.220.115 - - [31/Oct/2025:00:22:32 +0000] "GET https://scripts.mit.edu/~jbarnold/demo/env.pl HTTP/1.0" 404 162 "-" "-"
192.3.220.115 - - [31/Oct/2025:00:22:32 +0000] "CONNECT 23.239.9.178:80 HTTP/1.0" 400 166 "-" "-"
192.3.220.115 - - [31/Oct/2025:00:22:33 +0000] "GET http://proxyjudge.us/judge.php HTTP/1.0" 404 162 "-" "-"
192.3.220.115 - - [31/Oct/2025:00:22:33 +0000] "CONNECT 23.222.17.11:443 HTTP/1.0" 400 166 "-" "-"
192.3.220.115 - - [31/Oct/2025:00:22:33 +0000] "GET https://www.ebay.com/ HTTP/1.0" 200 615 "-" "-"
192.3.220.115 - - [31/Oct/2025:00:22:34 +0000] "GET http://api.ipify.org/?format=raw HTTP/1.0" 200 615 "-" "-"
216.73.216.107 - - [31/Oct/2025:00:22:34 +0000] "GET /?fileloc=%2F%2Fbin%2Fgrub-mkstandalone&path=%2F%2Fbin HTTP/2.0" 200 232395 "-" "Mozilla/5.0 AppleWebKit/537.36 (KHTML, like Gecko; compatible; ClaudeBot/1.0; +claudebot@anthropic.com)"
216.73.216.107 - - [31/Oct/2025:00:22:34 +0000] "GET /?fileloc=%2F%2Fboot%2Finitrd.img-6.8.0-86-generic&path=%2F%2Fboot HTTP/2.0" 200 2136 "-" "Mozilla/5.0 AppleWebKit/537.36 (KHTML, like Gecko; compatible; ClaudeBot/1.0; +claudebot@anthropic.com)"
216.73.216.107 - - [31/Oct/2025:00:22:34 +0000] "GET /?fileloc=%2F%2Fbin%2Fmacptopbm&path=%2F%2Fbin HTTP/2.0" 200 6770 "-" "Mozilla/5.0 AppleWebKit/537.36 (KHTML, like Gecko; compatible; ClaudeBot/1.0; +claudebot@anthropic.com)"
192.3.220.115 - - [31/Oct/2025:00:22:34 +0000] "GET http://chek.zennolab.com/proxy.php HTTP/1.0" 404 162 "-" "-"
192.3.220.115 - - [31/Oct/2025:00:22:34 +0000] "GET https://www.amazon.com/ HTTP/1.0" 200 615 "-" "-"
192.3.220.115 - - [31/Oct/2025:00:22:35 +0000] "GET https://www.axs.com/uk HTTP/1.0" 404 162 "-" "-"
192.3.220.115 - - [31/Oct/2025:00:22:35 +0000] "GET http://scripts.mit.edu/~jbarnold/demo/env.pl HTTP/1.0" 404 162 "-" "-"
192.3.220.115 - - [31/Oct/2025:00:22:36 +0000] "GET http://ip-api.com/json/ HTTP/1.0" 404 162 "-" "-"
192.3.220.115 - - [31/Oct/2025:00:22:36 +0000] "GET https://translate.google.com/translate_a/single?client=t&sl=auto&tl=de&hl=de&dt=at&dt=bd&dt=ex&dt=ld&dt=md&dt=qca&dt=rw&dt=rm&dt=ss&dt=t&ie=UTF-8&oe=UTF-8&otf=2&ssel=0&tsel=0&kc=4&tk=821208.701606&q=This%20is%20a%20test. HTTP/1.0" 404 162 "-" "Mozilla/5.0 (Windows NT 6.3; Win64; x64; rv:62.0) Gecko/20100101 Firefox/62.0"
192.3.220.115 - - [31/Oct/2025:00:22:36 +0000] "GET https://x.com/i/flow/login HTTP/1.0" 404 162 "-" "-"
192.3.220.115 - - [31/Oct/2025:00:22:37 +0000] "GET http://luisaranguren.com/proxyjudge.php HTTP/1.0" 404 162 "-" "-"
216.73.216.107 - - [31/Oct/2025:00:22:37 +0000] "GET /?fileloc=%2Fvar%2Fbackups%2Fdpkg.statoverride.5.gz&path=%2Fvar%2Fbackups HTTP/2.0" 200 3167 "-" "Mozilla/5.0 AppleWebKit/537.36 (KHTML, like Gecko; compatible; ClaudeBot/1.0; +claudebot@anthropic.com)"
216.73.216.107 - - [31/Oct/2025:00:22:37 +0000] "GET /?fileloc=%2F%2Fsbin%2Fopensnoop-bpfcc&path=%2F%2Fsbin HTTP/2.0" 200 7818 "-" "Mozilla/5.0 AppleWebKit/537.36 (KHTML, like Gecko; compatible; ClaudeBot/1.0; +claudebot@anthropic.com)"
216.73.216.107 - - [31/Oct/2025:00:22:37 +0000] "GET /?fileloc=%2F%2Fsbin%2Fldattach&path=%2F%2Fsbin HTTP/2.0" 200 10235 "-" "Mozilla/5.0 AppleWebKit/537.36 (KHTML, like Gecko; compatible; ClaudeBot/1.0; +claudebot@anthropic.com)"
17.246.15.238 - - [31/Oct/2025:00:22:37 +0000] "GET /?sitemap155.xml HTTP/1.1" 200 4426 "-" "Mozilla/5.0 (Macintosh; Intel Mac OS X 10_15_7) AppleWebKit/605.1.15 (KHTML, like Gecko) Version/17.4 Safari/605.1.15 (Applebot/0.1; +http://www.apple.com/go/applebot)"
192.3.220.115 - - [31/Oct/2025:00:22:37 +0000] "GET https://m.facebook.com/ HTTP/1.0" 200 615 "-" "-"
192.3.220.115 - - [31/Oct/2025:00:22:37 +0000] "GET http://lumtest.com/myip HTTP/1.0" 404 162 "-" "-"
216.73.216.107 - - [31/Oct/2025:00:22:38 +0000] "GET /?fileloc=%2F%2Fsbin%2Ftelinit&path=%2F%2Fsbin HTTP/2.0" 200 720650 "-" "Mozilla/5.0 AppleWebKit/537.36 (KHTML, like Gecko; compatible; ClaudeBot/1.0; +claudebot@anthropic.com)"
66.249.75.67 - - [31/Oct/2025:00:22:38 +0000] "GET /?path=/var/dev/nowruzgan/vazhgar/node_modules/path-scurry HTTP/1.1" 200 3693 "-" "Mozilla/5.0 (Linux; Android 6.0.1; Nexus 5X Build/MMB29P) AppleWebKit/537.36 (KHTML, like Gecko) Chrome/141.0.7390.122 Mobile Safari/537.36 (compatible; Googlebot/2.1; +http://www.google.com/bot.html)"
192.3.220.115 - - [31/Oct/2025:00:22:38 +0000] "GET https://www.yelp.com/ HTTP/1.0" 200 615 "-" "-"
18.141.183.108 - - [31/Oct/2025:00:22:38 +0000] "GET /robots.txt HTTP/1.1" 200 4426 "-" "Mozilla/5.0 (Macintosh; Intel Mac OS X 10_15_7) AppleWebKit/605.1.15 (KHTML, like Gecko) Version/14.1 Safari/605.1.15"
192.3.220.115 - - [31/Oct/2025:00:22:38 +0000] "GET https://gs.yandex.com/search?text=13.125.7.17%3A55770 HTTP/1.0" 404 162 "-" "Mozilla/5.0 (Linux x86_64; rv:114.0) Gecko/20100101 Firefox/114.0"
18.141.183.108 - - [31/Oct/2025:00:22:38 +0000] "GET /?sitemap155.xml HTTP/1.1" 200 4426 "-" "Mozilla/5.0 (Macintosh; Intel Mac OS X 10_15_7) AppleWebKit/605.1.15 (KHTML, like Gecko) Version/14.1 Safari/605.1.15"
192.3.220.115 - - [31/Oct/2025:00:22:38 +0000] "GET http://www.knowops.com/cgi-bin/textenv.pl HTTP/1.0" 404 162 "-" "-"
192.3.220.115 - - [31/Oct/2025:00:22:39 +0000] "GET https://search.brave.com/goggles?q=13.125.7.17%3A55770&spellcheck=0 HTTP/1.0" 404 162 "-" "-"
216.73.216.107 - - [31/Oct/2025:00:22:39 +0000] "GET /?fileloc=%2Fvar%2Flog%2Fphp8.3-fpm.log.10.gz&path=%2Fvar%2Flog HTTP/2.0" 200 2956 "-" "Mozilla/5.0 AppleWebKit/537.36 (KHTML, like Gecko; compatible; ClaudeBot/1.0; +claudebot@anthropic.com)"
216.73.216.107 - - [31/Oct/2025:00:22:39 +0000] "GET /?path=%2F%2Fetc%2Fupdate-motd.d HTTP/2.0" 200 3941 "-" "Mozilla/5.0 AppleWebKit/537.36 (KHTML, like Gecko; compatible; ClaudeBot/1.0; +claudebot@anthropic.com)"
216.73.216.107 - - [31/Oct/2025:00:22:39 +0000] "GET /?path=%2F%2Fvar%2Frun HTTP/2.0" 200 5768 "-" "Mozilla/5.0 AppleWebKit/537.36 (KHTML, like Gecko; compatible; ClaudeBot/1.0; +claudebot@anthropic.com)"
18.141.183.108 - - [31/Oct/2025:00:22:39 +0000] "GET /robots.txt HTTP/1.1" 200 4426 "-" "Mozilla/5.0 (Macintosh; Intel Mac OS X 10_15_7) AppleWebKit/605.1.15 (KHTML, like Gecko) Version/14.1 Safari/605.1.15"
192.3.220.115 - - [31/Oct/2025:00:22:39 +0000] "GET https://www.twitch.tv/rmcretro HTTP/1.0" 404 162 "-" "-"
18.141.183.108 - - [31/Oct/2025:00:22:39 +0000] "GET /robots.txt HTTP/1.1" 200 4426 "-" "Mozilla/5.0 (Macintosh; Intel Mac OS X 10_15_7) AppleWebKit/605.1.15 (KHTML, like Gecko) Version/14.1 Safari/605.1.15"
216.73.216.107 - - [31/Oct/2025:00:22:39 +0000] "GET /?fileloc=%2F%2Fsbin%2Fdmsetup&path=%2F%2Fsbin HTTP/2.0" 200 61969 "-" "Mozilla/5.0 AppleWebKit/537.36 (KHTML, like Gecko; compatible; ClaudeBot/1.0; +claudebot@anthropic.com)"
192.3.220.115 - - [31/Oct/2025:00:22:40 +0000] "GET https://jagerman.com/env.cgi HTTP/1.0" 404 162 "-" "-"
216.73.216.107 - - [31/Oct/2025:00:22:40 +0000] "GET /?fileloc=%2F%2Fbin%2Fredis-check-rdb&path=%2F%2Fbin HTTP/2.0" 200 1105487 "-" "Mozilla/5.0 AppleWebKit/537.36 (KHTML, like Gecko; compatible; ClaudeBot/1.0; +claudebot@anthropic.com)"
192.3.220.115 - - [31/Oct/2025:00:22:40 +0000] "GET http://check.getipintel.net/check.php?ip=109.122.240.22&contact=cpppox.xtjv0%40hotmail.com HTTP/1.0" 404 162 "-" "-"
216.73.216.107 - - [31/Oct/2025:00:22:40 +0000] "GET /?fileloc=%2Fvar%2Frun%2Fcrond.pid&path=%2Fvar%2Frun HTTP/2.0" 200 2953 "-" "Mozilla/5.0 AppleWebKit/537.36 (KHTML, like Gecko; compatible; ClaudeBot/1.0; +claudebot@anthropic.com)"
216.73.216.107 - - [31/Oct/2025:00:22:40 +0000] "GET /?fileloc=%2F%2Fbin%2Fgrub-menulst2cfg&path=%2F%2Fbin HTTP/2.0" 200 39007 "-" "Mozilla/5.0 AppleWebKit/537.36 (KHTML, like Gecko; compatible; ClaudeBot/1.0; +claudebot@anthropic.com)"
18.141.183.108 - - [31/Oct/2025:00:22:40 +0000] "GET /robots.txt HTTP/1.1" 200 4426 "-" "Mozilla/5.0 (Macintosh; Intel Mac OS X 10_15_7) AppleWebKit/605.1.15 (KHTML, like Gecko) Version/14.1 Safari/605.1.15"
192.3.220.115 - - [31/Oct/2025:00:22:40 +0000] "GET https://telegram.org/ HTTP/1.0" 200 615 "-" "-"
216.73.216.107 - - [31/Oct/2025:00:22:40 +0000] "GET /?fileloc=%2F%2Fsbin%2Fvgcreate&path=%2F%2Fsbin HTTP/2.0" 200 1157462 "-" "Mozilla/5.0 AppleWebKit/537.36 (KHTML, like Gecko; compatible; ClaudeBot/1.0; +claudebot@anthropic.com)"
192.3.220.115 - - [31/Oct/2025:00:22:41 +0000] "GET http://wtfismyip.com/headers HTTP/1.0" 404 162 "-" "-"
216.73.216.107 - - [31/Oct/2025:00:22:41 +0000] "GET /?fileloc=%2F%2Fbin%2Fmokutil&path=%2F%2Fbin HTTP/2.0" 200 27412 "-" "Mozilla/5.0 AppleWebKit/537.36 (KHTML, like Gecko; compatible; ClaudeBot/1.0; +claudebot@anthropic.com)"
13.229.242.85 - - [31/Oct/2025:00:22:41 +0000] "GET /robots.txt HTTP/1.1" 200 4426 "-" "Mozilla/5.0 (Macintosh; Intel Mac OS X 10_15_7) AppleWebKit/605.1.15 (KHTML, like Gecko) Version/14.1 Safari/605.1.15"
192.3.220.115 - - [31/Oct/2025:00:22:41 +0000] "GET https://www.instagram.com/ HTTP/1.0" 200 615 "-" "-"
18.141.183.108 - - [31/Oct/2025:00:22:41 +0000] "GET /robots.txt HTTP/1.1" 200 4426 "-" "Mozilla/5.0 (Macintosh; Intel Mac OS X 10_15_7) AppleWebKit/605.1.15 (KHTML, like Gecko) Version/14.1 Safari/605.1.15"
216.73.216.107 - - [31/Oct/2025:00:22:42 +0000] "GET /?fileloc=%2F%2Fbin%2Fappstreamcli&path=%2F%2Fbin HTTP/2.0" 200 52744 "-" "Mozilla/5.0 AppleWebKit/537.36 (KHTML, like Gecko; compatible; ClaudeBot/1.0; +claudebot@anthropic.com)"
216.73.216.107 - - [31/Oct/2025:00:22:42 +0000] "GET /?fileloc=%2F%2Fsbin%2Fupdate-fonts-dir&path=%2F%2Fsbin HTTP/2.0" 200 4846 "-" "Mozilla/5.0 AppleWebKit/537.36 (KHTML, like Gecko; compatible; ClaudeBot/1.0; +claudebot@anthropic.com)"
216.73.216.107 - - [31/Oct/2025:00:22:42 +0000] "GET /?fileloc=%2F%2Fsbin%2Fdcb&path=%2F%2Fsbin HTTP/2.0" 200 32821 "-" "Mozilla/5.0 AppleWebKit/537.36 (KHTML, like Gecko; compatible; ClaudeBot/1.0; +claudebot@anthropic.com)"
192.3.220.115 - - [31/Oct/2025:00:22:42 +0000] "GET https://www.kleinanzeigen.de/s-amiga/k0 HTTP/1.0" 404 162 "-" "-"
13.229.242.85 - - [31/Oct/2025:00:22:42 +0000] "GET /robots.txt HTTP/1.1" 200 4426 "-" "Mozilla/5.0 (Macintosh; Intel Mac OS X 10_15_7) AppleWebKit/605.1.15 (KHTML, like Gecko) Version/14.1 Safari/605.1.15"
192.3.220.115 - - [31/Oct/2025:00:22:42 +0000] "GET https://www.soundcloud.com/ HTTP/1.0" 200 615 "-" "-"
216.73.216.107 - - [31/Oct/2025:00:22:42 +0000] "GET /?fileloc=%2F%2Fbin%2Fmysqlslap&path=%2F%2Fbin HTTP/2.0" 200 1491916 "-" "Mozilla/5.0 AppleWebKit/537.36 (KHTML, like Gecko; compatible; ClaudeBot/1.0; +claudebot@anthropic.com)"
216.73.216.107 - - [31/Oct/2025:00:22:42 +0000] "GET /?fileloc=%2F%2Fsbin%2Fpwhistory_helper&path=%2F%2Fsbin HTTP/2.0" 200 8841 "-" "Mozilla/5.0 AppleWebKit/537.36 (KHTML, like Gecko; compatible; ClaudeBot/1.0; +claudebot@anthropic.com)"
3.0.89.221 - - [31/Oct/2025:00:22:42 +0000] "GET /robots.txt HTTP/1.1" 200 4426 "-" "Mozilla/5.0 (Macintosh; Intel Mac OS X 10_15_7) AppleWebKit/605.1.15 (KHTML, like Gecko) Version/14.1 Safari/605.1.15"
192.3.220.115 - - [31/Oct/2025:00:22:42 +0000] "GET http://botscout.com/test/?ip=109.122.240.22 HTTP/1.0" 404 162 "-" "-"
192.3.220.115 - - [31/Oct/2025:00:22:43 +0000] "GET https://www.ticketmaster.co.uk/ HTTP/1.0" 200 615 "-" "-"
216.73.216.107 - - [31/Oct/2025:00:22:43 +0000] "GET /?fileloc=%2F%2Fbin%2Fsystemd-tmpfiles&path=%2F%2Fbin HTTP/2.0" 200 52781 "-" "Mozilla/5.0 AppleWebKit/537.36 (KHTML, like Gecko; compatible; ClaudeBot/1.0; +claudebot@anthropic.com)"
216.73.216.107 - - [31/Oct/2025:00:22:43 +0000] "GET /?fileloc=%2Fvar%2Fbackups%2Fdpkg.statoverride.1.gz&path=%2Fvar%2Fbackups HTTP/2.0" 200 3167 "-" "Mozilla/5.0 AppleWebKit/537.36 (KHTML, like Gecko; compatible; ClaudeBot/1.0; +claudebot@anthropic.com)"
192.3.220.115 - - [31/Oct/2025:00:22:43 +0000] "GET http://httpheader.net/azenv.php HTTP/1.0" 404 162 "-" "-"
192.3.220.115 - - [31/Oct/2025:00:22:43 +0000] "GET http://ip.filefab.com/index.php HTTP/1.0" 404 162 "-" "-"
192.3.220.115 - - [31/Oct/2025:00:22:44 +0000] "GET https://www.izito.com/search?vid=ef878ab3-99f3-420e-aeba-84b2d84872ce&q=13.125.7.17%3A55770 HTTP/1.0" 404 162 "-" "-"
216.73.216.107 - - [31/Oct/2025:00:22:44 +0000] "GET /?fileloc=%2F%2Fsbin%2Fwakeuptime-bpfcc&path=%2F%2Fsbin HTTP/2.0" 200 6311 "-" "Mozilla/5.0 AppleWebKit/537.36 (KHTML, like Gecko; compatible; ClaudeBot/1.0; +claudebot@anthropic.com)"
216.73.216.107 - - [31/Oct/2025:00:22:44 +0000] "GET /?fileloc=%2F%2Fsbin%2Fneedrestart&path=%2F%2Fsbin HTTP/2.0" 200 16944 "-" "Mozilla/5.0 AppleWebKit/537.36 (KHTML, like Gecko; compatible; ClaudeBot/1.0; +claudebot@anthropic.com)"
216.73.216.107 - - [31/Oct/2025:00:22:44 +0000] "GET /?fileloc=%2F%2Fbin%2Fmongoexport&path=%2F%2Fbin HTTP/2.0" 200 1835008 "-" "Mozilla/5.0 AppleWebKit/537.36 (KHTML, like Gecko; compatible; ClaudeBot/1.0; +claudebot@anthropic.com)"
192.3.220.115 - - [31/Oct/2025:00:22:44 +0000] "GET http://ipcheck2.jdownloader.org HTTP/1.0" 200 615 "-" "-"
192.3.220.115 - - [31/Oct/2025:00:22:45 +0000] "GET https://x.com/i/flow/login HTTP/1.0" 404 162 "-" "-"
216.73.216.107 - - [31/Oct/2025:00:22:45 +0000] "GET /?fileloc=%2F%2Fsbin%2Fpvdisplay&path=%2F%2Fsbin HTTP/2.0" 200 1157455 "-" "Mozilla/5.0 AppleWebKit/537.36 (KHTML, like Gecko; compatible; ClaudeBot/1.0; +claudebot@anthropic.com)"
216.73.216.107 - - [31/Oct/2025:00:22:45 +0000] "GET /?fileloc=%2Fvar%2Flog%2Fphp8.3-fpm.log.4.gz&path=%2Fvar%2Flog HTTP/2.0" 200 2956 "-" "Mozilla/5.0 AppleWebKit/537.36 (KHTML, like Gecko; compatible; ClaudeBot/1.0; +claudebot@anthropic.com)"
216.73.216.107 - - [31/Oct/2025:00:22:45 +0000] "GET /?fileloc=%2Fvar%2Fbackups%2Fdpkg.statoverride.6.gz&path=%2Fvar%2Fbackups HTTP/2.0" 200 3167 "-" "Mozilla/5.0 AppleWebKit/537.36 (KHTML, like Gecko; compatible; ClaudeBot/1.0; +claudebot@anthropic.com)"
192.3.220.115 - - [31/Oct/2025:00:22:45 +0000] "GET https://us.search.yahoo.com/search?p=13.125.7.17%3A55770 HTTP/1.0" 404 564 "-" "Mozilla/5.0 (Windows NT 10.0; Win64; x64) AppleWebKit/537.36 (KHTML, like Gecko) Chrome/114.0.0.0 Safari/537.36 Vivaldi/5.3.2679.68"
192.3.220.115 - - [31/Oct/2025:00:22:45 +0000] "GET https://moz.com/ HTTP/1.0" 200 615 "-" "-"
192.3.220.115 - - [31/Oct/2025:00:22:46 +0000] "GET https://www.yell.com/ HTTP/1.0" 200 615 "-" "Mozilla/5.0 (Windows NT 10.0; rv:107.0) Gecko/20100101 Firefox/107.0"
216.73.216.107 - - [31/Oct/2025:00:22:46 +0000] "GET /?fileloc=%2F%2Fsbin%2Freadahead-bpfcc&path=%2F%2Fsbin HTTP/2.0" 200 5162 "-" "Mozilla/5.0 AppleWebKit/537.36 (KHTML, like Gecko; compatible; ClaudeBot/1.0; +claudebot@anthropic.com)"
216.73.216.107 - - [31/Oct/2025:00:22:46 +0000] "GET /?fileloc=%2F%2Fbin%2Fssh-import-id-gh&path=%2F%2Fbin HTTP/2.0" 200 3428 "-" "Mozilla/5.0 AppleWebKit/537.36 (KHTML, like Gecko; compatible; ClaudeBot/1.0; +claudebot@anthropic.com)"
192.3.220.115 - - [31/Oct/2025:00:22:46 +0000] "GET https://eu.supreme.com/collections/all HTTP/1.0" 404 162 "-" "Mozilla/5.0 (Windows NT 6.3; Win64; x64; rv:69.0) Gecko/20100101 Firefox/69.0"
192.3.220.115 - - [31/Oct/2025:00:22:46 +0000] "GET https://text.ru/ HTTP/1.0" 200 615 "-" "-"
192.3.220.115 - - [31/Oct/2025:00:22:47 +0000] "GET http://mojeip.net.pl/asdfa/azenv.php HTTP/1.0" 404 162 "-" "-"
216.73.216.107 - - [31/Oct/2025:00:22:47 +0000] "GET /?fileloc=%2F%2Fbin%2Fpbmtoascii&path=%2F%2Fbin HTTP/2.0" 200 6474 "-" "Mozilla/5.0 AppleWebKit/537.36 (KHTML, like Gecko; compatible; ClaudeBot/1.0; +claudebot@anthropic.com)"
192.3.220.115 - - [31/Oct/2025:00:22:47 +0000] "GET https://www.reddit.com/ HTTP/1.0" 200 615 "-" "-"
216.73.216.107 - - [31/Oct/2025:00:22:47 +0000] "GET /?fileloc=%2Fvar%2Flog%2Fphp8.3-fpm.log.5.gz&path=%2Fvar%2Flog HTTP/2.0" 200 2956 "-" "Mozilla/5.0 AppleWebKit/537.36 (KHTML, like Gecko; compatible; ClaudeBot/1.0; +claudebot@anthropic.com)"
192.3.220.115 - - [31/Oct/2025:00:22:47 +0000] "GET https://api.ipify.org/?format=raw HTTP/1.0" 200 615 "-" "-"
216.73.216.107 - - [31/Oct/2025:00:22:48 +0000] "GET /?fileloc=%2F%2Fsbin%2Fprofile-bpfcc&path=%2F%2Fsbin HTTP/2.0" 200 8541 "-" "Mozilla/5.0 AppleWebKit/537.36 (KHTML, like Gecko; compatible; ClaudeBot/1.0; +claudebot@anthropic.com)"
192.3.220.115 - - [31/Oct/2025:00:22:48 +0000] "GET https://berlin.craigslist.org/search/jjj?query=software&sort=rel HTTP/1.0" 404 162 "-" "-"
192.3.220.115 - - [31/Oct/2025:00:22:48 +0000] "GET https://www.google.com/recaptcha/api2/anchor?ar=1&k=6Le-wvkSAAAAAPBMRTvw0Q4Muexq9bi0DJwx_mJ-&co=aHR0cHM6Ly93d3cuZ29vZ2xlLmNvbTo0NDM.&hl=en&v=mhgGrlTs_PbFQOW4ejlxlxZn&size=normal&cb=5onchnjl84i3 HTTP/1.0" 404 162 "-" "Mozilla/5.0 (Windows NT 6.3; Win64; x64; rv:62.0) Gecko/20100101 Firefox/62.0"
192.3.220.115 - - [31/Oct/2025:00:22:49 +0000] "GET https://www.zapmeta.com/?q=13.125.7.17%3A55770&vid=7ae5a7c6-de3a-4698-9927-2786000b79b6 HTTP/1.0" 200 615 "-" "-"
192.3.220.115 - - [31/Oct/2025:00:22:49 +0000] "GET http://proxyjudge.us/ HTTP/1.0" 200 615 "-" "-"
192.3.220.115 - - [31/Oct/2025:00:22:49 +0000] "GET https://www.yellowpages.com/ HTTP/1.0" 200 615 "-" "Mozilla/5.0 (X11; Ubuntu; Linux x86_64; rv:114.0) Gecko/20100101 Firefox/114.0"
66.249.75.67 - - [31/Oct/2025:00:22:49 +0000] "GET /?fileloc=/var/dev/math/ui/node_modules/finalhandler/node_modules/debug/.travis.yml&path=/var/dev/math/ui/node_modules/finalhandler/node_modules/debug HTTP/1.1" 200 3135 "-" "Mozilla/5.0 (Linux; Android 6.0.1; Nexus 5X Build/MMB29P) AppleWebKit/537.36 (KHTML, like Gecko) Chrome/141.0.7390.122 Mobile Safari/537.36 (compatible; GoogleOther)"
216.73.216.107 - - [31/Oct/2025:00:22:49 +0000] "GET /?fileloc=%2F%2Fsbin%2Flvcreate&path=%2F%2Fsbin HTTP/2.0" 200 1157462 "-" "Mozilla/5.0 AppleWebKit/537.36 (KHTML, like Gecko; compatible; ClaudeBot/1.0; +claudebot@anthropic.com)"
216.73.216.107 - - [31/Oct/2025:00:22:49 +0000] "GET /?fileloc=%2F%2Frun%2Funattended-upgrades.progress&path=%2F%2Frun HTTP/2.0" 200 2972 "-" "Mozilla/5.0 AppleWebKit/537.36 (KHTML, like Gecko; compatible; ClaudeBot/1.0; +claudebot@anthropic.com)"
216.73.216.107 - - [31/Oct/2025:00:22:49 +0000] "GET /?path=%2F%2Frun%2Fmultipath HTTP/2.0" 200 3020 "-" "Mozilla/5.0 AppleWebKit/537.36 (KHTML, like Gecko; compatible; ClaudeBot/1.0; +claudebot@anthropic.com)"
216.73.216.107 - - [31/Oct/2025:00:22:49 +0000] "GET /?fileloc=%2Fvar%2Flog%2Falternatives.log.1&path=%2Fvar%2Flog HTTP/2.0" 200 3813 "-" "Mozilla/5.0 AppleWebKit/537.36 (KHTML, like Gecko; compatible; ClaudeBot/1.0; +claudebot@anthropic.com)"
216.73.216.107 - - [31/Oct/2025:00:22:49 +0000] "GET /?fileloc=%2F%2Fbin%2Fupdate-mime-database&path=%2F%2Fbin HTTP/2.0" 200 36794 "-" "Mozilla/5.0 AppleWebKit/537.36 (KHTML, like Gecko; compatible; ClaudeBot/1.0; +claudebot@anthropic.com)"
216.73.216.107 - - [31/Oct/2025:00:22:49 +0000] "GET /?fileloc=%2F%2Fsbin%2Fntfsclone&path=%2F%2Fsbin HTTP/2.0" 200 23497 "-" "Mozilla/5.0 AppleWebKit/537.36 (KHTML, like Gecko; compatible; ClaudeBot/1.0; +claudebot@anthropic.com)"
192.3.220.115 - - [31/Oct/2025:00:22:50 +0000] "GET https://www.mojeek.com/search?q=13.125.7.17%3A55770 HTTP/1.0" 404 162 "-" "-"
192.3.220.115 - - [31/Oct/2025:00:22:50 +0000] "GET https://www.roblox.com/ HTTP/1.0" 200 615 "-" "-"
192.3.220.115 - - [31/Oct/2025:00:22:50 +0000] "GET http://www.sbjudge1.com/ip4.php HTTP/1.0" 404 162 "-" "-"
192.3.220.115 - - [31/Oct/2025:00:22:51 +0000] "GET https://startpage.com/sp/search?abp=1&query=13.125.7.17%3A55770&cat=web HTTP/1.0" 404 564 "-" "Mozilla/5.0 (Windows NT 10.0; Win64; x64; Xbox; Xbox One) AppleWebKit/537.36 (KHTML, like Gecko) Chrome/114.0.0.0 Safari/537.36 Edge/44.18363.8131"
192.3.220.115 - - [31/Oct/2025:00:22:51 +0000] "GET http://pascal.hoez.free.fr/azenv.php HTTP/1.0" 404 162 "-" "-"
192.3.220.115 - - [31/Oct/2025:00:22:52 +0000] "GET https://www.bing.com/search?q=13.125.7.17%3A55770&FORM=PERE&count=20 HTTP/1.0" 404 162 "-" "-"
192.3.220.115 - - [31/Oct/2025:00:22:52 +0000] "GET http://www.stopforumspam.com/ipcheck/109.122.240.22 HTTP/1.0" 404 564 "http://www.stopforumspam.com/" "Mozilla/5.0 (Windows NT 10.0; WOW64) AppleWebKit/537.36 (KHTML, like Gecko) Chrome/114.0.0.0 Safari/537.36 Vivaldi/5.3.2679.68"
192.3.220.115 - - [31/Oct/2025:00:22:52 +0000] "GET https://www.ebookers.com/ HTTP/1.0" 200 615 "-" "Mozilla/5.0 (X11; Linux i686; rv:114.0) Gecko/20100101 Firefox/114.0"
192.3.220.115 - - [31/Oct/2025:00:22:53 +0000] "GET https://checktrust.ru/ HTTP/1.0" 200 615 "-" "-"
192.3.220.115 - - [31/Oct/2025:00:22:53 +0000] "GET https://ipinfo.io/ip HTTP/1.0" 404 162 "-" "-"
216.73.216.107 - - [31/Oct/2025:00:22:53 +0000] "GET /?path=%2Fvar%2Flog%2Flandscape HTTP/2.0" 200 3339 "-" "Mozilla/5.0 AppleWebKit/537.36 (KHTML, like Gecko; compatible; ClaudeBot/1.0; +claudebot@anthropic.com)"
192.3.220.115 - - [31/Oct/2025:00:22:53 +0000] "GET https://1fichier.com/?ni53tht7pr2ucpgkfaq7 HTTP/1.0" 200 615 "-" "-"
216.73.216.107 - - [31/Oct/2025:00:22:54 +0000] "GET /?fileloc=%2Fvar%2Fbackups%2Fdpkg.statoverride.2.gz&path=%2Fvar%2Fbackups HTTP/2.0" 200 3167 "-" "Mozilla/5.0 AppleWebKit/537.36 (KHTML, like Gecko; compatible; ClaudeBot/1.0; +claudebot@anthropic.com)"
216.73.216.107 - - [31/Oct/2025:00:22:54 +0000] "GET /?fileloc=%2F%2Fsbin%2Fapplygnupgdefaults&path=%2F%2Fsbin HTTP/2.0" 200 4119 "-" "Mozilla/5.0 AppleWebKit/537.36 (KHTML, like Gecko; compatible; ClaudeBot/1.0; +claudebot@anthropic.com)"
192.3.220.115 - - [31/Oct/2025:00:22:54 +0000] "GET http://azenv.net/ HTTP/1.0" 200 615 "-" "-"
216.73.216.107 - - [31/Oct/2025:00:22:54 +0000] "GET /?fileloc=%2F%2Fsbin%2Ffsck.ext3&path=%2F%2Fsbin HTTP/2.0" 200 171117 "-" "Mozilla/5.0 AppleWebKit/537.36 (KHTML, like Gecko; compatible; ClaudeBot/1.0; +claudebot@anthropic.com)"
216.73.216.107 - - [31/Oct/2025:00:22:54 +0000] "GET /?path=%2F%2Fetc%2Flibpaper.d HTTP/2.0" 200 3023 "-" "Mozilla/5.0 AppleWebKit/537.36 (KHTML, like Gecko; compatible; ClaudeBot/1.0; +claudebot@anthropic.com)"
192.3.220.115 - - [31/Oct/2025:00:22:54 +0000] "GET http://www.wfuchs.de/azenv.php HTTP/1.0" 404 162 "-" "-"
216.73.216.107 - - [31/Oct/2025:00:22:54 +0000] "GET /?fileloc=%2F%2Fsbin%2Fgrub-macbless&path=%2F%2Fsbin HTTP/2.0" 200 460471 "-" "Mozilla/5.0 AppleWebKit/537.36 (KHTML, like Gecko; compatible; ClaudeBot/1.0; +claudebot@anthropic.com)"
216.73.216.107 - - [31/Oct/2025:00:22:54 +0000] "GET /?fileloc=%2Fvar%2Flog%2FuftpLog_2025-10-27&path=%2Fvar%2Flog HTTP/2.0" 200 3089 "-" "Mozilla/5.0 AppleWebKit/537.36 (KHTML, like Gecko; compatible; ClaudeBot/1.0; +claudebot@anthropic.com)"
192.3.220.115 - - [31/Oct/2025:00:22:55 +0000] "GET https://newassets.hcaptcha.com/captcha/v1/a8cd801/static/hcaptcha.html HTTP/1.0" 404 162 "-" "-"
216.73.216.107 - - [31/Oct/2025:00:22:55 +0000] "GET /?fileloc=%2F%2Fsbin%2Fthin_metadata_size&path=%2F%2Fsbin HTTP/2.0" 200 607354 "-" "Mozilla/5.0 AppleWebKit/537.36 (KHTML, like Gecko; compatible; ClaudeBot/1.0; +claudebot@anthropic.com)"
216.73.216.107 - - [31/Oct/2025:00:22:55 +0000] "GET /?fileloc=%2F%2Fbin%2Fmd5sum.textutils&path=%2F%2Fbin HTTP/2.0" 200 19150 "-" "Mozilla/5.0 AppleWebKit/537.36 (KHTML, like Gecko; compatible; ClaudeBot/1.0; +claudebot@anthropic.com)"
192.3.220.115 - - [31/Oct/2025:00:22:55 +0000] "GET https://www.justone-fujioyama.jp/test/php/test.php HTTP/1.0" 404 162 "-" "-"
216.73.216.107 - - [31/Oct/2025:00:22:55 +0000] "GET /?fileloc=%2F%2Fsbin%2Frunqslower-bpfcc&path=%2F%2Fsbin HTTP/2.0" 200 6331 "-" "Mozilla/5.0 AppleWebKit/537.36 (KHTML, like Gecko; compatible; ClaudeBot/1.0; +claudebot@anthropic.com)"
192.3.220.115 - - [31/Oct/2025:00:22:55 +0000] "GET http://ipinfo.io/ip HTTP/1.0" 404 162 "-" "-"
192.3.220.115 - - [31/Oct/2025:00:22:56 +0000] "GET https://www.etsy.com/ HTTP/1.0" 200 615 "-" "Mozilla/5.0 (Windows NT 10.0; Win64; x64; rv:132.0) Gecko/20100101 Firefox/132.0"
192.3.220.115 - - [31/Oct/2025:00:22:56 +0000] "GET http://www2t.biglobe.ne.jp/~take52/test/env.cgi HTTP/1.0" 404 162 "-" "-"
109.122.240.16 - - [31/Oct/2025:00:22:56 +0000] "GET /api/v1.0/lexicon/word/13262/rel|ref HTTP/1.1" 200 361 "-" "node"
109.122.240.16 - - [31/Oct/2025:00:22:56 +0000] "GET /api/v1.0/lexicon/word-ref?limit=0&word=13262&sort=title%20asc HTTP/1.1" 200 372 "-" "node"
192.3.220.115 - - [31/Oct/2025:00:22:56 +0000] "GET https://html.duckduckgo.com/html?q=13.125.7.17%3A55770 HTTP/1.0" 404 162 "-" "-"
109.122.240.16 - - [31/Oct/2025:00:22:56 +0000] "GET /api/v1.0/lexicon/word/?sortable=porch&lang=en HTTP/1.1" 200 219 "-" "node"
109.122.240.16 - - [31/Oct/2025:00:22:56 +0000] "GET /api/v1.0/lexicon/word/8866/rel|ref HTTP/1.1" 200 517 "-" "node"
109.122.240.16 - - [31/Oct/2025:00:22:57 +0000] "GET /api/v1.0/lexicon/word-ref?limit=0&word=8866&sort=title%20asc HTTP/1.1" 200 724 "-" "node"
109.122.240.16 - - [31/Oct/2025:00:22:57 +0000] "GET /api/v1.0/lexicon/word/13261/rel|ref HTTP/1.1" 200 582 "-" "node"
109.122.240.16 - - [31/Oct/2025:00:22:57 +0000] "GET /api/v1.0/lexicon/word-ref?limit=0&word=13261&sort=title%20asc HTTP/1.1" 200 285 "-" "node"
216.73.216.107 - - [31/Oct/2025:00:22:57 +0000] "GET /?fileloc=%2F%2Fsbin%2Fmdflush-bpfcc&path=%2F%2Fsbin HTTP/2.0" 200 4219 "-" "Mozilla/5.0 AppleWebKit/537.36 (KHTML, like Gecko; compatible; ClaudeBot/1.0; +claudebot@anthropic.com)"
109.122.240.16 - - [31/Oct/2025:00:22:57 +0000] "GET /api/v1.0/lexicon/word/13265/rel|ref HTTP/1.1" 200 857 "-" "node"
109.122.240.16 - - [31/Oct/2025:00:22:57 +0000] "GET /api/v1.0/lexicon/word-ref?limit=0&word=13265&sort=title%20asc HTTP/1.1" 200 19 "-" "node"
109.122.240.16 - - [31/Oct/2025:00:22:57 +0000] "GET /api/v1.0/lexicon/word/13267/rel|ref HTTP/1.1" 200 621 "-" "node"
109.122.240.16 - - [31/Oct/2025:00:22:57 +0000] "GET /api/v1.0/lexicon/word-ref?limit=0&word=13267&sort=title%20asc HTTP/1.1" 200 307 "-" "node"
192.3.220.115 - - [31/Oct/2025:00:22:57 +0000] "GET http://simpleapi.majestic.com/sapi/GetBacklinkStats?items=3&item0=http%3A%2F%2Fwww.google.com%2F&item1=www.google.com&item2=google.com&sak=SL3CKCME3Y&datasource=Fresh HTTP/1.0" 404 564 "-" "Mozilla/5.0 (Windows NT 6.3; WOW64) AppleWebKit/537.36 (KHTML, like Gecko) Chrome/48.0.2564.103 Safari/537.36"
216.73.216.107 - - [31/Oct/2025:00:22:57 +0000] "GET /?fileloc=%2F%2Fsbin%2Foffwaketime-bpfcc&path=%2F%2Fsbin HTTP/2.0" 200 8139 "-" "Mozilla/5.0 AppleWebKit/537.36 (KHTML, like Gecko; compatible; ClaudeBot/1.0; +claudebot@anthropic.com)"
109.122.240.16 - - [31/Oct/2025:00:22:57 +0000] "GET /api/v1.0/lexicon/word/13269/rel|ref HTTP/1.1" 200 419 "-" "node"
109.122.240.16 - - [31/Oct/2025:00:22:57 +0000] "GET /api/v1.0/lexicon/word-ref?limit=0&word=13269&sort=title%20asc HTTP/1.1" 200 475 "-" "node"
109.122.240.16 - - [31/Oct/2025:00:22:57 +0000] "GET /api/v1.0/lexicon/word/13271/rel|ref HTTP/1.1" 200 784 "-" "node"
109.122.240.16 - - [31/Oct/2025:00:22:57 +0000] "GET /api/v1.0/lexicon/word-ref?limit=0&word=13271&sort=title%20asc HTTP/1.1" 200 654 "-" "node"
192.3.220.115 - - [31/Oct/2025:00:22:57 +0000] "GET https://www2.proxyswitcher.com/ss.php HTTP/1.0" 404 162 "-" "-"
109.122.240.16 - - [31/Oct/2025:00:22:57 +0000] "POST /wp-cron.php?doing_wp_cron=1761870177.5463550090789794921875 HTTP/1.1" 200 31 "-" "WordPress/6.8.3; https://chaharrah.tv"
192.3.220.115 - - [31/Oct/2025:00:22:57 +0000] "GET https://ip.sb/azenv HTTP/1.0" 404 162 "-" "-"
87.250.224.202 - - [31/Oct/2025:00:22:58 +0000] "OPTIONS /api/v1.0/log HTTP/1.1" 404 11792 "https://vazhgar.com/" "Mozilla/5.0 (compatible; YandexRenderResourcesBot/1.0; +http://yandex.com/bots) AppleWebKit/537.36 (KHTML, like Gecko) Chrome/108.0.0.0"
95.108.213.140 - - [31/Oct/2025:00:22:58 +0000] "OPTIONS /api/v1.0/log HTTP/1.1" 404 11792 "https://vazhgar.com/" "Mozilla/5.0 (compatible; YandexRenderResourcesBot/1.0; +http://yandex.com/bots) AppleWebKit/537.36 (KHTML, like Gecko) Chrome/108.0.0.0"
5.255.231.125 - - [31/Oct/2025:00:22:58 +0000] "OPTIONS /api/v1.0/log HTTP/1.1" 404 11792 "https://vazhgar.com/" "Mozilla/5.0 (compatible; YandexRenderResourcesBot/1.0; +http://yandex.com/bots) AppleWebKit/537.36 (KHTML, like Gecko) Chrome/108.0.0.0"
87.250.224.39 - - [31/Oct/2025:00:22:58 +0000] "OPTIONS /api/v1.0/log HTTP/1.1" 404 11792 "https://vazhgar.com/" "Mozilla/5.0 (compatible; YandexRenderResourcesBot/1.0; +http://yandex.com/bots) AppleWebKit/537.36 (KHTML, like Gecko) Chrome/108.0.0.0"
192.178.6.70 - - [31/Oct/2025:00:22:59 +0000] "GET /lexicon/word/13262 HTTP/1.1" 200 38666 "-" "Mozilla/5.0 (Linux; Android 6.0.1; Nexus 5X Build/MMB29P) AppleWebKit/537.36 (KHTML, like Gecko) Chrome/141.0.7390.122 Mobile Safari/537.36 (compatible; Googlebot/2.1; +http://www.google.com/bot.html)"
66.249.75.67 - - [31/Oct/2025:00:22:59 +0000] "GET /?path=/var/dev/irantv2.com/rest/tasks HTTP/1.1" 200 3552 "-" "Mozilla/5.0 (Linux; Android 6.0.1; Nexus 5X Build/MMB29P) AppleWebKit/537.36 (KHTML, like Gecko) Chrome/141.0.7390.122 Mobile Safari/537.36 (compatible; Googlebot/2.1; +http://www.google.com/bot.html)"
216.73.216.107 - - [31/Oct/2025:00:23:00 +0000] "GET /?path=%2F%2Fdev%2Fhugepages HTTP/2.0" 200 3032 "-" "Mozilla/5.0 AppleWebKit/537.36 (KHTML, like Gecko; compatible; ClaudeBot/1.0; +claudebot@anthropic.com)"
216.73.216.107 - - [31/Oct/2025:00:23:00 +0000] "GET /?fileloc=%2F%2Fsbin%2Fcache_metadata_size&path=%2F%2Fsbin HTTP/2.0" 200 607355 "-" "Mozilla/5.0 AppleWebKit/537.36 (KHTML, like Gecko; compatible; ClaudeBot/1.0; +claudebot@anthropic.com)"
216.73.216.107 - - [31/Oct/2025:00:23:00 +0000] "GET /?fileloc=%2F%2Fsbin%2Fblkdiscard&path=%2F%2Fsbin HTTP/2.0" 200 10237 "-" "Mozilla/5.0 AppleWebKit/537.36 (KHTML, like Gecko; compatible; ClaudeBot/1.0; +claudebot@anthropic.com)"
216.73.216.107 - - [31/Oct/2025:00:23:01 +0000] "GET /?fileloc=%2F%2Fbin%2Fsystemd-cryptsetup&path=%2F%2Fbin HTTP/2.0" 200 36109 "-" "Mozilla/5.0 AppleWebKit/537.36 (KHTML, like Gecko; compatible; ClaudeBot/1.0; +claudebot@anthropic.com)"
216.73.216.107 - - [31/Oct/2025:00:23:01 +0000] "GET /?fileloc=%2F%2Fsbin%2Fpwconv&path=%2F%2Fsbin HTTP/2.0" 200 19266 "-" "Mozilla/5.0 AppleWebKit/537.36 (KHTML, like Gecko; compatible; ClaudeBot/1.0; +claudebot@anthropic.com)"
216.73.216.107 - - [31/Oct/2025:00:23:01 +0000] "GET /?fileloc=%2F%2Fbin%2Flinux-update-symlinks&path=%2F%2Fbin HTTP/2.0" 200 5662 "-" "Mozilla/5.0 AppleWebKit/537.36 (KHTML, like Gecko; compatible; ClaudeBot/1.0; +claudebot@anthropic.com)"
216.73.216.107 - - [31/Oct/2025:00:23:04 +0000] "GET /?fileloc=%2F%2Fsbin%2Frtacct&path=%2F%2Fsbin HTTP/2.0" 200 11075 "-" "Mozilla/5.0 AppleWebKit/537.36 (KHTML, like Gecko; compatible; ClaudeBot/1.0; +claudebot@anthropic.com)"
216.73.216.107 - - [31/Oct/2025:00:23:04 +0000] "GET /?fileloc=%2F%2Fbin%2Ffc-list&path=%2F%2Fbin HTTP/2.0" 200 6761 "-" "Mozilla/5.0 AppleWebKit/537.36 (KHTML, like Gecko; compatible; ClaudeBot/1.0; +claudebot@anthropic.com)"
216.73.216.107 - - [31/Oct/2025:00:23:04 +0000] "GET /?path=%2F%2Fetc%2Fopenal HTTP/2.0" 200 3329 "-" "Mozilla/5.0 AppleWebKit/537.36 (KHTML, like Gecko; compatible; ClaudeBot/1.0; +claudebot@anthropic.com)"
216.73.216.107 - - [31/Oct/2025:00:23:04 +0000] "GET /?fileloc=%2F%2Fsbin%2Fupdate-grub2&path=%2F%2Fsbin HTTP/2.0" 200 2992 "-" "Mozilla/5.0 AppleWebKit/537.36 (KHTML, like Gecko; compatible; ClaudeBot/1.0; +claudebot@anthropic.com)"
216.73.216.107 - - [31/Oct/2025:00:23:05 +0000] "GET /?path=%2Fvar%2Frun%2Fblkid HTTP/2.0" 200 3391 "-" "Mozilla/5.0 AppleWebKit/537.36 (KHTML, like Gecko; compatible; ClaudeBot/1.0; +claudebot@anthropic.com)"
216.73.216.107 - - [31/Oct/2025:00:23:05 +0000] "GET /?fileloc=%2F%2Fbin%2Fsensible-terminal&path=%2F%2Fbin HTTP/2.0" 200 3603 "-" "Mozilla/5.0 AppleWebKit/537.36 (KHTML, like Gecko; compatible; ClaudeBot/1.0; +claudebot@anthropic.com)"
216.73.216.107 - - [31/Oct/2025:00:23:05 +0000] "GET /?fileloc=%2F%2Fsbin%2Ffunccount-bpfcc&path=%2F%2Fsbin HTTP/2.0" 200 7514 "-" "Mozilla/5.0 AppleWebKit/537.36 (KHTML, like Gecko; compatible; ClaudeBot/1.0; +claudebot@anthropic.com)"
216.73.216.107 - - [31/Oct/2025:00:23:05 +0000] "GET /?fileloc=%2F%2Fbin%2Fpamfixtrunc&path=%2F%2Fbin HTTP/2.0" 200 3902 "-" "Mozilla/5.0 AppleWebKit/537.36 (KHTML, like Gecko; compatible; ClaudeBot/1.0; +claudebot@anthropic.com)"
216.73.216.107 - - [31/Oct/2025:00:23:05 +0000] "GET /?fileloc=%2F%2Fsbin%2Farptables-nft&path=%2F%2Fsbin HTTP/2.0" 200 100134 "-" "Mozilla/5.0 AppleWebKit/537.36 (KHTML, like Gecko; compatible; ClaudeBot/1.0; +claudebot@anthropic.com)"
66.249.77.200 - - [31/Oct/2025:00:23:18 +0000] "GET /travelogue/text/s14-t6606-t105-n11963 HTTP/1.1" 200 4768 "-" "Mozilla/5.0 (Linux; Android 6.0.1; Nexus 5X Build/MMB29P) AppleWebKit/537.36 (KHTML, like Gecko) Chrome/141.0.7390.122 Mobile Safari/537.36 (compatible; Googlebot/2.1; +http://www.google.com/bot.html)"
